[INFO] fetching crate icelake 0.0.10...
[INFO] testing icelake-0.0.10 against 1.75.0 for beta-1.76-1
[INFO] extracting crate icelake 0.0.10 into /workspace/builds/worker-1-tc1/source
[INFO] validating manifest of crates.io crate icelake 0.0.10 on toolchain 1.75.0
[INFO] running `Command { std: CARGO_HOME="/workspace/cargo-home" RUSTUP_HOME="/workspace/rustup-home" "/workspace/cargo-home/bin/cargo" "+1.75.0" "metadata" "--manifest-path" "Cargo.toml" "--no-deps", kill_on_drop: false }`
[INFO] started tweaking crates.io crate icelake 0.0.10
[INFO] removed 0 missing examples
[INFO] finished tweaking crates.io crate icelake 0.0.10
[INFO] tweaked toml for crates.io crate icelake 0.0.10 written to /workspace/builds/worker-1-tc1/source/Cargo.toml
[INFO] crate crates.io crate icelake 0.0.10 already has a lockfile, it will not be regenerated
[INFO] running `Command { std: CARGO_HOME="/workspace/cargo-home" RUSTUP_HOME="/workspace/rustup-home" "/workspace/cargo-home/bin/cargo" "+1.75.0" "fetch" "--manifest-path" "Cargo.toml", kill_on_drop: false }`
[INFO] [stderr]     Updating crates.io index
[INFO] [stderr]  Downloading crates ...
[INFO] [stderr]   Downloaded apache-avro-derive v0.15.0
[INFO] [stderr]   Downloaded serde_with_macros v3.0.0
[INFO] [stderr]   Downloaded faster-hex v0.8.0
[INFO] [stderr]   Downloaded async-compat v0.2.1
[INFO] [stderr]   Downloaded pest_generator v2.7.3
[INFO] [stderr]   Downloaded zerocopy v0.6.1
[INFO] [stderr]   Downloaded arrow-row v46.0.0
[INFO] [stderr]   Downloaded zerocopy-derive v0.3.2
[INFO] [stderr]   Downloaded csv v1.2.2
[INFO] [stderr]   Downloaded reqsign v0.13.0
[INFO] [stderr]   Downloaded pest v2.7.3
[INFO] [stderr]   Downloaded serde_yaml v0.9.25
[INFO] [stderr]   Downloaded quick-xml v0.27.1
[INFO] [stderr]   Downloaded der v0.7.6
[INFO] [stderr]   Downloaded arrow-ipc v46.0.0
[INFO] [stderr]   Downloaded arrow-array v46.0.0
[INFO] [stderr]   Downloaded rust_decimal v1.30.0
[INFO] [stderr]   Downloaded parquet v46.0.0
[INFO] [stderr]   Downloaded serde_with v3.0.0
[INFO] [stderr]   Downloaded apache-avro v0.15.0
[INFO] [stderr]   Downloaded rustls v0.21.2
[INFO] [stderr]   Downloaded pest_meta v2.7.3
[INFO] [stderr]   Downloaded pest_derive v2.7.3
[INFO] [stderr]   Downloaded confique v0.2.4
[INFO] [stderr]   Downloaded pin-project v1.1.0
[INFO] [stderr]   Downloaded arrow-cast v46.0.0
[INFO] [stderr]   Downloaded arrow-buffer v46.0.0
[INFO] [stderr]   Downloaded arrow-data v46.0.0
[INFO] [stderr]   Downloaded arrow-select v46.0.0
[INFO] [stderr]   Downloaded arrow-arith v46.0.0
[INFO] [stderr]   Downloaded arrow-csv v46.0.0
[INFO] [stderr]   Downloaded typed-builder v0.14.0
[INFO] [stderr]   Downloaded pin-project-internal v1.1.0
[INFO] [stderr]   Downloaded confique-macro v0.0.8
[INFO] [stderr]   Downloaded strum_macros v0.25.1
[INFO] [stderr]   Downloaded murmur3 v0.5.2
[INFO] [stderr]   Downloaded backon v0.4.1
[INFO] [stderr]   Downloaded flagset v0.4.3
[INFO] [stderr]   Downloaded dlv-list v0.5.0
[INFO] [stderr]   Downloaded ordered-multimap v0.6.0
[INFO] [stderr]   Downloaded rust-ini v0.19.0
[INFO] [stderr]   Downloaded ordered-float v3.7.0
[INFO] [stderr]   Downloaded arrow-schema v46.0.0
[INFO] [stderr]   Downloaded hyper-rustls v0.24.0
[INFO] [stderr]   Downloaded serde v1.0.168
[INFO] [stderr]   Downloaded serde_derive v1.0.168
[INFO] [stderr]   Downloaded opendal v0.37.0
[INFO] running `Command { std: "docker" "create" "-v" "/var/lib/crater-agent-workspace/builds/worker-1-tc1/target:/opt/rustwide/target:rw,Z" "-v" "/var/lib/crater-agent-workspace/builds/worker-1-tc1/source:/opt/rustwide/workdir:ro,Z" "-v" "/var/lib/crater-agent-workspace/cargo-home:/opt/rustwide/cargo-home:ro,Z" "-v" "/var/lib/crater-agent-workspace/rustup-home:/opt/rustwide/rustup-home:ro,Z" "-e" "SOURCE_DIR=/opt/rustwide/workdir" "-e" "CARGO_TARGET_DIR=/opt/rustwide/target" "-e" "CARGO_HOME=/opt/rustwide/cargo-home" "-e" "RUSTUP_HOME=/opt/rustwide/rustup-home" "-w" "/opt/rustwide/workdir" "-m" "1610612736" "--user" "0:0" "--network" "none" "ghcr.io/rust-lang/crates-build-env/linux@sha256:2788e3201cd34a07e3172128adcd8b3090168a8e3bcc40d7c032b9dda1df7d1c" "/opt/rustwide/cargo-home/bin/cargo" "+1.75.0" "metadata" "--no-deps" "--format-version=1", kill_on_drop: false }`
[INFO] [stdout] da45979f9b17ac562e3cdc79f47bd8cf3272e4d4c2b17e61a77c233147973eb6
[INFO] running `Command { std: "docker" "start" "-a" "da45979f9b17ac562e3cdc79f47bd8cf3272e4d4c2b17e61a77c233147973eb6", kill_on_drop: false }`
[INFO] running `Command { std: "docker" "inspect" "da45979f9b17ac562e3cdc79f47bd8cf3272e4d4c2b17e61a77c233147973eb6", kill_on_drop: false }`
[INFO] running `Command { std: "docker" "rm" "-f" "da45979f9b17ac562e3cdc79f47bd8cf3272e4d4c2b17e61a77c233147973eb6", kill_on_drop: false }`
[INFO] [stdout] da45979f9b17ac562e3cdc79f47bd8cf3272e4d4c2b17e61a77c233147973eb6
[INFO] running `Command { std: "docker" "create" "-v" "/var/lib/crater-agent-workspace/builds/worker-1-tc1/target:/opt/rustwide/target:rw,Z" "-v" "/var/lib/crater-agent-workspace/builds/worker-1-tc1/source:/opt/rustwide/workdir:ro,Z" "-v" "/var/lib/crater-agent-workspace/cargo-home:/opt/rustwide/cargo-home:ro,Z" "-v" "/var/lib/crater-agent-workspace/rustup-home:/opt/rustwide/rustup-home:ro,Z" "-e" "SOURCE_DIR=/opt/rustwide/workdir" "-e" "CARGO_TARGET_DIR=/opt/rustwide/target" "-e" "CARGO_INCREMENTAL=0" "-e" "RUST_BACKTRACE=full" "-e" "RUSTFLAGS=--cap-lints=warn" "-e" "RUSTDOCFLAGS=--cap-lints=warn" "-e" "CARGO_HOME=/opt/rustwide/cargo-home" "-e" "RUSTUP_HOME=/opt/rustwide/rustup-home" "-w" "/opt/rustwide/workdir" "-m" "1610612736" "--user" "0:0" "--network" "none" "ghcr.io/rust-lang/crates-build-env/linux@sha256:2788e3201cd34a07e3172128adcd8b3090168a8e3bcc40d7c032b9dda1df7d1c" "/opt/rustwide/cargo-home/bin/cargo" "+1.75.0" "build" "--frozen" "--message-format=json", kill_on_drop: false }`
[INFO] [stdout] f47bddd4d9c305aaf403acbe2027e76edacbaedfe1c957fe24a981373210f637
[INFO] running `Command { std: "docker" "start" "-a" "f47bddd4d9c305aaf403acbe2027e76edacbaedfe1c957fe24a981373210f637", kill_on_drop: false }`
[INFO] [stderr]    Compiling libc v0.2.147
[INFO] [stderr]    Compiling proc-macro2 v1.0.63
[INFO] [stderr]    Compiling unicode-ident v1.0.9
[INFO] [stderr]    Compiling quote v1.0.28
[INFO] [stderr]    Compiling libm v0.2.7
[INFO] [stderr]    Compiling once_cell v1.18.0
[INFO] [stderr]    Compiling num-traits v0.2.15
[INFO] [stderr]    Compiling bytes v1.4.0
[INFO] [stderr]    Compiling num-integer v0.1.45
[INFO] [stderr]    Compiling serde v1.0.168
[INFO] [stderr]    Compiling pkg-config v0.3.27
[INFO] [stderr]    Compiling pin-project-lite v0.2.9
[INFO] [stderr]    Compiling memchr v2.6.3
[INFO] [stderr]    Compiling num-bigint v0.4.3
[INFO] [stderr]    Compiling itoa v1.0.6
[INFO] [stderr]    Compiling smallvec v1.10.0
[INFO] [stderr]    Compiling lock_api v0.4.10
[INFO] [stderr]    Compiling jobserver v0.1.26
[INFO] [stderr]    Compiling getrandom v0.2.10
[INFO] [stderr]    Compiling cc v1.0.79
[INFO] [stderr]    Compiling futures-core v0.3.28
[INFO] [stderr]    Compiling parking_lot_core v0.9.8
[INFO] [stderr]    Compiling syn v2.0.22
[INFO] [stderr]    Compiling num-iter v0.1.43
[INFO] [stderr]    Compiling scopeguard v1.1.0
[INFO] [stderr]    Compiling tokio v1.28.2
[INFO] [stderr]    Compiling typenum v1.16.0
[INFO] [stderr]    Compiling parking_lot v0.12.1
[INFO] [stderr]    Compiling mio v0.8.8
[INFO] [stderr]    Compiling socket2 v0.4.9
[INFO] [stderr]    Compiling signal-hook-registry v1.4.1
[INFO] [stderr]    Compiling num_cpus v1.15.0
[INFO] [stderr]    Compiling generic-array v0.14.7
[INFO] [stderr]    Compiling spin v0.5.2
[INFO] [stderr]    Compiling const-oid v0.9.2
[INFO] [stderr]    Compiling slab v0.4.8
[INFO] [stderr]    Compiling futures-task v0.3.28
[INFO] [stderr]    Compiling futures-channel v0.3.28
[INFO] [stderr]    Compiling futures-sink v0.3.28
[INFO] [stderr]    Compiling ring v0.16.20
[INFO] [stderr]    Compiling num-rational v0.4.1
[INFO] [stderr]    Compiling futures-io v0.3.28
[INFO] [stderr]    Compiling futures-util v0.3.28
[INFO] [stderr]    Compiling openssl-sys v0.9.90
[INFO] [stderr]    Compiling num-complex v0.4.3
[INFO] [stderr]    Compiling time v0.1.45
[INFO] [stderr]    Compiling crunchy v0.2.2
[INFO] [stderr]    Compiling ryu v1.0.13
[INFO] [stderr]    Compiling static_assertions v1.1.0
[INFO] [stderr]    Compiling iana-time-zone v0.1.57
[INFO] [stderr]    Compiling subtle v2.5.0
[INFO] [stderr]    Compiling hashbrown v0.14.0
[INFO] [stderr]    Compiling block-buffer v0.10.4
[INFO] [stderr]    Compiling crypto-common v0.1.6
[INFO] [stderr]    Compiling untrusted v0.7.1
[INFO] [stderr]    Compiling log v0.4.19
[INFO] [stderr]    Compiling digest v0.10.7
[INFO] [stderr]    Compiling chrono v0.4.26
[INFO] [stderr]    Compiling half v2.3.1
[INFO] [stderr]    Compiling tracing-core v0.1.31
[INFO] [stderr]    Compiling ahash v0.8.3
[INFO] [stderr]    Compiling num v0.4.1
[INFO] [stderr]    Compiling indexmap v1.9.3
[INFO] [stderr]    Compiling tiny-keccak v2.0.2
[INFO] [stderr]    Compiling proc-macro-hack v0.5.20+deprecated
[INFO] [stderr]    Compiling tracing v0.1.37
[INFO] [stderr]    Compiling arrow-buffer v46.0.0
[INFO] [stderr]    Compiling lexical-util v0.8.5
[INFO] [stderr]    Compiling http v0.2.9
[INFO] [stderr]    Compiling rand_core v0.6.4
[INFO] [stderr]    Compiling arrow-schema v46.0.0
[INFO] [stderr]    Compiling openssl v0.10.55
[INFO] [stderr]    Compiling zeroize v1.6.0
[INFO] [stderr]    Compiling foreign-types-shared v0.1.1
[INFO] [stderr]    Compiling semver v1.0.17
[INFO] [stderr]    Compiling byteorder v1.4.3
[INFO] [stderr]    Compiling base64ct v1.6.0
[INFO] [stderr]    Compiling pem-rfc7468 v0.7.0
[INFO] [stderr]    Compiling foreign-types v0.3.2
[INFO] [stderr]    Compiling arrow-data v46.0.0
[INFO] [stderr]    Compiling strsim v0.10.0
[INFO] [stderr]    Compiling base64 v0.21.2
[INFO] [stderr]    Compiling thiserror v1.0.40
[INFO] [stderr]    Compiling native-tls v0.2.11
[INFO] [stderr]    Compiling rustls v0.21.2
[INFO] [stderr]    Compiling ident_case v1.0.1
[INFO] [stderr]    Compiling serde_json v1.0.99
[INFO] [stderr]    Compiling tinyvec_macros v0.1.1
[INFO] [stderr]    Compiling try-lock v0.2.4
[INFO] [stderr]    Compiling openssl-probe v0.1.5
[INFO] [stderr]    Compiling want v0.3.1
[INFO] [stderr]    Compiling const-random-macro v0.1.15
[INFO] [stderr]    Compiling serde_derive v1.0.168
[INFO] [stderr]    Compiling tokio-macros v2.1.0
[INFO] [stderr]    Compiling futures-macro v0.3.28
[INFO] [stderr]    Compiling openssl-macros v0.1.1
[INFO] [stderr]    Compiling thiserror-impl v1.0.40
[INFO] [stderr]    Compiling sct v0.7.0
[INFO] [stderr]    Compiling rustls-webpki v0.100.1
[INFO] [stderr]    Compiling tinyvec v1.6.0
[INFO] [stderr]    Compiling darling_core v0.20.1
[INFO] [stderr]    Compiling rand_chacha v0.3.1
[INFO] [stderr]    Compiling arrow-array v46.0.0
[INFO] [stderr]    Compiling der v0.7.6
[INFO] [stderr]    Compiling http-body v0.4.5
[INFO] [stderr]    Compiling zstd-sys v2.0.8+zstd.1.5.5
[INFO] [stderr]    Compiling syn v1.0.109
[INFO] [stderr]    Compiling httpdate v1.0.2
[INFO] [stderr]    Compiling crc32fast v1.3.2
[INFO] [stderr]    Compiling percent-encoding v2.3.0
[INFO] [stderr]    Compiling time-core v0.1.1
[INFO] [stderr]    Compiling time-macros v0.2.9
[INFO] [stderr]    Compiling darling_macro v0.20.1
[INFO] [stderr]    Compiling form_urlencoded v1.2.0
[INFO] [stderr]    Compiling spki v0.7.2
[INFO] [stderr]    Compiling rustc_version v0.4.0
[INFO] [stderr]    Compiling unicode-normalization v0.1.22
[INFO] [stderr]    Compiling rand v0.8.5
[INFO] [stderr]    Compiling const-random v0.1.15
[INFO] [stderr]    Compiling lexical-write-integer v0.8.5
[INFO] [stderr]    Compiling lexical-parse-integer v0.8.6
[INFO] [stderr]    Compiling lazy_static v1.4.0
[INFO] [stderr]    Compiling unicode-bidi v0.3.13
[INFO] [stderr]    Compiling num-bigint-dig v0.8.2
[INFO] [stderr]    Compiling tokio-util v0.7.8
[INFO] [stderr]    Compiling idna v0.4.0
[INFO] [stderr]    Compiling tokio-native-tls v0.3.1
[INFO] [stderr]    Compiling time v0.3.22
[INFO] [stderr]    Compiling lexical-parse-float v0.8.5
[INFO] [stderr]    Compiling lexical-write-float v0.8.5
[INFO] [stderr]    Compiling h2 v0.3.20
[INFO] [stderr]    Compiling dlv-list v0.5.0
[INFO] [stderr]    Compiling flatbuffers v23.5.26
[INFO] [stderr]    Compiling darling v0.20.1
[INFO] [stderr]    Compiling pkcs8 v0.10.2
[INFO] [stderr]    Compiling tokio-rustls v0.24.1
[INFO] [stderr]    Compiling rustls-pemfile v1.0.2
[INFO] [stderr]    Compiling lz4-sys v1.9.4
[INFO] [stderr]    Compiling anyhow v1.0.71
[INFO] [stderr]    Compiling base64 v0.13.1
[INFO] [stderr]    Compiling alloc-no-stdlib v2.0.4
[INFO] [stderr]    Compiling cpufeatures v0.2.8
[INFO] [stderr]    Compiling rustversion v1.0.12
[INFO] [stderr]    Compiling hashbrown v0.13.2
[INFO] [stderr]    Compiling zstd-safe v6.0.5+zstd.1.5.4
[INFO] [stderr]    Compiling async-trait v0.1.68
[INFO] [stderr]    Compiling ordered-multimap v0.6.0
[INFO] [stderr]    Compiling alloc-stdlib v0.2.2
[INFO] [stderr]    Compiling pem v1.1.1
[INFO] [stderr]    Compiling rustls-native-certs v0.6.3
[INFO] [stderr]    Compiling serde_urlencoded v0.7.1
[INFO] [stderr]    Compiling simple_asn1 v0.6.2
[INFO] [stderr]    Compiling pkcs1 v0.7.5
[INFO] [stderr]    Compiling lexical-core v0.8.5
[INFO] [stderr]    Compiling url v2.4.0
[INFO] [stderr]    Compiling hyper v0.14.27
[INFO] [stderr]    Compiling futures-executor v0.3.28
[INFO] [stderr]    Compiling arrow-select v46.0.0
[INFO] [stderr]    Compiling pin-project-internal v1.1.0
[INFO] [stderr]    Compiling signature v2.1.0
[INFO] [stderr]    Compiling aho-corasick v1.0.2
[INFO] [stderr]    Compiling encoding_rs v0.8.32
[INFO] [stderr]    Compiling hyper-rustls v0.24.0
[INFO] [stderr]    Compiling hyper-tls v0.5.0
[INFO] [stderr]    Compiling regex-syntax v0.7.5
[INFO] [stderr]    Compiling ipnet v2.8.0
[INFO] [stderr]    Compiling adler v1.0.2
[INFO] [stderr]    Compiling radium v0.7.0
[INFO] [stderr]    Compiling rle-decode-fast v1.0.3
[INFO] [stderr]    Compiling snap v1.1.0
[INFO] [stderr]    Compiling paste v1.0.12
[INFO] [stderr]    Compiling equivalent v1.0.1
[INFO] [stderr]    Compiling indexmap v2.0.0
[INFO] [stderr]    Compiling libflate_lz77 v1.2.0
[INFO] [stderr]    Compiling reqwest v0.11.18
[INFO] [stderr]    Compiling miniz_oxide v0.7.1
[INFO] [stderr]    Compiling zerocopy-derive v0.3.2
[INFO] [stderr]    Compiling regex-automata v0.3.8
[INFO] [stderr]    Compiling pin-project v1.1.0
[INFO] [stderr]    Compiling rsa v0.9.2
[INFO] [stderr]    Compiling arrow-cast v46.0.0
[INFO] [stderr]    Compiling futures v0.3.28
[INFO] [stderr]    Compiling jsonwebtoken v8.3.0
[INFO] [stderr]    Compiling rust-ini v0.19.0
[INFO] [stderr]    Compiling brotli-decompressor v2.3.4
[INFO] [stderr]    Compiling sha2 v0.10.7
[INFO] [stderr]    Compiling sha1 v0.10.5
[INFO] [stderr]    Compiling toml_datetime v0.6.3
[INFO] [stderr]    Compiling quick-xml v0.28.2
[INFO] [stderr]    Compiling serde_spanned v0.6.3
[INFO] [stderr]    Compiling uuid v1.4.0
[INFO] [stderr]    Compiling hmac v0.12.1
[INFO] [stderr]    Compiling ordered-float v2.10.0
[INFO] [stderr]    Compiling integer-encoding v3.0.4
[INFO] [stderr]    Compiling heck v0.4.1
[INFO] [stderr]    Compiling rust_decimal v1.30.0
[INFO] [stderr]    Compiling winnow v0.5.15
[INFO] [stderr]    Compiling adler32 v1.2.0
[INFO] [stderr]    Compiling hex v0.4.3
[INFO] [stderr]    Compiling home v0.5.5
[INFO] [stderr]    Compiling tap v1.0.1
[INFO] [stderr]    Compiling reqsign v0.13.0
[INFO] [stderr]    Compiling wyz v0.5.1
[INFO] [stderr]    Compiling libflate v1.4.0
[INFO] [stderr]    Compiling strum_macros v0.25.1
[INFO] [stderr]    Compiling backon v0.4.1
[INFO] [stderr]    Compiling thrift v0.17.0
[INFO] [stderr]    Compiling brotli v3.3.4
[INFO] [stderr]    Compiling toml_edit v0.19.14
[INFO] [stderr]    Compiling regex v1.9.5
[INFO] [stderr]    Compiling arrow-ipc v46.0.0
[INFO] [stderr]    Compiling apache-avro-derive v0.15.0
[INFO] [stderr]    Compiling zerocopy v0.6.1
[INFO] [stderr]    Compiling flate2 v1.0.26
[INFO] [stderr]    Compiling typed-builder v0.14.0
[INFO] [stderr]    Compiling quick-xml v0.27.1
[INFO] [stderr]    Compiling serde_with_macros v3.0.0
[INFO] [stderr]    Compiling async-compat v0.2.1
[INFO] [stderr]    Compiling md-5 v0.10.5
[INFO] [stderr]    Compiling twox-hash v1.6.3
[INFO] [stderr]    Compiling csv-core v0.1.10
[INFO] [stderr]    Compiling seq-macro v0.3.3
[INFO] [stderr]    Compiling funty v2.0.0
[INFO] [stderr]    Compiling flagset v0.4.3
[INFO] [stderr]    Compiling strum v0.25.0
[INFO] [stderr]    Compiling arrayvec v0.7.4
[INFO] [stderr]    Compiling apache-avro v0.15.0
[INFO] [stderr]    Compiling opendal v0.37.0
[INFO] [stderr]    Compiling bitvec v1.0.1
[INFO] [stderr]    Compiling serde_with v3.0.0
[INFO] [stderr]    Compiling csv v1.2.2
[INFO] [stderr]    Compiling toml v0.7.6
[INFO] [stderr]    Compiling serde_bytes v0.11.12
[INFO] [stderr]    Compiling faster-hex v0.8.0
[INFO] [stderr]    Compiling arrow-row v46.0.0
[INFO] [stderr]    Compiling arrow-arith v46.0.0
[INFO] [stderr]    Compiling ordered-float v3.7.0
[INFO] [stderr]    Compiling murmur3 v0.5.2
[INFO] [stderr]    Compiling urlencoding v2.1.3
[INFO] [stderr]    Compiling zstd v0.12.3+zstd.1.5.2
[INFO] [stderr]    Compiling lz4 v1.24.0
[INFO] [stderr]    Compiling parquet v46.0.0
[INFO] [stderr]    Compiling icelake v0.0.10 (/opt/rustwide/workdir)
[INFO] [stdout] warning: unused doc comment
[INFO] [stdout]    --> src/io/data_file_writer.rs:204:13
[INFO] [stdout]     |
[INFO] [stdout] 204 | /             /// # TODO
[INFO] [stdout] 205 | |             ///
[INFO] [stdout] 206 | |             /// Following fields unsupported now:
[INFO] [stdout] 207 | |             /// - `file_size_in_bytes` can't get from `FileMetaData` now.
[INFO] [stdout] 208 | |             /// - `file_offset` in `FileMetaData` always be None now.
[INFO] [stdout] 209 | |             /// - `nan_value_counts` can't get from `FileMetaData` now.
[INFO] [stdout]     | |_______________________________________________________________________^
[INFO] [stdout] 210 |               // Currently arrow parquet writer doesn't fill row group offsets, we can use first column chunk offset for it.
[INFO] [stdout] 211 | /             split_offsets: Some(meta_data
[INFO] [stdout] 212 | |                 .row_groups
[INFO] [stdout] 213 | |                 .iter()
[INFO] [stdout] 214 | |                 .filter_map(|group| group.file_offset)
[INFO] [stdout] 215 | |                 .collect()),
[INFO] [stdout]     | |___________________________- rustdoc does not generate documentation for expression fields
[INFO] [stdout]     |
[INFO] [stdout]     = help: use `//` for a plain comment
[INFO] [stdout]     = note: `#[warn(unused_doc_comments)]` on by default
[INFO] [stdout] 
[INFO] [stdout] 
[INFO] [stdout] warning: unused import: `self::arrow::to_arrow::*`
[INFO] [stdout]   --> src/types/mod.rs:12:9
[INFO] [stdout]    |
[INFO] [stdout] 12 | pub use self::arrow::to_arrow::*;
[INFO] [stdout]    |         ^^^^^^^^^^^^^^^^^^^^^^^^
[INFO] [stdout]    |
[INFO] [stdout]    = note: `#[warn(unused_imports)]` on by default
[INFO] [stdout] 
[INFO] [stdout] 
[INFO] [stdout] warning: 2 warnings emitted
[INFO] [stdout] 
[INFO] [stdout] 
[INFO] [stderr]     Finished dev [unoptimized + debuginfo] target(s) in 3m 10s
[INFO] running `Command { std: "docker" "inspect" "f47bddd4d9c305aaf403acbe2027e76edacbaedfe1c957fe24a981373210f637", kill_on_drop: false }`
[INFO] running `Command { std: "docker" "rm" "-f" "f47bddd4d9c305aaf403acbe2027e76edacbaedfe1c957fe24a981373210f637", kill_on_drop: false }`
[INFO] [stdout] f47bddd4d9c305aaf403acbe2027e76edacbaedfe1c957fe24a981373210f637
[INFO] running `Command { std: "docker" "create" "-v" "/var/lib/crater-agent-workspace/builds/worker-1-tc1/target:/opt/rustwide/target:rw,Z" "-v" "/var/lib/crater-agent-workspace/builds/worker-1-tc1/source:/opt/rustwide/workdir:ro,Z" "-v" "/var/lib/crater-agent-workspace/cargo-home:/opt/rustwide/cargo-home:ro,Z" "-v" "/var/lib/crater-agent-workspace/rustup-home:/opt/rustwide/rustup-home:ro,Z" "-e" "SOURCE_DIR=/opt/rustwide/workdir" "-e" "CARGO_TARGET_DIR=/opt/rustwide/target" "-e" "CARGO_INCREMENTAL=0" "-e" "RUST_BACKTRACE=full" "-e" "RUSTFLAGS=--cap-lints=warn" "-e" "RUSTDOCFLAGS=--cap-lints=warn" "-e" "CARGO_HOME=/opt/rustwide/cargo-home" "-e" "RUSTUP_HOME=/opt/rustwide/rustup-home" "-w" "/opt/rustwide/workdir" "-m" "1610612736" "--user" "0:0" "--network" "none" "ghcr.io/rust-lang/crates-build-env/linux@sha256:2788e3201cd34a07e3172128adcd8b3090168a8e3bcc40d7c032b9dda1df7d1c" "/opt/rustwide/cargo-home/bin/cargo" "+1.75.0" "test" "--frozen" "--no-run" "--message-format=json", kill_on_drop: false }`
[INFO] [stdout] 39d07072bef62fffbf6c482c703af80f40799aabd7a34f20b6dfbae0c13012a8
[INFO] running `Command { std: "docker" "start" "-a" "39d07072bef62fffbf6c482c703af80f40799aabd7a34f20b6dfbae0c13012a8", kill_on_drop: false }`
[INFO] [stderr]    Compiling once_cell v1.18.0
[INFO] [stderr]    Compiling log v0.4.19
[INFO] [stderr]    Compiling ucd-trie v0.1.6
[INFO] [stderr]    Compiling rustix v0.38.4
[INFO] [stderr]    Compiling bitflags v2.3.3
[INFO] [stderr]    Compiling linux-raw-sys v0.4.3
[INFO] [stderr]    Compiling unicode-segmentation v1.10.1
[INFO] [stderr]    Compiling unsafe-libyaml v0.2.9
[INFO] [stderr]    Compiling const-random-macro v0.1.15
[INFO] [stderr]    Compiling native-tls v0.2.11
[INFO] [stderr]    Compiling rustls v0.21.2
[INFO] [stderr]    Compiling pest v2.7.3
[INFO] [stderr]    Compiling tokio-native-tls v0.3.1
[INFO] [stderr]    Compiling heck v0.3.3
[INFO] [stderr]    Compiling apache-avro v0.15.0
[INFO] [stderr]    Compiling hyper-tls v0.5.0
[INFO] [stderr]    Compiling confique-macro v0.0.8
[INFO] [stderr]    Compiling toml v0.5.11
[INFO] [stderr]    Compiling const-random v0.1.15
[INFO] [stderr]    Compiling dlv-list v0.5.0
[INFO] [stderr]    Compiling ordered-multimap v0.6.0
[INFO] [stderr]    Compiling serde_yaml v0.9.25
[INFO] [stderr]    Compiling rust-ini v0.19.0
[INFO] [stderr]    Compiling pest_meta v2.7.3
[INFO] [stderr]    Compiling termcolor v1.2.0
[INFO] [stderr]    Compiling fastrand v2.0.0
[INFO] [stderr]    Compiling arrow-csv v46.0.0
[INFO] [stderr]    Compiling pest_generator v2.7.3
[INFO] [stderr]    Compiling tokio-rustls v0.24.1
[INFO] [stderr]    Compiling hyper-rustls v0.24.0
[INFO] [stderr]    Compiling reqwest v0.11.18
[INFO] [stderr]    Compiling is-terminal v0.4.9
[INFO] [stderr]    Compiling env_logger v0.10.0
[INFO] [stderr]    Compiling tempfile v3.7.0
[INFO] [stderr]    Compiling pest_derive v2.7.3
[INFO] [stderr]    Compiling reqsign v0.13.0
[INFO] [stderr]    Compiling json5 v0.4.1
[INFO] [stderr]    Compiling confique v0.2.4
[INFO] [stderr]    Compiling opendal v0.37.0
[INFO] [stderr]    Compiling icelake v0.0.10 (/opt/rustwide/workdir)
[INFO] [stdout] warning: unused doc comment
[INFO] [stdout]    --> src/io/data_file_writer.rs:204:13
[INFO] [stdout]     |
[INFO] [stdout] 204 | /             /// # TODO
[INFO] [stdout] 205 | |             ///
[INFO] [stdout] 206 | |             /// Following fields unsupported now:
[INFO] [stdout] 207 | |             /// - `file_size_in_bytes` can't get from `FileMetaData` now.
[INFO] [stdout] 208 | |             /// - `file_offset` in `FileMetaData` always be None now.
[INFO] [stdout] 209 | |             /// - `nan_value_counts` can't get from `FileMetaData` now.
[INFO] [stdout]     | |_______________________________________________________________________^
[INFO] [stdout] 210 |               // Currently arrow parquet writer doesn't fill row group offsets, we can use first column chunk offset for it.
[INFO] [stdout] 211 | /             split_offsets: Some(meta_data
[INFO] [stdout] 212 | |                 .row_groups
[INFO] [stdout] 213 | |                 .iter()
[INFO] [stdout] 214 | |                 .filter_map(|group| group.file_offset)
[INFO] [stdout] 215 | |                 .collect()),
[INFO] [stdout]     | |___________________________- rustdoc does not generate documentation for expression fields
[INFO] [stdout]     |
[INFO] [stdout]     = help: use `//` for a plain comment
[INFO] [stdout]     = note: `#[warn(unused_doc_comments)]` on by default
[INFO] [stdout] 
[INFO] [stdout] 
[INFO] [stdout] warning: unused import: `self::arrow::to_arrow::*`
[INFO] [stdout]   --> src/types/mod.rs:12:9
[INFO] [stdout]    |
[INFO] [stdout] 12 | pub use self::arrow::to_arrow::*;
[INFO] [stdout]    |         ^^^^^^^^^^^^^^^^^^^^^^^^
[INFO] [stdout]    |
[INFO] [stdout]    = note: `#[warn(unused_imports)]` on by default
[INFO] [stdout] 
[INFO] [stdout] 
[INFO] [stdout] warning: 2 warnings emitted
[INFO] [stdout] 
[INFO] [stdout] 
[INFO] [stdout] error[E0433]: failed to resolve: use of undeclared crate or module `testcontainers`
[INFO] [stdout]  --> tests/insert_tests.rs:1:5
[INFO] [stdout]   |
[INFO] [stdout] 1 | use testcontainers::clients::Cli;
[INFO] [stdout]   |     ^^^^^^^^^^^^^^ use of undeclared crate or module `testcontainers`
[INFO] [stdout]   |
[INFO] [stdout] help: there is a crate or module with a similar name
[INFO] [stdout]   |
[INFO] [stdout] 1 | use containers::clients::Cli;
[INFO] [stdout]   |     ~~~~~~~~~~
[INFO] [stdout] 
[INFO] [stdout] 
[INFO] [stdout] error[E0433]: failed to resolve: use of undeclared crate or module `testcontainers`
[INFO] [stdout]  --> tests/utils/containers.rs:3:5
[INFO] [stdout]   |
[INFO] [stdout] 3 | use testcontainers::core::WaitFor;
[INFO] [stdout]   |     ^^^^^^^^^^^^^^ use of undeclared crate or module `testcontainers`
[INFO] [stdout] 
[INFO] [stdout] 
[INFO] [stdout] error[E0432]: unresolved import `testcontainers`
[INFO] [stdout]  --> tests/utils/mod.rs:1:5
[INFO] [stdout]   |
[INFO] [stdout] 1 | use testcontainers::{Container, GenericImage};
[INFO] [stdout]   |     ^^^^^^^^^^^^^^ use of undeclared crate or module `testcontainers`
[INFO] [stdout]   |
[INFO] [stdout] help: there is a crate or module with a similar name
[INFO] [stdout]   |
[INFO] [stdout] 1 | use containers::{Container, GenericImage};
[INFO] [stdout]   |     ~~~~~~~~~~
[INFO] [stdout] 
[INFO] [stdout] 
[INFO] [stdout] error[E0432]: unresolved import `testcontainers`
[INFO] [stdout]  --> tests/utils/containers.rs:4:5
[INFO] [stdout]   |
[INFO] [stdout] 4 | use testcontainers::{GenericImage, RunnableImage};
[INFO] [stdout]   |     ^^^^^^^^^^^^^^ use of undeclared crate or module `testcontainers`
[INFO] [stdout] 
[INFO] [stdout] 
[INFO] [stdout] error[E0433]: failed to resolve: use of undeclared crate or module `testcontainers`
[INFO] [stdout]  --> tests/utils/containers.rs:3:5
[INFO] [stdout]   |
[INFO] [stdout] 3 | use testcontainers::core::WaitFor;
[INFO] [stdout]   |     ^^^^^^^^^^^^^^ use of undeclared crate or module `testcontainers`
[INFO] [stdout] 
[INFO] [stdout] 
[INFO] [stdout] error[E0432]: unresolved import `testcontainers`
[INFO] [stdout]  --> tests/utils/mod.rs:1:5
[INFO] [stdout]   |
[INFO] [stdout] 1 | use testcontainers::{Container, GenericImage};
[INFO] [stdout]   |     ^^^^^^^^^^^^^^ use of undeclared crate or module `testcontainers`
[INFO] [stdout]   |
[INFO] [stdout] help: there is a crate or module with a similar name
[INFO] [stdout]   |
[INFO] [stdout] 1 | use containers::{Container, GenericImage};
[INFO] [stdout]   |     ~~~~~~~~~~
[INFO] [stdout] 
[INFO] [stdout] 
[INFO] [stdout] error[E0432]: unresolved import `testcontainers`
[INFO] [stdout]  --> tests/utils/containers.rs:4:5
[INFO] [stdout]   |
[INFO] [stdout] 4 | use testcontainers::{GenericImage, RunnableImage};
[INFO] [stdout]   |     ^^^^^^^^^^^^^^ use of undeclared crate or module `testcontainers`
[INFO] [stdout] 
[INFO] [stdout] 
[INFO] [stdout] error: aborting due to 3 previous errors
[INFO] [stdout] 
[INFO] [stdout] 
[INFO] [stdout] Some errors have detailed explanations: E0432, E0433.
[INFO] [stdout] 
[INFO] [stdout] For more information about an error, try `rustc --explain E0432`.
[INFO] [stdout] 
[INFO] [stderr] error: could not compile `icelake` (test "rest_catalog_tests") due to 4 previous errors
[INFO] [stderr] warning: build failed, waiting for other jobs to finish...
[INFO] [stdout] warning: unused doc comment
[INFO] [stdout]    --> src/io/data_file_writer.rs:204:13
[INFO] [stdout]     |
[INFO] [stdout] 204 | /             /// # TODO
[INFO] [stdout] 205 | |             ///
[INFO] [stdout] 206 | |             /// Following fields unsupported now:
[INFO] [stdout] 207 | |             /// - `file_size_in_bytes` can't get from `FileMetaData` now.
[INFO] [stdout] 208 | |             /// - `file_offset` in `FileMetaData` always be None now.
[INFO] [stdout] 209 | |             /// - `nan_value_counts` can't get from `FileMetaData` now.
[INFO] [stdout]     | |_______________________________________________________________________^
[INFO] [stdout] 210 |               // Currently arrow parquet writer doesn't fill row group offsets, we can use first column chunk offset for it.
[INFO] [stdout] 211 | /             split_offsets: Some(meta_data
[INFO] [stdout] 212 | |                 .row_groups
[INFO] [stdout] 213 | |                 .iter()
[INFO] [stdout] 214 | |                 .filter_map(|group| group.file_offset)
[INFO] [stdout] 215 | |                 .collect()),
[INFO] [stdout]     | |___________________________- rustdoc does not generate documentation for expression fields
[INFO] [stdout]     |
[INFO] [stdout]     = help: use `//` for a plain comment
[INFO] [stdout]     = note: `#[warn(unused_doc_comments)]` on by default
[INFO] [stdout] 
[INFO] [stdout] 
[INFO] [stdout] warning: unused import: `self::arrow::to_arrow::*`
[INFO] [stdout]   --> src/types/mod.rs:12:9
[INFO] [stdout]    |
[INFO] [stdout] 12 | pub use self::arrow::to_arrow::*;
[INFO] [stdout]    |         ^^^^^^^^^^^^^^^^^^^^^^^^
[INFO] [stdout]    |
[INFO] [stdout]    = note: `#[warn(unused_imports)]` on by default
[INFO] [stdout] 
[INFO] [stdout] 
[INFO] [stdout] error: aborting due to 4 previous errors
[INFO] [stdout] 
[INFO] [stdout] 
[INFO] [stdout] Some errors have detailed explanations: E0432, E0433.
[INFO] [stdout] 
[INFO] [stdout] For more information about an error, try `rustc --explain E0432`.
[INFO] [stdout] 
[INFO] [stderr] error: could not compile `icelake` (test "insert_tests") due to 5 previous errors
[INFO] [stdout] error: linking with `cc` failed: exit status: 1
[INFO] [stdout]   |
[INFO] [stdout]   = note: LC_ALL="C" PATH="/opt/rustwide/rustup-home/toolchains/1.75.0-x86_64-unknown-linux-gnu/lib/rustlib/x86_64-unknown-linux-gnu/bin:/opt/rustwide/cargo-home/bin:/usr/local/sbin:/usr/local/bin:/usr/sbin:/usr/bin:/sbin:/bin" VSLANG="1033" "cc" "-m64" "/tmp/rustc1WXb0n/symbols.o" "/opt/rustwide/target/debug/examples/read_iceberg_table-9c0f62de5a3a15ef.read_iceberg_table.73dc35b12177c447-cgu.0.rcgu.o" "/opt/rustwide/target/debug/examples/read_iceberg_table-9c0f62de5a3a15ef.read_iceberg_table.73dc35b12177c447-cgu.1.rcgu.o" "/opt/rustwide/target/debug/examples/read_iceberg_table-9c0f62de5a3a15ef.read_iceberg_table.73dc35b12177c447-cgu.2.rcgu.o" "/opt/rustwide/target/debug/examples/read_iceberg_table-9c0f62de5a3a15ef.read_iceberg_table.73dc35b12177c447-cgu.3.rcgu.o" "/opt/rustwide/target/debug/examples/read_iceberg_table-9c0f62de5a3a15ef.read_iceberg_table.73dc35b12177c447-cgu.4.rcgu.o" "/opt/rustwide/target/debug/examples/read_iceberg_table-9c0f62de5a3a15ef.read_iceberg_table.73dc35b12177c447-cgu.5.rcgu.o" "/opt/rustwide/target/debug/examples/read_iceberg_table-9c0f62de5a3a15ef.read_iceberg_table.73dc35b12177c447-cgu.6.rcgu.o" "/opt/rustwide/target/debug/examples/read_iceberg_table-9c0f62de5a3a15ef.read_iceberg_table.73dc35b12177c447-cgu.7.rcgu.o" "/opt/rustwide/target/debug/examples/read_iceberg_table-9c0f62de5a3a15ef.read_iceberg_table.73dc35b12177c447-cgu.8.rcgu.o" "/opt/rustwide/target/debug/examples/read_iceberg_table-9c0f62de5a3a15ef.2tod5t1f25tdu153.rcgu.o" "-Wl,--as-needed" "-L" "/opt/rustwide/target/debug/deps" "-L" "/opt/rustwide/target/debug/build/ring-ac5e24811490be65/out" "-L" "/opt/rustwide/target/debug/build/lz4-sys-8bea82761b4d9de2/out" "-L" "/opt/rustwide/target/debug/build/zstd-sys-c39ee38101a63cd3/out" "-L" "/opt/rustwide/rustup-home/toolchains/1.75.0-x86_64-unknown-linux-gnu/lib/rustlib/x86_64-unknown-linux-gnu/lib" "-Wl,-Bstatic" "/opt/rustwide/target/debug/deps/libicelake-50e9c3c428776a3e.rlib" "/opt/rustwide/target/debug/deps/libmurmur3-bb6dc1171b8444bb.rlib" "/opt/rustwide/target/debug/deps/libfaster_hex-eaeca37922eaccc1.rlib" "/opt/rustwide/target/debug/deps/libserde_bytes-13262dc96558ce13.rlib" "/opt/rustwide/target/debug/deps/libarrow_arith-ff927563fa160879.rlib" "/opt/rustwide/target/debug/deps/libserde_with-5221ca6740982726.rlib" "/opt/rustwide/target/debug/deps/libapache_avro-e0f71a80970526ca.rlib" "/opt/rustwide/target/debug/deps/libstrum-e6236383db48221b.rlib" "/opt/rustwide/target/debug/deps/libzerocopy-ed0465d0d8aac0c2.rlib" "/opt/rustwide/target/debug/deps/liblibflate-71a49691a4a423e9.rlib" "/opt/rustwide/target/debug/deps/libadler32-8dd0b9a34d7f5b64.rlib" "/opt/rustwide/target/debug/deps/liblibflate_lz77-d7c4765e21839620.rlib" "/opt/rustwide/target/debug/deps/librle_decode_fast-52e5739432589f3f.rlib" "/opt/rustwide/target/debug/deps/librust_decimal-987460441e73292a.rlib" "/opt/rustwide/target/debug/deps/libarrayvec-89a139d8c5aeb27d.rlib" "/opt/rustwide/target/debug/deps/libordered_float-c471cb8de7e9a981.rlib" "/opt/rustwide/target/debug/deps/libbitvec-0d493410bbb2a207.rlib" "/opt/rustwide/target/debug/deps/libwyz-3ab1106e6ae81bcb.rlib" "/opt/rustwide/target/debug/deps/libtap-2cc3bcce42dac99c.rlib" "/opt/rustwide/target/debug/deps/libradium-ebe0fb313fa4c01d.rlib" "/opt/rustwide/target/debug/deps/libfunty-b14902e4c1957add.rlib" "/opt/rustwide/target/debug/deps/libarrow_row-755a3e4f347f18da.rlib" "/opt/rustwide/target/debug/deps/libparquet-ba59aa213532e1f8.rlib" "/opt/rustwide/target/debug/deps/libzstd-b65e21ee7eed5074.rlib" "/opt/rustwide/target/debug/deps/libzstd_safe-c50dff3df3fb3939.rlib" "/opt/rustwide/target/debug/deps/libzstd_sys-67065d45a347a882.rlib" "/opt/rustwide/target/debug/deps/liblz4-99396180be62fe07.rlib" "/opt/rustwide/target/debug/deps/liblz4_sys-0fe618558a467251.rlib" "/opt/rustwide/target/debug/deps/libbrotli-bb9bc42667081705.rlib" "/opt/rustwide/target/debug/deps/libbrotli_decompressor-68203b6d591bf736.rlib" "/opt/rustwide/target/debug/deps/liballoc_stdlib-42567218896c8315.rlib" "/opt/rustwide/target/debug/deps/liballoc_no_stdlib-bb643994833d65b7.rlib" "/opt/rustwide/target/debug/deps/libarrow_cast-1e186357655f93de.rlib" "/opt/rustwide/target/debug/deps/liblexical_core-b95b5b495ca5955a.rlib" "/opt/rustwide/target/debug/deps/liblexical_write_float-97a4d13bdc728a2e.rlib" "/opt/rustwide/target/debug/deps/liblexical_write_integer-c5622d8051a25bf8.rlib" "/opt/rustwide/target/debug/deps/liblexical_parse_float-95ccb3ebc17d3be8.rlib" "/opt/rustwide/target/debug/deps/liblexical_parse_integer-5022861c9403bec7.rlib" "/opt/rustwide/target/debug/deps/liblexical_util-b8ae3f621323f08d.rlib" "/opt/rustwide/target/debug/deps/libflate2-0933c5f69abf0afc.rlib" "/opt/rustwide/target/debug/deps/libminiz_oxide-f272f5814aa49507.rlib" "/opt/rustwide/target/debug/deps/libadler-c8f2240c56a0abca.rlib" "/opt/rustwide/target/debug/deps/libcrc32fast-664446237529ebff.rlib" "/opt/rustwide/target/debug/deps/libsnap-1a665eb1a94415ff.rlib" "/opt/rustwide/target/debug/deps/libarrow_ipc-796f70e4f6e59d72.rlib" "/opt/rustwide/target/debug/deps/libflatbuffers-3be355efe379588d.rlib" "/opt/rustwide/target/debug/deps/libtwox_hash-d71184825c160cf7.rlib" "/opt/rustwide/target/debug/deps/libstatic_assertions-06b6572b5d394a0a.rlib" "/opt/rustwide/target/debug/deps/libarrow_select-9e179de35c5711ab.rlib" "/opt/rustwide/target/debug/deps/libarrow_array-55631f607a711f18.rlib" "/opt/rustwide/target/debug/deps/libahash-7c32b150920fb305.rlib" "/opt/rustwide/target/debug/deps/libhashbrown-aeeef82563d858cb.rlib" "/opt/rustwide/target/debug/deps/libarrow_data-71c87ff748ab85be.rlib" "/opt/rustwide/target/debug/deps/libarrow_buffer-a71780082196b1b1.rlib" "/opt/rustwide/target/debug/deps/libhalf-c5d9d60dbfbb7a90.rlib" "/opt/rustwide/target/debug/deps/libnum-557788afc8fb7f8c.rlib" "/opt/rustwide/target/debug/deps/libnum_rational-e029e18d6de0dee7.rlib" "/opt/rustwide/target/debug/deps/libnum_complex-ad0472aeb8c9e515.rlib" "/opt/rustwide/target/debug/deps/libthrift-30d70ca154424823.rlib" "/opt/rustwide/target/debug/deps/libordered_float-6ce74fcecb00c9e7.rlib" "/opt/rustwide/target/debug/deps/libinteger_encoding-6fc734fed0be9e61.rlib" "/opt/rustwide/target/debug/deps/libarrow_schema-c85eb3f0353e75a5.rlib" "/opt/rustwide/target/debug/deps/liburlencoding-ffd8dd90a667c416.rlib" "/opt/rustwide/target/debug/deps/libregex-ad7b246ccc9ced58.rlib" "/opt/rustwide/target/debug/deps/libregex_automata-8279fd9933854b78.rlib" "/opt/rustwide/target/debug/deps/libaho_corasick-fd3ff428333be419.rlib" "/opt/rustwide/target/debug/deps/libregex_syntax-92ff7cd7e2c66084.rlib" "/opt/rustwide/target/debug/deps/libopendal-2f5fe28a813f0cea.rlib" "/opt/rustwide/target/debug/deps/libuuid-df0e155f9bf29b72.rlib" "/opt/rustwide/target/debug/deps/libasync_compat-7fc7f39fe35f642d.rlib" "/opt/rustwide/target/debug/deps/libquick_xml-1d242054430a1401.rlib" "/opt/rustwide/target/debug/deps/libreqsign-8f6d36a614c6261f.rlib" "/opt/rustwide/target/debug/deps/libhex-05644b5497b79c5b.rlib" "/opt/rustwide/target/debug/deps/libhome-dbb15dd2a55a077b.rlib" "/opt/rustwide/target/debug/deps/libsha2-9d81dc9df33e7548.rlib" "/opt/rustwide/target/debug/deps/libsha1-7089330608515476.rlib" "/opt/rustwide/target/debug/deps/libcpufeatures-3fc1da47fc66a48c.rlib" "/opt/rustwide/target/debug/deps/libhmac-f24db522b43338db.rlib" "/opt/rustwide/target/debug/deps/librsa-e2f80b2ae9aa6dd1.rlib" "/opt/rustwide/target/debug/deps/libpkcs1-42f1c7f21a4d7b57.rlib" "/opt/rustwide/target/debug/deps/libpkcs8-3e386778bdbbc692.rlib" "/opt/rustwide/target/debug/deps/libspki-616a4363576871db.rlib" "/opt/rustwide/target/debug/deps/libder-970042deaeb5b33b.rlib" "/opt/rustwide/target/debug/deps/libpem_rfc7468-c05dca2e33a72d9e.rlib" "/opt/rustwide/target/debug/deps/libbase64ct-95b0ef3854f10566.rlib" "/opt/rustwide/target/debug/deps/libsignature-22d71781964fe181.rlib" "/opt/rustwide/target/debug/deps/libnum_bigint_dig-19c6b753f3cc8e5f.rlib" "/opt/rustwide/target/debug/deps/liblibm-df9e3968982325c8.rlib" "/opt/rustwide/target/debug/deps/libnum_iter-df79f9731b0a1d68.rlib" "/opt/rustwide/target/debug/deps/librand-ffb9629731b72ad3.rlib" "/opt/rustwide/target/debug/deps/librand_chacha-9fb38ed8853e498a.rlib" "/opt/rustwide/target/debug/deps/libppv_lite86-9f808eb911999ef2.rlib" "/opt/rustwide/target/debug/deps/librand_core-0cbfb7f6e066dce7.rlib" "/opt/rustwide/target/debug/deps/libgetrandom-43720ee999104deb.rlib" "/opt/rustwide/target/debug/deps/libbyteorder-b7588b59c1d17615.rlib" "/opt/rustwide/target/debug/deps/libzeroize-6b461005abc3e580.rlib" "/opt/rustwide/target/debug/deps/liblazy_static-60e62d7dacb95196.rlib" "/opt/rustwide/target/debug/deps/libjsonwebtoken-71f5585ef515d401.rlib" "/opt/rustwide/target/debug/deps/libpem-faa6c3b3261963e2.rlib" "/opt/rustwide/target/debug/deps/libbase64-b09bba5046b087ce.rlib" "/opt/rustwide/target/debug/deps/libsimple_asn1-65283c57acf4cdb2.rlib" "/opt/rustwide/target/debug/deps/libtime-de3cf698ed69afab.rlib" "/opt/rustwide/target/debug/deps/libtime_core-8975f5c3c8091bbd.rlib" "/opt/rustwide/target/debug/deps/libthiserror-667c07fdbbd06768.rlib" "/opt/rustwide/target/debug/deps/libnum_bigint-6a4660d445cd7f24.rlib" "/opt/rustwide/target/debug/deps/libnum_integer-0bd99ccf2a58895a.rlib" "/opt/rustwide/target/debug/deps/libquick_xml-746f985c15dc24e6.rlib" "/opt/rustwide/target/debug/deps/libini-9a8654af12450141.rlib" "/opt/rustwide/target/debug/deps/libordered_multimap-395eaaedc2ddd005.rlib" "/opt/rustwide/target/debug/deps/libhashbrown-5f173d858db20ec6.rlib" "/opt/rustwide/target/debug/deps/libdlv_list-52466ee69da58833.rlib" "/opt/rustwide/target/debug/deps/libreqwest-c8025ff3b67045fa.rlib" "/opt/rustwide/target/debug/deps/libhyper_rustls-4a02f4659f9e96fe.rlib" "/opt/rustwide/target/debug/deps/libhyper_tls-e5b2476b93ba0ec8.rlib" "/opt/rustwide/target/debug/deps/libserde_urlencoded-a65a77fce787c150.rlib" "/opt/rustwide/target/debug/deps/librustls_native_certs-172f11ff34318f50.rlib" "/opt/rustwide/target/debug/deps/librustls_pemfile-4919afdebc1c0a81.rlib" "/opt/rustwide/target/debug/deps/libipnet-0abb50285bb3f68c.rlib" "/opt/rustwide/target/debug/deps/libtokio_native_tls-421c2a441592adbe.rlib" "/opt/rustwide/target/debug/deps/libtokio_rustls-5eff47e1f231cac8.rlib" "/opt/rustwide/target/debug/deps/librustls-54c8aa12ce616109.rlib" "/opt/rustwide/target/debug/deps/libsct-b5569832ac1ea1c8.rlib" "/opt/rustwide/target/debug/deps/libwebpki-98bbc5b23b92a437.rlib" "/opt/rustwide/target/debug/deps/libring-087a6461eca4916a.rlib" "/opt/rustwide/target/debug/deps/libspin-c4098cd951aef6c9.rlib" "/opt/rustwide/target/debug/deps/libuntrusted-5ec0aa78ed8cda5c.rlib" "/opt/rustwide/target/debug/deps/libmime-7e306270d8ceb372.rlib" "/opt/rustwide/target/debug/deps/libencoding_rs-7cc5730ecb0d79b3.rlib" "/opt/rustwide/target/debug/deps/libserde_json-8f46e00699347843.rlib" "/opt/rustwide/target/debug/deps/libryu-07c77bcabf6ee02b.rlib" "/opt/rustwide/target/debug/deps/libserde-31cab1fb803324fe.rlib" "/opt/rustwide/target/debug/deps/libnative_tls-e04ad90281ee39ce.rlib" "/opt/rustwide/target/debug/deps/libopenssl_probe-d850575132083d7c.rlib" "/opt/rustwide/target/debug/deps/libopenssl-23ab12f6cbdcf9a8.rlib" "/opt/rustwide/target/debug/deps/libbitflags-b7cee2ca4fb438d0.rlib" "/opt/rustwide/target/debug/deps/libforeign_types-c05743815e5b8a9d.rlib" "/opt/rustwide/target/debug/deps/libforeign_types_shared-d149f5491fde2862.rlib" "/opt/rustwide/target/debug/deps/libopenssl_sys-58c1656735073095.rlib" "/opt/rustwide/target/debug/deps/libhyper-fc75dbaf1343a4b8.rlib" "/opt/rustwide/target/debug/deps/libwant-0e59d2771cba3a35.rlib" "/opt/rustwide/target/debug/deps/libtry_lock-51271589248cd7d9.rlib" "/opt/rustwide/target/debug/deps/libhttparse-64f1ffbeda450424.rlib" "/opt/rustwide/target/debug/deps/libh2-dbf5e9b851011a11.rlib" "/opt/rustwide/target/debug/deps/libindexmap-93f72862478380d0.rlib" "/opt/rustwide/target/debug/deps/libhashbrown-567986452cb9bc94.rlib" "/opt/rustwide/target/debug/deps/libtower_service-104d6e83d5ce383d.rlib" "/opt/rustwide/target/debug/deps/libtokio_util-11bfe113bcf5791f.rlib" "/opt/rustwide/target/debug/deps/libtracing-ca711945c5a5f7b8.rlib" "/opt/rustwide/target/debug/deps/libtracing_core-b624a9989aae7224.rlib" "/opt/rustwide/target/debug/deps/libhttp_body-7e22d86f2e012d16.rlib" "/opt/rustwide/target/debug/deps/liburl-7c07a239635c43cb.rlib" "/opt/rustwide/target/debug/deps/libidna-35e3e2f202e10859.rlib" "/opt/rustwide/target/debug/deps/libunicode_normalization-e04a0b39935fba30.rlib" "/opt/rustwide/target/debug/deps/libtinyvec-cf6c9f6b792a5507.rlib" "/opt/rustwide/target/debug/deps/libtinyvec_macros-b1cb7f53f58c9f87.rlib" "/opt/rustwide/target/debug/deps/libunicode_bidi-020370784786e57d.rlib" "/opt/rustwide/target/debug/deps/libform_urlencoded-a39e5ffbd9c88c0c.rlib" "/opt/rustwide/target/debug/deps/libonce_cell-a342312cc2ec3f6b.rlib" "/opt/rustwide/target/debug/deps/libpercent_encoding-5d42724fd4d173a7.rlib" "/opt/rustwide/target/debug/deps/libmd5-a1e359fdf2307e70.rlib" "/opt/rustwide/target/debug/deps/libdigest-55c937996f68a1a5.rlib" "/opt/rustwide/target/debug/deps/libsubtle-32983fc17c133a89.rlib" "/opt/rustwide/target/debug/deps/libconst_oid-093c0bed62268cc3.rlib" "/opt/rustwide/target/debug/deps/libblock_buffer-7a086d5b55644c90.rlib" "/opt/rustwide/target/debug/deps/libcrypto_common-9fe89e7f1b144dc7.rlib" "/opt/rustwide/target/debug/deps/libgeneric_array-7afb762a7200395f.rlib" "/opt/rustwide/target/debug/deps/libtypenum-10066d62666e55cd.rlib" "/opt/rustwide/target/debug/deps/libbase64-4ae6d688b6a59d6a.rlib" "/opt/rustwide/target/debug/deps/libhttp-1bfd600a9633f538.rlib" "/opt/rustwide/target/debug/deps/libitoa-807e41d963466eb2.rlib" "/opt/rustwide/target/debug/deps/libfnv-18bf5144d055e772.rlib" "/opt/rustwide/target/debug/deps/libbackon-4ea3c6af181d230d.rlib" "/opt/rustwide/target/debug/deps/libfastrand-b53203d729799780.rlib" "/opt/rustwide/target/debug/deps/libpin_project-f8fea652542e681f.rlib" "/opt/rustwide/target/debug/deps/liblog-66f39b7c9d94a93f.rlib" "/opt/rustwide/target/debug/deps/libtokio-c8017dfeb6a5fd4f.rlib" "/opt/rustwide/target/debug/deps/libsignal_hook_registry-395ec9b60e8d0ec4.rlib" "/opt/rustwide/target/debug/deps/libnum_cpus-f979e4e328d6de03.rlib" "/opt/rustwide/target/debug/deps/libsocket2-7318ad5aa1fb17b1.rlib" "/opt/rustwide/target/debug/deps/libmio-8c2a5cc09d65d55e.rlib" "/opt/rustwide/target/debug/deps/libparking_lot-bf609a106f72e358.rlib" "/opt/rustwide/target/debug/deps/libparking_lot_core-b99d8ac659106672.rlib" "/opt/rustwide/target/debug/deps/libcfg_if-61dc7a6799e72b18.rlib" "/opt/rustwide/target/debug/deps/libsmallvec-75a5879a2c4c0c6c.rlib" "/opt/rustwide/target/debug/deps/liblock_api-1d880aae03a79431.rlib" "/opt/rustwide/target/debug/deps/libscopeguard-b35f5c652940acc2.rlib" "/opt/rustwide/target/debug/deps/libbytes-3fc98b508f6e4a28.rlib" "/opt/rustwide/target/debug/deps/libflagset-ffe25bff2f5e1841.rlib" "/opt/rustwide/target/debug/deps/libchrono-e098f10735e48291.rlib" "/opt/rustwide/target/debug/deps/libnum_traits-97127313167a6ef2.rlib" "/opt/rustwide/target/debug/deps/libiana_time_zone-4d940f736806fce6.rlib" "/opt/rustwide/target/debug/deps/libtime-475a1825661ed89f.rlib" "/opt/rustwide/target/debug/deps/liblibc-80caa61b614001af.rlib" "/opt/rustwide/target/debug/deps/libfutures-73880316ad0aa177.rlib" "/opt/rustwide/target/debug/deps/libfutures_executor-a4ad9f14025db8b0.rlib" "/opt/rustwide/target/debug/deps/libfutures_util-c52810fbf890e2ba.rlib" "/opt/rustwide/target/debug/deps/libmemchr-a76ee3fe84a5d757.rlib" "/opt/rustwide/target/debug/deps/libfutures_io-d79041797d5bea95.rlib" "/opt/rustwide/target/debug/deps/libslab-7742106a97732125.rlib" "/opt/rustwide/target/debug/deps/libfutures_channel-b11b4e3e73ae8576.rlib" "/opt/rustwide/target/debug/deps/libpin_project_lite-cead9f5d94689600.rlib" "/opt/rustwide/target/debug/deps/libfutures_sink-4afe6e57e5588fde.rlib" "/opt/rustwide/target/debug/deps/libfutures_task-ec207c36a8b1b716.rlib" "/opt/rustwide/target/debug/deps/libpin_utils-741f7d9d160e4a16.rlib" "/opt/rustwide/target/debug/deps/libfutures_core-02b74ed2f49284a7.rlib" "/opt/rustwide/target/debug/deps/libanyhow-6ec77de324b5583f.rlib" "/opt/rustwide/rustup-home/toolchains/1.75.0-x86_64-unknown-linux-gnu/lib/rustlib/x86_64-unknown-linux-gnu/lib/libstd-90f6ddbf82de36ec.rlib" "/opt/rustwide/rustup-home/toolchains/1.75.0-x86_64-unknown-linux-gnu/lib/rustlib/x86_64-unknown-linux-gnu/lib/libpanic_unwind-480c41e9d4e1f677.rlib" "/opt/rustwide/rustup-home/toolchains/1.75.0-x86_64-unknown-linux-gnu/lib/rustlib/x86_64-unknown-linux-gnu/lib/libobject-db744c0ca03eed1d.rlib" "/opt/rustwide/rustup-home/toolchains/1.75.0-x86_64-unknown-linux-gnu/lib/rustlib/x86_64-unknown-linux-gnu/lib/libmemchr-8ba652dc7d4b285a.rlib" "/opt/rustwide/rustup-home/toolchains/1.75.0-x86_64-unknown-linux-gnu/lib/rustlib/x86_64-unknown-linux-gnu/lib/libaddr2line-d5f4520a9ebc0d58.rlib" "/opt/rustwide/rustup-home/toolchains/1.75.0-x86_64-unknown-linux-gnu/lib/rustlib/x86_64-unknown-linux-gnu/lib/libgimli-4ad84de58f0cb463.rlib" "/opt/rustwide/rustup-home/toolchains/1.75.0-x86_64-unknown-linux-gnu/lib/rustlib/x86_64-unknown-linux-gnu/lib/librustc_demangle-0d10aae2e0f38735.rlib" "/opt/rustwide/rustup-home/toolchains/1.75.0-x86_64-unknown-linux-gnu/lib/rustlib/x86_64-unknown-linux-gnu/lib/libstd_detect-0c17cff739e6745b.rlib" "/opt/rustwide/rustup-home/toolchains/1.75.0-x86_64-unknown-linux-gnu/lib/rustlib/x86_64-unknown-linux-gnu/lib/libhashbrown-b29e17139dde1aa8.rlib" "/opt/rustwide/rustup-home/toolchains/1.75.0-x86_64-unknown-linux-gnu/lib/rustlib/x86_64-unknown-linux-gnu/lib/librustc_std_workspace_alloc-1f975299829cc7bd.rlib" "/opt/rustwide/rustup-home/toolchains/1.75.0-x86_64-unknown-linux-gnu/lib/rustlib/x86_64-unknown-linux-gnu/lib/libminiz_oxide-86bae3bc3079f89b.rlib" "/opt/rustwide/rustup-home/toolchains/1.75.0-x86_64-unknown-linux-gnu/lib/rustlib/x86_64-unknown-linux-gnu/lib/libadler-321b82c30dffdf5f.rlib" "/opt/rustwide/rustup-home/toolchains/1.75.0-x86_64-unknown-linux-gnu/lib/rustlib/x86_64-unknown-linux-gnu/lib/libunwind-3dd8a6810a0bdfef.rlib" "/opt/rustwide/rustup-home/toolchains/1.75.0-x86_64-unknown-linux-gnu/lib/rustlib/x86_64-unknown-linux-gnu/lib/libcfg_if-eb39a61c0c879984.rlib" "/opt/rustwide/rustup-home/toolchains/1.75.0-x86_64-unknown-linux-gnu/lib/rustlib/x86_64-unknown-linux-gnu/lib/liblibc-aa769569f91c3548.rlib" "/opt/rustwide/rustup-home/toolchains/1.75.0-x86_64-unknown-linux-gnu/lib/rustlib/x86_64-unknown-linux-gnu/lib/liballoc-510a192a50a983ed.rlib" "/opt/rustwide/rustup-home/toolchains/1.75.0-x86_64-unknown-linux-gnu/lib/rustlib/x86_64-unknown-linux-gnu/lib/librustc_std_workspace_core-0577018320f99037.rlib" "/opt/rustwide/rustup-home/toolchains/1.75.0-x86_64-unknown-linux-gnu/lib/rustlib/x86_64-unknown-linux-gnu/lib/libcore-193cf992125ccd4c.rlib" "/opt/rustwide/rustup-home/toolchains/1.75.0-x86_64-unknown-linux-gnu/lib/rustlib/x86_64-unknown-linux-gnu/lib/libcompiler_builtins-8e138eaf26ebb4a8.rlib" "-Wl,-Bdynamic" "-lssl" "-lcrypto" "-lgcc_s" "-lutil" "-lrt" "-lpthread" "-lm" "-ldl" "-lc" "-Wl,--eh-frame-hdr" "-Wl,-z,noexecstack" "-L" "/opt/rustwide/rustup-home/toolchains/1.75.0-x86_64-unknown-linux-gnu/lib/rustlib/x86_64-unknown-linux-gnu/lib" "-o" "/opt/rustwide/target/debug/examples/read_iceberg_table-9c0f62de5a3a15ef" "-Wl,--gc-sections" "-pie" "-Wl,-z,relro,-z,now" "-nodefaultlibs"
[INFO] [stdout]   = note: collect2: fatal error: ld terminated with signal 9 [Killed]
[INFO] [stdout]           compilation terminated.
[INFO] [stdout]           
[INFO] [stdout] 
[INFO] [stdout] 
[INFO] [stdout] error: aborting due to previous error
[INFO] [stdout] 
[INFO] [stdout] 
[INFO] [stderr] error: could not compile `icelake` (example "read_iceberg_table") due to 2 previous errors
[INFO] [stdout] warning: 2 warnings emitted
[INFO] [stdout] 
[INFO] [stdout] 
[INFO] running `Command { std: "docker" "inspect" "39d07072bef62fffbf6c482c703af80f40799aabd7a34f20b6dfbae0c13012a8", kill_on_drop: false }`
[INFO] running `Command { std: "docker" "rm" "-f" "39d07072bef62fffbf6c482c703af80f40799aabd7a34f20b6dfbae0c13012a8", kill_on_drop: false }`
[INFO] [stdout] 39d07072bef62fffbf6c482c703af80f40799aabd7a34f20b6dfbae0c13012a8
[INFO] testing icelake-0.0.10 against beta-2023-12-22 for beta-1.76-1
[INFO] extracting crate icelake 0.0.10 into /workspace/builds/worker-1-tc2/source
[INFO] validating manifest of crates.io crate icelake 0.0.10 on toolchain beta-2023-12-22
[INFO] running `Command { std: CARGO_HOME="/workspace/cargo-home" RUSTUP_HOME="/workspace/rustup-home" "/workspace/cargo-home/bin/cargo" "+beta-2023-12-22" "metadata" "--manifest-path" "Cargo.toml" "--no-deps", kill_on_drop: false }`
[INFO] started tweaking crates.io crate icelake 0.0.10
[INFO] removed 0 missing examples
[INFO] finished tweaking crates.io crate icelake 0.0.10
[INFO] tweaked toml for crates.io crate icelake 0.0.10 written to /workspace/builds/worker-1-tc2/source/Cargo.toml
[INFO] crate crates.io crate icelake 0.0.10 already has a lockfile, it will not be regenerated
[INFO] running `Command { std: CARGO_HOME="/workspace/cargo-home" RUSTUP_HOME="/workspace/rustup-home" "/workspace/cargo-home/bin/cargo" "+beta-2023-12-22" "fetch" "--manifest-path" "Cargo.toml", kill_on_drop: false }`
[INFO] running `Command { std: "docker" "create" "-v" "/var/lib/crater-agent-workspace/builds/worker-1-tc2/target:/opt/rustwide/target:rw,Z" "-v" "/var/lib/crater-agent-workspace/builds/worker-1-tc2/source:/opt/rustwide/workdir:ro,Z" "-v" "/var/lib/crater-agent-workspace/cargo-home:/opt/rustwide/cargo-home:ro,Z" "-v" "/var/lib/crater-agent-workspace/rustup-home:/opt/rustwide/rustup-home:ro,Z" "-e" "SOURCE_DIR=/opt/rustwide/workdir" "-e" "CARGO_TARGET_DIR=/opt/rustwide/target" "-e" "CARGO_HOME=/opt/rustwide/cargo-home" "-e" "RUSTUP_HOME=/opt/rustwide/rustup-home" "-w" "/opt/rustwide/workdir" "-m" "1610612736" "--user" "0:0" "--network" "none" "ghcr.io/rust-lang/crates-build-env/linux@sha256:2788e3201cd34a07e3172128adcd8b3090168a8e3bcc40d7c032b9dda1df7d1c" "/opt/rustwide/cargo-home/bin/cargo" "+beta-2023-12-22" "metadata" "--no-deps" "--format-version=1", kill_on_drop: false }`
[INFO] [stdout] 3e4c0763d94b487b9faf46abc35955c4c3459eb2054b7f67cfafa699edd483f4
[INFO] running `Command { std: "docker" "start" "-a" "3e4c0763d94b487b9faf46abc35955c4c3459eb2054b7f67cfafa699edd483f4", kill_on_drop: false }`
[INFO] running `Command { std: "docker" "inspect" "3e4c0763d94b487b9faf46abc35955c4c3459eb2054b7f67cfafa699edd483f4", kill_on_drop: false }`
[INFO] running `Command { std: "docker" "rm" "-f" "3e4c0763d94b487b9faf46abc35955c4c3459eb2054b7f67cfafa699edd483f4", kill_on_drop: false }`
[INFO] [stdout] 3e4c0763d94b487b9faf46abc35955c4c3459eb2054b7f67cfafa699edd483f4
[INFO] running `Command { std: "docker" "create" "-v" "/var/lib/crater-agent-workspace/builds/worker-1-tc2/target:/opt/rustwide/target:rw,Z" "-v" "/var/lib/crater-agent-workspace/builds/worker-1-tc2/source:/opt/rustwide/workdir:ro,Z" "-v" "/var/lib/crater-agent-workspace/cargo-home:/opt/rustwide/cargo-home:ro,Z" "-v" "/var/lib/crater-agent-workspace/rustup-home:/opt/rustwide/rustup-home:ro,Z" "-e" "SOURCE_DIR=/opt/rustwide/workdir" "-e" "CARGO_TARGET_DIR=/opt/rustwide/target" "-e" "CARGO_INCREMENTAL=0" "-e" "RUST_BACKTRACE=full" "-e" "RUSTFLAGS=--cap-lints=warn" "-e" "RUSTDOCFLAGS=--cap-lints=warn" "-e" "CARGO_HOME=/opt/rustwide/cargo-home" "-e" "RUSTUP_HOME=/opt/rustwide/rustup-home" "-w" "/opt/rustwide/workdir" "-m" "1610612736" "--user" "0:0" "--network" "none" "ghcr.io/rust-lang/crates-build-env/linux@sha256:2788e3201cd34a07e3172128adcd8b3090168a8e3bcc40d7c032b9dda1df7d1c" "/opt/rustwide/cargo-home/bin/cargo" "+beta-2023-12-22" "build" "--frozen" "--message-format=json", kill_on_drop: false }`
[INFO] [stdout] be251f4c5b8cb5adb87e5e6d55c5dd19deef32116ba9f92ffcb53760c343604b
[INFO] running `Command { std: "docker" "start" "-a" "be251f4c5b8cb5adb87e5e6d55c5dd19deef32116ba9f92ffcb53760c343604b", kill_on_drop: false }`
[INFO] [stderr]    Compiling libc v0.2.147
[INFO] [stderr]    Compiling proc-macro2 v1.0.63
[INFO] [stderr]    Compiling unicode-ident v1.0.9
[INFO] [stderr]    Compiling quote v1.0.28
[INFO] [stderr]    Compiling libm v0.2.7
[INFO] [stderr]    Compiling once_cell v1.18.0
[INFO] [stderr]    Compiling num-traits v0.2.15
[INFO] [stderr]    Compiling bytes v1.4.0
[INFO] [stderr]    Compiling num-integer v0.1.45
[INFO] [stderr]    Compiling serde v1.0.168
[INFO] [stderr]    Compiling pkg-config v0.3.27
[INFO] [stderr]    Compiling pin-project-lite v0.2.9
[INFO] [stderr]    Compiling memchr v2.6.3
[INFO] [stderr]    Compiling num-bigint v0.4.3
[INFO] [stderr]    Compiling smallvec v1.10.0
[INFO] [stderr]    Compiling itoa v1.0.6
[INFO] [stderr]    Compiling jobserver v0.1.26
[INFO] [stderr]    Compiling syn v2.0.22
[INFO] [stderr]    Compiling getrandom v0.2.10
[INFO] [stderr]    Compiling cc v1.0.79
[INFO] [stderr]    Compiling lock_api v0.4.10
[INFO] [stderr]    Compiling parking_lot_core v0.9.8
[INFO] [stderr]    Compiling futures-core v0.3.28
[INFO] [stderr]    Compiling num-iter v0.1.43
[INFO] [stderr]    Compiling scopeguard v1.1.0
[INFO] [stderr]    Compiling tokio v1.28.2
[INFO] [stderr]    Compiling typenum v1.16.0
[INFO] [stderr]    Compiling socket2 v0.4.9
[INFO] [stderr]    Compiling parking_lot v0.12.1
[INFO] [stderr]    Compiling num_cpus v1.15.0
[INFO] [stderr]    Compiling signal-hook-registry v1.4.1
[INFO] [stderr]    Compiling mio v0.8.8
[INFO] [stderr]    Compiling generic-array v0.14.7
[INFO] [stderr]    Compiling const-oid v0.9.2
[INFO] [stderr]    Compiling spin v0.5.2
[INFO] [stderr]    Compiling slab v0.4.8
[INFO] [stderr]    Compiling futures-task v0.3.28
[INFO] [stderr]    Compiling futures-sink v0.3.28
[INFO] [stderr]    Compiling futures-channel v0.3.28
[INFO] [stderr]    Compiling ring v0.16.20
[INFO] [stderr]    Compiling num-rational v0.4.1
[INFO] [stderr]    Compiling futures-io v0.3.28
[INFO] [stderr]    Compiling futures-util v0.3.28
[INFO] [stderr]    Compiling openssl-sys v0.9.90
[INFO] [stderr]    Compiling num-complex v0.4.3
[INFO] [stderr]    Compiling time v0.1.45
[INFO] [stderr]    Compiling ryu v1.0.13
[INFO] [stderr]    Compiling hashbrown v0.14.0
[INFO] [stderr]    Compiling subtle v2.5.0
[INFO] [stderr]    Compiling block-buffer v0.10.4
[INFO] [stderr]    Compiling crypto-common v0.1.6
[INFO] [stderr]    Compiling log v0.4.19
[INFO] [stderr]    Compiling untrusted v0.7.1
[INFO] [stderr]    Compiling static_assertions v1.1.0
[INFO] [stderr]    Compiling crunchy v0.2.2
[INFO] [stderr]    Compiling iana-time-zone v0.1.57
[INFO] [stderr]    Compiling digest v0.10.7
[INFO] [stderr]    Compiling num v0.4.1
[INFO] [stderr]    Compiling chrono v0.4.26
[INFO] [stderr]    Compiling half v2.3.1
[INFO] [stderr]    Compiling tracing-core v0.1.31
[INFO] [stderr]    Compiling ahash v0.8.3
[INFO] [stderr]    Compiling indexmap v1.9.3
[INFO] [stderr]    Compiling proc-macro-hack v0.5.20+deprecated
[INFO] [stderr]    Compiling tiny-keccak v2.0.2
[INFO] [stderr]    Compiling tracing v0.1.37
[INFO] [stderr]    Compiling arrow-buffer v46.0.0
[INFO] [stderr]    Compiling lexical-util v0.8.5
[INFO] [stderr]    Compiling http v0.2.9
[INFO] [stderr]    Compiling rand_core v0.6.4
[INFO] [stderr]    Compiling arrow-schema v46.0.0
[INFO] [stderr]    Compiling base64ct v1.6.0
[INFO] [stderr]    Compiling byteorder v1.4.3
[INFO] [stderr]    Compiling foreign-types-shared v0.1.1
[INFO] [stderr]    Compiling openssl v0.10.55
[INFO] [stderr]    Compiling zeroize v1.6.0
[INFO] [stderr]    Compiling semver v1.0.17
[INFO] [stderr]    Compiling foreign-types v0.3.2
[INFO] [stderr]    Compiling pem-rfc7468 v0.7.0
[INFO] [stderr]    Compiling arrow-data v46.0.0
[INFO] [stderr]    Compiling ident_case v1.0.1
[INFO] [stderr]    Compiling tinyvec_macros v0.1.1
[INFO] [stderr]    Compiling base64 v0.21.2
[INFO] [stderr]    Compiling thiserror v1.0.40
[INFO] [stderr]    Compiling strsim v0.10.0
[INFO] [stderr]    Compiling serde_json v1.0.99
[INFO] [stderr]    Compiling openssl-probe v0.1.5
[INFO] [stderr]    Compiling native-tls v0.2.11
[INFO] [stderr]    Compiling try-lock v0.2.4
[INFO] [stderr]    Compiling rustls v0.21.2
[INFO] [stderr]    Compiling want v0.3.1
[INFO] [stderr]    Compiling rand_chacha v0.3.1
[INFO] [stderr]    Compiling const-random-macro v0.1.15
[INFO] [stderr]    Compiling sct v0.7.0
[INFO] [stderr]    Compiling rustls-webpki v0.100.1
[INFO] [stderr]    Compiling darling_core v0.20.1
[INFO] [stderr]    Compiling tinyvec v1.6.0
[INFO] [stderr]    Compiling serde_derive v1.0.168
[INFO] [stderr]    Compiling tokio-macros v2.1.0
[INFO] [stderr]    Compiling futures-macro v0.3.28
[INFO] [stderr]    Compiling openssl-macros v0.1.1
[INFO] [stderr]    Compiling thiserror-impl v1.0.40
[INFO] [stderr]    Compiling arrow-array v46.0.0
[INFO] [stderr]    Compiling der v0.7.6
[INFO] [stderr]    Compiling http-body v0.4.5
[INFO] [stderr]    Compiling zstd-sys v2.0.8+zstd.1.5.5
[INFO] [stderr]    Compiling crc32fast v1.3.2
[INFO] [stderr]    Compiling percent-encoding v2.3.0
[INFO] [stderr]    Compiling syn v1.0.109
[INFO] [stderr]    Compiling time-core v0.1.1
[INFO] [stderr]    Compiling httpdate v1.0.2
[INFO] [stderr]    Compiling time-macros v0.2.9
[INFO] [stderr]    Compiling form_urlencoded v1.2.0
[INFO] [stderr]    Compiling darling_macro v0.20.1
[INFO] [stderr]    Compiling spki v0.7.2
[INFO] [stderr]    Compiling rustc_version v0.4.0
[INFO] [stderr]    Compiling unicode-normalization v0.1.22
[INFO] [stderr]    Compiling const-random v0.1.15
[INFO] [stderr]    Compiling rand v0.8.5
[INFO] [stderr]    Compiling lexical-parse-integer v0.8.6
[INFO] [stderr]    Compiling lexical-write-integer v0.8.5
[INFO] [stderr]    Compiling lazy_static v1.4.0
[INFO] [stderr]    Compiling num-bigint-dig v0.8.2
[INFO] [stderr]    Compiling unicode-bidi v0.3.13
[INFO] [stderr]    Compiling tokio-util v0.7.8
[INFO] [stderr]    Compiling idna v0.4.0
[INFO] [stderr]    Compiling tokio-native-tls v0.3.1
[INFO] [stderr]    Compiling lexical-write-float v0.8.5
[INFO] [stderr]    Compiling lexical-parse-float v0.8.5
[INFO] [stderr]    Compiling h2 v0.3.20
[INFO] [stderr]    Compiling time v0.3.22
[INFO] [stderr]    Compiling dlv-list v0.5.0
[INFO] [stderr]    Compiling flatbuffers v23.5.26
[INFO] [stderr]    Compiling pkcs8 v0.10.2
[INFO] [stderr]    Compiling darling v0.20.1
[INFO] [stderr]    Compiling tokio-rustls v0.24.1
[INFO] [stderr]    Compiling rustls-pemfile v1.0.2
[INFO] [stderr]    Compiling lz4-sys v1.9.4
[INFO] [stderr]    Compiling base64 v0.13.1
[INFO] [stderr]    Compiling hashbrown v0.13.2
[INFO] [stderr]    Compiling rustversion v1.0.12
[INFO] [stderr]    Compiling zstd-safe v6.0.5+zstd.1.5.4
[INFO] [stderr]    Compiling alloc-no-stdlib v2.0.4
[INFO] [stderr]    Compiling anyhow v1.0.71
[INFO] [stderr]    Compiling cpufeatures v0.2.8
[INFO] [stderr]    Compiling async-trait v0.1.68
[INFO] [stderr]    Compiling alloc-stdlib v0.2.2
[INFO] [stderr]    Compiling ordered-multimap v0.6.0
[INFO] [stderr]    Compiling simple_asn1 v0.6.2
[INFO] [stderr]    Compiling hyper v0.14.27
[INFO] [stderr]    Compiling pem v1.1.1
[INFO] [stderr]    Compiling serde_urlencoded v0.7.1
[INFO] [stderr]    Compiling rustls-native-certs v0.6.3
[INFO] [stderr]    Compiling pkcs1 v0.7.5
[INFO] [stderr]    Compiling lexical-core v0.8.5
[INFO] [stderr]    Compiling url v2.4.0
[INFO] [stderr]    Compiling futures-executor v0.3.28
[INFO] [stderr]    Compiling arrow-select v46.0.0
[INFO] [stderr]    Compiling pin-project-internal v1.1.0
[INFO] [stderr]    Compiling signature v2.1.0
[INFO] [stderr]    Compiling aho-corasick v1.0.2
[INFO] [stderr]    Compiling encoding_rs v0.8.32
[INFO] [stderr]    Compiling hyper-tls v0.5.0
[INFO] [stderr]    Compiling hyper-rustls v0.24.0
[INFO] [stderr]    Compiling adler v1.0.2
[INFO] [stderr]    Compiling paste v1.0.12
[INFO] [stderr]    Compiling regex-syntax v0.7.5
[INFO] [stderr]    Compiling snap v1.1.0
[INFO] [stderr]    Compiling rle-decode-fast v1.0.3
[INFO] [stderr]    Compiling radium v0.7.0
[INFO] [stderr]    Compiling equivalent v1.0.1
[INFO] [stderr]    Compiling ipnet v2.8.0
[INFO] [stderr]    Compiling indexmap v2.0.0
[INFO] [stderr]    Compiling libflate_lz77 v1.2.0
[INFO] [stderr]    Compiling zerocopy-derive v0.3.2
[INFO] [stderr]    Compiling reqwest v0.11.18
[INFO] [stderr]    Compiling miniz_oxide v0.7.1
[INFO] [stderr]    Compiling pin-project v1.1.0
[INFO] [stderr]    Compiling rsa v0.9.2
[INFO] [stderr]    Compiling arrow-cast v46.0.0
[INFO] [stderr]    Compiling regex-automata v0.3.8
[INFO] [stderr]    Compiling futures v0.3.28
[INFO] [stderr]    Compiling jsonwebtoken v8.3.0
[INFO] [stderr]    Compiling rust-ini v0.19.0
[INFO] [stderr]    Compiling brotli-decompressor v2.3.4
[INFO] [stderr]    Compiling sha2 v0.10.7
[INFO] [stderr]    Compiling sha1 v0.10.5
[INFO] [stderr]    Compiling uuid v1.4.0
[INFO] [stderr]    Compiling toml_datetime v0.6.3
[INFO] [stderr]    Compiling serde_spanned v0.6.3
[INFO] [stderr]    Compiling quick-xml v0.28.2
[INFO] [stderr]    Compiling hmac v0.12.1
[INFO] [stderr]    Compiling ordered-float v2.10.0
[INFO] [stderr]    Compiling integer-encoding v3.0.4
[INFO] [stderr]    Compiling hex v0.4.3
[INFO] [stderr]    Compiling tap v1.0.1
[INFO] [stderr]    Compiling heck v0.4.1
[INFO] [stderr]    Compiling winnow v0.5.15
[INFO] [stderr]    Compiling adler32 v1.2.0
[INFO] [stderr]    Compiling rust_decimal v1.30.0
[INFO] [stderr]    Compiling home v0.5.5
[INFO] [stderr]    Compiling strum_macros v0.25.1
[INFO] [stderr]    Compiling libflate v1.4.0
[INFO] [stderr]    Compiling wyz v0.5.1
[INFO] [stderr]    Compiling thrift v0.17.0
[INFO] [stderr]    Compiling reqsign v0.13.0
[INFO] [stderr]    Compiling backon v0.4.1
[INFO] [stderr]    Compiling regex v1.9.5
[INFO] [stderr]    Compiling brotli v3.3.4
[INFO] [stderr]    Compiling toml_edit v0.19.14
[INFO] [stderr]    Compiling arrow-ipc v46.0.0
[INFO] [stderr]    Compiling apache-avro-derive v0.15.0
[INFO] [stderr]    Compiling zerocopy v0.6.1
[INFO] [stderr]    Compiling flate2 v1.0.26
[INFO] [stderr]    Compiling typed-builder v0.14.0
[INFO] [stderr]    Compiling quick-xml v0.27.1
[INFO] [stderr]    Compiling serde_with_macros v3.0.0
[INFO] [stderr]    Compiling async-compat v0.2.1
[INFO] [stderr]    Compiling md-5 v0.10.5
[INFO] [stderr]    Compiling twox-hash v1.6.3
[INFO] [stderr]    Compiling csv-core v0.1.10
[INFO] [stderr]    Compiling flagset v0.4.3
[INFO] [stderr]    Compiling strum v0.25.0
[INFO] [stderr]    Compiling arrayvec v0.7.4
[INFO] [stderr]    Compiling seq-macro v0.3.3
[INFO] [stderr]    Compiling funty v2.0.0
[INFO] [stderr]    Compiling csv v1.2.2
[INFO] [stderr]    Compiling apache-avro v0.15.0
[INFO] [stderr]    Compiling bitvec v1.0.1
[INFO] [stderr]    Compiling serde_with v3.0.0
[INFO] [stderr]    Compiling opendal v0.37.0
[INFO] [stderr]    Compiling toml v0.7.6
[INFO] [stderr]    Compiling faster-hex v0.8.0
[INFO] [stderr]    Compiling serde_bytes v0.11.12
[INFO] [stderr]    Compiling arrow-row v46.0.0
[INFO] [stderr]    Compiling arrow-arith v46.0.0
[INFO] [stderr]    Compiling ordered-float v3.7.0
[INFO] [stderr]    Compiling urlencoding v2.1.3
[INFO] [stderr]    Compiling murmur3 v0.5.2
[INFO] [stderr]    Compiling lz4 v1.24.0
[INFO] [stderr]    Compiling zstd v0.12.3+zstd.1.5.2
[INFO] [stderr]    Compiling parquet v46.0.0
[INFO] [stderr]    Compiling icelake v0.0.10 (/opt/rustwide/workdir)
[INFO] [stdout] warning: unused doc comment
[INFO] [stdout]    --> src/io/data_file_writer.rs:204:13
[INFO] [stdout]     |
[INFO] [stdout] 204 | /             /// # TODO
[INFO] [stdout] 205 | |             ///
[INFO] [stdout] 206 | |             /// Following fields unsupported now:
[INFO] [stdout] 207 | |             /// - `file_size_in_bytes` can't get from `FileMetaData` now.
[INFO] [stdout] 208 | |             /// - `file_offset` in `FileMetaData` always be None now.
[INFO] [stdout] 209 | |             /// - `nan_value_counts` can't get from `FileMetaData` now.
[INFO] [stdout]     | |_______________________________________________________________________^
[INFO] [stdout] 210 |               // Currently arrow parquet writer doesn't fill row group offsets, we can use first column chunk offset for it.
[INFO] [stdout] 211 | /             split_offsets: Some(meta_data
[INFO] [stdout] 212 | |                 .row_groups
[INFO] [stdout] 213 | |                 .iter()
[INFO] [stdout] 214 | |                 .filter_map(|group| group.file_offset)
[INFO] [stdout] 215 | |                 .collect()),
[INFO] [stdout]     | |___________________________- rustdoc does not generate documentation for expression fields
[INFO] [stdout]     |
[INFO] [stdout]     = help: use `//` for a plain comment
[INFO] [stdout]     = note: `#[warn(unused_doc_comments)]` on by default
[INFO] [stdout] 
[INFO] [stdout] 
[INFO] [stdout] warning: unused import: `self::arrow::to_arrow::*`
[INFO] [stdout]   --> src/types/mod.rs:12:9
[INFO] [stdout]    |
[INFO] [stdout] 12 | pub use self::arrow::to_arrow::*;
[INFO] [stdout]    |         ^^^^^^^^^^^^^^^^^^^^^^^^
[INFO] [stdout]    |
[INFO] [stdout]    = note: `#[warn(unused_imports)]` on by default
[INFO] [stdout] 
[INFO] [stdout] 
[INFO] [stdout] warning: 2 warnings emitted
[INFO] [stdout] 
[INFO] [stdout] 
[INFO] [stderr]     Finished dev [unoptimized + debuginfo] target(s) in 56.01s
[INFO] running `Command { std: "docker" "inspect" "be251f4c5b8cb5adb87e5e6d55c5dd19deef32116ba9f92ffcb53760c343604b", kill_on_drop: false }`
[INFO] running `Command { std: "docker" "rm" "-f" "be251f4c5b8cb5adb87e5e6d55c5dd19deef32116ba9f92ffcb53760c343604b", kill_on_drop: false }`
[INFO] [stdout] be251f4c5b8cb5adb87e5e6d55c5dd19deef32116ba9f92ffcb53760c343604b
[INFO] running `Command { std: "docker" "create" "-v" "/var/lib/crater-agent-workspace/builds/worker-1-tc2/target:/opt/rustwide/target:rw,Z" "-v" "/var/lib/crater-agent-workspace/builds/worker-1-tc2/source:/opt/rustwide/workdir:ro,Z" "-v" "/var/lib/crater-agent-workspace/cargo-home:/opt/rustwide/cargo-home:ro,Z" "-v" "/var/lib/crater-agent-workspace/rustup-home:/opt/rustwide/rustup-home:ro,Z" "-e" "SOURCE_DIR=/opt/rustwide/workdir" "-e" "CARGO_TARGET_DIR=/opt/rustwide/target" "-e" "CARGO_INCREMENTAL=0" "-e" "RUST_BACKTRACE=full" "-e" "RUSTFLAGS=--cap-lints=warn" "-e" "RUSTDOCFLAGS=--cap-lints=warn" "-e" "CARGO_HOME=/opt/rustwide/cargo-home" "-e" "RUSTUP_HOME=/opt/rustwide/rustup-home" "-w" "/opt/rustwide/workdir" "-m" "1610612736" "--user" "0:0" "--network" "none" "ghcr.io/rust-lang/crates-build-env/linux@sha256:2788e3201cd34a07e3172128adcd8b3090168a8e3bcc40d7c032b9dda1df7d1c" "/opt/rustwide/cargo-home/bin/cargo" "+beta-2023-12-22" "test" "--frozen" "--no-run" "--message-format=json", kill_on_drop: false }`
[INFO] [stdout] fece9930c861f42e98b156dde54644ca63d287b4ca4546b065adfddc3e980dff
[INFO] running `Command { std: "docker" "start" "-a" "fece9930c861f42e98b156dde54644ca63d287b4ca4546b065adfddc3e980dff", kill_on_drop: false }`
[INFO] [stderr]    Compiling once_cell v1.18.0
[INFO] [stderr]    Compiling log v0.4.19
[INFO] [stderr]    Compiling ucd-trie v0.1.6
[INFO] [stderr]    Compiling rustix v0.38.4
[INFO] [stderr]    Compiling linux-raw-sys v0.4.3
[INFO] [stderr]    Compiling bitflags v2.3.3
[INFO] [stderr]    Compiling unicode-segmentation v1.10.1
[INFO] [stderr]    Compiling unsafe-libyaml v0.2.9
[INFO] [stderr]    Compiling const-random-macro v0.1.15
[INFO] [stderr]    Compiling rustls v0.21.2
[INFO] [stderr]    Compiling native-tls v0.2.11
[INFO] [stderr]    Compiling pest v2.7.3
[INFO] [stderr]    Compiling heck v0.3.3
[INFO] [stderr]    Compiling tokio-native-tls v0.3.1
[INFO] [stderr]    Compiling hyper-tls v0.5.0
[INFO] [stderr]    Compiling apache-avro v0.15.0
[INFO] [stderr]    Compiling confique-macro v0.0.8
[INFO] [stderr]    Compiling toml v0.5.11
[INFO] [stderr]    Compiling const-random v0.1.15
[INFO] [stderr]    Compiling dlv-list v0.5.0
[INFO] [stderr]    Compiling ordered-multimap v0.6.0
[INFO] [stderr]    Compiling serde_yaml v0.9.25
[INFO] [stderr]    Compiling rust-ini v0.19.0
[INFO] [stderr]    Compiling pest_meta v2.7.3
[INFO] [stderr]    Compiling fastrand v2.0.0
[INFO] [stderr]    Compiling tokio-rustls v0.24.1
[INFO] [stderr]    Compiling hyper-rustls v0.24.0
[INFO] [stderr]    Compiling termcolor v1.2.0
[INFO] [stderr]    Compiling reqwest v0.11.18
[INFO] [stderr]    Compiling is-terminal v0.4.9
[INFO] [stderr]    Compiling env_logger v0.10.0
[INFO] [stderr]    Compiling pest_generator v2.7.3
[INFO] [stderr]    Compiling tempfile v3.7.0
[INFO] [stderr]    Compiling arrow-csv v46.0.0
[INFO] [stderr]    Compiling reqsign v0.13.0
[INFO] [stderr]    Compiling pest_derive v2.7.3
[INFO] [stderr]    Compiling json5 v0.4.1
[INFO] [stderr]    Compiling opendal v0.37.0
[INFO] [stderr]    Compiling confique v0.2.4
[INFO] [stderr]    Compiling icelake v0.0.10 (/opt/rustwide/workdir)
[INFO] [stdout] warning: unused doc comment
[INFO] [stdout]    --> src/io/data_file_writer.rs:204:13
[INFO] [stdout]     |
[INFO] [stdout] 204 | /             /// # TODO
[INFO] [stdout] 205 | |             ///
[INFO] [stdout] 206 | |             /// Following fields unsupported now:
[INFO] [stdout] 207 | |             /// - `file_size_in_bytes` can't get from `FileMetaData` now.
[INFO] [stdout] 208 | |             /// - `file_offset` in `FileMetaData` always be None now.
[INFO] [stdout] 209 | |             /// - `nan_value_counts` can't get from `FileMetaData` now.
[INFO] [stdout]     | |_______________________________________________________________________^
[INFO] [stdout] 210 |               // Currently arrow parquet writer doesn't fill row group offsets, we can use first column chunk offset for it.
[INFO] [stdout] 211 | /             split_offsets: Some(meta_data
[INFO] [stdout] 212 | |                 .row_groups
[INFO] [stdout] 213 | |                 .iter()
[INFO] [stdout] 214 | |                 .filter_map(|group| group.file_offset)
[INFO] [stdout] 215 | |                 .collect()),
[INFO] [stdout]     | |___________________________- rustdoc does not generate documentation for expression fields
[INFO] [stdout]     |
[INFO] [stdout]     = help: use `//` for a plain comment
[INFO] [stdout]     = note: `#[warn(unused_doc_comments)]` on by default
[INFO] [stdout] 
[INFO] [stdout] 
[INFO] [stdout] warning: unused import: `self::arrow::to_arrow::*`
[INFO] [stdout]   --> src/types/mod.rs:12:9
[INFO] [stdout]    |
[INFO] [stdout] 12 | pub use self::arrow::to_arrow::*;
[INFO] [stdout]    |         ^^^^^^^^^^^^^^^^^^^^^^^^
[INFO] [stdout]    |
[INFO] [stdout]    = note: `#[warn(unused_imports)]` on by default
[INFO] [stdout] 
[INFO] [stdout] 
[INFO] [stdout] warning: 2 warnings emitted
[INFO] [stdout] 
[INFO] [stdout] 
[INFO] [stdout] error[E0433]: failed to resolve: use of undeclared crate or module `testcontainers`
[INFO] [stdout]  --> tests/insert_tests.rs:1:5
[INFO] [stdout]   |
[INFO] [stdout] 1 | use testcontainers::clients::Cli;
[INFO] [stdout]   |     ^^^^^^^^^^^^^^ use of undeclared crate or module `testcontainers`
[INFO] [stdout]   |
[INFO] [stdout] help: there is a crate or module with a similar name
[INFO] [stdout]   |
[INFO] [stdout] 1 | use containers::clients::Cli;
[INFO] [stdout]   |     ~~~~~~~~~~
[INFO] [stdout] 
[INFO] [stdout] 
[INFO] [stdout] error[E0433]: failed to resolve: use of undeclared crate or module `testcontainers`
[INFO] [stdout]  --> tests/utils/containers.rs:3:5
[INFO] [stdout]   |
[INFO] [stdout] 3 | use testcontainers::core::WaitFor;
[INFO] [stdout]   |     ^^^^^^^^^^^^^^ use of undeclared crate or module `testcontainers`
[INFO] [stdout] 
[INFO] [stdout] 
[INFO] [stdout] error[E0432]: unresolved import `testcontainers`
[INFO] [stdout]  --> tests/utils/mod.rs:1:5
[INFO] [stdout]   |
[INFO] [stdout] 1 | use testcontainers::{Container, GenericImage};
[INFO] [stdout]   |     ^^^^^^^^^^^^^^ use of undeclared crate or module `testcontainers`
[INFO] [stdout]   |
[INFO] [stdout] help: there is a crate or module with a similar name
[INFO] [stdout]   |
[INFO] [stdout] 1 | use containers::{Container, GenericImage};
[INFO] [stdout]   |     ~~~~~~~~~~
[INFO] [stdout] 
[INFO] [stdout] 
[INFO] [stdout] error[E0432]: unresolved import `testcontainers`
[INFO] [stdout]  --> tests/utils/containers.rs:4:5
[INFO] [stdout]   |
[INFO] [stdout] 4 | use testcontainers::{GenericImage, RunnableImage};
[INFO] [stdout]   |     ^^^^^^^^^^^^^^ use of undeclared crate or module `testcontainers`
[INFO] [stdout] 
[INFO] [stdout] 
[INFO] [stdout] error[E0433]: failed to resolve: use of undeclared crate or module `testcontainers`
[INFO] [stdout]  --> tests/utils/containers.rs:3:5
[INFO] [stdout]   |
[INFO] [stdout] 3 | use testcontainers::core::WaitFor;
[INFO] [stdout]   |     ^^^^^^^^^^^^^^ use of undeclared crate or module `testcontainers`
[INFO] [stdout] 
[INFO] [stdout] 
[INFO] [stdout] error[E0432]: unresolved import `testcontainers`
[INFO] [stdout]  --> tests/utils/mod.rs:1:5
[INFO] [stdout]   |
[INFO] [stdout] 1 | use testcontainers::{Container, GenericImage};
[INFO] [stdout]   |     ^^^^^^^^^^^^^^ use of undeclared crate or module `testcontainers`
[INFO] [stdout]   |
[INFO] [stdout] help: there is a crate or module with a similar name
[INFO] [stdout]   |
[INFO] [stdout] 1 | use containers::{Container, GenericImage};
[INFO] [stdout]   |     ~~~~~~~~~~
[INFO] [stdout] 
[INFO] [stdout] 
[INFO] [stdout] error[E0432]: unresolved import `testcontainers`
[INFO] [stdout]  --> tests/utils/containers.rs:4:5
[INFO] [stdout]   |
[INFO] [stdout] 4 | use testcontainers::{GenericImage, RunnableImage};
[INFO] [stdout]   |     ^^^^^^^^^^^^^^ use of undeclared crate or module `testcontainers`
[INFO] [stdout] 
[INFO] [stdout] 
[INFO] [stdout] warning: unused doc comment
[INFO] [stdout]    --> src/io/data_file_writer.rs:204:13
[INFO] [stdout]     |
[INFO] [stdout] 204 | /             /// # TODO
[INFO] [stdout] 205 | |             ///
[INFO] [stdout] 206 | |             /// Following fields unsupported now:
[INFO] [stdout] 207 | |             /// - `file_size_in_bytes` can't get from `FileMetaData` now.
[INFO] [stdout] 208 | |             /// - `file_offset` in `FileMetaData` always be None now.
[INFO] [stdout] 209 | |             /// - `nan_value_counts` can't get from `FileMetaData` now.
[INFO] [stdout]     | |_______________________________________________________________________^
[INFO] [stdout] 210 |               // Currently arrow parquet writer doesn't fill row group offsets, we can use first column chunk offset for it.
[INFO] [stdout] 211 | /             split_offsets: Some(meta_data
[INFO] [stdout] 212 | |                 .row_groups
[INFO] [stdout] 213 | |                 .iter()
[INFO] [stdout] 214 | |                 .filter_map(|group| group.file_offset)
[INFO] [stdout] 215 | |                 .collect()),
[INFO] [stdout]     | |___________________________- rustdoc does not generate documentation for expression fields
[INFO] [stdout]     |
[INFO] [stdout]     = help: use `//` for a plain comment
[INFO] [stdout]     = note: `#[warn(unused_doc_comments)]` on by default
[INFO] [stdout] 
[INFO] [stdout] 
[INFO] [stdout] warning: unused import: `self::arrow::to_arrow::*`
[INFO] [stdout]   --> src/types/mod.rs:12:9
[INFO] [stdout]    |
[INFO] [stdout] 12 | pub use self::arrow::to_arrow::*;
[INFO] [stdout]    |         ^^^^^^^^^^^^^^^^^^^^^^^^
[INFO] [stdout]    |
[INFO] [stdout]    = note: `#[warn(unused_imports)]` on by default
[INFO] [stdout] 
[INFO] [stdout] 
[INFO] [stdout] error: aborting due to 3 previous errors
[INFO] [stdout] 
[INFO] [stdout] 
[INFO] [stdout] Some errors have detailed explanations: E0432, E0433.
[INFO] [stdout] 
[INFO] [stdout] For more information about an error, try `rustc --explain E0432`.
[INFO] [stdout] 
[INFO] [stderr] error: could not compile `icelake` (test "rest_catalog_tests") due to 4 previous errors
[INFO] [stderr] warning: build failed, waiting for other jobs to finish...
[INFO] [stdout] error: aborting due to 4 previous errors
[INFO] [stdout] 
[INFO] [stdout] 
[INFO] [stdout] Some errors have detailed explanations: E0432, E0433.
[INFO] [stdout] 
[INFO] [stdout] For more information about an error, try `rustc --explain E0432`.
[INFO] [stdout] 
[INFO] [stderr] error: could not compile `icelake` (test "insert_tests") due to 5 previous errors
[INFO] [stdout] error: linking with `cc` failed: exit status: 1
[INFO] [stdout]   |
[INFO] [stdout]   = note: LC_ALL="C" PATH="/opt/rustwide/rustup-home/toolchains/beta-2023-12-22-x86_64-unknown-linux-gnu/lib/rustlib/x86_64-unknown-linux-gnu/bin:/opt/rustwide/cargo-home/bin:/usr/local/sbin:/usr/local/bin:/usr/sbin:/usr/bin:/sbin:/bin" VSLANG="1033" "cc" "-m64" "/tmp/rustcaelbyH/symbols.o" "/opt/rustwide/target/debug/examples/read_iceberg_table-64f8c926c40494c7.read_iceberg_table.5ad6cefd901d77f5-cgu.0.rcgu.o" "/opt/rustwide/target/debug/examples/read_iceberg_table-64f8c926c40494c7.read_iceberg_table.5ad6cefd901d77f5-cgu.1.rcgu.o" "/opt/rustwide/target/debug/examples/read_iceberg_table-64f8c926c40494c7.read_iceberg_table.5ad6cefd901d77f5-cgu.2.rcgu.o" "/opt/rustwide/target/debug/examples/read_iceberg_table-64f8c926c40494c7.read_iceberg_table.5ad6cefd901d77f5-cgu.3.rcgu.o" "/opt/rustwide/target/debug/examples/read_iceberg_table-64f8c926c40494c7.read_iceberg_table.5ad6cefd901d77f5-cgu.4.rcgu.o" "/opt/rustwide/target/debug/examples/read_iceberg_table-64f8c926c40494c7.read_iceberg_table.5ad6cefd901d77f5-cgu.5.rcgu.o" "/opt/rustwide/target/debug/examples/read_iceberg_table-64f8c926c40494c7.read_iceberg_table.5ad6cefd901d77f5-cgu.6.rcgu.o" "/opt/rustwide/target/debug/examples/read_iceberg_table-64f8c926c40494c7.read_iceberg_table.5ad6cefd901d77f5-cgu.7.rcgu.o" "/opt/rustwide/target/debug/examples/read_iceberg_table-64f8c926c40494c7.read_iceberg_table.5ad6cefd901d77f5-cgu.8.rcgu.o" "/opt/rustwide/target/debug/examples/read_iceberg_table-64f8c926c40494c7.r8jol1gw49hrpd5.rcgu.o" "-Wl,--as-needed" "-L" "/opt/rustwide/target/debug/deps" "-L" "/opt/rustwide/target/debug/build/ring-d03bbb69a38e6294/out" "-L" "/opt/rustwide/target/debug/build/lz4-sys-b5ddaca82cac85d0/out" "-L" "/opt/rustwide/target/debug/build/zstd-sys-13cfbd33c2ec082c/out" "-L" "/opt/rustwide/rustup-home/toolchains/beta-2023-12-22-x86_64-unknown-linux-gnu/lib/rustlib/x86_64-unknown-linux-gnu/lib" "-Wl,-Bstatic" "/opt/rustwide/target/debug/deps/libicelake-7db3cd9165d260a3.rlib" "/opt/rustwide/target/debug/deps/libmurmur3-6a484740ef271321.rlib" "/opt/rustwide/target/debug/deps/libfaster_hex-69e21cbd8657a3bc.rlib" "/opt/rustwide/target/debug/deps/libserde_bytes-02dc5db3bf50793f.rlib" "/opt/rustwide/target/debug/deps/libarrow_arith-5fad42490f269b93.rlib" "/opt/rustwide/target/debug/deps/libserde_with-5dd0659d568ab3d8.rlib" "/opt/rustwide/target/debug/deps/libapache_avro-9ce3fb5bc147ec24.rlib" "/opt/rustwide/target/debug/deps/libstrum-3a1fe66536c7950e.rlib" "/opt/rustwide/target/debug/deps/libzerocopy-c29ea7bf4ae04927.rlib" "/opt/rustwide/target/debug/deps/liblibflate-b36fd434902694f2.rlib" "/opt/rustwide/target/debug/deps/libadler32-69fdd68b0d4b86c1.rlib" "/opt/rustwide/target/debug/deps/liblibflate_lz77-d04681a8b0c9d952.rlib" "/opt/rustwide/target/debug/deps/librle_decode_fast-dc327c83130f5ade.rlib" "/opt/rustwide/target/debug/deps/librust_decimal-a85595b089b1c7d2.rlib" "/opt/rustwide/target/debug/deps/libarrayvec-8dae9714ba2cbe70.rlib" "/opt/rustwide/target/debug/deps/libordered_float-9e9b95152bf7c611.rlib" "/opt/rustwide/target/debug/deps/libbitvec-f2227b644884ba19.rlib" "/opt/rustwide/target/debug/deps/libwyz-b9ad50c5a23ba281.rlib" "/opt/rustwide/target/debug/deps/libtap-b85dccd7e33b9fac.rlib" "/opt/rustwide/target/debug/deps/libradium-23c3c7bf7109ca51.rlib" "/opt/rustwide/target/debug/deps/libfunty-36159d7a9009c5ea.rlib" "/opt/rustwide/target/debug/deps/libarrow_row-1708e6df8a187a19.rlib" "/opt/rustwide/target/debug/deps/libparquet-88cea26f7df71355.rlib" "/opt/rustwide/target/debug/deps/libzstd-baa8a03b81115e30.rlib" "/opt/rustwide/target/debug/deps/libzstd_safe-fe9bc4b5ff087a8e.rlib" "/opt/rustwide/target/debug/deps/libzstd_sys-6626a8fdc2550dfe.rlib" "/opt/rustwide/target/debug/deps/liblz4-b9dbc04b6495ec1d.rlib" "/opt/rustwide/target/debug/deps/liblz4_sys-46632b2ab331c053.rlib" "/opt/rustwide/target/debug/deps/libbrotli-4414a53fff819b45.rlib" "/opt/rustwide/target/debug/deps/libbrotli_decompressor-d16d8ae6ee288f40.rlib" "/opt/rustwide/target/debug/deps/liballoc_stdlib-3809969a7931de1f.rlib" "/opt/rustwide/target/debug/deps/liballoc_no_stdlib-429cf3419c926494.rlib" "/opt/rustwide/target/debug/deps/libarrow_cast-bfe98a83b1af1984.rlib" "/opt/rustwide/target/debug/deps/liblexical_core-b31d41e75e2f0b72.rlib" "/opt/rustwide/target/debug/deps/liblexical_write_float-bf1830f815f392da.rlib" "/opt/rustwide/target/debug/deps/liblexical_write_integer-624827c1e13e2922.rlib" "/opt/rustwide/target/debug/deps/liblexical_parse_float-9b2d2fe5fa8e13a4.rlib" "/opt/rustwide/target/debug/deps/liblexical_parse_integer-5eef05eeb7a47774.rlib" "/opt/rustwide/target/debug/deps/liblexical_util-318edabad0ba0e20.rlib" "/opt/rustwide/target/debug/deps/libflate2-8282fc683388735c.rlib" "/opt/rustwide/target/debug/deps/libminiz_oxide-fdd9e74574a7bd2a.rlib" "/opt/rustwide/target/debug/deps/libadler-eba61f23bb3cdb48.rlib" "/opt/rustwide/target/debug/deps/libcrc32fast-dbea8ee6fb11ce73.rlib" "/opt/rustwide/target/debug/deps/libsnap-bc2ef18510893f73.rlib" "/opt/rustwide/target/debug/deps/libarrow_ipc-bad390fe0d12354a.rlib" "/opt/rustwide/target/debug/deps/libflatbuffers-eaf73664dcc14083.rlib" "/opt/rustwide/target/debug/deps/libtwox_hash-fc82a6ce04bdee51.rlib" "/opt/rustwide/target/debug/deps/libstatic_assertions-0ef270c4de502b0e.rlib" "/opt/rustwide/target/debug/deps/libarrow_select-5789f673534ee693.rlib" "/opt/rustwide/target/debug/deps/libarrow_array-e5b7854f0cffa1f9.rlib" "/opt/rustwide/target/debug/deps/libahash-7d18130f77034e11.rlib" "/opt/rustwide/target/debug/deps/libhashbrown-c0d14a1e7f0f4fbb.rlib" "/opt/rustwide/target/debug/deps/libarrow_data-e3cff95434cf6ee2.rlib" "/opt/rustwide/target/debug/deps/libarrow_buffer-f2a6c9c632ea4a62.rlib" "/opt/rustwide/target/debug/deps/libhalf-e92c17533c3ce086.rlib" "/opt/rustwide/target/debug/deps/libnum-9d61e1428b531a29.rlib" "/opt/rustwide/target/debug/deps/libnum_rational-55a5102fb5e3546c.rlib" "/opt/rustwide/target/debug/deps/libnum_complex-32b8af01e3fe586f.rlib" "/opt/rustwide/target/debug/deps/libthrift-8d6613a85c544cd7.rlib" "/opt/rustwide/target/debug/deps/libordered_float-23fb709cd0bf8597.rlib" "/opt/rustwide/target/debug/deps/libinteger_encoding-312c18a26eaeb239.rlib" "/opt/rustwide/target/debug/deps/libarrow_schema-801e135adf834248.rlib" "/opt/rustwide/target/debug/deps/liburlencoding-b46c6902fb48e228.rlib" "/opt/rustwide/target/debug/deps/libregex-3a125c2160cbc8dd.rlib" "/opt/rustwide/target/debug/deps/libregex_automata-47aca50a0cf6b8ed.rlib" "/opt/rustwide/target/debug/deps/libaho_corasick-d27cb3533b706b00.rlib" "/opt/rustwide/target/debug/deps/libregex_syntax-ef461186d3307f3c.rlib" "/opt/rustwide/target/debug/deps/libopendal-7b8090d4dcccd813.rlib" "/opt/rustwide/target/debug/deps/libuuid-20a59eccf3c13d53.rlib" "/opt/rustwide/target/debug/deps/libasync_compat-b558547f198acd79.rlib" "/opt/rustwide/target/debug/deps/libquick_xml-f4bceba0a82cf0f1.rlib" "/opt/rustwide/target/debug/deps/libreqsign-11f77bd1a5188875.rlib" "/opt/rustwide/target/debug/deps/libhex-bf5d7c1623e40692.rlib" "/opt/rustwide/target/debug/deps/libhome-a1c0edac94651a7a.rlib" "/opt/rustwide/target/debug/deps/libsha2-e1376fcac01f3d0a.rlib" "/opt/rustwide/target/debug/deps/libsha1-550a69560ddd9795.rlib" "/opt/rustwide/target/debug/deps/libcpufeatures-f4cdafc96f8ad636.rlib" "/opt/rustwide/target/debug/deps/libhmac-a62170c5c2caedff.rlib" "/opt/rustwide/target/debug/deps/librsa-e01279aa36c9f1bd.rlib" "/opt/rustwide/target/debug/deps/libpkcs1-938128ae983a9861.rlib" "/opt/rustwide/target/debug/deps/libpkcs8-af15eab0aa4cc02f.rlib" "/opt/rustwide/target/debug/deps/libspki-0e3695363d2fb435.rlib" "/opt/rustwide/target/debug/deps/libder-96356945d08a20f5.rlib" "/opt/rustwide/target/debug/deps/libpem_rfc7468-2f75c48f98ead1d3.rlib" "/opt/rustwide/target/debug/deps/libbase64ct-3a5b263675befe64.rlib" "/opt/rustwide/target/debug/deps/libsignature-968ab156c38cbe69.rlib" "/opt/rustwide/target/debug/deps/libnum_bigint_dig-2c4a32bc99e2fec4.rlib" "/opt/rustwide/target/debug/deps/liblibm-08818530cce4f516.rlib" "/opt/rustwide/target/debug/deps/libnum_iter-72976ecdef8a3920.rlib" "/opt/rustwide/target/debug/deps/librand-936c09335d224e0a.rlib" "/opt/rustwide/target/debug/deps/librand_chacha-1707353730ea11a8.rlib" "/opt/rustwide/target/debug/deps/libppv_lite86-db48c90fa293bcfe.rlib" "/opt/rustwide/target/debug/deps/librand_core-db4fbaed3997564c.rlib" "/opt/rustwide/target/debug/deps/libgetrandom-8848ea7b1d0bf9bb.rlib" "/opt/rustwide/target/debug/deps/libbyteorder-0ef92d8cf14cf0b1.rlib" "/opt/rustwide/target/debug/deps/libzeroize-f0fdd46e56daa575.rlib" "/opt/rustwide/target/debug/deps/liblazy_static-50650112bfaef7d3.rlib" "/opt/rustwide/target/debug/deps/libjsonwebtoken-e847f72b64edc0d3.rlib" "/opt/rustwide/target/debug/deps/libpem-abf3eeee25133287.rlib" "/opt/rustwide/target/debug/deps/libbase64-fca76a9e376e88b4.rlib" "/opt/rustwide/target/debug/deps/libsimple_asn1-b37e3f020b2805b5.rlib" "/opt/rustwide/target/debug/deps/libtime-e0c4b85c9614b46b.rlib" "/opt/rustwide/target/debug/deps/libtime_core-54674f00ac56f1cd.rlib" "/opt/rustwide/target/debug/deps/libthiserror-ff8055951435ca4d.rlib" "/opt/rustwide/target/debug/deps/libnum_bigint-c8e13c26dd5f74d7.rlib" "/opt/rustwide/target/debug/deps/libnum_integer-ca9ab2076df887fa.rlib" "/opt/rustwide/target/debug/deps/libquick_xml-2140f99af7b5cf7f.rlib" "/opt/rustwide/target/debug/deps/libini-e7c07b7285262951.rlib" "/opt/rustwide/target/debug/deps/libordered_multimap-efa971045e4f6b6f.rlib" "/opt/rustwide/target/debug/deps/libhashbrown-5940247810165f83.rlib" "/opt/rustwide/target/debug/deps/libdlv_list-4f880c8e7f4346bc.rlib" "/opt/rustwide/target/debug/deps/libreqwest-6cb66653b98fc62f.rlib" "/opt/rustwide/target/debug/deps/libhyper_rustls-4aeac27e1e4b1663.rlib" "/opt/rustwide/target/debug/deps/libhyper_tls-befc58efecbf956c.rlib" "/opt/rustwide/target/debug/deps/libserde_urlencoded-6108179729344bad.rlib" "/opt/rustwide/target/debug/deps/librustls_native_certs-1106dbacac84eda0.rlib" "/opt/rustwide/target/debug/deps/librustls_pemfile-f0592cdb7ebc9cea.rlib" "/opt/rustwide/target/debug/deps/libipnet-fc05b2bd4dc777ac.rlib" "/opt/rustwide/target/debug/deps/libtokio_native_tls-add124975115e84a.rlib" "/opt/rustwide/target/debug/deps/libtokio_rustls-d7aadd6b7e35afae.rlib" "/opt/rustwide/target/debug/deps/librustls-b3eeca8ad6c4f6ee.rlib" "/opt/rustwide/target/debug/deps/libsct-ab050013f884c647.rlib" "/opt/rustwide/target/debug/deps/libwebpki-21db4bbe01ad0dd3.rlib" "/opt/rustwide/target/debug/deps/libring-464fa8a218162a7a.rlib" "/opt/rustwide/target/debug/deps/libspin-e858d3468b8e3abd.rlib" "/opt/rustwide/target/debug/deps/libuntrusted-6cf40e3a64622ff0.rlib" "/opt/rustwide/target/debug/deps/libmime-a9df5a780629fb7d.rlib" "/opt/rustwide/target/debug/deps/libencoding_rs-43ba0f5a32920363.rlib" "/opt/rustwide/target/debug/deps/libserde_json-0dc241cad9529bd0.rlib" "/opt/rustwide/target/debug/deps/libryu-ce09991353a76c10.rlib" "/opt/rustwide/target/debug/deps/libserde-815951af18cbb820.rlib" "/opt/rustwide/target/debug/deps/libnative_tls-60e583fdbea65dfa.rlib" "/opt/rustwide/target/debug/deps/libopenssl_probe-01da96bec2dfd166.rlib" "/opt/rustwide/target/debug/deps/libopenssl-6b44caf67ed36aa7.rlib" "/opt/rustwide/target/debug/deps/libbitflags-85e13ed1e0c6d910.rlib" "/opt/rustwide/target/debug/deps/libforeign_types-34162016ad32c65c.rlib" "/opt/rustwide/target/debug/deps/libforeign_types_shared-6c481fa47d8ef87b.rlib" "/opt/rustwide/target/debug/deps/libopenssl_sys-f3a775bd1b1ce517.rlib" "/opt/rustwide/target/debug/deps/libhyper-376fc93f6d1481c1.rlib" "/opt/rustwide/target/debug/deps/libwant-a53deb880f5b4491.rlib" "/opt/rustwide/target/debug/deps/libtry_lock-539bdf1ed77a7a8a.rlib" "/opt/rustwide/target/debug/deps/libhttparse-2dbc320ca65411a3.rlib" "/opt/rustwide/target/debug/deps/libh2-a5dd426c5d288398.rlib" "/opt/rustwide/target/debug/deps/libindexmap-7ff1a537f445f359.rlib" "/opt/rustwide/target/debug/deps/libhashbrown-e273ba0f8cdcbe5b.rlib" "/opt/rustwide/target/debug/deps/libtower_service-92bbc7b5a1dd8782.rlib" "/opt/rustwide/target/debug/deps/libtokio_util-414f8e0a0d3497b8.rlib" "/opt/rustwide/target/debug/deps/libtracing-a5d476749891511e.rlib" "/opt/rustwide/target/debug/deps/libtracing_core-83a46c8cb4a27c44.rlib" "/opt/rustwide/target/debug/deps/libhttp_body-b21f74c3dbfe39dd.rlib" "/opt/rustwide/target/debug/deps/liburl-6bd859ed9b000390.rlib" "/opt/rustwide/target/debug/deps/libidna-cec821f7529828f2.rlib" "/opt/rustwide/target/debug/deps/libunicode_normalization-a49209942f8cb303.rlib" "/opt/rustwide/target/debug/deps/libtinyvec-dcbbce603bc23510.rlib" "/opt/rustwide/target/debug/deps/libtinyvec_macros-333661e3b238a9a3.rlib" "/opt/rustwide/target/debug/deps/libunicode_bidi-ee612f5df1be5cab.rlib" "/opt/rustwide/target/debug/deps/libform_urlencoded-ee95c3013bc32c40.rlib" "/opt/rustwide/target/debug/deps/libonce_cell-fadaa1d866399a17.rlib" "/opt/rustwide/target/debug/deps/libpercent_encoding-c878b6f40f2978b2.rlib" "/opt/rustwide/target/debug/deps/libmd5-da2f783cf51413c5.rlib" "/opt/rustwide/target/debug/deps/libdigest-46c2d7a7c66d9f73.rlib" "/opt/rustwide/target/debug/deps/libsubtle-8bfc29cd08fc9521.rlib" "/opt/rustwide/target/debug/deps/libconst_oid-6ce3747f79b776d3.rlib" "/opt/rustwide/target/debug/deps/libblock_buffer-35d507cb4d59e4c7.rlib" "/opt/rustwide/target/debug/deps/libcrypto_common-3d0eb161b945cd07.rlib" "/opt/rustwide/target/debug/deps/libgeneric_array-9a7f621fb45a6f4e.rlib" "/opt/rustwide/target/debug/deps/libtypenum-486446c5d1f61c48.rlib" "/opt/rustwide/target/debug/deps/libbase64-f38862f3d93516f9.rlib" "/opt/rustwide/target/debug/deps/libhttp-7cf1142ed6ad0045.rlib" "/opt/rustwide/target/debug/deps/libitoa-780f6737fc9d34ad.rlib" "/opt/rustwide/target/debug/deps/libfnv-953831fe314029b4.rlib" "/opt/rustwide/target/debug/deps/libbackon-7064b8bd17ad2c22.rlib" "/opt/rustwide/target/debug/deps/libfastrand-9a0695f12d217e0d.rlib" "/opt/rustwide/target/debug/deps/libpin_project-1f1f56d8e82e97b4.rlib" "/opt/rustwide/target/debug/deps/liblog-90a4b5d311f95e9e.rlib" "/opt/rustwide/target/debug/deps/libtokio-092abfb2564844ba.rlib" "/opt/rustwide/target/debug/deps/libsignal_hook_registry-dbeb6b1e7ccffdc6.rlib" "/opt/rustwide/target/debug/deps/libnum_cpus-1ff0068e68f7a11d.rlib" "/opt/rustwide/target/debug/deps/libsocket2-614183f725d8ad32.rlib" "/opt/rustwide/target/debug/deps/libmio-fb4e4984663c3bb8.rlib" "/opt/rustwide/target/debug/deps/libparking_lot-10745d75e6347cd4.rlib" "/opt/rustwide/target/debug/deps/libparking_lot_core-eb9072058ee022c6.rlib" "/opt/rustwide/target/debug/deps/libcfg_if-e7002d307f97bc56.rlib" "/opt/rustwide/target/debug/deps/libsmallvec-5f186dbb2829e135.rlib" "/opt/rustwide/target/debug/deps/liblock_api-ad8b138aaff071bc.rlib" "/opt/rustwide/target/debug/deps/libscopeguard-31f1b56a39f2a372.rlib" "/opt/rustwide/target/debug/deps/libbytes-8217216c646d0e94.rlib" "/opt/rustwide/target/debug/deps/libflagset-85ad8fe85d2f6f88.rlib" "/opt/rustwide/target/debug/deps/libchrono-be5e618207b9a264.rlib" "/opt/rustwide/target/debug/deps/libnum_traits-b89508b8c406167c.rlib" "/opt/rustwide/target/debug/deps/libiana_time_zone-1e31e534761afa1b.rlib" "/opt/rustwide/target/debug/deps/libtime-7c2e0ad725db5b4d.rlib" "/opt/rustwide/target/debug/deps/liblibc-4b0b24147de68dac.rlib" "/opt/rustwide/target/debug/deps/libfutures-e091e14f433f0947.rlib" "/opt/rustwide/target/debug/deps/libfutures_executor-5898eae34840b280.rlib" "/opt/rustwide/target/debug/deps/libfutures_util-518cd7a8eb3727f3.rlib" "/opt/rustwide/target/debug/deps/libmemchr-28f7d340dd19ea23.rlib" "/opt/rustwide/target/debug/deps/libfutures_io-8d841d2d120f18f7.rlib" "/opt/rustwide/target/debug/deps/libslab-7cf3b345ffecd469.rlib" "/opt/rustwide/target/debug/deps/libfutures_channel-b7720f9d993fe4fe.rlib" "/opt/rustwide/target/debug/deps/libpin_project_lite-e8b15c1d45637ce8.rlib" "/opt/rustwide/target/debug/deps/libfutures_sink-3387e8374b45be05.rlib" "/opt/rustwide/target/debug/deps/libfutures_task-44fabbc3ce50b4f3.rlib" "/opt/rustwide/target/debug/deps/libpin_utils-9c5dcf17efb91bff.rlib" "/opt/rustwide/target/debug/deps/libfutures_core-eae31d72cfa7dcb2.rlib" "/opt/rustwide/target/debug/deps/libanyhow-95c64c28af856d3a.rlib" "/opt/rustwide/rustup-home/toolchains/beta-2023-12-22-x86_64-unknown-linux-gnu/lib/rustlib/x86_64-unknown-linux-gnu/lib/libstd-0672489a78b613de.rlib" "/opt/rustwide/rustup-home/toolchains/beta-2023-12-22-x86_64-unknown-linux-gnu/lib/rustlib/x86_64-unknown-linux-gnu/lib/libpanic_unwind-7eb3ffc34a49f675.rlib" "/opt/rustwide/rustup-home/toolchains/beta-2023-12-22-x86_64-unknown-linux-gnu/lib/rustlib/x86_64-unknown-linux-gnu/lib/libobject-6478a9daa4bee8e2.rlib" "/opt/rustwide/rustup-home/toolchains/beta-2023-12-22-x86_64-unknown-linux-gnu/lib/rustlib/x86_64-unknown-linux-gnu/lib/libmemchr-0c75d871a5c3923d.rlib" "/opt/rustwide/rustup-home/toolchains/beta-2023-12-22-x86_64-unknown-linux-gnu/lib/rustlib/x86_64-unknown-linux-gnu/lib/libaddr2line-d163ef63ad37bb71.rlib" "/opt/rustwide/rustup-home/toolchains/beta-2023-12-22-x86_64-unknown-linux-gnu/lib/rustlib/x86_64-unknown-linux-gnu/lib/libgimli-8a3fd810a85b9f4c.rlib" "/opt/rustwide/rustup-home/toolchains/beta-2023-12-22-x86_64-unknown-linux-gnu/lib/rustlib/x86_64-unknown-linux-gnu/lib/librustc_demangle-462a2cde8c5dfc10.rlib" "/opt/rustwide/rustup-home/toolchains/beta-2023-12-22-x86_64-unknown-linux-gnu/lib/rustlib/x86_64-unknown-linux-gnu/lib/libstd_detect-cb06ac9f54713f71.rlib" "/opt/rustwide/rustup-home/toolchains/beta-2023-12-22-x86_64-unknown-linux-gnu/lib/rustlib/x86_64-unknown-linux-gnu/lib/libhashbrown-f20bfd1f8e59b393.rlib" "/opt/rustwide/rustup-home/toolchains/beta-2023-12-22-x86_64-unknown-linux-gnu/lib/rustlib/x86_64-unknown-linux-gnu/lib/librustc_std_workspace_alloc-1ef460949b49da4b.rlib" "/opt/rustwide/rustup-home/toolchains/beta-2023-12-22-x86_64-unknown-linux-gnu/lib/rustlib/x86_64-unknown-linux-gnu/lib/libminiz_oxide-2cb0c0ffe4f87514.rlib" "/opt/rustwide/rustup-home/toolchains/beta-2023-12-22-x86_64-unknown-linux-gnu/lib/rustlib/x86_64-unknown-linux-gnu/lib/libadler-58d841eb322a11a2.rlib" "/opt/rustwide/rustup-home/toolchains/beta-2023-12-22-x86_64-unknown-linux-gnu/lib/rustlib/x86_64-unknown-linux-gnu/lib/libunwind-aa2ae0b0a9d11533.rlib" "/opt/rustwide/rustup-home/toolchains/beta-2023-12-22-x86_64-unknown-linux-gnu/lib/rustlib/x86_64-unknown-linux-gnu/lib/libcfg_if-23874e15830ed336.rlib" "/opt/rustwide/rustup-home/toolchains/beta-2023-12-22-x86_64-unknown-linux-gnu/lib/rustlib/x86_64-unknown-linux-gnu/lib/liblibc-e47cddc003bce885.rlib" "/opt/rustwide/rustup-home/toolchains/beta-2023-12-22-x86_64-unknown-linux-gnu/lib/rustlib/x86_64-unknown-linux-gnu/lib/liballoc-c22b13b48a8f128e.rlib" "/opt/rustwide/rustup-home/toolchains/beta-2023-12-22-x86_64-unknown-linux-gnu/lib/rustlib/x86_64-unknown-linux-gnu/lib/librustc_std_workspace_core-e46bc3da6d7c462f.rlib" "/opt/rustwide/rustup-home/toolchains/beta-2023-12-22-x86_64-unknown-linux-gnu/lib/rustlib/x86_64-unknown-linux-gnu/lib/libcore-8d1ac131d3cb2645.rlib" "/opt/rustwide/rustup-home/toolchains/beta-2023-12-22-x86_64-unknown-linux-gnu/lib/rustlib/x86_64-unknown-linux-gnu/lib/libcompiler_builtins-a1b43df8c6899c1f.rlib" "-Wl,-Bdynamic" "-lssl" "-lcrypto" "-lgcc_s" "-lutil" "-lrt" "-lpthread" "-lm" "-ldl" "-lc" "-Wl,--eh-frame-hdr" "-Wl,-z,noexecstack" "-L" "/opt/rustwide/rustup-home/toolchains/beta-2023-12-22-x86_64-unknown-linux-gnu/lib/rustlib/x86_64-unknown-linux-gnu/lib" "-o" "/opt/rustwide/target/debug/examples/read_iceberg_table-64f8c926c40494c7" "-Wl,--gc-sections" "-pie" "-Wl,-z,relro,-z,now" "-nodefaultlibs"
[INFO] [stdout]   = note: collect2: fatal error: ld terminated with signal 9 [Killed]
[INFO] [stdout]           compilation terminated.
[INFO] [stdout]           
[INFO] [stdout] 
[INFO] [stdout] 
[INFO] [stdout] error: aborting due to 1 previous error
[INFO] [stdout] 
[INFO] [stdout] 
[INFO] [stderr] error: could not compile `icelake` (example "read_iceberg_table") due to 2 previous errors
[INFO] [stdout] warning: 2 warnings emitted
[INFO] [stdout] 
[INFO] [stdout] 
[INFO] running `Command { std: "docker" "inspect" "fece9930c861f42e98b156dde54644ca63d287b4ca4546b065adfddc3e980dff", kill_on_drop: false }`
[INFO] running `Command { std: "docker" "rm" "-f" "fece9930c861f42e98b156dde54644ca63d287b4ca4546b065adfddc3e980dff", kill_on_drop: false }`
[INFO] [stdout] fece9930c861f42e98b156dde54644ca63d287b4ca4546b065adfddc3e980dff
