[INFO] fetching crate ic-wasm-bindgen 0.2.87...
[INFO] testing ic-wasm-bindgen-0.2.87 against 1.75.0 for beta-1.76-1
[INFO] extracting crate ic-wasm-bindgen 0.2.87 into /workspace/builds/worker-1-tc1/source
[INFO] validating manifest of crates.io crate ic-wasm-bindgen 0.2.87 on toolchain 1.75.0
[INFO] running `Command { std: CARGO_HOME="/workspace/cargo-home" RUSTUP_HOME="/workspace/rustup-home" "/workspace/cargo-home/bin/cargo" "+1.75.0" "metadata" "--manifest-path" "Cargo.toml" "--no-deps", kill_on_drop: false }`
[INFO] removed /workspace/builds/worker-1-tc1/source/.cargo/config
[INFO] started tweaking crates.io crate ic-wasm-bindgen 0.2.87
[INFO] finished tweaking crates.io crate ic-wasm-bindgen 0.2.87
[INFO] tweaked toml for crates.io crate ic-wasm-bindgen 0.2.87 written to /workspace/builds/worker-1-tc1/source/Cargo.toml
[INFO] running `Command { std: CARGO_HOME="/workspace/cargo-home" RUSTUP_HOME="/workspace/rustup-home" "/workspace/cargo-home/bin/cargo" "+1.75.0" "generate-lockfile" "--manifest-path" "Cargo.toml", kill_on_drop: false }`
[INFO] [stderr]     Blocking waiting for file lock on package cache
[INFO] [stderr]     Updating crates.io index
[INFO] running `Command { std: CARGO_HOME="/workspace/cargo-home" RUSTUP_HOME="/workspace/rustup-home" "/workspace/cargo-home/bin/cargo" "+1.75.0" "fetch" "--manifest-path" "Cargo.toml", kill_on_drop: false }`
[INFO] [stderr]     Blocking waiting for file lock on package cache
[INFO] [stderr]  Downloading crates ...
[INFO] [stderr]   Downloaded gg-alloc v1.0.0
[INFO] [stderr]   Downloaded wasm-bindgen-test-macro v0.3.37
[INFO] [stderr]   Downloaded wasm-bindgen-test v0.3.37
[INFO] [stderr]   Downloaded wasm-bindgen-test-crate-a v0.1.0
[INFO] [stderr]   Downloaded wasm-bindgen-test-crate-b v0.1.0
[INFO] running `Command { std: "docker" "create" "-v" "/var/lib/crater-agent-workspace/builds/worker-1-tc1/target:/opt/rustwide/target:rw,Z" "-v" "/var/lib/crater-agent-workspace/builds/worker-1-tc1/source:/opt/rustwide/workdir:ro,Z" "-v" "/var/lib/crater-agent-workspace/cargo-home:/opt/rustwide/cargo-home:ro,Z" "-v" "/var/lib/crater-agent-workspace/rustup-home:/opt/rustwide/rustup-home:ro,Z" "-e" "SOURCE_DIR=/opt/rustwide/workdir" "-e" "CARGO_TARGET_DIR=/opt/rustwide/target" "-e" "CARGO_HOME=/opt/rustwide/cargo-home" "-e" "RUSTUP_HOME=/opt/rustwide/rustup-home" "-w" "/opt/rustwide/workdir" "-m" "1610612736" "--user" "0:0" "--network" "none" "ghcr.io/rust-lang/crates-build-env/linux@sha256:2788e3201cd34a07e3172128adcd8b3090168a8e3bcc40d7c032b9dda1df7d1c" "/opt/rustwide/cargo-home/bin/cargo" "+1.75.0" "metadata" "--no-deps" "--format-version=1", kill_on_drop: false }`
[INFO] [stdout] 1ce989641e726597877b28ea9e801181cd76b4db6f21de6e657dae6d3c4108bf
[INFO] running `Command { std: "docker" "start" "-a" "1ce989641e726597877b28ea9e801181cd76b4db6f21de6e657dae6d3c4108bf", kill_on_drop: false }`
[INFO] running `Command { std: "docker" "inspect" "1ce989641e726597877b28ea9e801181cd76b4db6f21de6e657dae6d3c4108bf", kill_on_drop: false }`
[INFO] running `Command { std: "docker" "rm" "-f" "1ce989641e726597877b28ea9e801181cd76b4db6f21de6e657dae6d3c4108bf", kill_on_drop: false }`
[INFO] [stdout] 1ce989641e726597877b28ea9e801181cd76b4db6f21de6e657dae6d3c4108bf
[INFO] running `Command { std: "docker" "create" "-v" "/var/lib/crater-agent-workspace/builds/worker-1-tc1/target:/opt/rustwide/target:rw,Z" "-v" "/var/lib/crater-agent-workspace/builds/worker-1-tc1/source:/opt/rustwide/workdir:ro,Z" "-v" "/var/lib/crater-agent-workspace/cargo-home:/opt/rustwide/cargo-home:ro,Z" "-v" "/var/lib/crater-agent-workspace/rustup-home:/opt/rustwide/rustup-home:ro,Z" "-e" "SOURCE_DIR=/opt/rustwide/workdir" "-e" "CARGO_TARGET_DIR=/opt/rustwide/target" "-e" "CARGO_INCREMENTAL=0" "-e" "RUST_BACKTRACE=full" "-e" "RUSTFLAGS=--cap-lints=warn" "-e" "RUSTDOCFLAGS=--cap-lints=warn" "-e" "CARGO_HOME=/opt/rustwide/cargo-home" "-e" "RUSTUP_HOME=/opt/rustwide/rustup-home" "-w" "/opt/rustwide/workdir" "-m" "1610612736" "--user" "0:0" "--network" "none" "ghcr.io/rust-lang/crates-build-env/linux@sha256:2788e3201cd34a07e3172128adcd8b3090168a8e3bcc40d7c032b9dda1df7d1c" "/opt/rustwide/cargo-home/bin/cargo" "+1.75.0" "build" "--frozen" "--message-format=json", kill_on_drop: false }`
[INFO] [stdout] 1f2639100764299f5cac39a88542387b0f0dcd9af1709f85ce2087aa071aeaa5
[INFO] running `Command { std: "docker" "start" "-a" "1f2639100764299f5cac39a88542387b0f0dcd9af1709f85ce2087aa071aeaa5", kill_on_drop: false }`
[INFO] [stderr]    Compiling wasm-bindgen-shared v0.2.87
[INFO] [stderr]    Compiling log v0.4.20
[INFO] [stderr]    Compiling once_cell v1.19.0
[INFO] [stderr]    Compiling bumpalo v3.14.0
[INFO] [stderr]    Compiling ic-wasm-bindgen v0.2.87 (/opt/rustwide/workdir)
[INFO] [stderr]    Compiling wasm-bindgen-backend v0.2.87
[INFO] [stderr]    Compiling wasm-bindgen-macro-support v0.2.87
[INFO] [stderr]    Compiling wasm-bindgen-macro v0.2.87
[INFO] [stderr]     Finished dev [unoptimized + debuginfo] target(s) in 4.15s
[INFO] running `Command { std: "docker" "inspect" "1f2639100764299f5cac39a88542387b0f0dcd9af1709f85ce2087aa071aeaa5", kill_on_drop: false }`
[INFO] running `Command { std: "docker" "rm" "-f" "1f2639100764299f5cac39a88542387b0f0dcd9af1709f85ce2087aa071aeaa5", kill_on_drop: false }`
[INFO] [stdout] 1f2639100764299f5cac39a88542387b0f0dcd9af1709f85ce2087aa071aeaa5
[INFO] running `Command { std: "docker" "create" "-v" "/var/lib/crater-agent-workspace/builds/worker-1-tc1/target:/opt/rustwide/target:rw,Z" "-v" "/var/lib/crater-agent-workspace/builds/worker-1-tc1/source:/opt/rustwide/workdir:ro,Z" "-v" "/var/lib/crater-agent-workspace/cargo-home:/opt/rustwide/cargo-home:ro,Z" "-v" "/var/lib/crater-agent-workspace/rustup-home:/opt/rustwide/rustup-home:ro,Z" "-e" "SOURCE_DIR=/opt/rustwide/workdir" "-e" "CARGO_TARGET_DIR=/opt/rustwide/target" "-e" "CARGO_INCREMENTAL=0" "-e" "RUST_BACKTRACE=full" "-e" "RUSTFLAGS=--cap-lints=warn" "-e" "RUSTDOCFLAGS=--cap-lints=warn" "-e" "CARGO_HOME=/opt/rustwide/cargo-home" "-e" "RUSTUP_HOME=/opt/rustwide/rustup-home" "-w" "/opt/rustwide/workdir" "-m" "1610612736" "--user" "0:0" "--network" "none" "ghcr.io/rust-lang/crates-build-env/linux@sha256:2788e3201cd34a07e3172128adcd8b3090168a8e3bcc40d7c032b9dda1df7d1c" "/opt/rustwide/cargo-home/bin/cargo" "+1.75.0" "test" "--frozen" "--no-run" "--message-format=json", kill_on_drop: false }`
[INFO] [stdout] 509c02c016bfa24896adaf271b4b3f56b7e1bcd0fa47d73b703cb4d8df8e7858
[INFO] running `Command { std: "docker" "start" "-a" "509c02c016bfa24896adaf271b4b3f56b7e1bcd0fa47d73b703cb4d8df8e7858", kill_on_drop: false }`
[INFO] [stderr]    Compiling ic-wasm-bindgen v0.2.87 (/opt/rustwide/workdir)
[INFO] [stdout] error[E0463]: can't find crate for `wasm_bindgen`
[INFO] [stdout]  --> tests/unwrap_throw.rs:1:1
[INFO] [stdout]   |
[INFO] [stdout] 1 | extern crate wasm_bindgen;
[INFO] [stdout]   | ^^^^^^^^^^^^^^^^^^^^^^^^^^ can't find crate
[INFO] [stdout] 
[INFO] [stdout] 
[INFO] [stdout] error[E0463]: can't find crate for `wasm_bindgen`
[INFO] [stdout]  --> tests/non_wasm.rs:1:1
[INFO] [stdout]   |
[INFO] [stdout] 1 | extern crate wasm_bindgen;
[INFO] [stdout]   | ^^^^^^^^^^^^^^^^^^^^^^^^^^ can't find crate
[INFO] [stdout] 
[INFO] [stdout] 
[INFO] [stdout] error[E0433]: failed to resolve: use of undeclared crate or module `wasm_bindgen`
[INFO] [stdout]  --> tests/must_use.rs:6:5
[INFO] [stdout]   |
[INFO] [stdout] 6 | use wasm_bindgen::prelude::*;
[INFO] [stdout]   |     ^^^^^^^^^^^^ use of undeclared crate or module `wasm_bindgen`
[INFO] [stdout]   |
[INFO] [stdout] help: there is a crate or module with a similar name
[INFO] [stdout]   |
[INFO] [stdout] 6 | use ic_wasm_bindgen::prelude::*;
[INFO] [stdout]   |     ~~~~~~~~~~~~~~~
[INFO] [stdout] 
[INFO] [stdout] 
[INFO] [stdout] error[E0463]: can't find crate for `wasm_bindgen`
[INFO] [stdout]  --> tests/std-crate-no-std-dep.rs:7:1
[INFO] [stdout]   |
[INFO] [stdout] 7 | extern crate wasm_bindgen;
[INFO] [stdout]   | ^^^^^^^^^^^^^^^^^^^^^^^^^^ can't find crate
[INFO] [stdout] 
[INFO] [stdout] 
[INFO] [stdout] error: cannot find attribute `wasm_bindgen` in this scope
[INFO] [stdout]  --> tests/non_wasm.rs:5:3
[INFO] [stdout]   |
[INFO] [stdout] 5 | #[wasm_bindgen]
[INFO] [stdout]   |   ^^^^^^^^^^^^
[INFO] [stdout]   |
[INFO] [stdout] note: `wasm_bindgen` is imported here, but it is an unresolved item, not an attribute
[INFO] [stdout]  --> tests/non_wasm.rs:1:1
[INFO] [stdout]   |
[INFO] [stdout] 1 | extern crate wasm_bindgen;
[INFO] [stdout]   | ^^^^^^^^^^^^^^^^^^^^^^^^^^
[INFO] [stdout] help: consider importing one of these items
[INFO] [stdout]   |
[INFO] [stdout] 3 + use ic_wasm_bindgen::prelude::wasm_bindgen;
[INFO] [stdout]   |
[INFO] [stdout] 3 + use wasm_bindgen_macro::wasm_bindgen;
[INFO] [stdout]   |
[INFO] [stdout] 
[INFO] [stdout] 
[INFO] [stdout] error: cannot find attribute `wasm_bindgen` in this scope
[INFO] [stdout]   --> tests/non_wasm.rs:10:3
[INFO] [stdout]    |
[INFO] [stdout] 10 | #[wasm_bindgen]
[INFO] [stdout]    |   ^^^^^^^^^^^^
[INFO] [stdout]    |
[INFO] [stdout] note: `wasm_bindgen` is imported here, but it is an unresolved item, not an attribute
[INFO] [stdout]   --> tests/non_wasm.rs:1:1
[INFO] [stdout]    |
[INFO] [stdout] 1  | extern crate wasm_bindgen;
[INFO] [stdout]    | ^^^^^^^^^^^^^^^^^^^^^^^^^^
[INFO] [stdout] help: consider importing one of these items
[INFO] [stdout]    |
[INFO] [stdout] 3  + use ic_wasm_bindgen::prelude::wasm_bindgen;
[INFO] [stdout]    |
[INFO] [stdout] 3  + use wasm_bindgen_macro::wasm_bindgen;
[INFO] [stdout]    |
[INFO] [stdout] 
[INFO] [stdout] 
[INFO] [stdout] error: cannot find attribute `wasm_bindgen` in this scope
[INFO] [stdout]   --> tests/non_wasm.rs:21:3
[INFO] [stdout]    |
[INFO] [stdout] 21 | #[wasm_bindgen]
[INFO] [stdout]    |   ^^^^^^^^^^^^
[INFO] [stdout]    |
[INFO] [stdout] note: `wasm_bindgen` is imported here, but it is an unresolved item, not an attribute
[INFO] [stdout]   --> tests/non_wasm.rs:1:1
[INFO] [stdout]    |
[INFO] [stdout] 1  | extern crate wasm_bindgen;
[INFO] [stdout]    | ^^^^^^^^^^^^^^^^^^^^^^^^^^
[INFO] [stdout] help: consider importing one of these items
[INFO] [stdout]    |
[INFO] [stdout] 3  + use ic_wasm_bindgen::prelude::wasm_bindgen;
[INFO] [stdout]    |
[INFO] [stdout] 3  + use wasm_bindgen_macro::wasm_bindgen;
[INFO] [stdout]    |
[INFO] [stdout] 
[INFO] [stdout] 
[INFO] [stdout] error: cannot find attribute `wasm_bindgen` in this scope
[INFO] [stdout]   --> tests/non_wasm.rs:31:3
[INFO] [stdout]    |
[INFO] [stdout] 31 | #[wasm_bindgen]
[INFO] [stdout]    |   ^^^^^^^^^^^^
[INFO] [stdout]    |
[INFO] [stdout] note: `wasm_bindgen` is imported here, but it is an unresolved item, not an attribute
[INFO] [stdout]   --> tests/non_wasm.rs:1:1
[INFO] [stdout]    |
[INFO] [stdout] 1  | extern crate wasm_bindgen;
[INFO] [stdout]    | ^^^^^^^^^^^^^^^^^^^^^^^^^^
[INFO] [stdout] help: consider importing one of these items
[INFO] [stdout]    |
[INFO] [stdout] 3  + use ic_wasm_bindgen::prelude::wasm_bindgen;
[INFO] [stdout]    |
[INFO] [stdout] 3  + use wasm_bindgen_macro::wasm_bindgen;
[INFO] [stdout]    |
[INFO] [stdout] 
[INFO] [stdout] 
[INFO] [stdout] error[E0599]: no method named `unwrap_throw` found for enum `Option` in the current scope
[INFO] [stdout]  --> tests/unwrap_throw.rs:6:25
[INFO] [stdout]   |
[INFO] [stdout] 6 |     assert_eq!(Some(42).unwrap_throw(), 42);
[INFO] [stdout]   |                         ^^^^^^^^^^^^ help: there is a method with a similar name: `unwrap`
[INFO] [stdout] 
[INFO] [stdout] 
[INFO] [stdout] error: cannot find attribute `wasm_bindgen` in this scope
[INFO] [stdout]  --> tests/must_use.rs:8:3
[INFO] [stdout]   |
[INFO] [stdout] 8 | #[wasm_bindgen]
[INFO] [stdout]   |   ^^^^^^^^^^^^
[INFO] [stdout]   |
[INFO] [stdout] help: consider importing one of these items
[INFO] [stdout]   |
[INFO] [stdout] 6 + use ic_wasm_bindgen::prelude::wasm_bindgen;
[INFO] [stdout]   |
[INFO] [stdout] 6 + use wasm_bindgen_macro::wasm_bindgen;
[INFO] [stdout]   |
[INFO] [stdout] 
[INFO] [stdout] 
[INFO] [stdout] error: cannot find attribute `wasm_bindgen` in this scope
[INFO] [stdout]   --> tests/non_wasm.rs:37:3
[INFO] [stdout]    |
[INFO] [stdout] 37 | #[wasm_bindgen]
[INFO] [stdout]    |   ^^^^^^^^^^^^
[INFO] [stdout]    |
[INFO] [stdout] note: `wasm_bindgen` is imported here, but it is an unresolved item, not an attribute
[INFO] [stdout]   --> tests/non_wasm.rs:1:1
[INFO] [stdout]    |
[INFO] [stdout] 1  | extern crate wasm_bindgen;
[INFO] [stdout]    | ^^^^^^^^^^^^^^^^^^^^^^^^^^
[INFO] [stdout] help: consider importing one of these items
[INFO] [stdout]    |
[INFO] [stdout] 3  + use ic_wasm_bindgen::prelude::wasm_bindgen;
[INFO] [stdout]    |
[INFO] [stdout] 3  + use wasm_bindgen_macro::wasm_bindgen;
[INFO] [stdout]    |
[INFO] [stdout] 
[INFO] [stdout] 
[INFO] [stdout] error: cannot find attribute `wasm_bindgen` in this scope
[INFO] [stdout]   --> tests/non_wasm.rs:43:3
[INFO] [stdout]    |
[INFO] [stdout] 43 | #[wasm_bindgen]
[INFO] [stdout]    |   ^^^^^^^^^^^^
[INFO] [stdout]    |
[INFO] [stdout] note: `wasm_bindgen` is imported here, but it is an unresolved item, not an attribute
[INFO] [stdout]   --> tests/non_wasm.rs:1:1
[INFO] [stdout]    |
[INFO] [stdout] 1  | extern crate wasm_bindgen;
[INFO] [stdout]    | ^^^^^^^^^^^^^^^^^^^^^^^^^^
[INFO] [stdout] help: consider importing one of these items
[INFO] [stdout]    |
[INFO] [stdout] 3  + use ic_wasm_bindgen::prelude::wasm_bindgen;
[INFO] [stdout]    |
[INFO] [stdout] 3  + use wasm_bindgen_macro::wasm_bindgen;
[INFO] [stdout]    |
[INFO] [stdout] 
[INFO] [stdout] 
[INFO] [stdout] error: aborting due to 2 previous errors
[INFO] [stdout] 
[INFO] [stdout] 
[INFO] [stdout] For more information about this error, try `rustc --explain E0433`.
[INFO] [stdout] 
[INFO] [stdout] error[E0599]: no method named `unwrap_throw` found for enum `Result` in the current scope
[INFO] [stdout]  --> tests/unwrap_throw.rs:8:18
[INFO] [stdout]   |
[INFO] [stdout] 8 |     assert_eq!(x.unwrap_throw(), 42);
[INFO] [stdout]   |                  ^^^^^^^^^^^^ help: there is a method with a similar name: `unwrap`
[INFO] [stdout] 
[INFO] [stdout] 
[INFO] [stdout] error: cannot find attribute `wasm_bindgen` in this scope
[INFO] [stdout]   --> tests/std-crate-no-std-dep.rs:25:3
[INFO] [stdout]    |
[INFO] [stdout] 25 | #[wasm_bindgen]
[INFO] [stdout]    |   ^^^^^^^^^^^^
[INFO] [stdout]    |
[INFO] [stdout] note: `wasm_bindgen` is imported here, but it is an unresolved item, not an attribute
[INFO] [stdout]   --> tests/std-crate-no-std-dep.rs:7:1
[INFO] [stdout]    |
[INFO] [stdout] 7  | extern crate wasm_bindgen;
[INFO] [stdout]    | ^^^^^^^^^^^^^^^^^^^^^^^^^^
[INFO] [stdout] help: consider importing one of these items
[INFO] [stdout]    |
[INFO] [stdout] 9  + use ic_wasm_bindgen::prelude::wasm_bindgen;
[INFO] [stdout]    |
[INFO] [stdout] 9  + use wasm_bindgen_macro::wasm_bindgen;
[INFO] [stdout]    |
[INFO] [stdout] 
[INFO] [stdout] 
[INFO] [stdout] error: cannot find attribute `wasm_bindgen` in this scope
[INFO] [stdout]   --> tests/std-crate-no-std-dep.rs:22:3
[INFO] [stdout]    |
[INFO] [stdout] 22 | #[wasm_bindgen]
[INFO] [stdout]    |   ^^^^^^^^^^^^
[INFO] [stdout]    |
[INFO] [stdout] note: `wasm_bindgen` is imported here, but it is an unresolved item, not an attribute
[INFO] [stdout]   --> tests/std-crate-no-std-dep.rs:7:1
[INFO] [stdout]    |
[INFO] [stdout] 7  | extern crate wasm_bindgen;
[INFO] [stdout]    | ^^^^^^^^^^^^^^^^^^^^^^^^^^
[INFO] [stdout] help: consider importing one of these items
[INFO] [stdout]    |
[INFO] [stdout] 9  + use ic_wasm_bindgen::prelude::wasm_bindgen;
[INFO] [stdout]    |
[INFO] [stdout] 9  + use wasm_bindgen_macro::wasm_bindgen;
[INFO] [stdout]    |
[INFO] [stdout] 
[INFO] [stdout] 
[INFO] [stdout] error: cannot find attribute `wasm_bindgen` in this scope
[INFO] [stdout]   --> tests/std-crate-no-std-dep.rs:11:3
[INFO] [stdout]    |
[INFO] [stdout] 11 | #[wasm_bindgen]
[INFO] [stdout]    |   ^^^^^^^^^^^^
[INFO] [stdout]    |
[INFO] [stdout] note: `wasm_bindgen` is imported here, but it is an unresolved item, not an attribute
[INFO] [stdout]   --> tests/std-crate-no-std-dep.rs:7:1
[INFO] [stdout]    |
[INFO] [stdout] 7  | extern crate wasm_bindgen;
[INFO] [stdout]    | ^^^^^^^^^^^^^^^^^^^^^^^^^^
[INFO] [stdout] help: consider importing one of these items
[INFO] [stdout]    |
[INFO] [stdout] 9  + use ic_wasm_bindgen::prelude::wasm_bindgen;
[INFO] [stdout]    |
[INFO] [stdout] 9  + use wasm_bindgen_macro::wasm_bindgen;
[INFO] [stdout]    |
[INFO] [stdout] 
[INFO] [stdout] 
[INFO] [stdout] error: cannot find attribute `wasm_bindgen` in this scope
[INFO] [stdout]   --> tests/std-crate-no-std-dep.rs:16:7
[INFO] [stdout]    |
[INFO] [stdout] 16 |     #[wasm_bindgen(constructor)]
[INFO] [stdout]    |       ^^^^^^^^^^^^
[INFO] [stdout]    |
[INFO] [stdout] note: `wasm_bindgen` is imported here, but it is an unresolved item, not an attribute
[INFO] [stdout]   --> tests/std-crate-no-std-dep.rs:7:1
[INFO] [stdout]    |
[INFO] [stdout] 7  | extern crate wasm_bindgen;
[INFO] [stdout]    | ^^^^^^^^^^^^^^^^^^^^^^^^^^
[INFO] [stdout] help: consider importing one of these items
[INFO] [stdout]    |
[INFO] [stdout] 9  + use ic_wasm_bindgen::prelude::wasm_bindgen;
[INFO] [stdout]    |
[INFO] [stdout] 9  + use wasm_bindgen_macro::wasm_bindgen;
[INFO] [stdout]    |
[INFO] [stdout] 
[INFO] [stdout] 
[INFO] [stdout] error[E0433]: failed to resolve: use of undeclared type `JsValue`
[INFO] [stdout]   --> tests/non_wasm.rs:27:13
[INFO] [stdout]    |
[INFO] [stdout] 27 |         baz(JsValue::from(3));
[INFO] [stdout]    |             ^^^^^^^ use of undeclared type `JsValue`
[INFO] [stdout]    |
[INFO] [stdout] help: consider importing this struct
[INFO] [stdout]    |
[INFO] [stdout] 3  + use ic_wasm_bindgen::JsValue;
[INFO] [stdout]    |
[INFO] [stdout] 
[INFO] [stdout] 
[INFO] [stderr] error: could not compile `ic-wasm-bindgen` (test "must_use") due to 3 previous errors
[INFO] [stderr] warning: build failed, waiting for other jobs to finish...
[INFO] [stdout] error[E0412]: cannot find type `JsValue` in this scope
[INFO] [stdout]   --> tests/non_wasm.rs:34:15
[INFO] [stdout]    |
[INFO] [stdout] 34 |     static A: JsValue;
[INFO] [stdout]    |               ^^^^^^^ not found in this scope
[INFO] [stdout]    |
[INFO] [stdout] help: consider importing this struct
[INFO] [stdout]    |
[INFO] [stdout] 3  + use ic_wasm_bindgen::JsValue;
[INFO] [stdout]    |
[INFO] [stdout] 
[INFO] [stdout] 
[INFO] [stdout] error[E0412]: cannot find type `JsValue` in this scope
[INFO] [stdout]   --> tests/non_wasm.rs:38:24
[INFO] [stdout]    |
[INFO] [stdout] 38 | pub fn bar(_: &str) -> JsValue {
[INFO] [stdout]    |                        ^^^^^^^ not found in this scope
[INFO] [stdout]    |
[INFO] [stdout] help: consider importing this struct
[INFO] [stdout]    |
[INFO] [stdout] 3  + use ic_wasm_bindgen::JsValue;
[INFO] [stdout]    |
[INFO] [stdout] 
[INFO] [stdout] 
[INFO] [stdout] error: cannot find attribute `wasm_bindgen` in this scope
[INFO] [stdout]   --> tests/std-crate-no-std-dep.rs:18:7
[INFO] [stdout]    |
[INFO] [stdout] 18 |     #[wasm_bindgen(method, structural)]
[INFO] [stdout]    |       ^^^^^^^^^^^^
[INFO] [stdout]    |
[INFO] [stdout] note: `wasm_bindgen` is imported here, but it is an unresolved item, not an attribute
[INFO] [stdout]   --> tests/std-crate-no-std-dep.rs:7:1
[INFO] [stdout]    |
[INFO] [stdout] 7  | extern crate wasm_bindgen;
[INFO] [stdout]    | ^^^^^^^^^^^^^^^^^^^^^^^^^^
[INFO] [stdout] help: consider importing one of these items
[INFO] [stdout]    |
[INFO] [stdout] 9  + use ic_wasm_bindgen::prelude::wasm_bindgen;
[INFO] [stdout]    |
[INFO] [stdout] 9  + use wasm_bindgen_macro::wasm_bindgen;
[INFO] [stdout]    |
[INFO] [stdout] 
[INFO] [stdout] 
[INFO] [stdout] error[E0658]: extern types are experimental
[INFO] [stdout]   --> tests/std-crate-no-std-dep.rs:15:5
[INFO] [stdout]    |
[INFO] [stdout] 15 |     type Js;
[INFO] [stdout]    |     ^^^^^^^^
[INFO] [stdout]    |
[INFO] [stdout]    = note: see issue #43467 <https://github.com/rust-lang/rust/issues/43467> for more information
[INFO] [stdout] 
[INFO] [stdout] 
[INFO] [stdout] error[E0412]: cannot find type `JsValue` in this scope
[INFO] [stdout]   --> tests/non_wasm.rs:44:15
[INFO] [stdout]    |
[INFO] [stdout] 44 | pub fn baz(_: JsValue) {}
[INFO] [stdout]    |               ^^^^^^^ not found in this scope
[INFO] [stdout]    |
[INFO] [stdout] help: consider importing this struct
[INFO] [stdout]    |
[INFO] [stdout] 3  + use ic_wasm_bindgen::JsValue;
[INFO] [stdout]    |
[INFO] [stdout] 
[INFO] [stdout] 
[INFO] [stdout] error: aborting due to 7 previous errors
[INFO] [stdout] 
[INFO] [stdout] 
[INFO] [stdout] Some errors have detailed explanations: E0463, E0658.
[INFO] [stdout] 
[INFO] [stdout] For more information about an error, try `rustc --explain E0463`.
[INFO] [stdout] 
[INFO] [stdout] error[E0599]: no method named `unwrap_throw` found for enum `Option` in the current scope
[INFO] [stdout]   --> tests/unwrap_throw.rs:15:7
[INFO] [stdout]    |
[INFO] [stdout] 15 |     x.unwrap_throw();
[INFO] [stdout]    |       ^^^^^^^^^^^^ help: there is a method with a similar name: `unwrap`
[INFO] [stdout] 
[INFO] [stdout] 
[INFO] [stdout] error: aborting due to 11 previous errors
[INFO] [stdout] 
[INFO] [stdout] 
[INFO] [stdout] Some errors have detailed explanations: E0412, E0433, E0463.
[INFO] [stdout] 
[INFO] [stdout] For more information about an error, try `rustc --explain E0412`.
[INFO] [stdout] 
[INFO] [stderr] error: could not compile `ic-wasm-bindgen` (test "std-crate-no-std-dep") due to 8 previous errors
[INFO] [stderr] error: could not compile `ic-wasm-bindgen` (test "non_wasm") due to 12 previous errors
[INFO] [stdout] error[E0599]: no method named `unwrap_throw` found for enum `Result` in the current scope
[INFO] [stdout]   --> tests/unwrap_throw.rs:22:7
[INFO] [stdout]    |
[INFO] [stdout] 22 |     x.unwrap_throw();
[INFO] [stdout]    |       ^^^^^^^^^^^^ help: there is a method with a similar name: `unwrap`
[INFO] [stdout] 
[INFO] [stdout] 
[INFO] [stdout] error: aborting due to 5 previous errors
[INFO] [stdout] 
[INFO] [stdout] 
[INFO] [stdout] Some errors have detailed explanations: E0463, E0599.
[INFO] [stdout] 
[INFO] [stdout] For more information about an error, try `rustc --explain E0463`.
[INFO] [stdout] 
[INFO] [stderr] error: could not compile `ic-wasm-bindgen` (test "unwrap_throw") due to 6 previous errors
[INFO] running `Command { std: "docker" "inspect" "509c02c016bfa24896adaf271b4b3f56b7e1bcd0fa47d73b703cb4d8df8e7858", kill_on_drop: false }`
[INFO] running `Command { std: "docker" "rm" "-f" "509c02c016bfa24896adaf271b4b3f56b7e1bcd0fa47d73b703cb4d8df8e7858", kill_on_drop: false }`
[INFO] [stdout] 509c02c016bfa24896adaf271b4b3f56b7e1bcd0fa47d73b703cb4d8df8e7858
[INFO] testing ic-wasm-bindgen-0.2.87 against beta-2023-12-22 for beta-1.76-1
[INFO] extracting crate ic-wasm-bindgen 0.2.87 into /workspace/builds/worker-1-tc2/source
[INFO] validating manifest of crates.io crate ic-wasm-bindgen 0.2.87 on toolchain beta-2023-12-22
[INFO] running `Command { std: CARGO_HOME="/workspace/cargo-home" RUSTUP_HOME="/workspace/rustup-home" "/workspace/cargo-home/bin/cargo" "+beta-2023-12-22" "metadata" "--manifest-path" "Cargo.toml" "--no-deps", kill_on_drop: false }`
[INFO] removed /workspace/builds/worker-1-tc2/source/.cargo/config
[INFO] started tweaking crates.io crate ic-wasm-bindgen 0.2.87
[INFO] finished tweaking crates.io crate ic-wasm-bindgen 0.2.87
[INFO] tweaked toml for crates.io crate ic-wasm-bindgen 0.2.87 written to /workspace/builds/worker-1-tc2/source/Cargo.toml
[INFO] running `Command { std: CARGO_HOME="/workspace/cargo-home" RUSTUP_HOME="/workspace/rustup-home" "/workspace/cargo-home/bin/cargo" "+beta-2023-12-22" "generate-lockfile" "--manifest-path" "Cargo.toml", kill_on_drop: false }`
[INFO] [stderr]     Updating crates.io index
[INFO] running `Command { std: CARGO_HOME="/workspace/cargo-home" RUSTUP_HOME="/workspace/rustup-home" "/workspace/cargo-home/bin/cargo" "+beta-2023-12-22" "fetch" "--manifest-path" "Cargo.toml", kill_on_drop: false }`
[INFO] running `Command { std: "docker" "create" "-v" "/var/lib/crater-agent-workspace/builds/worker-1-tc2/target:/opt/rustwide/target:rw,Z" "-v" "/var/lib/crater-agent-workspace/builds/worker-1-tc2/source:/opt/rustwide/workdir:ro,Z" "-v" "/var/lib/crater-agent-workspace/cargo-home:/opt/rustwide/cargo-home:ro,Z" "-v" "/var/lib/crater-agent-workspace/rustup-home:/opt/rustwide/rustup-home:ro,Z" "-e" "SOURCE_DIR=/opt/rustwide/workdir" "-e" "CARGO_TARGET_DIR=/opt/rustwide/target" "-e" "CARGO_HOME=/opt/rustwide/cargo-home" "-e" "RUSTUP_HOME=/opt/rustwide/rustup-home" "-w" "/opt/rustwide/workdir" "-m" "1610612736" "--user" "0:0" "--network" "none" "ghcr.io/rust-lang/crates-build-env/linux@sha256:2788e3201cd34a07e3172128adcd8b3090168a8e3bcc40d7c032b9dda1df7d1c" "/opt/rustwide/cargo-home/bin/cargo" "+beta-2023-12-22" "metadata" "--no-deps" "--format-version=1", kill_on_drop: false }`
[INFO] [stdout] f5bd80beefe213e752beacd9f150ccbc9be756a41d7414ffb3fd732c17ec0f95
[INFO] running `Command { std: "docker" "start" "-a" "f5bd80beefe213e752beacd9f150ccbc9be756a41d7414ffb3fd732c17ec0f95", kill_on_drop: false }`
[INFO] running `Command { std: "docker" "inspect" "f5bd80beefe213e752beacd9f150ccbc9be756a41d7414ffb3fd732c17ec0f95", kill_on_drop: false }`
[INFO] running `Command { std: "docker" "rm" "-f" "f5bd80beefe213e752beacd9f150ccbc9be756a41d7414ffb3fd732c17ec0f95", kill_on_drop: false }`
[INFO] [stdout] f5bd80beefe213e752beacd9f150ccbc9be756a41d7414ffb3fd732c17ec0f95
[INFO] running `Command { std: "docker" "create" "-v" "/var/lib/crater-agent-workspace/builds/worker-1-tc2/target:/opt/rustwide/target:rw,Z" "-v" "/var/lib/crater-agent-workspace/builds/worker-1-tc2/source:/opt/rustwide/workdir:ro,Z" "-v" "/var/lib/crater-agent-workspace/cargo-home:/opt/rustwide/cargo-home:ro,Z" "-v" "/var/lib/crater-agent-workspace/rustup-home:/opt/rustwide/rustup-home:ro,Z" "-e" "SOURCE_DIR=/opt/rustwide/workdir" "-e" "CARGO_TARGET_DIR=/opt/rustwide/target" "-e" "CARGO_INCREMENTAL=0" "-e" "RUST_BACKTRACE=full" "-e" "RUSTFLAGS=--cap-lints=warn" "-e" "RUSTDOCFLAGS=--cap-lints=warn" "-e" "CARGO_HOME=/opt/rustwide/cargo-home" "-e" "RUSTUP_HOME=/opt/rustwide/rustup-home" "-w" "/opt/rustwide/workdir" "-m" "1610612736" "--user" "0:0" "--network" "none" "ghcr.io/rust-lang/crates-build-env/linux@sha256:2788e3201cd34a07e3172128adcd8b3090168a8e3bcc40d7c032b9dda1df7d1c" "/opt/rustwide/cargo-home/bin/cargo" "+beta-2023-12-22" "build" "--frozen" "--message-format=json", kill_on_drop: false }`
[INFO] [stdout] 3dd5a5595293d025f2af6c5886b6c944dad580538d5b2a95a60344e505048a7c
[INFO] running `Command { std: "docker" "start" "-a" "3dd5a5595293d025f2af6c5886b6c944dad580538d5b2a95a60344e505048a7c", kill_on_drop: false }`
[INFO] [stderr]    Compiling wasm-bindgen-shared v0.2.87
[INFO] [stderr]    Compiling log v0.4.20
[INFO] [stderr]    Compiling once_cell v1.19.0
[INFO] [stderr]    Compiling bumpalo v3.14.0
[INFO] [stderr]    Compiling ic-wasm-bindgen v0.2.87 (/opt/rustwide/workdir)
[INFO] [stderr]    Compiling wasm-bindgen-backend v0.2.87
[INFO] [stderr]    Compiling wasm-bindgen-macro-support v0.2.87
[INFO] [stderr]    Compiling wasm-bindgen-macro v0.2.87
[INFO] [stderr]     Finished dev [unoptimized + debuginfo] target(s) in 4.03s
[INFO] running `Command { std: "docker" "inspect" "3dd5a5595293d025f2af6c5886b6c944dad580538d5b2a95a60344e505048a7c", kill_on_drop: false }`
[INFO] running `Command { std: "docker" "rm" "-f" "3dd5a5595293d025f2af6c5886b6c944dad580538d5b2a95a60344e505048a7c", kill_on_drop: false }`
[INFO] [stdout] 3dd5a5595293d025f2af6c5886b6c944dad580538d5b2a95a60344e505048a7c
[INFO] running `Command { std: "docker" "create" "-v" "/var/lib/crater-agent-workspace/builds/worker-1-tc2/target:/opt/rustwide/target:rw,Z" "-v" "/var/lib/crater-agent-workspace/builds/worker-1-tc2/source:/opt/rustwide/workdir:ro,Z" "-v" "/var/lib/crater-agent-workspace/cargo-home:/opt/rustwide/cargo-home:ro,Z" "-v" "/var/lib/crater-agent-workspace/rustup-home:/opt/rustwide/rustup-home:ro,Z" "-e" "SOURCE_DIR=/opt/rustwide/workdir" "-e" "CARGO_TARGET_DIR=/opt/rustwide/target" "-e" "CARGO_INCREMENTAL=0" "-e" "RUST_BACKTRACE=full" "-e" "RUSTFLAGS=--cap-lints=warn" "-e" "RUSTDOCFLAGS=--cap-lints=warn" "-e" "CARGO_HOME=/opt/rustwide/cargo-home" "-e" "RUSTUP_HOME=/opt/rustwide/rustup-home" "-w" "/opt/rustwide/workdir" "-m" "1610612736" "--user" "0:0" "--network" "none" "ghcr.io/rust-lang/crates-build-env/linux@sha256:2788e3201cd34a07e3172128adcd8b3090168a8e3bcc40d7c032b9dda1df7d1c" "/opt/rustwide/cargo-home/bin/cargo" "+beta-2023-12-22" "test" "--frozen" "--no-run" "--message-format=json", kill_on_drop: false }`
[INFO] [stdout] 1f0acf020fef88c746c92059cf1bcf6a636b048bc2a268cd1ec6c5fddda1da68
[INFO] running `Command { std: "docker" "start" "-a" "1f0acf020fef88c746c92059cf1bcf6a636b048bc2a268cd1ec6c5fddda1da68", kill_on_drop: false }`
[INFO] [stderr]    Compiling ic-wasm-bindgen v0.2.87 (/opt/rustwide/workdir)
[INFO] [stdout] error[E0463]: can't find crate for `wasm_bindgen`
[INFO] [stdout]  --> tests/unwrap_throw.rs:1:1
[INFO] [stdout]   |
[INFO] [stdout] 1 | extern crate wasm_bindgen;
[INFO] [stdout]   | ^^^^^^^^^^^^^^^^^^^^^^^^^^ can't find crate
[INFO] [stdout] 
[INFO] [stdout] 
[INFO] [stdout] error[E0463]: can't find crate for `wasm_bindgen`
[INFO] [stdout]  --> tests/non_wasm.rs:1:1
[INFO] [stdout]   |
[INFO] [stdout] 1 | extern crate wasm_bindgen;
[INFO] [stdout]   | ^^^^^^^^^^^^^^^^^^^^^^^^^^ can't find crate
[INFO] [stdout] 
[INFO] [stdout] 
[INFO] [stdout] error[E0463]: can't find crate for `wasm_bindgen`
[INFO] [stdout]  --> tests/std-crate-no-std-dep.rs:7:1
[INFO] [stdout]   |
[INFO] [stdout] 7 | extern crate wasm_bindgen;
[INFO] [stdout]   | ^^^^^^^^^^^^^^^^^^^^^^^^^^ can't find crate
[INFO] [stdout] 
[INFO] [stdout] 
[INFO] [stdout] error[E0433]: failed to resolve: use of undeclared crate or module `wasm_bindgen`
[INFO] [stdout]  --> tests/must_use.rs:6:5
[INFO] [stdout]   |
[INFO] [stdout] 6 | use wasm_bindgen::prelude::*;
[INFO] [stdout]   |     ^^^^^^^^^^^^ use of undeclared crate or module `wasm_bindgen`
[INFO] [stdout]   |
[INFO] [stdout] help: there is a crate or module with a similar name
[INFO] [stdout]   |
[INFO] [stdout] 6 | use ic_wasm_bindgen::prelude::*;
[INFO] [stdout]   |     ~~~~~~~~~~~~~~~
[INFO] [stdout] 
[INFO] [stdout] 
[INFO] [stdout] error: cannot find attribute `wasm_bindgen` in this scope
[INFO] [stdout]   --> tests/std-crate-no-std-dep.rs:25:3
[INFO] [stdout]    |
[INFO] [stdout] 25 | #[wasm_bindgen]
[INFO] [stdout]    |   ^^^^^^^^^^^^
[INFO] [stdout]    |
[INFO] [stdout] note: `wasm_bindgen` is imported here, but it is an unresolved item, not an attribute
[INFO] [stdout]   --> tests/std-crate-no-std-dep.rs:7:1
[INFO] [stdout]    |
[INFO] [stdout] 7  | extern crate wasm_bindgen;
[INFO] [stdout]    | ^^^^^^^^^^^^^^^^^^^^^^^^^^
[INFO] [stdout] help: consider importing one of these items
[INFO] [stdout]    |
[INFO] [stdout] 9  + use ic_wasm_bindgen::prelude::wasm_bindgen;
[INFO] [stdout]    |
[INFO] [stdout] 9  + use wasm_bindgen_macro::wasm_bindgen;
[INFO] [stdout]    |
[INFO] [stdout] 
[INFO] [stdout] 
[INFO] [stdout] error: cannot find attribute `wasm_bindgen` in this scope
[INFO] [stdout]   --> tests/std-crate-no-std-dep.rs:22:3
[INFO] [stdout]    |
[INFO] [stdout] 22 | #[wasm_bindgen]
[INFO] [stdout]    |   ^^^^^^^^^^^^
[INFO] [stdout]    |
[INFO] [stdout] note: `wasm_bindgen` is imported here, but it is an unresolved item, not an attribute
[INFO] [stdout]   --> tests/std-crate-no-std-dep.rs:7:1
[INFO] [stdout]    |
[INFO] [stdout] 7  | extern crate wasm_bindgen;
[INFO] [stdout]    | ^^^^^^^^^^^^^^^^^^^^^^^^^^
[INFO] [stdout] help: consider importing one of these items
[INFO] [stdout]    |
[INFO] [stdout] 9  + use ic_wasm_bindgen::prelude::wasm_bindgen;
[INFO] [stdout]    |
[INFO] [stdout] 9  + use wasm_bindgen_macro::wasm_bindgen;
[INFO] [stdout]    |
[INFO] [stdout] 
[INFO] [stdout] 
[INFO] [stdout] error: cannot find attribute `wasm_bindgen` in this scope
[INFO] [stdout]   --> tests/std-crate-no-std-dep.rs:11:3
[INFO] [stdout]    |
[INFO] [stdout] 11 | #[wasm_bindgen]
[INFO] [stdout]    |   ^^^^^^^^^^^^
[INFO] [stdout]    |
[INFO] [stdout] note: `wasm_bindgen` is imported here, but it is an unresolved item, not an attribute
[INFO] [stdout]   --> tests/std-crate-no-std-dep.rs:7:1
[INFO] [stdout]    |
[INFO] [stdout] 7  | extern crate wasm_bindgen;
[INFO] [stdout]    | ^^^^^^^^^^^^^^^^^^^^^^^^^^
[INFO] [stdout] help: consider importing one of these items
[INFO] [stdout]    |
[INFO] [stdout] 9  + use ic_wasm_bindgen::prelude::wasm_bindgen;
[INFO] [stdout]    |
[INFO] [stdout] 9  + use wasm_bindgen_macro::wasm_bindgen;
[INFO] [stdout]    |
[INFO] [stdout] 
[INFO] [stdout] 
[INFO] [stdout] error: cannot find attribute `wasm_bindgen` in this scope
[INFO] [stdout]   --> tests/std-crate-no-std-dep.rs:16:7
[INFO] [stdout]    |
[INFO] [stdout] 16 |     #[wasm_bindgen(constructor)]
[INFO] [stdout]    |       ^^^^^^^^^^^^
[INFO] [stdout]    |
[INFO] [stdout] note: `wasm_bindgen` is imported here, but it is an unresolved item, not an attribute
[INFO] [stdout]   --> tests/std-crate-no-std-dep.rs:7:1
[INFO] [stdout]    |
[INFO] [stdout] 7  | extern crate wasm_bindgen;
[INFO] [stdout]    | ^^^^^^^^^^^^^^^^^^^^^^^^^^
[INFO] [stdout] help: consider importing one of these items
[INFO] [stdout]    |
[INFO] [stdout] 9  + use ic_wasm_bindgen::prelude::wasm_bindgen;
[INFO] [stdout]    |
[INFO] [stdout] 9  + use wasm_bindgen_macro::wasm_bindgen;
[INFO] [stdout]    |
[INFO] [stdout] 
[INFO] [stdout] 
[INFO] [stdout] error: cannot find attribute `wasm_bindgen` in this scope
[INFO] [stdout]   --> tests/std-crate-no-std-dep.rs:18:7
[INFO] [stdout]    |
[INFO] [stdout] 18 |     #[wasm_bindgen(method, structural)]
[INFO] [stdout]    |       ^^^^^^^^^^^^
[INFO] [stdout]    |
[INFO] [stdout] note: `wasm_bindgen` is imported here, but it is an unresolved item, not an attribute
[INFO] [stdout]   --> tests/std-crate-no-std-dep.rs:7:1
[INFO] [stdout]    |
[INFO] [stdout] 7  | extern crate wasm_bindgen;
[INFO] [stdout]    | ^^^^^^^^^^^^^^^^^^^^^^^^^^
[INFO] [stdout] help: consider importing one of these items
[INFO] [stdout]    |
[INFO] [stdout] 9  + use ic_wasm_bindgen::prelude::wasm_bindgen;
[INFO] [stdout]    |
[INFO] [stdout] 9  + use wasm_bindgen_macro::wasm_bindgen;
[INFO] [stdout]    |
[INFO] [stdout] 
[INFO] [stdout] 
[INFO] [stdout] error: cannot find attribute `wasm_bindgen` in this scope
[INFO] [stdout]  --> tests/must_use.rs:8:3
[INFO] [stdout]   |
[INFO] [stdout] 8 | #[wasm_bindgen]
[INFO] [stdout]   |   ^^^^^^^^^^^^
[INFO] [stdout]   |
[INFO] [stdout] help: consider importing one of these items
[INFO] [stdout]   |
[INFO] [stdout] 6 + use ic_wasm_bindgen::prelude::wasm_bindgen;
[INFO] [stdout]   |
[INFO] [stdout] 6 + use wasm_bindgen_macro::wasm_bindgen;
[INFO] [stdout]   |
[INFO] [stdout] 
[INFO] [stdout] 
[INFO] [stdout] error[E0658]: extern types are experimental
[INFO] [stdout]   --> tests/std-crate-no-std-dep.rs:15:5
[INFO] [stdout]    |
[INFO] [stdout] 15 |     type Js;
[INFO] [stdout]    |     ^^^^^^^^
[INFO] [stdout]    |
[INFO] [stdout]    = note: see issue #43467 <https://github.com/rust-lang/rust/issues/43467> for more information
[INFO] [stdout] 
[INFO] [stdout] 
[INFO] [stdout] error: aborting due to 2 previous errors
[INFO] [stdout] 
[INFO] [stdout] 
[INFO] [stdout] error: cannot find attribute `wasm_bindgen` in this scope
[INFO] [stdout]  --> tests/non_wasm.rs:5:3
[INFO] [stdout]   |
[INFO] [stdout] 5 | #[wasm_bindgen]
[INFO] [stdout]   |   ^^^^^^^^^^^^
[INFO] [stdout]   |
[INFO] [stdout] note: `wasm_bindgen` is imported here, but it is an unresolved item, not an attribute
[INFO] [stdout]  --> tests/non_wasm.rs:1:1
[INFO] [stdout]   |
[INFO] [stdout] 1 | extern crate wasm_bindgen;
[INFO] [stdout]   | ^^^^^^^^^^^^^^^^^^^^^^^^^^
[INFO] [stdout] help: consider importing one of these items
[INFO] [stdout]   |
[INFO] [stdout] 3 + use ic_wasm_bindgen::prelude::wasm_bindgen;
[INFO] [stdout]   |
[INFO] [stdout] 3 + use wasm_bindgen_macro::wasm_bindgen;
[INFO] [stdout]   |
[INFO] [stdout] 
[INFO] [stdout] 
[INFO] [stdout] For more information about this error, try `rustc --explain E0433`.
[INFO] [stdout] 
[INFO] [stdout] error: cannot find attribute `wasm_bindgen` in this scope
[INFO] [stdout]   --> tests/non_wasm.rs:10:3
[INFO] [stdout]    |
[INFO] [stdout] 10 | #[wasm_bindgen]
[INFO] [stdout]    |   ^^^^^^^^^^^^
[INFO] [stdout]    |
[INFO] [stdout] note: `wasm_bindgen` is imported here, but it is an unresolved item, not an attribute
[INFO] [stdout]   --> tests/non_wasm.rs:1:1
[INFO] [stdout]    |
[INFO] [stdout] 1  | extern crate wasm_bindgen;
[INFO] [stdout]    | ^^^^^^^^^^^^^^^^^^^^^^^^^^
[INFO] [stdout] help: consider importing one of these items
[INFO] [stdout]    |
[INFO] [stdout] 3  + use ic_wasm_bindgen::prelude::wasm_bindgen;
[INFO] [stdout]    |
[INFO] [stdout] 3  + use wasm_bindgen_macro::wasm_bindgen;
[INFO] [stdout]    |
[INFO] [stdout] 
[INFO] [stdout] 
[INFO] [stdout] error: cannot find attribute `wasm_bindgen` in this scope
[INFO] [stdout]   --> tests/non_wasm.rs:21:3
[INFO] [stdout]    |
[INFO] [stdout] 21 | #[wasm_bindgen]
[INFO] [stdout]    |   ^^^^^^^^^^^^
[INFO] [stdout]    |
[INFO] [stdout] note: `wasm_bindgen` is imported here, but it is an unresolved item, not an attribute
[INFO] [stdout]   --> tests/non_wasm.rs:1:1
[INFO] [stdout]    |
[INFO] [stdout] 1  | extern crate wasm_bindgen;
[INFO] [stdout]    | ^^^^^^^^^^^^^^^^^^^^^^^^^^
[INFO] [stdout] help: consider importing one of these items
[INFO] [stdout]    |
[INFO] [stdout] 3  + use ic_wasm_bindgen::prelude::wasm_bindgen;
[INFO] [stdout]    |
[INFO] [stdout] 3  + use wasm_bindgen_macro::wasm_bindgen;
[INFO] [stdout]    |
[INFO] [stdout] 
[INFO] [stdout] 
[INFO] [stdout] error: cannot find attribute `wasm_bindgen` in this scope
[INFO] [stdout]   --> tests/non_wasm.rs:31:3
[INFO] [stdout]    |
[INFO] [stdout] 31 | #[wasm_bindgen]
[INFO] [stdout]    |   ^^^^^^^^^^^^
[INFO] [stdout]    |
[INFO] [stdout] note: `wasm_bindgen` is imported here, but it is an unresolved item, not an attribute
[INFO] [stdout]   --> tests/non_wasm.rs:1:1
[INFO] [stdout]    |
[INFO] [stdout] 1  | extern crate wasm_bindgen;
[INFO] [stdout]    | ^^^^^^^^^^^^^^^^^^^^^^^^^^
[INFO] [stdout] help: consider importing one of these items
[INFO] [stdout]    |
[INFO] [stdout] 3  + use ic_wasm_bindgen::prelude::wasm_bindgen;
[INFO] [stdout]    |
[INFO] [stdout] 3  + use wasm_bindgen_macro::wasm_bindgen;
[INFO] [stdout]    |
[INFO] [stdout] 
[INFO] [stdout] 
[INFO] [stdout] error: cannot find attribute `wasm_bindgen` in this scope
[INFO] [stdout]   --> tests/non_wasm.rs:37:3
[INFO] [stdout]    |
[INFO] [stdout] 37 | #[wasm_bindgen]
[INFO] [stdout]    |   ^^^^^^^^^^^^
[INFO] [stdout]    |
[INFO] [stdout] note: `wasm_bindgen` is imported here, but it is an unresolved item, not an attribute
[INFO] [stdout]   --> tests/non_wasm.rs:1:1
[INFO] [stdout]    |
[INFO] [stdout] 1  | extern crate wasm_bindgen;
[INFO] [stdout]    | ^^^^^^^^^^^^^^^^^^^^^^^^^^
[INFO] [stdout] help: consider importing one of these items
[INFO] [stdout]    |
[INFO] [stdout] 3  + use ic_wasm_bindgen::prelude::wasm_bindgen;
[INFO] [stdout]    |
[INFO] [stdout] 3  + use wasm_bindgen_macro::wasm_bindgen;
[INFO] [stdout]    |
[INFO] [stdout] 
[INFO] [stdout] 
[INFO] [stdout] error: cannot find attribute `wasm_bindgen` in this scope
[INFO] [stdout]   --> tests/non_wasm.rs:43:3
[INFO] [stdout]    |
[INFO] [stdout] 43 | #[wasm_bindgen]
[INFO] [stdout]    |   ^^^^^^^^^^^^
[INFO] [stdout]    |
[INFO] [stdout] note: `wasm_bindgen` is imported here, but it is an unresolved item, not an attribute
[INFO] [stdout]   --> tests/non_wasm.rs:1:1
[INFO] [stdout]    |
[INFO] [stdout] 1  | extern crate wasm_bindgen;
[INFO] [stdout]    | ^^^^^^^^^^^^^^^^^^^^^^^^^^
[INFO] [stdout] help: consider importing one of these items
[INFO] [stdout]    |
[INFO] [stdout] 3  + use ic_wasm_bindgen::prelude::wasm_bindgen;
[INFO] [stdout]    |
[INFO] [stdout] 3  + use wasm_bindgen_macro::wasm_bindgen;
[INFO] [stdout]    |
[INFO] [stdout] 
[INFO] [stdout] 
[INFO] [stdout] error[E0433]: failed to resolve: use of undeclared type `JsValue`
[INFO] [stdout]   --> tests/non_wasm.rs:27:13
[INFO] [stdout]    |
[INFO] [stdout] 27 |         baz(JsValue::from(3));
[INFO] [stdout]    |             ^^^^^^^ use of undeclared type `JsValue`
[INFO] [stdout]    |
[INFO] [stdout] help: consider importing this struct
[INFO] [stdout]    |
[INFO] [stdout] 3  + use ic_wasm_bindgen::JsValue;
[INFO] [stdout]    |
[INFO] [stdout] 
[INFO] [stdout] 
[INFO] [stdout] error[E0599]: no method named `unwrap_throw` found for enum `Option` in the current scope
[INFO] [stdout]  --> tests/unwrap_throw.rs:6:25
[INFO] [stdout]   |
[INFO] [stdout] 6 |     assert_eq!(Some(42).unwrap_throw(), 42);
[INFO] [stdout]   |                         ^^^^^^^^^^^^ help: there is a method with a similar name: `unwrap`
[INFO] [stdout] 
[INFO] [stdout] 
[INFO] [stdout] error[E0412]: cannot find type `JsValue` in this scope
[INFO] [stdout]   --> tests/non_wasm.rs:34:15
[INFO] [stdout]    |
[INFO] [stdout] 34 |     static A: JsValue;
[INFO] [stdout]    |               ^^^^^^^ not found in this scope
[INFO] [stdout]    |
[INFO] [stdout] help: consider importing this struct
[INFO] [stdout]    |
[INFO] [stdout] 3  + use ic_wasm_bindgen::JsValue;
[INFO] [stdout]    |
[INFO] [stdout] 
[INFO] [stdout] 
[INFO] [stdout] error[E0412]: cannot find type `JsValue` in this scope
[INFO] [stdout]   --> tests/non_wasm.rs:38:24
[INFO] [stdout]    |
[INFO] [stdout] 38 | pub fn bar(_: &str) -> JsValue {
[INFO] [stdout]    |                        ^^^^^^^ not found in this scope
[INFO] [stdout]    |
[INFO] [stdout] help: consider importing this struct
[INFO] [stdout]    |
[INFO] [stdout] 3  + use ic_wasm_bindgen::JsValue;
[INFO] [stdout]    |
[INFO] [stdout] 
[INFO] [stdout] 
[INFO] [stdout] error[E0412]: cannot find type `JsValue` in this scope
[INFO] [stdout]   --> tests/non_wasm.rs:44:15
[INFO] [stdout]    |
[INFO] [stdout] 44 | pub fn baz(_: JsValue) {}
[INFO] [stdout]    |               ^^^^^^^ not found in this scope
[INFO] [stdout]    |
[INFO] [stdout] help: consider importing this struct
[INFO] [stdout]    |
[INFO] [stdout] 3  + use ic_wasm_bindgen::JsValue;
[INFO] [stdout]    |
[INFO] [stdout] 
[INFO] [stdout] 
[INFO] [stderr] error: could not compile `ic-wasm-bindgen` (test "must_use") due to 3 previous errors
[INFO] [stderr] warning: build failed, waiting for other jobs to finish...
[INFO] [stdout] error: aborting due to 7 previous errors
[INFO] [stdout] 
[INFO] [stdout] 
[INFO] [stdout] Some errors have detailed explanations: E0463, E0658.
[INFO] [stdout] 
[INFO] [stdout] For more information about an error, try `rustc --explain E0463`.
[INFO] [stdout] 
[INFO] [stderr] error: could not compile `ic-wasm-bindgen` (test "std-crate-no-std-dep") due to 8 previous errors
[INFO] [stdout] error[E0599]: no method named `unwrap_throw` found for enum `Result` in the current scope
[INFO] [stdout]  --> tests/unwrap_throw.rs:8:18
[INFO] [stdout]   |
[INFO] [stdout] 8 |     assert_eq!(x.unwrap_throw(), 42);
[INFO] [stdout]   |                  ^^^^^^^^^^^^ help: there is a method with a similar name: `unwrap`
[INFO] [stdout] 
[INFO] [stdout] 
[INFO] [stdout] error[E0599]: no method named `unwrap_throw` found for enum `Option` in the current scope
[INFO] [stdout]   --> tests/unwrap_throw.rs:15:7
[INFO] [stdout]    |
[INFO] [stdout] 15 |     x.unwrap_throw();
[INFO] [stdout]    |       ^^^^^^^^^^^^ help: there is a method with a similar name: `unwrap`
[INFO] [stdout] 
[INFO] [stdout] 
[INFO] [stdout] error: aborting due to 11 previous errors
[INFO] [stdout] 
[INFO] [stdout] 
[INFO] [stdout] Some errors have detailed explanations: E0412, E0433, E0463.
[INFO] [stdout] 
[INFO] [stdout] For more information about an error, try `rustc --explain E0412`.
[INFO] [stdout] 
[INFO] [stdout] error[E0599]: no method named `unwrap_throw` found for enum `Result` in the current scope
[INFO] [stdout]   --> tests/unwrap_throw.rs:22:7
[INFO] [stdout]    |
[INFO] [stdout] 22 |     x.unwrap_throw();
[INFO] [stdout]    |       ^^^^^^^^^^^^ help: there is a method with a similar name: `unwrap`
[INFO] [stdout] 
[INFO] [stdout] 
[INFO] [stdout] error: aborting due to 5 previous errors
[INFO] [stdout] 
[INFO] [stdout] 
[INFO] [stdout] Some errors have detailed explanations: E0463, E0599.
[INFO] [stdout] 
[INFO] [stdout] For more information about an error, try `rustc --explain E0463`.
[INFO] [stdout] 
[INFO] [stderr] error: could not compile `ic-wasm-bindgen` (test "non_wasm") due to 12 previous errors
[INFO] [stderr] error: could not compile `ic-wasm-bindgen` (test "unwrap_throw") due to 6 previous errors
[INFO] running `Command { std: "docker" "inspect" "1f0acf020fef88c746c92059cf1bcf6a636b048bc2a268cd1ec6c5fddda1da68", kill_on_drop: false }`
[INFO] running `Command { std: "docker" "rm" "-f" "1f0acf020fef88c746c92059cf1bcf6a636b048bc2a268cd1ec6c5fddda1da68", kill_on_drop: false }`
[INFO] [stdout] 1f0acf020fef88c746c92059cf1bcf6a636b048bc2a268cd1ec6c5fddda1da68
