[INFO] fetching crate ic-cbor 1.3.0...
[INFO] testing ic-cbor-1.3.0 against 1.75.0 for beta-1.76-1
[INFO] extracting crate ic-cbor 1.3.0 into /workspace/builds/worker-0-tc1/source
[INFO] validating manifest of crates.io crate ic-cbor 1.3.0 on toolchain 1.75.0
[INFO] running `Command { std: CARGO_HOME="/workspace/cargo-home" RUSTUP_HOME="/workspace/rustup-home" "/workspace/cargo-home/bin/cargo" "+1.75.0" "metadata" "--manifest-path" "Cargo.toml" "--no-deps", kill_on_drop: false }`
[INFO] started tweaking crates.io crate ic-cbor 1.3.0
[INFO] finished tweaking crates.io crate ic-cbor 1.3.0
[INFO] tweaked toml for crates.io crate ic-cbor 1.3.0 written to /workspace/builds/worker-0-tc1/source/Cargo.toml
[INFO] running `Command { std: CARGO_HOME="/workspace/cargo-home" RUSTUP_HOME="/workspace/rustup-home" "/workspace/cargo-home/bin/cargo" "+1.75.0" "generate-lockfile" "--manifest-path" "Cargo.toml", kill_on_drop: false }`
[INFO] [stderr]     Updating crates.io index
[INFO] running `Command { std: CARGO_HOME="/workspace/cargo-home" RUSTUP_HOME="/workspace/rustup-home" "/workspace/cargo-home/bin/cargo" "+1.75.0" "fetch" "--manifest-path" "Cargo.toml", kill_on_drop: false }`
[INFO] [stderr]  Downloading crates ...
[INFO] [stderr]   Downloaded binread v2.2.0
[INFO] [stderr]   Downloaded ic-certification v1.3.0
[INFO] [stderr]   Downloaded candid v0.9.11
[INFO] [stderr]   Downloaded candid_derive v0.6.4
[INFO] [stderr]   Downloaded pretty v0.12.3
[INFO] [stderr]   Downloaded stacker v0.1.15
[INFO] [stderr]   Downloaded binread_derive v2.1.0
[INFO] running `Command { std: "docker" "create" "-v" "/var/lib/crater-agent-workspace/builds/worker-0-tc1/target:/opt/rustwide/target:rw,Z" "-v" "/var/lib/crater-agent-workspace/builds/worker-0-tc1/source:/opt/rustwide/workdir:ro,Z" "-v" "/var/lib/crater-agent-workspace/cargo-home:/opt/rustwide/cargo-home:ro,Z" "-v" "/var/lib/crater-agent-workspace/rustup-home:/opt/rustwide/rustup-home:ro,Z" "-e" "SOURCE_DIR=/opt/rustwide/workdir" "-e" "CARGO_TARGET_DIR=/opt/rustwide/target" "-e" "CARGO_HOME=/opt/rustwide/cargo-home" "-e" "RUSTUP_HOME=/opt/rustwide/rustup-home" "-w" "/opt/rustwide/workdir" "-m" "1610612736" "--user" "0:0" "--network" "none" "ghcr.io/rust-lang/crates-build-env/linux@sha256:2788e3201cd34a07e3172128adcd8b3090168a8e3bcc40d7c032b9dda1df7d1c" "/opt/rustwide/cargo-home/bin/cargo" "+1.75.0" "metadata" "--no-deps" "--format-version=1", kill_on_drop: false }`
[INFO] [stdout] 5bd754df4e422f181f6b222a9c39c6c0e2c9d8b0282faf6932dadbec28a0868e
[INFO] running `Command { std: "docker" "start" "-a" "5bd754df4e422f181f6b222a9c39c6c0e2c9d8b0282faf6932dadbec28a0868e", kill_on_drop: false }`
[INFO] running `Command { std: "docker" "inspect" "5bd754df4e422f181f6b222a9c39c6c0e2c9d8b0282faf6932dadbec28a0868e", kill_on_drop: false }`
[INFO] running `Command { std: "docker" "rm" "-f" "5bd754df4e422f181f6b222a9c39c6c0e2c9d8b0282faf6932dadbec28a0868e", kill_on_drop: false }`
[INFO] [stdout] 5bd754df4e422f181f6b222a9c39c6c0e2c9d8b0282faf6932dadbec28a0868e
[INFO] running `Command { std: "docker" "create" "-v" "/var/lib/crater-agent-workspace/builds/worker-0-tc1/target:/opt/rustwide/target:rw,Z" "-v" "/var/lib/crater-agent-workspace/builds/worker-0-tc1/source:/opt/rustwide/workdir:ro,Z" "-v" "/var/lib/crater-agent-workspace/cargo-home:/opt/rustwide/cargo-home:ro,Z" "-v" "/var/lib/crater-agent-workspace/rustup-home:/opt/rustwide/rustup-home:ro,Z" "-e" "SOURCE_DIR=/opt/rustwide/workdir" "-e" "CARGO_TARGET_DIR=/opt/rustwide/target" "-e" "CARGO_INCREMENTAL=0" "-e" "RUST_BACKTRACE=full" "-e" "RUSTFLAGS=--cap-lints=warn" "-e" "RUSTDOCFLAGS=--cap-lints=warn" "-e" "CARGO_HOME=/opt/rustwide/cargo-home" "-e" "RUSTUP_HOME=/opt/rustwide/rustup-home" "-w" "/opt/rustwide/workdir" "-m" "1610612736" "--user" "0:0" "--network" "none" "ghcr.io/rust-lang/crates-build-env/linux@sha256:2788e3201cd34a07e3172128adcd8b3090168a8e3bcc40d7c032b9dda1df7d1c" "/opt/rustwide/cargo-home/bin/cargo" "+1.75.0" "build" "--frozen" "--message-format=json", kill_on_drop: false }`
[INFO] [stdout] f304d0cbf8c6e980ce661ddfe08542a5b622175074d4678116f4c166d37cc394
[INFO] running `Command { std: "docker" "start" "-a" "f304d0cbf8c6e980ce661ddfe08542a5b622175074d4678116f4c166d37cc394", kill_on_drop: false }`
[INFO] [stderr]    Compiling version_check v0.9.4
[INFO] [stderr]    Compiling typenum v1.17.0
[INFO] [stderr]    Compiling num-traits v0.2.17
[INFO] [stderr]    Compiling serde v1.0.194
[INFO] [stderr]    Compiling toml_datetime v0.6.5
[INFO] [stderr]    Compiling syn v1.0.109
[INFO] [stderr]    Compiling num-integer v0.1.45
[INFO] [stderr]    Compiling rustversion v1.0.14
[INFO] [stderr]    Compiling num-bigint v0.4.4
[INFO] [stderr]    Compiling crc32fast v1.3.2
[INFO] [stderr]    Compiling either v1.9.0
[INFO] [stderr]    Compiling anyhow v1.0.79
[INFO] [stderr]    Compiling syn v2.0.48
[INFO] [stderr]    Compiling cc v1.0.83
[INFO] [stderr]    Compiling paste v1.0.14
[INFO] [stderr]    Compiling cpufeatures v0.2.12
[INFO] [stderr]    Compiling candid v0.9.11
[INFO] [stderr]    Compiling toml_edit v0.19.15
[INFO] [stderr]    Compiling typed-arena v2.0.2
[INFO] [stderr]    Compiling termcolor v1.4.0
[INFO] [stderr]    Compiling hex v0.4.3
[INFO] [stderr]    Compiling arrayvec v0.5.2
[INFO] [stderr]    Compiling generic-array v0.14.7
[INFO] [stderr]    Compiling minimal-lexical v0.2.1
[INFO] [stderr]    Compiling codespan-reporting v0.11.1
[INFO] [stderr]    Compiling memchr v2.7.1
[INFO] [stderr]    Compiling data-encoding v2.5.0
[INFO] [stderr]    Compiling pretty v0.12.3
[INFO] [stderr]    Compiling leb128 v0.2.5
[INFO] [stderr]    Compiling psm v0.1.21
[INFO] [stderr]    Compiling stacker v0.1.15
[INFO] [stderr]    Compiling nom v7.1.3
[INFO] [stderr]    Compiling proc-macro-crate v1.3.1
[INFO] [stderr]    Compiling crypto-common v0.1.6
[INFO] [stderr]    Compiling block-buffer v0.10.4
[INFO] [stderr]    Compiling digest v0.10.7
[INFO] [stderr]    Compiling sha2 v0.10.8
[INFO] [stderr]    Compiling ic-certification v1.3.0
[INFO] [stderr]    Compiling serde_derive v1.0.194
[INFO] [stderr]    Compiling num_enum_derive v0.6.1
[INFO] [stderr]    Compiling thiserror-impl v1.0.56
[INFO] [stderr]    Compiling candid_derive v0.6.4
[INFO] [stderr]    Compiling binread_derive v2.1.0
[INFO] [stderr]    Compiling thiserror v1.0.56
[INFO] [stderr]    Compiling num_enum v0.6.1
[INFO] [stderr]    Compiling binread v2.2.0
[INFO] [stderr]    Compiling serde_bytes v0.11.14
[INFO] [stderr]    Compiling ic-cbor v1.3.0 (/opt/rustwide/workdir)
[INFO] [stderr]     Finished dev [unoptimized + debuginfo] target(s) in 13.16s
[INFO] running `Command { std: "docker" "inspect" "f304d0cbf8c6e980ce661ddfe08542a5b622175074d4678116f4c166d37cc394", kill_on_drop: false }`
[INFO] running `Command { std: "docker" "rm" "-f" "f304d0cbf8c6e980ce661ddfe08542a5b622175074d4678116f4c166d37cc394", kill_on_drop: false }`
[INFO] [stdout] f304d0cbf8c6e980ce661ddfe08542a5b622175074d4678116f4c166d37cc394
[INFO] running `Command { std: "docker" "create" "-v" "/var/lib/crater-agent-workspace/builds/worker-0-tc1/target:/opt/rustwide/target:rw,Z" "-v" "/var/lib/crater-agent-workspace/builds/worker-0-tc1/source:/opt/rustwide/workdir:ro,Z" "-v" "/var/lib/crater-agent-workspace/cargo-home:/opt/rustwide/cargo-home:ro,Z" "-v" "/var/lib/crater-agent-workspace/rustup-home:/opt/rustwide/rustup-home:ro,Z" "-e" "SOURCE_DIR=/opt/rustwide/workdir" "-e" "CARGO_TARGET_DIR=/opt/rustwide/target" "-e" "CARGO_INCREMENTAL=0" "-e" "RUST_BACKTRACE=full" "-e" "RUSTFLAGS=--cap-lints=warn" "-e" "RUSTDOCFLAGS=--cap-lints=warn" "-e" "CARGO_HOME=/opt/rustwide/cargo-home" "-e" "RUSTUP_HOME=/opt/rustwide/rustup-home" "-w" "/opt/rustwide/workdir" "-m" "1610612736" "--user" "0:0" "--network" "none" "ghcr.io/rust-lang/crates-build-env/linux@sha256:2788e3201cd34a07e3172128adcd8b3090168a8e3bcc40d7c032b9dda1df7d1c" "/opt/rustwide/cargo-home/bin/cargo" "+1.75.0" "test" "--frozen" "--no-run" "--message-format=json", kill_on_drop: false }`
[INFO] [stdout] 476adfe8fcfc4ca7aaa3a43e4601b02f47d8c520403408148ffbfae7da0ef8fc
[INFO] running `Command { std: "docker" "start" "-a" "476adfe8fcfc4ca7aaa3a43e4601b02f47d8c520403408148ffbfae7da0ef8fc", kill_on_drop: false }`
[INFO] [stderr]    Compiling ic-cbor v1.3.0 (/opt/rustwide/workdir)
[INFO] [stdout] error[E0432]: unresolved import `ic_response_verification_test_utils`
[INFO] [stdout]   --> src/cbor_parse_certificate.rs:70:9
[INFO] [stdout]    |
[INFO] [stdout] 70 |     use ic_response_verification_test_utils::{
[INFO] [stdout]    |         ^^^^^^^^^^^^^^^^^^^^^^^^^^^^^^^^^^^ use of undeclared crate or module `ic_response_verification_test_utils`
[INFO] [stdout] 
[INFO] [stdout] 
[INFO] [stdout] error[E0432]: unresolved import `ic_response_verification_test_utils`
[INFO] [stdout]   --> src/cbor_parse_hash_tree.rs:96:9
[INFO] [stdout]    |
[INFO] [stdout] 96 |     use ic_response_verification_test_utils::{cbor_encode, hex_encode};
[INFO] [stdout]    |         ^^^^^^^^^^^^^^^^^^^^^^^^^^^^^^^^^^^ use of undeclared crate or module `ic_response_verification_test_utils`
[INFO] [stdout] 
[INFO] [stdout] 
[INFO] [stdout] error[E0432]: unresolved import `ic_response_verification_test_utils`
[INFO] [stdout]    --> src/cbor_parser.rs:263:9
[INFO] [stdout]     |
[INFO] [stdout] 263 |     use ic_response_verification_test_utils::{cbor_encode, hex_decode};
[INFO] [stdout]     |         ^^^^^^^^^^^^^^^^^^^^^^^^^^^^^^^^^^^ use of undeclared crate or module `ic_response_verification_test_utils`
[INFO] [stdout] 
[INFO] [stdout] 
[INFO] [stdout] error: aborting due to 3 previous errors
[INFO] [stdout] 
[INFO] [stdout] 
[INFO] [stdout] For more information about this error, try `rustc --explain E0432`.
[INFO] [stdout] 
[INFO] [stderr] error: could not compile `ic-cbor` (lib test) due to 4 previous errors
[INFO] running `Command { std: "docker" "inspect" "476adfe8fcfc4ca7aaa3a43e4601b02f47d8c520403408148ffbfae7da0ef8fc", kill_on_drop: false }`
[INFO] running `Command { std: "docker" "rm" "-f" "476adfe8fcfc4ca7aaa3a43e4601b02f47d8c520403408148ffbfae7da0ef8fc", kill_on_drop: false }`
[INFO] [stdout] 476adfe8fcfc4ca7aaa3a43e4601b02f47d8c520403408148ffbfae7da0ef8fc
