[INFO] fetching crate i18n_pattern-rizzen-yazston 0.6.1...
[INFO] testing i18n_pattern-rizzen-yazston-0.6.1 against 1.75.0 for beta-1.76-1
[INFO] extracting crate i18n_pattern-rizzen-yazston 0.6.1 into /workspace/builds/worker-4-tc1/source
[INFO] validating manifest of crates.io crate i18n_pattern-rizzen-yazston 0.6.1 on toolchain 1.75.0
[INFO] running `Command { std: CARGO_HOME="/workspace/cargo-home" RUSTUP_HOME="/workspace/rustup-home" "/workspace/cargo-home/bin/cargo" "+1.75.0" "metadata" "--manifest-path" "Cargo.toml" "--no-deps", kill_on_drop: false }`
[INFO] started tweaking crates.io crate i18n_pattern-rizzen-yazston 0.6.1
[INFO] finished tweaking crates.io crate i18n_pattern-rizzen-yazston 0.6.1
[INFO] tweaked toml for crates.io crate i18n_pattern-rizzen-yazston 0.6.1 written to /workspace/builds/worker-4-tc1/source/Cargo.toml
[INFO] running `Command { std: CARGO_HOME="/workspace/cargo-home" RUSTUP_HOME="/workspace/rustup-home" "/workspace/cargo-home/bin/cargo" "+1.75.0" "generate-lockfile" "--manifest-path" "Cargo.toml", kill_on_drop: false }`
[INFO] [stderr]     Updating crates.io index
[INFO] running `Command { std: CARGO_HOME="/workspace/cargo-home" RUSTUP_HOME="/workspace/rustup-home" "/workspace/cargo-home/bin/cargo" "+1.75.0" "fetch" "--manifest-path" "Cargo.toml", kill_on_drop: false }`
[INFO] [stderr]  Downloading crates ...
[INFO] [stderr]   Downloaded zerovec-derive v0.10.1
[INFO] [stderr]   Downloaded icu_provider_adapters v1.4.0
[INFO] [stderr]   Downloaded icu_locid_transform_data v1.4.0
[INFO] [stderr]   Downloaded i18n_icu-rizzen-yazston v0.6.1
[INFO] [stderr]   Downloaded icu_calendar_data v1.4.0
[INFO] [stderr]   Downloaded icu_provider_blob v1.4.0
[INFO] [stderr]   Downloaded i18n_lexer-rizzen-yazston v0.6.1
[INFO] [stderr]   Downloaded icu_locid_transform v1.4.0
[INFO] [stderr]   Downloaded icu_timezone v1.4.0
[INFO] [stderr]   Downloaded fixed_decimal v0.5.5
[INFO] [stderr]   Downloaded zerotrie v0.1.2
[INFO] [stderr]   Downloaded icu_calendar v1.4.0
[INFO] [stderr]   Downloaded icu_properties_data v1.4.0
[INFO] [stderr]   Downloaded icu_collator v1.4.0
[INFO] [stderr]   Downloaded icu_segmenter_data v1.4.0
[INFO] [stderr]   Downloaded icu_datetime_data v1.4.0
[INFO] [stderr]   Downloaded icu_plurals_data v1.4.0
[INFO] [stderr]   Downloaded regex-automata v0.2.0
[INFO] [stderr]   Downloaded icu_plurals v1.4.0
[INFO] [stderr]   Downloaded icu_testdata v1.4.0
[INFO] [stderr]   Downloaded icu_segmenter v1.4.0
[INFO] [stderr]   Downloaded icu_datetime v1.4.0
[INFO] [stderr]   Downloaded icu_provider v1.4.0
[INFO] [stderr]   Downloaded icu_normalizer v1.4.0
[INFO] [stderr]   Downloaded icu_properties v1.4.0
[INFO] [stderr]   Downloaded icu_collections v1.4.0
[INFO] [stderr]   Downloaded icu_locid v1.4.0
[INFO] [stderr]   Downloaded calendrical_calculations v0.1.0
[INFO] [stderr]   Downloaded tree-rizzen-yazston v0.4.0
[INFO] [stderr]   Downloaded icu_list v1.4.0
[INFO] [stderr]   Downloaded icu_decimal v1.4.0
[INFO] [stderr]   Downloaded zerovec v0.10.1
[INFO] [stderr]   Downloaded i18n_utility-rizzen-yazston v0.6.1
[INFO] [stderr]   Downloaded icu_provider_macros v1.4.0
[INFO] [stderr]   Downloaded icu_decimal_data v1.4.0
[INFO] [stderr]   Downloaded icu_timezone_data v1.4.0
[INFO] running `Command { std: "docker" "create" "-v" "/var/lib/crater-agent-workspace/builds/worker-4-tc1/target:/opt/rustwide/target:rw,Z" "-v" "/var/lib/crater-agent-workspace/builds/worker-4-tc1/source:/opt/rustwide/workdir:ro,Z" "-v" "/var/lib/crater-agent-workspace/cargo-home:/opt/rustwide/cargo-home:ro,Z" "-v" "/var/lib/crater-agent-workspace/rustup-home:/opt/rustwide/rustup-home:ro,Z" "-e" "SOURCE_DIR=/opt/rustwide/workdir" "-e" "CARGO_TARGET_DIR=/opt/rustwide/target" "-e" "CARGO_HOME=/opt/rustwide/cargo-home" "-e" "RUSTUP_HOME=/opt/rustwide/rustup-home" "-w" "/opt/rustwide/workdir" "-m" "1610612736" "--user" "0:0" "--network" "none" "ghcr.io/rust-lang/crates-build-env/linux@sha256:2788e3201cd34a07e3172128adcd8b3090168a8e3bcc40d7c032b9dda1df7d1c" "/opt/rustwide/cargo-home/bin/cargo" "+1.75.0" "metadata" "--no-deps" "--format-version=1", kill_on_drop: false }`
[INFO] [stdout] c87e6bebb685d23466a16f50b587b52c2ce1d355db35e6f64bfc51206fc2e292
[INFO] running `Command { std: "docker" "start" "-a" "c87e6bebb685d23466a16f50b587b52c2ce1d355db35e6f64bfc51206fc2e292", kill_on_drop: false }`
[INFO] running `Command { std: "docker" "inspect" "c87e6bebb685d23466a16f50b587b52c2ce1d355db35e6f64bfc51206fc2e292", kill_on_drop: false }`
[INFO] running `Command { std: "docker" "rm" "-f" "c87e6bebb685d23466a16f50b587b52c2ce1d355db35e6f64bfc51206fc2e292", kill_on_drop: false }`
[INFO] [stdout] c87e6bebb685d23466a16f50b587b52c2ce1d355db35e6f64bfc51206fc2e292
[INFO] running `Command { std: "docker" "create" "-v" "/var/lib/crater-agent-workspace/builds/worker-4-tc1/target:/opt/rustwide/target:rw,Z" "-v" "/var/lib/crater-agent-workspace/builds/worker-4-tc1/source:/opt/rustwide/workdir:ro,Z" "-v" "/var/lib/crater-agent-workspace/cargo-home:/opt/rustwide/cargo-home:ro,Z" "-v" "/var/lib/crater-agent-workspace/rustup-home:/opt/rustwide/rustup-home:ro,Z" "-e" "SOURCE_DIR=/opt/rustwide/workdir" "-e" "CARGO_TARGET_DIR=/opt/rustwide/target" "-e" "CARGO_INCREMENTAL=0" "-e" "RUST_BACKTRACE=full" "-e" "RUSTFLAGS=--cap-lints=warn" "-e" "RUSTDOCFLAGS=--cap-lints=warn" "-e" "CARGO_HOME=/opt/rustwide/cargo-home" "-e" "RUSTUP_HOME=/opt/rustwide/rustup-home" "-w" "/opt/rustwide/workdir" "-m" "1610612736" "--user" "0:0" "--network" "none" "ghcr.io/rust-lang/crates-build-env/linux@sha256:2788e3201cd34a07e3172128adcd8b3090168a8e3bcc40d7c032b9dda1df7d1c" "/opt/rustwide/cargo-home/bin/cargo" "+1.75.0" "build" "--frozen" "--message-format=json", kill_on_drop: false }`
[INFO] [stdout] c406e66eb72ae97c15673e6a461b5b7924e4ecf08e7b3aad355ad4109f4b3bf9
[INFO] running `Command { std: "docker" "start" "-a" "c406e66eb72ae97c15673e6a461b5b7924e4ecf08e7b3aad355ad4109f4b3bf9", kill_on_drop: false }`
[INFO] [stderr]    Compiling unicode-xid v0.2.4
[INFO] [stderr]    Compiling stable_deref_trait v1.2.0
[INFO] [stderr]    Compiling writeable v0.5.4
[INFO] [stderr]    Compiling litemap v0.7.2
[INFO] [stderr]    Compiling libm v0.2.8
[INFO] [stderr]    Compiling icu_locid_transform_data v1.4.0
[INFO] [stderr]    Compiling ryu v1.0.16
[INFO] [stderr]    Compiling icu_calendar_data v1.4.0
[INFO] [stderr]    Compiling icu_decimal_data v1.4.0
[INFO] [stderr]    Compiling icu_plurals_data v1.4.0
[INFO] [stderr]    Compiling icu_timezone_data v1.4.0
[INFO] [stderr]    Compiling icu_segmenter_data v1.4.0
[INFO] [stderr]    Compiling icu_properties_data v1.4.0
[INFO] [stderr]    Compiling icu_datetime_data v1.4.0
[INFO] [stderr]    Compiling utf8_iter v1.0.4
[INFO] [stderr]    Compiling syn v2.0.48
[INFO] [stderr]    Compiling either v1.9.0
[INFO] [stderr]    Compiling tree-rizzen-yazston v0.4.0
[INFO] [stderr]    Compiling core_maths v0.1.0
[INFO] [stderr]    Compiling synstructure v0.13.0
[INFO] [stderr]    Compiling zerofrom-derive v0.1.3
[INFO] [stderr]    Compiling yoke-derive v0.7.3
[INFO] [stderr]    Compiling displaydoc v0.2.4
[INFO] [stderr]    Compiling zerovec-derive v0.10.1
[INFO] [stderr]    Compiling icu_provider_macros v1.4.0
[INFO] [stderr]    Compiling calendrical_calculations v0.1.0
[INFO] [stderr]    Compiling fixed_decimal v0.5.5
[INFO] [stderr]    Compiling zerofrom v0.1.3
[INFO] [stderr]    Compiling yoke v0.7.3
[INFO] [stderr]    Compiling zerovec v0.10.1
[INFO] [stderr]    Compiling zerotrie v0.1.2
[INFO] [stderr]    Compiling tinystr v0.7.5
[INFO] [stderr]    Compiling icu_collections v1.4.0
[INFO] [stderr]    Compiling icu_locid v1.4.0
[INFO] [stderr]    Compiling icu_provider v1.4.0
[INFO] [stderr]    Compiling i18n_utility-rizzen-yazston v0.6.1
[INFO] [stderr]    Compiling icu_locid_transform v1.4.0
[INFO] [stderr]    Compiling icu_segmenter v1.4.0
[INFO] [stderr]    Compiling icu_calendar v1.4.0
[INFO] [stderr]    Compiling icu_plurals v1.4.0
[INFO] [stderr]    Compiling icu_decimal v1.4.0
[INFO] [stderr]    Compiling icu_properties v1.4.0
[INFO] [stderr]    Compiling icu_timezone v1.4.0
[INFO] [stderr]    Compiling icu_datetime v1.4.0
[INFO] [stderr]    Compiling i18n_icu-rizzen-yazston v0.6.1
[INFO] [stderr]    Compiling i18n_lexer-rizzen-yazston v0.6.1
[INFO] [stderr]    Compiling i18n_pattern-rizzen-yazston v0.6.1 (/opt/rustwide/workdir)
[INFO] [stdout] error[E0277]: the trait bound `P: icu_provider::DataProvider<ChineseDateLengthsV1Marker>` is not satisfied
[INFO] [stdout]    --> src/formatter.rs:479:33
[INFO] [stdout]     |
[INFO] [stdout] 478 | ...                   let dtf = DateTimeFormatter::try_new_unstable(
[INFO] [stdout]     |                                 ----------------------------------- required by a bound introduced by this call
[INFO] [stdout] 479 | ...                       self.data_provider.data_provider().0,
[INFO] [stdout]     |                           ^^^^^^^^^^^^^^^^^^^^^^^^^^^^^^^^^^^^ the trait `icu_provider::DataProvider<ChineseDateLengthsV1Marker>` is not implemented for `P`
[INFO] [stdout]     |
[INFO] [stdout] note: required by a bound in `DateTimeFormatter::try_new_unstable`
[INFO] [stdout]    --> /opt/rustwide/cargo-home/registry/src/index.crates.io-6f17d22bba15001f/icu_datetime-1.4.0/src/any/datetime.rs:368:15
[INFO] [stdout]     |
[INFO] [stdout] 355 |     pub fn try_new_unstable<P>(
[INFO] [stdout]     |            ---------------- required by a bound in this associated function
[INFO] [stdout] ...
[INFO] [stdout] 368 |             + DataProvider<ChineseDateLengthsV1Marker>
[INFO] [stdout]     |               ^^^^^^^^^^^^^^^^^^^^^^^^^^^^^^^^^^^^^^^^ required by this bound in `DateTimeFormatter::try_new_unstable`
[INFO] [stdout] help: consider further restricting this bound
[INFO] [stdout]     |
[INFO] [stdout] 88  |         + DataProvider<JapaneseErasV1Marker> + DataProvider<JapaneseExtendedErasV1Marker> + icu_provider::DataProvider<icu_datetime::provider::calendar::ChineseDateLengthsV1Marker>,
[INFO] [stdout]     |                                                                                           ++++++++++++++++++++++++++++++++++++++++++++++++++++++++++++++++++++++++++++++++++++++++++
[INFO] [stdout] 
[INFO] [stdout] 
[INFO] [stdout] error[E0277]: the trait bound `P: icu_provider::DataProvider<ChineseDateSymbolsV1Marker>` is not satisfied
[INFO] [stdout]    --> src/formatter.rs:479:33
[INFO] [stdout]     |
[INFO] [stdout] 478 | ...                   let dtf = DateTimeFormatter::try_new_unstable(
[INFO] [stdout]     |                                 ----------------------------------- required by a bound introduced by this call
[INFO] [stdout] 479 | ...                       self.data_provider.data_provider().0,
[INFO] [stdout]     |                           ^^^^^^^^^^^^^^^^^^^^^^^^^^^^^^^^^^^^ the trait `icu_provider::DataProvider<ChineseDateSymbolsV1Marker>` is not implemented for `P`
[INFO] [stdout]     |
[INFO] [stdout] note: required by a bound in `DateTimeFormatter::try_new_unstable`
[INFO] [stdout]    --> /opt/rustwide/cargo-home/registry/src/index.crates.io-6f17d22bba15001f/icu_datetime-1.4.0/src/any/datetime.rs:369:15
[INFO] [stdout]     |
[INFO] [stdout] 355 |     pub fn try_new_unstable<P>(
[INFO] [stdout]     |            ---------------- required by a bound in this associated function
[INFO] [stdout] ...
[INFO] [stdout] 369 |             + DataProvider<ChineseDateSymbolsV1Marker>
[INFO] [stdout]     |               ^^^^^^^^^^^^^^^^^^^^^^^^^^^^^^^^^^^^^^^^ required by this bound in `DateTimeFormatter::try_new_unstable`
[INFO] [stdout] help: consider further restricting this bound
[INFO] [stdout]     |
[INFO] [stdout] 88  |         + DataProvider<JapaneseErasV1Marker> + DataProvider<JapaneseExtendedErasV1Marker> + icu_provider::DataProvider<icu_datetime::provider::calendar::ChineseDateSymbolsV1Marker>,
[INFO] [stdout]     |                                                                                           ++++++++++++++++++++++++++++++++++++++++++++++++++++++++++++++++++++++++++++++++++++++++++
[INFO] [stdout] 
[INFO] [stdout] 
[INFO] [stdout] error[E0277]: the trait bound `P: icu_provider::DataProvider<DangiDateLengthsV1Marker>` is not satisfied
[INFO] [stdout]    --> src/formatter.rs:479:33
[INFO] [stdout]     |
[INFO] [stdout] 478 | ...                   let dtf = DateTimeFormatter::try_new_unstable(
[INFO] [stdout]     |                                 ----------------------------------- required by a bound introduced by this call
[INFO] [stdout] 479 | ...                       self.data_provider.data_provider().0,
[INFO] [stdout]     |                           ^^^^^^^^^^^^^^^^^^^^^^^^^^^^^^^^^^^^ the trait `icu_provider::DataProvider<DangiDateLengthsV1Marker>` is not implemented for `P`
[INFO] [stdout]     |
[INFO] [stdout] note: required by a bound in `DateTimeFormatter::try_new_unstable`
[INFO] [stdout]    --> /opt/rustwide/cargo-home/registry/src/index.crates.io-6f17d22bba15001f/icu_datetime-1.4.0/src/any/datetime.rs:372:15
[INFO] [stdout]     |
[INFO] [stdout] 355 |     pub fn try_new_unstable<P>(
[INFO] [stdout]     |            ---------------- required by a bound in this associated function
[INFO] [stdout] ...
[INFO] [stdout] 372 |             + DataProvider<DangiDateLengthsV1Marker>
[INFO] [stdout]     |               ^^^^^^^^^^^^^^^^^^^^^^^^^^^^^^^^^^^^^^ required by this bound in `DateTimeFormatter::try_new_unstable`
[INFO] [stdout] help: consider further restricting this bound
[INFO] [stdout]     |
[INFO] [stdout] 88  |         + DataProvider<JapaneseErasV1Marker> + DataProvider<JapaneseExtendedErasV1Marker> + icu_provider::DataProvider<icu_datetime::provider::calendar::DangiDateLengthsV1Marker>,
[INFO] [stdout]     |                                                                                           ++++++++++++++++++++++++++++++++++++++++++++++++++++++++++++++++++++++++++++++++++++++++
[INFO] [stdout] 
[INFO] [stdout] 
[INFO] [stdout] error[E0277]: the trait bound `P: icu_provider::DataProvider<DangiDateSymbolsV1Marker>` is not satisfied
[INFO] [stdout]    --> src/formatter.rs:479:33
[INFO] [stdout]     |
[INFO] [stdout] 478 | ...                   let dtf = DateTimeFormatter::try_new_unstable(
[INFO] [stdout]     |                                 ----------------------------------- required by a bound introduced by this call
[INFO] [stdout] 479 | ...                       self.data_provider.data_provider().0,
[INFO] [stdout]     |                           ^^^^^^^^^^^^^^^^^^^^^^^^^^^^^^^^^^^^ the trait `icu_provider::DataProvider<DangiDateSymbolsV1Marker>` is not implemented for `P`
[INFO] [stdout]     |
[INFO] [stdout] note: required by a bound in `DateTimeFormatter::try_new_unstable`
[INFO] [stdout]    --> /opt/rustwide/cargo-home/registry/src/index.crates.io-6f17d22bba15001f/icu_datetime-1.4.0/src/any/datetime.rs:373:15
[INFO] [stdout]     |
[INFO] [stdout] 355 |     pub fn try_new_unstable<P>(
[INFO] [stdout]     |            ---------------- required by a bound in this associated function
[INFO] [stdout] ...
[INFO] [stdout] 373 |             + DataProvider<DangiDateSymbolsV1Marker>
[INFO] [stdout]     |               ^^^^^^^^^^^^^^^^^^^^^^^^^^^^^^^^^^^^^^ required by this bound in `DateTimeFormatter::try_new_unstable`
[INFO] [stdout] help: consider further restricting this bound
[INFO] [stdout]     |
[INFO] [stdout] 88  |         + DataProvider<JapaneseErasV1Marker> + DataProvider<JapaneseExtendedErasV1Marker> + icu_provider::DataProvider<icu_datetime::provider::calendar::DangiDateSymbolsV1Marker>,
[INFO] [stdout]     |                                                                                           ++++++++++++++++++++++++++++++++++++++++++++++++++++++++++++++++++++++++++++++++++++++++
[INFO] [stdout] 
[INFO] [stdout] 
[INFO] [stdout] error[E0277]: the trait bound `P: icu_provider::DataProvider<HebrewDateLengthsV1Marker>` is not satisfied
[INFO] [stdout]    --> src/formatter.rs:479:33
[INFO] [stdout]     |
[INFO] [stdout] 478 | ...                   let dtf = DateTimeFormatter::try_new_unstable(
[INFO] [stdout]     |                                 ----------------------------------- required by a bound introduced by this call
[INFO] [stdout] 479 | ...                       self.data_provider.data_provider().0,
[INFO] [stdout]     |                           ^^^^^^^^^^^^^^^^^^^^^^^^^^^^^^^^^^^^ the trait `icu_provider::DataProvider<HebrewDateLengthsV1Marker>` is not implemented for `P`
[INFO] [stdout]     |
[INFO] [stdout] note: required by a bound in `DateTimeFormatter::try_new_unstable`
[INFO] [stdout]    --> /opt/rustwide/cargo-home/registry/src/index.crates.io-6f17d22bba15001f/icu_datetime-1.4.0/src/any/datetime.rs:378:15
[INFO] [stdout]     |
[INFO] [stdout] 355 |     pub fn try_new_unstable<P>(
[INFO] [stdout]     |            ---------------- required by a bound in this associated function
[INFO] [stdout] ...
[INFO] [stdout] 378 |             + DataProvider<HebrewDateLengthsV1Marker>
[INFO] [stdout]     |               ^^^^^^^^^^^^^^^^^^^^^^^^^^^^^^^^^^^^^^^ required by this bound in `DateTimeFormatter::try_new_unstable`
[INFO] [stdout] help: consider further restricting this bound
[INFO] [stdout]     |
[INFO] [stdout] 88  |         + DataProvider<JapaneseErasV1Marker> + DataProvider<JapaneseExtendedErasV1Marker> + icu_provider::DataProvider<icu_datetime::provider::calendar::HebrewDateLengthsV1Marker>,
[INFO] [stdout]     |                                                                                           +++++++++++++++++++++++++++++++++++++++++++++++++++++++++++++++++++++++++++++++++++++++++
[INFO] [stdout] 
[INFO] [stdout] 
[INFO] [stdout] error[E0277]: the trait bound `P: icu_provider::DataProvider<HebrewDateSymbolsV1Marker>` is not satisfied
[INFO] [stdout]    --> src/formatter.rs:479:33
[INFO] [stdout]     |
[INFO] [stdout] 478 | ...                   let dtf = DateTimeFormatter::try_new_unstable(
[INFO] [stdout]     |                                 ----------------------------------- required by a bound introduced by this call
[INFO] [stdout] 479 | ...                       self.data_provider.data_provider().0,
[INFO] [stdout]     |                           ^^^^^^^^^^^^^^^^^^^^^^^^^^^^^^^^^^^^ the trait `icu_provider::DataProvider<HebrewDateSymbolsV1Marker>` is not implemented for `P`
[INFO] [stdout]     |
[INFO] [stdout] note: required by a bound in `DateTimeFormatter::try_new_unstable`
[INFO] [stdout]    --> /opt/rustwide/cargo-home/registry/src/index.crates.io-6f17d22bba15001f/icu_datetime-1.4.0/src/any/datetime.rs:379:15
[INFO] [stdout]     |
[INFO] [stdout] 355 |     pub fn try_new_unstable<P>(
[INFO] [stdout]     |            ---------------- required by a bound in this associated function
[INFO] [stdout] ...
[INFO] [stdout] 379 |             + DataProvider<HebrewDateSymbolsV1Marker>
[INFO] [stdout]     |               ^^^^^^^^^^^^^^^^^^^^^^^^^^^^^^^^^^^^^^^ required by this bound in `DateTimeFormatter::try_new_unstable`
[INFO] [stdout] help: consider further restricting this bound
[INFO] [stdout]     |
[INFO] [stdout] 88  |         + DataProvider<JapaneseErasV1Marker> + DataProvider<JapaneseExtendedErasV1Marker> + icu_provider::DataProvider<icu_datetime::provider::calendar::HebrewDateSymbolsV1Marker>,
[INFO] [stdout]     |                                                                                           +++++++++++++++++++++++++++++++++++++++++++++++++++++++++++++++++++++++++++++++++++++++++
[INFO] [stdout] 
[INFO] [stdout] 
[INFO] [stdout] error[E0277]: the trait bound `P: icu_provider::DataProvider<IslamicDateLengthsV1Marker>` is not satisfied
[INFO] [stdout]    --> src/formatter.rs:479:33
[INFO] [stdout]     |
[INFO] [stdout] 478 | ...                   let dtf = DateTimeFormatter::try_new_unstable(
[INFO] [stdout]     |                                 ----------------------------------- required by a bound introduced by this call
[INFO] [stdout] 479 | ...                       self.data_provider.data_provider().0,
[INFO] [stdout]     |                           ^^^^^^^^^^^^^^^^^^^^^^^^^^^^^^^^^^^^ the trait `icu_provider::DataProvider<IslamicDateLengthsV1Marker>` is not implemented for `P`
[INFO] [stdout]     |
[INFO] [stdout] note: required by a bound in `DateTimeFormatter::try_new_unstable`
[INFO] [stdout]    --> /opt/rustwide/cargo-home/registry/src/index.crates.io-6f17d22bba15001f/icu_datetime-1.4.0/src/any/datetime.rs:382:15
[INFO] [stdout]     |
[INFO] [stdout] 355 |     pub fn try_new_unstable<P>(
[INFO] [stdout]     |            ---------------- required by a bound in this associated function
[INFO] [stdout] ...
[INFO] [stdout] 382 |             + DataProvider<IslamicDateLengthsV1Marker>
[INFO] [stdout]     |               ^^^^^^^^^^^^^^^^^^^^^^^^^^^^^^^^^^^^^^^^ required by this bound in `DateTimeFormatter::try_new_unstable`
[INFO] [stdout] help: consider further restricting this bound
[INFO] [stdout]     |
[INFO] [stdout] 88  |         + DataProvider<JapaneseErasV1Marker> + DataProvider<JapaneseExtendedErasV1Marker> + icu_provider::DataProvider<icu_datetime::provider::calendar::IslamicDateLengthsV1Marker>,
[INFO] [stdout]     |                                                                                           ++++++++++++++++++++++++++++++++++++++++++++++++++++++++++++++++++++++++++++++++++++++++++
[INFO] [stdout] 
[INFO] [stdout] 
[INFO] [stdout] error[E0277]: the trait bound `P: icu_provider::DataProvider<IslamicDateSymbolsV1Marker>` is not satisfied
[INFO] [stdout]    --> src/formatter.rs:479:33
[INFO] [stdout]     |
[INFO] [stdout] 478 | ...                   let dtf = DateTimeFormatter::try_new_unstable(
[INFO] [stdout]     |                                 ----------------------------------- required by a bound introduced by this call
[INFO] [stdout] 479 | ...                       self.data_provider.data_provider().0,
[INFO] [stdout]     |                           ^^^^^^^^^^^^^^^^^^^^^^^^^^^^^^^^^^^^ the trait `icu_provider::DataProvider<IslamicDateSymbolsV1Marker>` is not implemented for `P`
[INFO] [stdout]     |
[INFO] [stdout] note: required by a bound in `DateTimeFormatter::try_new_unstable`
[INFO] [stdout]    --> /opt/rustwide/cargo-home/registry/src/index.crates.io-6f17d22bba15001f/icu_datetime-1.4.0/src/any/datetime.rs:383:15
[INFO] [stdout]     |
[INFO] [stdout] 355 |     pub fn try_new_unstable<P>(
[INFO] [stdout]     |            ---------------- required by a bound in this associated function
[INFO] [stdout] ...
[INFO] [stdout] 383 |             + DataProvider<IslamicDateSymbolsV1Marker>
[INFO] [stdout]     |               ^^^^^^^^^^^^^^^^^^^^^^^^^^^^^^^^^^^^^^^^ required by this bound in `DateTimeFormatter::try_new_unstable`
[INFO] [stdout] help: consider further restricting this bound
[INFO] [stdout]     |
[INFO] [stdout] 88  |         + DataProvider<JapaneseErasV1Marker> + DataProvider<JapaneseExtendedErasV1Marker> + icu_provider::DataProvider<icu_datetime::provider::calendar::IslamicDateSymbolsV1Marker>,
[INFO] [stdout]     |                                                                                           ++++++++++++++++++++++++++++++++++++++++++++++++++++++++++++++++++++++++++++++++++++++++++
[INFO] [stdout] 
[INFO] [stdout] 
[INFO] [stdout] error[E0277]: the trait bound `P: icu_provider::DataProvider<PersianDateLengthsV1Marker>` is not satisfied
[INFO] [stdout]    --> src/formatter.rs:479:33
[INFO] [stdout]     |
[INFO] [stdout] 478 | ...                   let dtf = DateTimeFormatter::try_new_unstable(
[INFO] [stdout]     |                                 ----------------------------------- required by a bound introduced by this call
[INFO] [stdout] 479 | ...                       self.data_provider.data_provider().0,
[INFO] [stdout]     |                           ^^^^^^^^^^^^^^^^^^^^^^^^^^^^^^^^^^^^ the trait `icu_provider::DataProvider<PersianDateLengthsV1Marker>` is not implemented for `P`
[INFO] [stdout]     |
[INFO] [stdout] note: required by a bound in `DateTimeFormatter::try_new_unstable`
[INFO] [stdout]    --> /opt/rustwide/cargo-home/registry/src/index.crates.io-6f17d22bba15001f/icu_datetime-1.4.0/src/any/datetime.rs:390:15
[INFO] [stdout]     |
[INFO] [stdout] 355 |     pub fn try_new_unstable<P>(
[INFO] [stdout]     |            ---------------- required by a bound in this associated function
[INFO] [stdout] ...
[INFO] [stdout] 390 |             + DataProvider<PersianDateLengthsV1Marker>
[INFO] [stdout]     |               ^^^^^^^^^^^^^^^^^^^^^^^^^^^^^^^^^^^^^^^^ required by this bound in `DateTimeFormatter::try_new_unstable`
[INFO] [stdout] help: consider further restricting this bound
[INFO] [stdout]     |
[INFO] [stdout] 88  |         + DataProvider<JapaneseErasV1Marker> + DataProvider<JapaneseExtendedErasV1Marker> + icu_provider::DataProvider<icu_datetime::provider::calendar::PersianDateLengthsV1Marker>,
[INFO] [stdout]     |                                                                                           ++++++++++++++++++++++++++++++++++++++++++++++++++++++++++++++++++++++++++++++++++++++++++
[INFO] [stdout] 
[INFO] [stdout] 
[INFO] [stdout] error[E0277]: the trait bound `P: icu_provider::DataProvider<PersianDateSymbolsV1Marker>` is not satisfied
[INFO] [stdout]    --> src/formatter.rs:479:33
[INFO] [stdout]     |
[INFO] [stdout] 478 | ...                   let dtf = DateTimeFormatter::try_new_unstable(
[INFO] [stdout]     |                                 ----------------------------------- required by a bound introduced by this call
[INFO] [stdout] 479 | ...                       self.data_provider.data_provider().0,
[INFO] [stdout]     |                           ^^^^^^^^^^^^^^^^^^^^^^^^^^^^^^^^^^^^ the trait `icu_provider::DataProvider<PersianDateSymbolsV1Marker>` is not implemented for `P`
[INFO] [stdout]     |
[INFO] [stdout] note: required by a bound in `DateTimeFormatter::try_new_unstable`
[INFO] [stdout]    --> /opt/rustwide/cargo-home/registry/src/index.crates.io-6f17d22bba15001f/icu_datetime-1.4.0/src/any/datetime.rs:391:15
[INFO] [stdout]     |
[INFO] [stdout] 355 |     pub fn try_new_unstable<P>(
[INFO] [stdout]     |            ---------------- required by a bound in this associated function
[INFO] [stdout] ...
[INFO] [stdout] 391 |             + DataProvider<PersianDateSymbolsV1Marker>
[INFO] [stdout]     |               ^^^^^^^^^^^^^^^^^^^^^^^^^^^^^^^^^^^^^^^^ required by this bound in `DateTimeFormatter::try_new_unstable`
[INFO] [stdout] help: consider further restricting this bound
[INFO] [stdout]     |
[INFO] [stdout] 88  |         + DataProvider<JapaneseErasV1Marker> + DataProvider<JapaneseExtendedErasV1Marker> + icu_provider::DataProvider<icu_datetime::provider::calendar::PersianDateSymbolsV1Marker>,
[INFO] [stdout]     |                                                                                           ++++++++++++++++++++++++++++++++++++++++++++++++++++++++++++++++++++++++++++++++++++++++++
[INFO] [stdout] 
[INFO] [stdout] 
[INFO] [stdout] error[E0277]: the trait bound `P: icu_provider::DataProvider<RocDateLengthsV1Marker>` is not satisfied
[INFO] [stdout]    --> src/formatter.rs:479:33
[INFO] [stdout]     |
[INFO] [stdout] 478 | ...                   let dtf = DateTimeFormatter::try_new_unstable(
[INFO] [stdout]     |                                 ----------------------------------- required by a bound introduced by this call
[INFO] [stdout] 479 | ...                       self.data_provider.data_provider().0,
[INFO] [stdout]     |                           ^^^^^^^^^^^^^^^^^^^^^^^^^^^^^^^^^^^^ the trait `icu_provider::DataProvider<RocDateLengthsV1Marker>` is not implemented for `P`
[INFO] [stdout]     |
[INFO] [stdout] note: required by a bound in `DateTimeFormatter::try_new_unstable`
[INFO] [stdout]    --> /opt/rustwide/cargo-home/registry/src/index.crates.io-6f17d22bba15001f/icu_datetime-1.4.0/src/any/datetime.rs:392:15
[INFO] [stdout]     |
[INFO] [stdout] 355 |     pub fn try_new_unstable<P>(
[INFO] [stdout]     |            ---------------- required by a bound in this associated function
[INFO] [stdout] ...
[INFO] [stdout] 392 |             + DataProvider<RocDateLengthsV1Marker>
[INFO] [stdout]     |               ^^^^^^^^^^^^^^^^^^^^^^^^^^^^^^^^^^^^ required by this bound in `DateTimeFormatter::try_new_unstable`
[INFO] [stdout] help: consider further restricting this bound
[INFO] [stdout]     |
[INFO] [stdout] 88  |         + DataProvider<JapaneseErasV1Marker> + DataProvider<JapaneseExtendedErasV1Marker> + icu_provider::DataProvider<icu_datetime::provider::calendar::RocDateLengthsV1Marker>,
[INFO] [stdout]     |                                                                                           ++++++++++++++++++++++++++++++++++++++++++++++++++++++++++++++++++++++++++++++++++++++
[INFO] [stdout] 
[INFO] [stdout] 
[INFO] [stdout] error[E0277]: the trait bound `P: icu_provider::DataProvider<RocDateSymbolsV1Marker>` is not satisfied
[INFO] [stdout]    --> src/formatter.rs:479:33
[INFO] [stdout]     |
[INFO] [stdout] 478 | ...                   let dtf = DateTimeFormatter::try_new_unstable(
[INFO] [stdout]     |                                 ----------------------------------- required by a bound introduced by this call
[INFO] [stdout] 479 | ...                       self.data_provider.data_provider().0,
[INFO] [stdout]     |                           ^^^^^^^^^^^^^^^^^^^^^^^^^^^^^^^^^^^^ the trait `icu_provider::DataProvider<RocDateSymbolsV1Marker>` is not implemented for `P`
[INFO] [stdout]     |
[INFO] [stdout] note: required by a bound in `DateTimeFormatter::try_new_unstable`
[INFO] [stdout]    --> /opt/rustwide/cargo-home/registry/src/index.crates.io-6f17d22bba15001f/icu_datetime-1.4.0/src/any/datetime.rs:393:15
[INFO] [stdout]     |
[INFO] [stdout] 355 |     pub fn try_new_unstable<P>(
[INFO] [stdout]     |            ---------------- required by a bound in this associated function
[INFO] [stdout] ...
[INFO] [stdout] 393 |             + DataProvider<RocDateSymbolsV1Marker>
[INFO] [stdout]     |               ^^^^^^^^^^^^^^^^^^^^^^^^^^^^^^^^^^^^ required by this bound in `DateTimeFormatter::try_new_unstable`
[INFO] [stdout] help: consider further restricting this bound
[INFO] [stdout]     |
[INFO] [stdout] 88  |         + DataProvider<JapaneseErasV1Marker> + DataProvider<JapaneseExtendedErasV1Marker> + icu_provider::DataProvider<icu_datetime::provider::calendar::RocDateSymbolsV1Marker>,
[INFO] [stdout]     |                                                                                           ++++++++++++++++++++++++++++++++++++++++++++++++++++++++++++++++++++++++++++++++++++++
[INFO] [stdout] 
[INFO] [stdout] 
[INFO] [stdout] error[E0277]: the trait bound `P: icu_provider::DataProvider<ChineseDateLengthsV1Marker>` is not satisfied
[INFO] [stdout]    --> src/formatter.rs:488:33
[INFO] [stdout]     |
[INFO] [stdout] 487 | ...                   let df = DateFormatter::try_new_with_length_unstable(
[INFO] [stdout]     |                                ------------------------------------------- required by a bound introduced by this call
[INFO] [stdout] 488 | ...                       self.data_provider.data_provider().0,
[INFO] [stdout]     |                           ^^^^^^^^^^^^^^^^^^^^^^^^^^^^^^^^^^^^ the trait `icu_provider::DataProvider<ChineseDateLengthsV1Marker>` is not implemented for `P`
[INFO] [stdout]     |
[INFO] [stdout] note: required by a bound in `DateFormatter::try_new_with_length_unstable`
[INFO] [stdout]    --> /opt/rustwide/cargo-home/registry/src/index.crates.io-6f17d22bba15001f/icu_datetime-1.4.0/src/any/date.rs:168:15
[INFO] [stdout]     |
[INFO] [stdout] 155 |     pub fn try_new_with_length_unstable<P>(
[INFO] [stdout]     |            ---------------------------- required by a bound in this associated function
[INFO] [stdout] ...
[INFO] [stdout] 168 |             + DataProvider<ChineseDateLengthsV1Marker>
[INFO] [stdout]     |               ^^^^^^^^^^^^^^^^^^^^^^^^^^^^^^^^^^^^^^^^ required by this bound in `DateFormatter::try_new_with_length_unstable`
[INFO] [stdout] help: consider further restricting this bound
[INFO] [stdout]     |
[INFO] [stdout] 88  |         + DataProvider<JapaneseErasV1Marker> + DataProvider<JapaneseExtendedErasV1Marker> + icu_provider::DataProvider<icu_datetime::provider::calendar::ChineseDateLengthsV1Marker>,
[INFO] [stdout]     |                                                                                           ++++++++++++++++++++++++++++++++++++++++++++++++++++++++++++++++++++++++++++++++++++++++++
[INFO] [stdout] 
[INFO] [stdout] 
[INFO] [stdout] error[E0277]: the trait bound `P: icu_provider::DataProvider<ChineseDateSymbolsV1Marker>` is not satisfied
[INFO] [stdout]    --> src/formatter.rs:488:33
[INFO] [stdout]     |
[INFO] [stdout] 487 | ...                   let df = DateFormatter::try_new_with_length_unstable(
[INFO] [stdout]     |                                ------------------------------------------- required by a bound introduced by this call
[INFO] [stdout] 488 | ...                       self.data_provider.data_provider().0,
[INFO] [stdout]     |                           ^^^^^^^^^^^^^^^^^^^^^^^^^^^^^^^^^^^^ the trait `icu_provider::DataProvider<ChineseDateSymbolsV1Marker>` is not implemented for `P`
[INFO] [stdout]     |
[INFO] [stdout] note: required by a bound in `DateFormatter::try_new_with_length_unstable`
[INFO] [stdout]    --> /opt/rustwide/cargo-home/registry/src/index.crates.io-6f17d22bba15001f/icu_datetime-1.4.0/src/any/date.rs:169:15
[INFO] [stdout]     |
[INFO] [stdout] 155 |     pub fn try_new_with_length_unstable<P>(
[INFO] [stdout]     |            ---------------------------- required by a bound in this associated function
[INFO] [stdout] ...
[INFO] [stdout] 169 |             + DataProvider<ChineseDateSymbolsV1Marker>
[INFO] [stdout]     |               ^^^^^^^^^^^^^^^^^^^^^^^^^^^^^^^^^^^^^^^^ required by this bound in `DateFormatter::try_new_with_length_unstable`
[INFO] [stdout] help: consider further restricting this bound
[INFO] [stdout]     |
[INFO] [stdout] 88  |         + DataProvider<JapaneseErasV1Marker> + DataProvider<JapaneseExtendedErasV1Marker> + icu_provider::DataProvider<icu_datetime::provider::calendar::ChineseDateSymbolsV1Marker>,
[INFO] [stdout]     |                                                                                           ++++++++++++++++++++++++++++++++++++++++++++++++++++++++++++++++++++++++++++++++++++++++++
[INFO] [stdout] 
[INFO] [stdout] 
[INFO] [stdout] error[E0277]: the trait bound `P: icu_provider::DataProvider<DangiDateLengthsV1Marker>` is not satisfied
[INFO] [stdout]    --> src/formatter.rs:488:33
[INFO] [stdout]     |
[INFO] [stdout] 487 | ...                   let df = DateFormatter::try_new_with_length_unstable(
[INFO] [stdout]     |                                ------------------------------------------- required by a bound introduced by this call
[INFO] [stdout] 488 | ...                       self.data_provider.data_provider().0,
[INFO] [stdout]     |                           ^^^^^^^^^^^^^^^^^^^^^^^^^^^^^^^^^^^^ the trait `icu_provider::DataProvider<DangiDateLengthsV1Marker>` is not implemented for `P`
[INFO] [stdout]     |
[INFO] [stdout] note: required by a bound in `DateFormatter::try_new_with_length_unstable`
[INFO] [stdout]    --> /opt/rustwide/cargo-home/registry/src/index.crates.io-6f17d22bba15001f/icu_datetime-1.4.0/src/any/date.rs:172:15
[INFO] [stdout]     |
[INFO] [stdout] 155 |     pub fn try_new_with_length_unstable<P>(
[INFO] [stdout]     |            ---------------------------- required by a bound in this associated function
[INFO] [stdout] ...
[INFO] [stdout] 172 |             + DataProvider<DangiDateLengthsV1Marker>
[INFO] [stdout]     |               ^^^^^^^^^^^^^^^^^^^^^^^^^^^^^^^^^^^^^^ required by this bound in `DateFormatter::try_new_with_length_unstable`
[INFO] [stdout] help: consider further restricting this bound
[INFO] [stdout]     |
[INFO] [stdout] 88  |         + DataProvider<JapaneseErasV1Marker> + DataProvider<JapaneseExtendedErasV1Marker> + icu_provider::DataProvider<icu_datetime::provider::calendar::DangiDateLengthsV1Marker>,
[INFO] [stdout]     |                                                                                           ++++++++++++++++++++++++++++++++++++++++++++++++++++++++++++++++++++++++++++++++++++++++
[INFO] [stdout] 
[INFO] [stdout] 
[INFO] [stdout] error[E0277]: the trait bound `P: icu_provider::DataProvider<DangiDateSymbolsV1Marker>` is not satisfied
[INFO] [stdout]    --> src/formatter.rs:488:33
[INFO] [stdout]     |
[INFO] [stdout] 487 | ...                   let df = DateFormatter::try_new_with_length_unstable(
[INFO] [stdout]     |                                ------------------------------------------- required by a bound introduced by this call
[INFO] [stdout] 488 | ...                       self.data_provider.data_provider().0,
[INFO] [stdout]     |                           ^^^^^^^^^^^^^^^^^^^^^^^^^^^^^^^^^^^^ the trait `icu_provider::DataProvider<DangiDateSymbolsV1Marker>` is not implemented for `P`
[INFO] [stdout]     |
[INFO] [stdout] note: required by a bound in `DateFormatter::try_new_with_length_unstable`
[INFO] [stdout]    --> /opt/rustwide/cargo-home/registry/src/index.crates.io-6f17d22bba15001f/icu_datetime-1.4.0/src/any/date.rs:173:15
[INFO] [stdout]     |
[INFO] [stdout] 155 |     pub fn try_new_with_length_unstable<P>(
[INFO] [stdout]     |            ---------------------------- required by a bound in this associated function
[INFO] [stdout] ...
[INFO] [stdout] 173 |             + DataProvider<DangiDateSymbolsV1Marker>
[INFO] [stdout]     |               ^^^^^^^^^^^^^^^^^^^^^^^^^^^^^^^^^^^^^^ required by this bound in `DateFormatter::try_new_with_length_unstable`
[INFO] [stdout] help: consider further restricting this bound
[INFO] [stdout]     |
[INFO] [stdout] 88  |         + DataProvider<JapaneseErasV1Marker> + DataProvider<JapaneseExtendedErasV1Marker> + icu_provider::DataProvider<icu_datetime::provider::calendar::DangiDateSymbolsV1Marker>,
[INFO] [stdout]     |                                                                                           ++++++++++++++++++++++++++++++++++++++++++++++++++++++++++++++++++++++++++++++++++++++++
[INFO] [stdout] 
[INFO] [stdout] 
[INFO] [stdout] error[E0277]: the trait bound `P: icu_provider::DataProvider<HebrewDateLengthsV1Marker>` is not satisfied
[INFO] [stdout]    --> src/formatter.rs:488:33
[INFO] [stdout]     |
[INFO] [stdout] 487 | ...                   let df = DateFormatter::try_new_with_length_unstable(
[INFO] [stdout]     |                                ------------------------------------------- required by a bound introduced by this call
[INFO] [stdout] 488 | ...                       self.data_provider.data_provider().0,
[INFO] [stdout]     |                           ^^^^^^^^^^^^^^^^^^^^^^^^^^^^^^^^^^^^ the trait `icu_provider::DataProvider<HebrewDateLengthsV1Marker>` is not implemented for `P`
[INFO] [stdout]     |
[INFO] [stdout] note: required by a bound in `DateFormatter::try_new_with_length_unstable`
[INFO] [stdout]    --> /opt/rustwide/cargo-home/registry/src/index.crates.io-6f17d22bba15001f/icu_datetime-1.4.0/src/any/date.rs:178:15
[INFO] [stdout]     |
[INFO] [stdout] 155 |     pub fn try_new_with_length_unstable<P>(
[INFO] [stdout]     |            ---------------------------- required by a bound in this associated function
[INFO] [stdout] ...
[INFO] [stdout] 178 |             + DataProvider<HebrewDateLengthsV1Marker>
[INFO] [stdout]     |               ^^^^^^^^^^^^^^^^^^^^^^^^^^^^^^^^^^^^^^^ required by this bound in `DateFormatter::try_new_with_length_unstable`
[INFO] [stdout] help: consider further restricting this bound
[INFO] [stdout]     |
[INFO] [stdout] 88  |         + DataProvider<JapaneseErasV1Marker> + DataProvider<JapaneseExtendedErasV1Marker> + icu_provider::DataProvider<icu_datetime::provider::calendar::HebrewDateLengthsV1Marker>,
[INFO] [stdout]     |                                                                                           +++++++++++++++++++++++++++++++++++++++++++++++++++++++++++++++++++++++++++++++++++++++++
[INFO] [stdout] 
[INFO] [stdout] 
[INFO] [stdout] error[E0277]: the trait bound `P: icu_provider::DataProvider<HebrewDateSymbolsV1Marker>` is not satisfied
[INFO] [stdout]    --> src/formatter.rs:488:33
[INFO] [stdout]     |
[INFO] [stdout] 487 | ...                   let df = DateFormatter::try_new_with_length_unstable(
[INFO] [stdout]     |                                ------------------------------------------- required by a bound introduced by this call
[INFO] [stdout] 488 | ...                       self.data_provider.data_provider().0,
[INFO] [stdout]     |                           ^^^^^^^^^^^^^^^^^^^^^^^^^^^^^^^^^^^^ the trait `icu_provider::DataProvider<HebrewDateSymbolsV1Marker>` is not implemented for `P`
[INFO] [stdout]     |
[INFO] [stdout] note: required by a bound in `DateFormatter::try_new_with_length_unstable`
[INFO] [stdout]    --> /opt/rustwide/cargo-home/registry/src/index.crates.io-6f17d22bba15001f/icu_datetime-1.4.0/src/any/date.rs:179:15
[INFO] [stdout]     |
[INFO] [stdout] 155 |     pub fn try_new_with_length_unstable<P>(
[INFO] [stdout]     |            ---------------------------- required by a bound in this associated function
[INFO] [stdout] ...
[INFO] [stdout] 179 |             + DataProvider<HebrewDateSymbolsV1Marker>
[INFO] [stdout]     |               ^^^^^^^^^^^^^^^^^^^^^^^^^^^^^^^^^^^^^^^ required by this bound in `DateFormatter::try_new_with_length_unstable`
[INFO] [stdout] help: consider further restricting this bound
[INFO] [stdout]     |
[INFO] [stdout] 88  |         + DataProvider<JapaneseErasV1Marker> + DataProvider<JapaneseExtendedErasV1Marker> + icu_provider::DataProvider<icu_datetime::provider::calendar::HebrewDateSymbolsV1Marker>,
[INFO] [stdout]     |                                                                                           +++++++++++++++++++++++++++++++++++++++++++++++++++++++++++++++++++++++++++++++++++++++++
[INFO] [stdout] 
[INFO] [stdout] 
[INFO] [stdout] error[E0277]: the trait bound `P: icu_provider::DataProvider<IslamicDateLengthsV1Marker>` is not satisfied
[INFO] [stdout]    --> src/formatter.rs:488:33
[INFO] [stdout]     |
[INFO] [stdout] 487 | ...                   let df = DateFormatter::try_new_with_length_unstable(
[INFO] [stdout]     |                                ------------------------------------------- required by a bound introduced by this call
[INFO] [stdout] 488 | ...                       self.data_provider.data_provider().0,
[INFO] [stdout]     |                           ^^^^^^^^^^^^^^^^^^^^^^^^^^^^^^^^^^^^ the trait `icu_provider::DataProvider<IslamicDateLengthsV1Marker>` is not implemented for `P`
[INFO] [stdout]     |
[INFO] [stdout] note: required by a bound in `DateFormatter::try_new_with_length_unstable`
[INFO] [stdout]    --> /opt/rustwide/cargo-home/registry/src/index.crates.io-6f17d22bba15001f/icu_datetime-1.4.0/src/any/date.rs:182:15
[INFO] [stdout]     |
[INFO] [stdout] 155 |     pub fn try_new_with_length_unstable<P>(
[INFO] [stdout]     |            ---------------------------- required by a bound in this associated function
[INFO] [stdout] ...
[INFO] [stdout] 182 |             + DataProvider<IslamicDateLengthsV1Marker>
[INFO] [stdout]     |               ^^^^^^^^^^^^^^^^^^^^^^^^^^^^^^^^^^^^^^^^ required by this bound in `DateFormatter::try_new_with_length_unstable`
[INFO] [stdout] help: consider further restricting this bound
[INFO] [stdout]     |
[INFO] [stdout] 88  |         + DataProvider<JapaneseErasV1Marker> + DataProvider<JapaneseExtendedErasV1Marker> + icu_provider::DataProvider<icu_datetime::provider::calendar::IslamicDateLengthsV1Marker>,
[INFO] [stdout]     |                                                                                           ++++++++++++++++++++++++++++++++++++++++++++++++++++++++++++++++++++++++++++++++++++++++++
[INFO] [stdout] 
[INFO] [stdout] 
[INFO] [stdout] error[E0277]: the trait bound `P: icu_provider::DataProvider<IslamicDateSymbolsV1Marker>` is not satisfied
[INFO] [stdout]    --> src/formatter.rs:488:33
[INFO] [stdout]     |
[INFO] [stdout] 487 | ...                   let df = DateFormatter::try_new_with_length_unstable(
[INFO] [stdout]     |                                ------------------------------------------- required by a bound introduced by this call
[INFO] [stdout] 488 | ...                       self.data_provider.data_provider().0,
[INFO] [stdout]     |                           ^^^^^^^^^^^^^^^^^^^^^^^^^^^^^^^^^^^^ the trait `icu_provider::DataProvider<IslamicDateSymbolsV1Marker>` is not implemented for `P`
[INFO] [stdout]     |
[INFO] [stdout] note: required by a bound in `DateFormatter::try_new_with_length_unstable`
[INFO] [stdout]    --> /opt/rustwide/cargo-home/registry/src/index.crates.io-6f17d22bba15001f/icu_datetime-1.4.0/src/any/date.rs:183:15
[INFO] [stdout]     |
[INFO] [stdout] 155 |     pub fn try_new_with_length_unstable<P>(
[INFO] [stdout]     |            ---------------------------- required by a bound in this associated function
[INFO] [stdout] ...
[INFO] [stdout] 183 |             + DataProvider<IslamicDateSymbolsV1Marker>
[INFO] [stdout]     |               ^^^^^^^^^^^^^^^^^^^^^^^^^^^^^^^^^^^^^^^^ required by this bound in `DateFormatter::try_new_with_length_unstable`
[INFO] [stdout] help: consider further restricting this bound
[INFO] [stdout]     |
[INFO] [stdout] 88  |         + DataProvider<JapaneseErasV1Marker> + DataProvider<JapaneseExtendedErasV1Marker> + icu_provider::DataProvider<icu_datetime::provider::calendar::IslamicDateSymbolsV1Marker>,
[INFO] [stdout]     |                                                                                           ++++++++++++++++++++++++++++++++++++++++++++++++++++++++++++++++++++++++++++++++++++++++++
[INFO] [stdout] 
[INFO] [stdout] 
[INFO] [stdout] error[E0277]: the trait bound `P: icu_provider::DataProvider<PersianDateLengthsV1Marker>` is not satisfied
[INFO] [stdout]    --> src/formatter.rs:488:33
[INFO] [stdout]     |
[INFO] [stdout] 487 | ...                   let df = DateFormatter::try_new_with_length_unstable(
[INFO] [stdout]     |                                ------------------------------------------- required by a bound introduced by this call
[INFO] [stdout] 488 | ...                       self.data_provider.data_provider().0,
[INFO] [stdout]     |                           ^^^^^^^^^^^^^^^^^^^^^^^^^^^^^^^^^^^^ the trait `icu_provider::DataProvider<PersianDateLengthsV1Marker>` is not implemented for `P`
[INFO] [stdout]     |
[INFO] [stdout] note: required by a bound in `DateFormatter::try_new_with_length_unstable`
[INFO] [stdout]    --> /opt/rustwide/cargo-home/registry/src/index.crates.io-6f17d22bba15001f/icu_datetime-1.4.0/src/any/date.rs:190:15
[INFO] [stdout]     |
[INFO] [stdout] 155 |     pub fn try_new_with_length_unstable<P>(
[INFO] [stdout]     |            ---------------------------- required by a bound in this associated function
[INFO] [stdout] ...
[INFO] [stdout] 190 |             + DataProvider<PersianDateLengthsV1Marker>
[INFO] [stdout]     |               ^^^^^^^^^^^^^^^^^^^^^^^^^^^^^^^^^^^^^^^^ required by this bound in `DateFormatter::try_new_with_length_unstable`
[INFO] [stdout] help: consider further restricting this bound
[INFO] [stdout]     |
[INFO] [stdout] 88  |         + DataProvider<JapaneseErasV1Marker> + DataProvider<JapaneseExtendedErasV1Marker> + icu_provider::DataProvider<icu_datetime::provider::calendar::PersianDateLengthsV1Marker>,
[INFO] [stdout]     |                                                                                           ++++++++++++++++++++++++++++++++++++++++++++++++++++++++++++++++++++++++++++++++++++++++++
[INFO] [stdout] 
[INFO] [stdout] 
[INFO] [stdout] error[E0277]: the trait bound `P: icu_provider::DataProvider<PersianDateSymbolsV1Marker>` is not satisfied
[INFO] [stdout]    --> src/formatter.rs:488:33
[INFO] [stdout]     |
[INFO] [stdout] 487 | ...                   let df = DateFormatter::try_new_with_length_unstable(
[INFO] [stdout]     |                                ------------------------------------------- required by a bound introduced by this call
[INFO] [stdout] 488 | ...                       self.data_provider.data_provider().0,
[INFO] [stdout]     |                           ^^^^^^^^^^^^^^^^^^^^^^^^^^^^^^^^^^^^ the trait `icu_provider::DataProvider<PersianDateSymbolsV1Marker>` is not implemented for `P`
[INFO] [stdout]     |
[INFO] [stdout] note: required by a bound in `DateFormatter::try_new_with_length_unstable`
[INFO] [stdout]    --> /opt/rustwide/cargo-home/registry/src/index.crates.io-6f17d22bba15001f/icu_datetime-1.4.0/src/any/date.rs:191:15
[INFO] [stdout]     |
[INFO] [stdout] 155 |     pub fn try_new_with_length_unstable<P>(
[INFO] [stdout]     |            ---------------------------- required by a bound in this associated function
[INFO] [stdout] ...
[INFO] [stdout] 191 |             + DataProvider<PersianDateSymbolsV1Marker>
[INFO] [stdout]     |               ^^^^^^^^^^^^^^^^^^^^^^^^^^^^^^^^^^^^^^^^ required by this bound in `DateFormatter::try_new_with_length_unstable`
[INFO] [stdout] help: consider further restricting this bound
[INFO] [stdout]     |
[INFO] [stdout] 88  |         + DataProvider<JapaneseErasV1Marker> + DataProvider<JapaneseExtendedErasV1Marker> + icu_provider::DataProvider<icu_datetime::provider::calendar::PersianDateSymbolsV1Marker>,
[INFO] [stdout]     |                                                                                           ++++++++++++++++++++++++++++++++++++++++++++++++++++++++++++++++++++++++++++++++++++++++++
[INFO] [stdout] 
[INFO] [stdout] 
[INFO] [stdout] error[E0277]: the trait bound `P: icu_provider::DataProvider<RocDateLengthsV1Marker>` is not satisfied
[INFO] [stdout]    --> src/formatter.rs:488:33
[INFO] [stdout]     |
[INFO] [stdout] 487 | ...                   let df = DateFormatter::try_new_with_length_unstable(
[INFO] [stdout]     |                                ------------------------------------------- required by a bound introduced by this call
[INFO] [stdout] 488 | ...                       self.data_provider.data_provider().0,
[INFO] [stdout]     |                           ^^^^^^^^^^^^^^^^^^^^^^^^^^^^^^^^^^^^ the trait `icu_provider::DataProvider<RocDateLengthsV1Marker>` is not implemented for `P`
[INFO] [stdout]     |
[INFO] [stdout] note: required by a bound in `DateFormatter::try_new_with_length_unstable`
[INFO] [stdout]    --> /opt/rustwide/cargo-home/registry/src/index.crates.io-6f17d22bba15001f/icu_datetime-1.4.0/src/any/date.rs:192:15
[INFO] [stdout]     |
[INFO] [stdout] 155 |     pub fn try_new_with_length_unstable<P>(
[INFO] [stdout]     |            ---------------------------- required by a bound in this associated function
[INFO] [stdout] ...
[INFO] [stdout] 192 |             + DataProvider<RocDateLengthsV1Marker>
[INFO] [stdout]     |               ^^^^^^^^^^^^^^^^^^^^^^^^^^^^^^^^^^^^ required by this bound in `DateFormatter::try_new_with_length_unstable`
[INFO] [stdout] help: consider further restricting this bound
[INFO] [stdout]     |
[INFO] [stdout] 88  |         + DataProvider<JapaneseErasV1Marker> + DataProvider<JapaneseExtendedErasV1Marker> + icu_provider::DataProvider<icu_datetime::provider::calendar::RocDateLengthsV1Marker>,
[INFO] [stdout]     |                                                                                           ++++++++++++++++++++++++++++++++++++++++++++++++++++++++++++++++++++++++++++++++++++++
[INFO] [stdout] 
[INFO] [stdout] 
[INFO] [stdout] error[E0277]: the trait bound `P: icu_provider::DataProvider<RocDateSymbolsV1Marker>` is not satisfied
[INFO] [stdout]    --> src/formatter.rs:488:33
[INFO] [stdout]     |
[INFO] [stdout] 487 | ...                   let df = DateFormatter::try_new_with_length_unstable(
[INFO] [stdout]     |                                ------------------------------------------- required by a bound introduced by this call
[INFO] [stdout] 488 | ...                       self.data_provider.data_provider().0,
[INFO] [stdout]     |                           ^^^^^^^^^^^^^^^^^^^^^^^^^^^^^^^^^^^^ the trait `icu_provider::DataProvider<RocDateSymbolsV1Marker>` is not implemented for `P`
[INFO] [stdout]     |
[INFO] [stdout] note: required by a bound in `DateFormatter::try_new_with_length_unstable`
[INFO] [stdout]    --> /opt/rustwide/cargo-home/registry/src/index.crates.io-6f17d22bba15001f/icu_datetime-1.4.0/src/any/date.rs:193:15
[INFO] [stdout]     |
[INFO] [stdout] 155 |     pub fn try_new_with_length_unstable<P>(
[INFO] [stdout]     |            ---------------------------- required by a bound in this associated function
[INFO] [stdout] ...
[INFO] [stdout] 193 |             + DataProvider<RocDateSymbolsV1Marker>
[INFO] [stdout]     |               ^^^^^^^^^^^^^^^^^^^^^^^^^^^^^^^^^^^^ required by this bound in `DateFormatter::try_new_with_length_unstable`
[INFO] [stdout] help: consider further restricting this bound
[INFO] [stdout]     |
[INFO] [stdout] 88  |         + DataProvider<JapaneseErasV1Marker> + DataProvider<JapaneseExtendedErasV1Marker> + icu_provider::DataProvider<icu_datetime::provider::calendar::RocDateSymbolsV1Marker>,
[INFO] [stdout]     |                                                                                           ++++++++++++++++++++++++++++++++++++++++++++++++++++++++++++++++++++++++++++++++++++++
[INFO] [stdout] 
[INFO] [stdout] 
[INFO] [stdout] error[E0277]: the trait bound `P: icu_provider::DataProvider<ChineseDateLengthsV1Marker>` is not satisfied
[INFO] [stdout]    --> src/formatter.rs:526:41
[INFO] [stdout]     |
[INFO] [stdout] 525 | ...                   let dtf = DateTimeFormatter::try_new_unstable(
[INFO] [stdout]     |                                 ----------------------------------- required by a bound introduced by this call
[INFO] [stdout] 526 | ...                       self.data_provider.data_provider().0,
[INFO] [stdout]     |                           ^^^^^^^^^^^^^^^^^^^^^^^^^^^^^^^^^^^^ the trait `icu_provider::DataProvider<ChineseDateLengthsV1Marker>` is not implemented for `P`
[INFO] [stdout]     |
[INFO] [stdout] note: required by a bound in `DateTimeFormatter::try_new_unstable`
[INFO] [stdout]    --> /opt/rustwide/cargo-home/registry/src/index.crates.io-6f17d22bba15001f/icu_datetime-1.4.0/src/any/datetime.rs:368:15
[INFO] [stdout]     |
[INFO] [stdout] 355 |     pub fn try_new_unstable<P>(
[INFO] [stdout]     |            ---------------- required by a bound in this associated function
[INFO] [stdout] ...
[INFO] [stdout] 368 |             + DataProvider<ChineseDateLengthsV1Marker>
[INFO] [stdout]     |               ^^^^^^^^^^^^^^^^^^^^^^^^^^^^^^^^^^^^^^^^ required by this bound in `DateTimeFormatter::try_new_unstable`
[INFO] [stdout] help: consider further restricting this bound
[INFO] [stdout]     |
[INFO] [stdout] 88  |         + DataProvider<JapaneseErasV1Marker> + DataProvider<JapaneseExtendedErasV1Marker> + icu_provider::DataProvider<icu_datetime::provider::calendar::ChineseDateLengthsV1Marker>,
[INFO] [stdout]     |                                                                                           ++++++++++++++++++++++++++++++++++++++++++++++++++++++++++++++++++++++++++++++++++++++++++
[INFO] [stdout] 
[INFO] [stdout] 
[INFO] [stdout] error[E0277]: the trait bound `P: icu_provider::DataProvider<ChineseDateSymbolsV1Marker>` is not satisfied
[INFO] [stdout]    --> src/formatter.rs:526:41
[INFO] [stdout]     |
[INFO] [stdout] 525 | ...                   let dtf = DateTimeFormatter::try_new_unstable(
[INFO] [stdout]     |                                 ----------------------------------- required by a bound introduced by this call
[INFO] [stdout] 526 | ...                       self.data_provider.data_provider().0,
[INFO] [stdout]     |                           ^^^^^^^^^^^^^^^^^^^^^^^^^^^^^^^^^^^^ the trait `icu_provider::DataProvider<ChineseDateSymbolsV1Marker>` is not implemented for `P`
[INFO] [stdout]     |
[INFO] [stdout] note: required by a bound in `DateTimeFormatter::try_new_unstable`
[INFO] [stdout]    --> /opt/rustwide/cargo-home/registry/src/index.crates.io-6f17d22bba15001f/icu_datetime-1.4.0/src/any/datetime.rs:369:15
[INFO] [stdout]     |
[INFO] [stdout] 355 |     pub fn try_new_unstable<P>(
[INFO] [stdout]     |            ---------------- required by a bound in this associated function
[INFO] [stdout] ...
[INFO] [stdout] 369 |             + DataProvider<ChineseDateSymbolsV1Marker>
[INFO] [stdout]     |               ^^^^^^^^^^^^^^^^^^^^^^^^^^^^^^^^^^^^^^^^ required by this bound in `DateTimeFormatter::try_new_unstable`
[INFO] [stdout] help: consider further restricting this bound
[INFO] [stdout]     |
[INFO] [stdout] 88  |         + DataProvider<JapaneseErasV1Marker> + DataProvider<JapaneseExtendedErasV1Marker> + icu_provider::DataProvider<icu_datetime::provider::calendar::ChineseDateSymbolsV1Marker>,
[INFO] [stdout]     |                                                                                           ++++++++++++++++++++++++++++++++++++++++++++++++++++++++++++++++++++++++++++++++++++++++++
[INFO] [stdout] 
[INFO] [stdout] 
[INFO] [stdout] error[E0277]: the trait bound `P: icu_provider::DataProvider<DangiDateLengthsV1Marker>` is not satisfied
[INFO] [stdout]    --> src/formatter.rs:526:41
[INFO] [stdout]     |
[INFO] [stdout] 525 | ...                   let dtf = DateTimeFormatter::try_new_unstable(
[INFO] [stdout]     |                                 ----------------------------------- required by a bound introduced by this call
[INFO] [stdout] 526 | ...                       self.data_provider.data_provider().0,
[INFO] [stdout]     |                           ^^^^^^^^^^^^^^^^^^^^^^^^^^^^^^^^^^^^ the trait `icu_provider::DataProvider<DangiDateLengthsV1Marker>` is not implemented for `P`
[INFO] [stdout]     |
[INFO] [stdout] note: required by a bound in `DateTimeFormatter::try_new_unstable`
[INFO] [stdout]    --> /opt/rustwide/cargo-home/registry/src/index.crates.io-6f17d22bba15001f/icu_datetime-1.4.0/src/any/datetime.rs:372:15
[INFO] [stdout]     |
[INFO] [stdout] 355 |     pub fn try_new_unstable<P>(
[INFO] [stdout]     |            ---------------- required by a bound in this associated function
[INFO] [stdout] ...
[INFO] [stdout] 372 |             + DataProvider<DangiDateLengthsV1Marker>
[INFO] [stdout]     |               ^^^^^^^^^^^^^^^^^^^^^^^^^^^^^^^^^^^^^^ required by this bound in `DateTimeFormatter::try_new_unstable`
[INFO] [stdout] help: consider further restricting this bound
[INFO] [stdout]     |
[INFO] [stdout] 88  |         + DataProvider<JapaneseErasV1Marker> + DataProvider<JapaneseExtendedErasV1Marker> + icu_provider::DataProvider<icu_datetime::provider::calendar::DangiDateLengthsV1Marker>,
[INFO] [stdout]     |                                                                                           ++++++++++++++++++++++++++++++++++++++++++++++++++++++++++++++++++++++++++++++++++++++++
[INFO] [stdout] 
[INFO] [stdout] 
[INFO] [stdout] error[E0277]: the trait bound `P: icu_provider::DataProvider<DangiDateSymbolsV1Marker>` is not satisfied
[INFO] [stdout]    --> src/formatter.rs:526:41
[INFO] [stdout]     |
[INFO] [stdout] 525 | ...                   let dtf = DateTimeFormatter::try_new_unstable(
[INFO] [stdout]     |                                 ----------------------------------- required by a bound introduced by this call
[INFO] [stdout] 526 | ...                       self.data_provider.data_provider().0,
[INFO] [stdout]     |                           ^^^^^^^^^^^^^^^^^^^^^^^^^^^^^^^^^^^^ the trait `icu_provider::DataProvider<DangiDateSymbolsV1Marker>` is not implemented for `P`
[INFO] [stdout]     |
[INFO] [stdout] note: required by a bound in `DateTimeFormatter::try_new_unstable`
[INFO] [stdout]    --> /opt/rustwide/cargo-home/registry/src/index.crates.io-6f17d22bba15001f/icu_datetime-1.4.0/src/any/datetime.rs:373:15
[INFO] [stdout]     |
[INFO] [stdout] 355 |     pub fn try_new_unstable<P>(
[INFO] [stdout]     |            ---------------- required by a bound in this associated function
[INFO] [stdout] ...
[INFO] [stdout] 373 |             + DataProvider<DangiDateSymbolsV1Marker>
[INFO] [stdout]     |               ^^^^^^^^^^^^^^^^^^^^^^^^^^^^^^^^^^^^^^ required by this bound in `DateTimeFormatter::try_new_unstable`
[INFO] [stdout] help: consider further restricting this bound
[INFO] [stdout]     |
[INFO] [stdout] 88  |         + DataProvider<JapaneseErasV1Marker> + DataProvider<JapaneseExtendedErasV1Marker> + icu_provider::DataProvider<icu_datetime::provider::calendar::DangiDateSymbolsV1Marker>,
[INFO] [stdout]     |                                                                                           ++++++++++++++++++++++++++++++++++++++++++++++++++++++++++++++++++++++++++++++++++++++++
[INFO] [stdout] 
[INFO] [stdout] 
[INFO] [stdout] error[E0277]: the trait bound `P: icu_provider::DataProvider<HebrewDateLengthsV1Marker>` is not satisfied
[INFO] [stdout]    --> src/formatter.rs:526:41
[INFO] [stdout]     |
[INFO] [stdout] 525 | ...                   let dtf = DateTimeFormatter::try_new_unstable(
[INFO] [stdout]     |                                 ----------------------------------- required by a bound introduced by this call
[INFO] [stdout] 526 | ...                       self.data_provider.data_provider().0,
[INFO] [stdout]     |                           ^^^^^^^^^^^^^^^^^^^^^^^^^^^^^^^^^^^^ the trait `icu_provider::DataProvider<HebrewDateLengthsV1Marker>` is not implemented for `P`
[INFO] [stdout]     |
[INFO] [stdout] note: required by a bound in `DateTimeFormatter::try_new_unstable`
[INFO] [stdout]    --> /opt/rustwide/cargo-home/registry/src/index.crates.io-6f17d22bba15001f/icu_datetime-1.4.0/src/any/datetime.rs:378:15
[INFO] [stdout]     |
[INFO] [stdout] 355 |     pub fn try_new_unstable<P>(
[INFO] [stdout]     |            ---------------- required by a bound in this associated function
[INFO] [stdout] ...
[INFO] [stdout] 378 |             + DataProvider<HebrewDateLengthsV1Marker>
[INFO] [stdout]     |               ^^^^^^^^^^^^^^^^^^^^^^^^^^^^^^^^^^^^^^^ required by this bound in `DateTimeFormatter::try_new_unstable`
[INFO] [stdout] help: consider further restricting this bound
[INFO] [stdout]     |
[INFO] [stdout] 88  |         + DataProvider<JapaneseErasV1Marker> + DataProvider<JapaneseExtendedErasV1Marker> + icu_provider::DataProvider<icu_datetime::provider::calendar::HebrewDateLengthsV1Marker>,
[INFO] [stdout]     |                                                                                           +++++++++++++++++++++++++++++++++++++++++++++++++++++++++++++++++++++++++++++++++++++++++
[INFO] [stdout] 
[INFO] [stdout] 
[INFO] [stdout] error[E0277]: the trait bound `P: icu_provider::DataProvider<HebrewDateSymbolsV1Marker>` is not satisfied
[INFO] [stdout]    --> src/formatter.rs:526:41
[INFO] [stdout]     |
[INFO] [stdout] 525 | ...                   let dtf = DateTimeFormatter::try_new_unstable(
[INFO] [stdout]     |                                 ----------------------------------- required by a bound introduced by this call
[INFO] [stdout] 526 | ...                       self.data_provider.data_provider().0,
[INFO] [stdout]     |                           ^^^^^^^^^^^^^^^^^^^^^^^^^^^^^^^^^^^^ the trait `icu_provider::DataProvider<HebrewDateSymbolsV1Marker>` is not implemented for `P`
[INFO] [stdout]     |
[INFO] [stdout] note: required by a bound in `DateTimeFormatter::try_new_unstable`
[INFO] [stdout]    --> /opt/rustwide/cargo-home/registry/src/index.crates.io-6f17d22bba15001f/icu_datetime-1.4.0/src/any/datetime.rs:379:15
[INFO] [stdout]     |
[INFO] [stdout] 355 |     pub fn try_new_unstable<P>(
[INFO] [stdout]     |            ---------------- required by a bound in this associated function
[INFO] [stdout] ...
[INFO] [stdout] 379 |             + DataProvider<HebrewDateSymbolsV1Marker>
[INFO] [stdout]     |               ^^^^^^^^^^^^^^^^^^^^^^^^^^^^^^^^^^^^^^^ required by this bound in `DateTimeFormatter::try_new_unstable`
[INFO] [stdout] help: consider further restricting this bound
[INFO] [stdout]     |
[INFO] [stdout] 88  |         + DataProvider<JapaneseErasV1Marker> + DataProvider<JapaneseExtendedErasV1Marker> + icu_provider::DataProvider<icu_datetime::provider::calendar::HebrewDateSymbolsV1Marker>,
[INFO] [stdout]     |                                                                                           +++++++++++++++++++++++++++++++++++++++++++++++++++++++++++++++++++++++++++++++++++++++++
[INFO] [stdout] 
[INFO] [stdout] 
[INFO] [stdout] error[E0277]: the trait bound `P: icu_provider::DataProvider<IslamicDateLengthsV1Marker>` is not satisfied
[INFO] [stdout]    --> src/formatter.rs:526:41
[INFO] [stdout]     |
[INFO] [stdout] 525 | ...                   let dtf = DateTimeFormatter::try_new_unstable(
[INFO] [stdout]     |                                 ----------------------------------- required by a bound introduced by this call
[INFO] [stdout] 526 | ...                       self.data_provider.data_provider().0,
[INFO] [stdout]     |                           ^^^^^^^^^^^^^^^^^^^^^^^^^^^^^^^^^^^^ the trait `icu_provider::DataProvider<IslamicDateLengthsV1Marker>` is not implemented for `P`
[INFO] [stdout]     |
[INFO] [stdout] note: required by a bound in `DateTimeFormatter::try_new_unstable`
[INFO] [stdout]    --> /opt/rustwide/cargo-home/registry/src/index.crates.io-6f17d22bba15001f/icu_datetime-1.4.0/src/any/datetime.rs:382:15
[INFO] [stdout]     |
[INFO] [stdout] 355 |     pub fn try_new_unstable<P>(
[INFO] [stdout]     |            ---------------- required by a bound in this associated function
[INFO] [stdout] ...
[INFO] [stdout] 382 |             + DataProvider<IslamicDateLengthsV1Marker>
[INFO] [stdout]     |               ^^^^^^^^^^^^^^^^^^^^^^^^^^^^^^^^^^^^^^^^ required by this bound in `DateTimeFormatter::try_new_unstable`
[INFO] [stdout] help: consider further restricting this bound
[INFO] [stdout]     |
[INFO] [stdout] 88  |         + DataProvider<JapaneseErasV1Marker> + DataProvider<JapaneseExtendedErasV1Marker> + icu_provider::DataProvider<icu_datetime::provider::calendar::IslamicDateLengthsV1Marker>,
[INFO] [stdout]     |                                                                                           ++++++++++++++++++++++++++++++++++++++++++++++++++++++++++++++++++++++++++++++++++++++++++
[INFO] [stdout] 
[INFO] [stdout] 
[INFO] [stdout] error[E0277]: the trait bound `P: icu_provider::DataProvider<IslamicDateSymbolsV1Marker>` is not satisfied
[INFO] [stdout]    --> src/formatter.rs:526:41
[INFO] [stdout]     |
[INFO] [stdout] 525 | ...                   let dtf = DateTimeFormatter::try_new_unstable(
[INFO] [stdout]     |                                 ----------------------------------- required by a bound introduced by this call
[INFO] [stdout] 526 | ...                       self.data_provider.data_provider().0,
[INFO] [stdout]     |                           ^^^^^^^^^^^^^^^^^^^^^^^^^^^^^^^^^^^^ the trait `icu_provider::DataProvider<IslamicDateSymbolsV1Marker>` is not implemented for `P`
[INFO] [stdout]     |
[INFO] [stdout] note: required by a bound in `DateTimeFormatter::try_new_unstable`
[INFO] [stdout]    --> /opt/rustwide/cargo-home/registry/src/index.crates.io-6f17d22bba15001f/icu_datetime-1.4.0/src/any/datetime.rs:383:15
[INFO] [stdout]     |
[INFO] [stdout] 355 |     pub fn try_new_unstable<P>(
[INFO] [stdout]     |            ---------------- required by a bound in this associated function
[INFO] [stdout] ...
[INFO] [stdout] 383 |             + DataProvider<IslamicDateSymbolsV1Marker>
[INFO] [stdout]     |               ^^^^^^^^^^^^^^^^^^^^^^^^^^^^^^^^^^^^^^^^ required by this bound in `DateTimeFormatter::try_new_unstable`
[INFO] [stdout] help: consider further restricting this bound
[INFO] [stdout]     |
[INFO] [stdout] 88  |         + DataProvider<JapaneseErasV1Marker> + DataProvider<JapaneseExtendedErasV1Marker> + icu_provider::DataProvider<icu_datetime::provider::calendar::IslamicDateSymbolsV1Marker>,
[INFO] [stdout]     |                                                                                           ++++++++++++++++++++++++++++++++++++++++++++++++++++++++++++++++++++++++++++++++++++++++++
[INFO] [stdout] 
[INFO] [stdout] 
[INFO] [stdout] error[E0277]: the trait bound `P: icu_provider::DataProvider<PersianDateLengthsV1Marker>` is not satisfied
[INFO] [stdout]    --> src/formatter.rs:526:41
[INFO] [stdout]     |
[INFO] [stdout] 525 | ...                   let dtf = DateTimeFormatter::try_new_unstable(
[INFO] [stdout]     |                                 ----------------------------------- required by a bound introduced by this call
[INFO] [stdout] 526 | ...                       self.data_provider.data_provider().0,
[INFO] [stdout]     |                           ^^^^^^^^^^^^^^^^^^^^^^^^^^^^^^^^^^^^ the trait `icu_provider::DataProvider<PersianDateLengthsV1Marker>` is not implemented for `P`
[INFO] [stdout]     |
[INFO] [stdout] note: required by a bound in `DateTimeFormatter::try_new_unstable`
[INFO] [stdout]    --> /opt/rustwide/cargo-home/registry/src/index.crates.io-6f17d22bba15001f/icu_datetime-1.4.0/src/any/datetime.rs:390:15
[INFO] [stdout]     |
[INFO] [stdout] 355 |     pub fn try_new_unstable<P>(
[INFO] [stdout]     |            ---------------- required by a bound in this associated function
[INFO] [stdout] ...
[INFO] [stdout] 390 |             + DataProvider<PersianDateLengthsV1Marker>
[INFO] [stdout]     |               ^^^^^^^^^^^^^^^^^^^^^^^^^^^^^^^^^^^^^^^^ required by this bound in `DateTimeFormatter::try_new_unstable`
[INFO] [stdout] help: consider further restricting this bound
[INFO] [stdout]     |
[INFO] [stdout] 88  |         + DataProvider<JapaneseErasV1Marker> + DataProvider<JapaneseExtendedErasV1Marker> + icu_provider::DataProvider<icu_datetime::provider::calendar::PersianDateLengthsV1Marker>,
[INFO] [stdout]     |                                                                                           ++++++++++++++++++++++++++++++++++++++++++++++++++++++++++++++++++++++++++++++++++++++++++
[INFO] [stdout] 
[INFO] [stdout] 
[INFO] [stdout] error[E0277]: the trait bound `P: icu_provider::DataProvider<PersianDateSymbolsV1Marker>` is not satisfied
[INFO] [stdout]    --> src/formatter.rs:526:41
[INFO] [stdout]     |
[INFO] [stdout] 525 | ...                   let dtf = DateTimeFormatter::try_new_unstable(
[INFO] [stdout]     |                                 ----------------------------------- required by a bound introduced by this call
[INFO] [stdout] 526 | ...                       self.data_provider.data_provider().0,
[INFO] [stdout]     |                           ^^^^^^^^^^^^^^^^^^^^^^^^^^^^^^^^^^^^ the trait `icu_provider::DataProvider<PersianDateSymbolsV1Marker>` is not implemented for `P`
[INFO] [stdout]     |
[INFO] [stdout] note: required by a bound in `DateTimeFormatter::try_new_unstable`
[INFO] [stdout]    --> /opt/rustwide/cargo-home/registry/src/index.crates.io-6f17d22bba15001f/icu_datetime-1.4.0/src/any/datetime.rs:391:15
[INFO] [stdout]     |
[INFO] [stdout] 355 |     pub fn try_new_unstable<P>(
[INFO] [stdout]     |            ---------------- required by a bound in this associated function
[INFO] [stdout] ...
[INFO] [stdout] 391 |             + DataProvider<PersianDateSymbolsV1Marker>
[INFO] [stdout]     |               ^^^^^^^^^^^^^^^^^^^^^^^^^^^^^^^^^^^^^^^^ required by this bound in `DateTimeFormatter::try_new_unstable`
[INFO] [stdout] help: consider further restricting this bound
[INFO] [stdout]     |
[INFO] [stdout] 88  |         + DataProvider<JapaneseErasV1Marker> + DataProvider<JapaneseExtendedErasV1Marker> + icu_provider::DataProvider<icu_datetime::provider::calendar::PersianDateSymbolsV1Marker>,
[INFO] [stdout]     |                                                                                           ++++++++++++++++++++++++++++++++++++++++++++++++++++++++++++++++++++++++++++++++++++++++++
[INFO] [stdout] 
[INFO] [stdout] 
[INFO] [stdout] error[E0277]: the trait bound `P: icu_provider::DataProvider<RocDateLengthsV1Marker>` is not satisfied
[INFO] [stdout]    --> src/formatter.rs:526:41
[INFO] [stdout]     |
[INFO] [stdout] 525 | ...                   let dtf = DateTimeFormatter::try_new_unstable(
[INFO] [stdout]     |                                 ----------------------------------- required by a bound introduced by this call
[INFO] [stdout] 526 | ...                       self.data_provider.data_provider().0,
[INFO] [stdout]     |                           ^^^^^^^^^^^^^^^^^^^^^^^^^^^^^^^^^^^^ the trait `icu_provider::DataProvider<RocDateLengthsV1Marker>` is not implemented for `P`
[INFO] [stdout]     |
[INFO] [stdout] note: required by a bound in `DateTimeFormatter::try_new_unstable`
[INFO] [stdout]    --> /opt/rustwide/cargo-home/registry/src/index.crates.io-6f17d22bba15001f/icu_datetime-1.4.0/src/any/datetime.rs:392:15
[INFO] [stdout]     |
[INFO] [stdout] 355 |     pub fn try_new_unstable<P>(
[INFO] [stdout]     |            ---------------- required by a bound in this associated function
[INFO] [stdout] ...
[INFO] [stdout] 392 |             + DataProvider<RocDateLengthsV1Marker>
[INFO] [stdout]     |               ^^^^^^^^^^^^^^^^^^^^^^^^^^^^^^^^^^^^ required by this bound in `DateTimeFormatter::try_new_unstable`
[INFO] [stdout] help: consider further restricting this bound
[INFO] [stdout]     |
[INFO] [stdout] 88  |         + DataProvider<JapaneseErasV1Marker> + DataProvider<JapaneseExtendedErasV1Marker> + icu_provider::DataProvider<icu_datetime::provider::calendar::RocDateLengthsV1Marker>,
[INFO] [stdout]     |                                                                                           ++++++++++++++++++++++++++++++++++++++++++++++++++++++++++++++++++++++++++++++++++++++
[INFO] [stdout] 
[INFO] [stdout] 
[INFO] [stdout] error[E0277]: the trait bound `P: icu_provider::DataProvider<RocDateSymbolsV1Marker>` is not satisfied
[INFO] [stdout]    --> src/formatter.rs:526:41
[INFO] [stdout]     |
[INFO] [stdout] 525 | ...                   let dtf = DateTimeFormatter::try_new_unstable(
[INFO] [stdout]     |                                 ----------------------------------- required by a bound introduced by this call
[INFO] [stdout] 526 | ...                       self.data_provider.data_provider().0,
[INFO] [stdout]     |                           ^^^^^^^^^^^^^^^^^^^^^^^^^^^^^^^^^^^^ the trait `icu_provider::DataProvider<RocDateSymbolsV1Marker>` is not implemented for `P`
[INFO] [stdout]     |
[INFO] [stdout] note: required by a bound in `DateTimeFormatter::try_new_unstable`
[INFO] [stdout]    --> /opt/rustwide/cargo-home/registry/src/index.crates.io-6f17d22bba15001f/icu_datetime-1.4.0/src/any/datetime.rs:393:15
[INFO] [stdout]     |
[INFO] [stdout] 355 |     pub fn try_new_unstable<P>(
[INFO] [stdout]     |            ---------------- required by a bound in this associated function
[INFO] [stdout] ...
[INFO] [stdout] 393 |             + DataProvider<RocDateSymbolsV1Marker>
[INFO] [stdout]     |               ^^^^^^^^^^^^^^^^^^^^^^^^^^^^^^^^^^^^ required by this bound in `DateTimeFormatter::try_new_unstable`
[INFO] [stdout] help: consider further restricting this bound
[INFO] [stdout]     |
[INFO] [stdout] 88  |         + DataProvider<JapaneseErasV1Marker> + DataProvider<JapaneseExtendedErasV1Marker> + icu_provider::DataProvider<icu_datetime::provider::calendar::RocDateSymbolsV1Marker>,
[INFO] [stdout]     |                                                                                           ++++++++++++++++++++++++++++++++++++++++++++++++++++++++++++++++++++++++++++++++++++++
[INFO] [stdout] 
[INFO] [stdout] 
[INFO] [stdout] error[E0277]: the trait bound `P: icu_provider::DataProvider<ChineseDateLengthsV1Marker>` is not satisfied
[INFO] [stdout]    --> src/formatter.rs:538:37
[INFO] [stdout]     |
[INFO] [stdout] 537 | ...                   let df = DateFormatter::try_new_with_length_unstable(
[INFO] [stdout]     |                                ------------------------------------------- required by a bound introduced by this call
[INFO] [stdout] 538 | ...                       self.data_provider.data_provider().0,
[INFO] [stdout]     |                           ^^^^^^^^^^^^^^^^^^^^^^^^^^^^^^^^^^^^ the trait `icu_provider::DataProvider<ChineseDateLengthsV1Marker>` is not implemented for `P`
[INFO] [stdout]     |
[INFO] [stdout] note: required by a bound in `DateFormatter::try_new_with_length_unstable`
[INFO] [stdout]    --> /opt/rustwide/cargo-home/registry/src/index.crates.io-6f17d22bba15001f/icu_datetime-1.4.0/src/any/date.rs:168:15
[INFO] [stdout]     |
[INFO] [stdout] 155 |     pub fn try_new_with_length_unstable<P>(
[INFO] [stdout]     |            ---------------------------- required by a bound in this associated function
[INFO] [stdout] ...
[INFO] [stdout] 168 |             + DataProvider<ChineseDateLengthsV1Marker>
[INFO] [stdout]     |               ^^^^^^^^^^^^^^^^^^^^^^^^^^^^^^^^^^^^^^^^ required by this bound in `DateFormatter::try_new_with_length_unstable`
[INFO] [stdout] help: consider further restricting this bound
[INFO] [stdout]     |
[INFO] [stdout] 88  |         + DataProvider<JapaneseErasV1Marker> + DataProvider<JapaneseExtendedErasV1Marker> + icu_provider::DataProvider<icu_datetime::provider::calendar::ChineseDateLengthsV1Marker>,
[INFO] [stdout]     |                                                                                           ++++++++++++++++++++++++++++++++++++++++++++++++++++++++++++++++++++++++++++++++++++++++++
[INFO] [stdout] 
[INFO] [stdout] 
[INFO] [stdout] error[E0277]: the trait bound `P: icu_provider::DataProvider<ChineseDateSymbolsV1Marker>` is not satisfied
[INFO] [stdout]    --> src/formatter.rs:538:37
[INFO] [stdout]     |
[INFO] [stdout] 537 | ...                   let df = DateFormatter::try_new_with_length_unstable(
[INFO] [stdout]     |                                ------------------------------------------- required by a bound introduced by this call
[INFO] [stdout] 538 | ...                       self.data_provider.data_provider().0,
[INFO] [stdout]     |                           ^^^^^^^^^^^^^^^^^^^^^^^^^^^^^^^^^^^^ the trait `icu_provider::DataProvider<ChineseDateSymbolsV1Marker>` is not implemented for `P`
[INFO] [stdout]     |
[INFO] [stdout] note: required by a bound in `DateFormatter::try_new_with_length_unstable`
[INFO] [stdout]    --> /opt/rustwide/cargo-home/registry/src/index.crates.io-6f17d22bba15001f/icu_datetime-1.4.0/src/any/date.rs:169:15
[INFO] [stdout]     |
[INFO] [stdout] 155 |     pub fn try_new_with_length_unstable<P>(
[INFO] [stdout]     |            ---------------------------- required by a bound in this associated function
[INFO] [stdout] ...
[INFO] [stdout] 169 |             + DataProvider<ChineseDateSymbolsV1Marker>
[INFO] [stdout]     |               ^^^^^^^^^^^^^^^^^^^^^^^^^^^^^^^^^^^^^^^^ required by this bound in `DateFormatter::try_new_with_length_unstable`
[INFO] [stdout] help: consider further restricting this bound
[INFO] [stdout]     |
[INFO] [stdout] 88  |         + DataProvider<JapaneseErasV1Marker> + DataProvider<JapaneseExtendedErasV1Marker> + icu_provider::DataProvider<icu_datetime::provider::calendar::ChineseDateSymbolsV1Marker>,
[INFO] [stdout]     |                                                                                           ++++++++++++++++++++++++++++++++++++++++++++++++++++++++++++++++++++++++++++++++++++++++++
[INFO] [stdout] 
[INFO] [stdout] 
[INFO] [stdout] error[E0277]: the trait bound `P: icu_provider::DataProvider<DangiDateLengthsV1Marker>` is not satisfied
[INFO] [stdout]    --> src/formatter.rs:538:37
[INFO] [stdout]     |
[INFO] [stdout] 537 | ...                   let df = DateFormatter::try_new_with_length_unstable(
[INFO] [stdout]     |                                ------------------------------------------- required by a bound introduced by this call
[INFO] [stdout] 538 | ...                       self.data_provider.data_provider().0,
[INFO] [stdout]     |                           ^^^^^^^^^^^^^^^^^^^^^^^^^^^^^^^^^^^^ the trait `icu_provider::DataProvider<DangiDateLengthsV1Marker>` is not implemented for `P`
[INFO] [stdout]     |
[INFO] [stdout] note: required by a bound in `DateFormatter::try_new_with_length_unstable`
[INFO] [stdout]    --> /opt/rustwide/cargo-home/registry/src/index.crates.io-6f17d22bba15001f/icu_datetime-1.4.0/src/any/date.rs:172:15
[INFO] [stdout]     |
[INFO] [stdout] 155 |     pub fn try_new_with_length_unstable<P>(
[INFO] [stdout]     |            ---------------------------- required by a bound in this associated function
[INFO] [stdout] ...
[INFO] [stdout] 172 |             + DataProvider<DangiDateLengthsV1Marker>
[INFO] [stdout]     |               ^^^^^^^^^^^^^^^^^^^^^^^^^^^^^^^^^^^^^^ required by this bound in `DateFormatter::try_new_with_length_unstable`
[INFO] [stdout] help: consider further restricting this bound
[INFO] [stdout]     |
[INFO] [stdout] 88  |         + DataProvider<JapaneseErasV1Marker> + DataProvider<JapaneseExtendedErasV1Marker> + icu_provider::DataProvider<icu_datetime::provider::calendar::DangiDateLengthsV1Marker>,
[INFO] [stdout]     |                                                                                           ++++++++++++++++++++++++++++++++++++++++++++++++++++++++++++++++++++++++++++++++++++++++
[INFO] [stdout] 
[INFO] [stdout] 
[INFO] [stdout] error[E0277]: the trait bound `P: icu_provider::DataProvider<DangiDateSymbolsV1Marker>` is not satisfied
[INFO] [stdout]    --> src/formatter.rs:538:37
[INFO] [stdout]     |
[INFO] [stdout] 537 | ...                   let df = DateFormatter::try_new_with_length_unstable(
[INFO] [stdout]     |                                ------------------------------------------- required by a bound introduced by this call
[INFO] [stdout] 538 | ...                       self.data_provider.data_provider().0,
[INFO] [stdout]     |                           ^^^^^^^^^^^^^^^^^^^^^^^^^^^^^^^^^^^^ the trait `icu_provider::DataProvider<DangiDateSymbolsV1Marker>` is not implemented for `P`
[INFO] [stdout]     |
[INFO] [stdout] note: required by a bound in `DateFormatter::try_new_with_length_unstable`
[INFO] [stdout]    --> /opt/rustwide/cargo-home/registry/src/index.crates.io-6f17d22bba15001f/icu_datetime-1.4.0/src/any/date.rs:173:15
[INFO] [stdout]     |
[INFO] [stdout] 155 |     pub fn try_new_with_length_unstable<P>(
[INFO] [stdout]     |            ---------------------------- required by a bound in this associated function
[INFO] [stdout] ...
[INFO] [stdout] 173 |             + DataProvider<DangiDateSymbolsV1Marker>
[INFO] [stdout]     |               ^^^^^^^^^^^^^^^^^^^^^^^^^^^^^^^^^^^^^^ required by this bound in `DateFormatter::try_new_with_length_unstable`
[INFO] [stdout] help: consider further restricting this bound
[INFO] [stdout]     |
[INFO] [stdout] 88  |         + DataProvider<JapaneseErasV1Marker> + DataProvider<JapaneseExtendedErasV1Marker> + icu_provider::DataProvider<icu_datetime::provider::calendar::DangiDateSymbolsV1Marker>,
[INFO] [stdout]     |                                                                                           ++++++++++++++++++++++++++++++++++++++++++++++++++++++++++++++++++++++++++++++++++++++++
[INFO] [stdout] 
[INFO] [stdout] 
[INFO] [stdout] error[E0277]: the trait bound `P: icu_provider::DataProvider<HebrewDateLengthsV1Marker>` is not satisfied
[INFO] [stdout]    --> src/formatter.rs:538:37
[INFO] [stdout]     |
[INFO] [stdout] 537 | ...                   let df = DateFormatter::try_new_with_length_unstable(
[INFO] [stdout]     |                                ------------------------------------------- required by a bound introduced by this call
[INFO] [stdout] 538 | ...                       self.data_provider.data_provider().0,
[INFO] [stdout]     |                           ^^^^^^^^^^^^^^^^^^^^^^^^^^^^^^^^^^^^ the trait `icu_provider::DataProvider<HebrewDateLengthsV1Marker>` is not implemented for `P`
[INFO] [stdout]     |
[INFO] [stdout] note: required by a bound in `DateFormatter::try_new_with_length_unstable`
[INFO] [stdout]    --> /opt/rustwide/cargo-home/registry/src/index.crates.io-6f17d22bba15001f/icu_datetime-1.4.0/src/any/date.rs:178:15
[INFO] [stdout]     |
[INFO] [stdout] 155 |     pub fn try_new_with_length_unstable<P>(
[INFO] [stdout]     |            ---------------------------- required by a bound in this associated function
[INFO] [stdout] ...
[INFO] [stdout] 178 |             + DataProvider<HebrewDateLengthsV1Marker>
[INFO] [stdout]     |               ^^^^^^^^^^^^^^^^^^^^^^^^^^^^^^^^^^^^^^^ required by this bound in `DateFormatter::try_new_with_length_unstable`
[INFO] [stdout] help: consider further restricting this bound
[INFO] [stdout]     |
[INFO] [stdout] 88  |         + DataProvider<JapaneseErasV1Marker> + DataProvider<JapaneseExtendedErasV1Marker> + icu_provider::DataProvider<icu_datetime::provider::calendar::HebrewDateLengthsV1Marker>,
[INFO] [stdout]     |                                                                                           +++++++++++++++++++++++++++++++++++++++++++++++++++++++++++++++++++++++++++++++++++++++++
[INFO] [stdout] 
[INFO] [stdout] 
[INFO] [stdout] error[E0277]: the trait bound `P: icu_provider::DataProvider<HebrewDateSymbolsV1Marker>` is not satisfied
[INFO] [stdout]    --> src/formatter.rs:538:37
[INFO] [stdout]     |
[INFO] [stdout] 537 | ...                   let df = DateFormatter::try_new_with_length_unstable(
[INFO] [stdout]     |                                ------------------------------------------- required by a bound introduced by this call
[INFO] [stdout] 538 | ...                       self.data_provider.data_provider().0,
[INFO] [stdout]     |                           ^^^^^^^^^^^^^^^^^^^^^^^^^^^^^^^^^^^^ the trait `icu_provider::DataProvider<HebrewDateSymbolsV1Marker>` is not implemented for `P`
[INFO] [stdout]     |
[INFO] [stdout] note: required by a bound in `DateFormatter::try_new_with_length_unstable`
[INFO] [stdout]    --> /opt/rustwide/cargo-home/registry/src/index.crates.io-6f17d22bba15001f/icu_datetime-1.4.0/src/any/date.rs:179:15
[INFO] [stdout]     |
[INFO] [stdout] 155 |     pub fn try_new_with_length_unstable<P>(
[INFO] [stdout]     |            ---------------------------- required by a bound in this associated function
[INFO] [stdout] ...
[INFO] [stdout] 179 |             + DataProvider<HebrewDateSymbolsV1Marker>
[INFO] [stdout]     |               ^^^^^^^^^^^^^^^^^^^^^^^^^^^^^^^^^^^^^^^ required by this bound in `DateFormatter::try_new_with_length_unstable`
[INFO] [stdout] help: consider further restricting this bound
[INFO] [stdout]     |
[INFO] [stdout] 88  |         + DataProvider<JapaneseErasV1Marker> + DataProvider<JapaneseExtendedErasV1Marker> + icu_provider::DataProvider<icu_datetime::provider::calendar::HebrewDateSymbolsV1Marker>,
[INFO] [stdout]     |                                                                                           +++++++++++++++++++++++++++++++++++++++++++++++++++++++++++++++++++++++++++++++++++++++++
[INFO] [stdout] 
[INFO] [stdout] 
[INFO] [stdout] error[E0277]: the trait bound `P: icu_provider::DataProvider<IslamicDateLengthsV1Marker>` is not satisfied
[INFO] [stdout]    --> src/formatter.rs:538:37
[INFO] [stdout]     |
[INFO] [stdout] 537 | ...                   let df = DateFormatter::try_new_with_length_unstable(
[INFO] [stdout]     |                                ------------------------------------------- required by a bound introduced by this call
[INFO] [stdout] 538 | ...                       self.data_provider.data_provider().0,
[INFO] [stdout]     |                           ^^^^^^^^^^^^^^^^^^^^^^^^^^^^^^^^^^^^ the trait `icu_provider::DataProvider<IslamicDateLengthsV1Marker>` is not implemented for `P`
[INFO] [stdout]     |
[INFO] [stdout] note: required by a bound in `DateFormatter::try_new_with_length_unstable`
[INFO] [stdout]    --> /opt/rustwide/cargo-home/registry/src/index.crates.io-6f17d22bba15001f/icu_datetime-1.4.0/src/any/date.rs:182:15
[INFO] [stdout]     |
[INFO] [stdout] 155 |     pub fn try_new_with_length_unstable<P>(
[INFO] [stdout]     |            ---------------------------- required by a bound in this associated function
[INFO] [stdout] ...
[INFO] [stdout] 182 |             + DataProvider<IslamicDateLengthsV1Marker>
[INFO] [stdout]     |               ^^^^^^^^^^^^^^^^^^^^^^^^^^^^^^^^^^^^^^^^ required by this bound in `DateFormatter::try_new_with_length_unstable`
[INFO] [stdout] help: consider further restricting this bound
[INFO] [stdout]     |
[INFO] [stdout] 88  |         + DataProvider<JapaneseErasV1Marker> + DataProvider<JapaneseExtendedErasV1Marker> + icu_provider::DataProvider<icu_datetime::provider::calendar::IslamicDateLengthsV1Marker>,
[INFO] [stdout]     |                                                                                           ++++++++++++++++++++++++++++++++++++++++++++++++++++++++++++++++++++++++++++++++++++++++++
[INFO] [stdout] 
[INFO] [stdout] 
[INFO] [stdout] error[E0277]: the trait bound `P: icu_provider::DataProvider<IslamicDateSymbolsV1Marker>` is not satisfied
[INFO] [stdout]    --> src/formatter.rs:538:37
[INFO] [stdout]     |
[INFO] [stdout] 537 | ...                   let df = DateFormatter::try_new_with_length_unstable(
[INFO] [stdout]     |                                ------------------------------------------- required by a bound introduced by this call
[INFO] [stdout] 538 | ...                       self.data_provider.data_provider().0,
[INFO] [stdout]     |                           ^^^^^^^^^^^^^^^^^^^^^^^^^^^^^^^^^^^^ the trait `icu_provider::DataProvider<IslamicDateSymbolsV1Marker>` is not implemented for `P`
[INFO] [stdout]     |
[INFO] [stdout] note: required by a bound in `DateFormatter::try_new_with_length_unstable`
[INFO] [stdout]    --> /opt/rustwide/cargo-home/registry/src/index.crates.io-6f17d22bba15001f/icu_datetime-1.4.0/src/any/date.rs:183:15
[INFO] [stdout]     |
[INFO] [stdout] 155 |     pub fn try_new_with_length_unstable<P>(
[INFO] [stdout]     |            ---------------------------- required by a bound in this associated function
[INFO] [stdout] ...
[INFO] [stdout] 183 |             + DataProvider<IslamicDateSymbolsV1Marker>
[INFO] [stdout]     |               ^^^^^^^^^^^^^^^^^^^^^^^^^^^^^^^^^^^^^^^^ required by this bound in `DateFormatter::try_new_with_length_unstable`
[INFO] [stdout] help: consider further restricting this bound
[INFO] [stdout]     |
[INFO] [stdout] 88  |         + DataProvider<JapaneseErasV1Marker> + DataProvider<JapaneseExtendedErasV1Marker> + icu_provider::DataProvider<icu_datetime::provider::calendar::IslamicDateSymbolsV1Marker>,
[INFO] [stdout]     |                                                                                           ++++++++++++++++++++++++++++++++++++++++++++++++++++++++++++++++++++++++++++++++++++++++++
[INFO] [stdout] 
[INFO] [stdout] 
[INFO] [stdout] error[E0277]: the trait bound `P: icu_provider::DataProvider<PersianDateLengthsV1Marker>` is not satisfied
[INFO] [stdout]    --> src/formatter.rs:538:37
[INFO] [stdout]     |
[INFO] [stdout] 537 | ...                   let df = DateFormatter::try_new_with_length_unstable(
[INFO] [stdout]     |                                ------------------------------------------- required by a bound introduced by this call
[INFO] [stdout] 538 | ...                       self.data_provider.data_provider().0,
[INFO] [stdout]     |                           ^^^^^^^^^^^^^^^^^^^^^^^^^^^^^^^^^^^^ the trait `icu_provider::DataProvider<PersianDateLengthsV1Marker>` is not implemented for `P`
[INFO] [stdout]     |
[INFO] [stdout] note: required by a bound in `DateFormatter::try_new_with_length_unstable`
[INFO] [stdout]    --> /opt/rustwide/cargo-home/registry/src/index.crates.io-6f17d22bba15001f/icu_datetime-1.4.0/src/any/date.rs:190:15
[INFO] [stdout]     |
[INFO] [stdout] 155 |     pub fn try_new_with_length_unstable<P>(
[INFO] [stdout]     |            ---------------------------- required by a bound in this associated function
[INFO] [stdout] ...
[INFO] [stdout] 190 |             + DataProvider<PersianDateLengthsV1Marker>
[INFO] [stdout]     |               ^^^^^^^^^^^^^^^^^^^^^^^^^^^^^^^^^^^^^^^^ required by this bound in `DateFormatter::try_new_with_length_unstable`
[INFO] [stdout] help: consider further restricting this bound
[INFO] [stdout]     |
[INFO] [stdout] 88  |         + DataProvider<JapaneseErasV1Marker> + DataProvider<JapaneseExtendedErasV1Marker> + icu_provider::DataProvider<icu_datetime::provider::calendar::PersianDateLengthsV1Marker>,
[INFO] [stdout]     |                                                                                           ++++++++++++++++++++++++++++++++++++++++++++++++++++++++++++++++++++++++++++++++++++++++++
[INFO] [stdout] 
[INFO] [stdout] 
[INFO] [stdout] error[E0277]: the trait bound `P: icu_provider::DataProvider<PersianDateSymbolsV1Marker>` is not satisfied
[INFO] [stdout]    --> src/formatter.rs:538:37
[INFO] [stdout]     |
[INFO] [stdout] 537 | ...                   let df = DateFormatter::try_new_with_length_unstable(
[INFO] [stdout]     |                                ------------------------------------------- required by a bound introduced by this call
[INFO] [stdout] 538 | ...                       self.data_provider.data_provider().0,
[INFO] [stdout]     |                           ^^^^^^^^^^^^^^^^^^^^^^^^^^^^^^^^^^^^ the trait `icu_provider::DataProvider<PersianDateSymbolsV1Marker>` is not implemented for `P`
[INFO] [stdout]     |
[INFO] [stdout] note: required by a bound in `DateFormatter::try_new_with_length_unstable`
[INFO] [stdout]    --> /opt/rustwide/cargo-home/registry/src/index.crates.io-6f17d22bba15001f/icu_datetime-1.4.0/src/any/date.rs:191:15
[INFO] [stdout]     |
[INFO] [stdout] 155 |     pub fn try_new_with_length_unstable<P>(
[INFO] [stdout]     |            ---------------------------- required by a bound in this associated function
[INFO] [stdout] ...
[INFO] [stdout] 191 |             + DataProvider<PersianDateSymbolsV1Marker>
[INFO] [stdout]     |               ^^^^^^^^^^^^^^^^^^^^^^^^^^^^^^^^^^^^^^^^ required by this bound in `DateFormatter::try_new_with_length_unstable`
[INFO] [stdout] help: consider further restricting this bound
[INFO] [stdout]     |
[INFO] [stdout] 88  |         + DataProvider<JapaneseErasV1Marker> + DataProvider<JapaneseExtendedErasV1Marker> + icu_provider::DataProvider<icu_datetime::provider::calendar::PersianDateSymbolsV1Marker>,
[INFO] [stdout]     |                                                                                           ++++++++++++++++++++++++++++++++++++++++++++++++++++++++++++++++++++++++++++++++++++++++++
[INFO] [stdout] 
[INFO] [stdout] 
[INFO] [stdout] error[E0277]: the trait bound `P: icu_provider::DataProvider<RocDateLengthsV1Marker>` is not satisfied
[INFO] [stdout]    --> src/formatter.rs:538:37
[INFO] [stdout]     |
[INFO] [stdout] 537 | ...                   let df = DateFormatter::try_new_with_length_unstable(
[INFO] [stdout]     |                                ------------------------------------------- required by a bound introduced by this call
[INFO] [stdout] 538 | ...                       self.data_provider.data_provider().0,
[INFO] [stdout]     |                           ^^^^^^^^^^^^^^^^^^^^^^^^^^^^^^^^^^^^ the trait `icu_provider::DataProvider<RocDateLengthsV1Marker>` is not implemented for `P`
[INFO] [stdout]     |
[INFO] [stdout] note: required by a bound in `DateFormatter::try_new_with_length_unstable`
[INFO] [stdout]    --> /opt/rustwide/cargo-home/registry/src/index.crates.io-6f17d22bba15001f/icu_datetime-1.4.0/src/any/date.rs:192:15
[INFO] [stdout]     |
[INFO] [stdout] 155 |     pub fn try_new_with_length_unstable<P>(
[INFO] [stdout]     |            ---------------------------- required by a bound in this associated function
[INFO] [stdout] ...
[INFO] [stdout] 192 |             + DataProvider<RocDateLengthsV1Marker>
[INFO] [stdout]     |               ^^^^^^^^^^^^^^^^^^^^^^^^^^^^^^^^^^^^ required by this bound in `DateFormatter::try_new_with_length_unstable`
[INFO] [stdout] help: consider further restricting this bound
[INFO] [stdout]     |
[INFO] [stdout] 88  |         + DataProvider<JapaneseErasV1Marker> + DataProvider<JapaneseExtendedErasV1Marker> + icu_provider::DataProvider<icu_datetime::provider::calendar::RocDateLengthsV1Marker>,
[INFO] [stdout]     |                                                                                           ++++++++++++++++++++++++++++++++++++++++++++++++++++++++++++++++++++++++++++++++++++++
[INFO] [stdout] 
[INFO] [stdout] 
[INFO] [stdout] error[E0277]: the trait bound `P: icu_provider::DataProvider<RocDateSymbolsV1Marker>` is not satisfied
[INFO] [stdout]    --> src/formatter.rs:538:37
[INFO] [stdout]     |
[INFO] [stdout] 537 | ...                   let df = DateFormatter::try_new_with_length_unstable(
[INFO] [stdout]     |                                ------------------------------------------- required by a bound introduced by this call
[INFO] [stdout] 538 | ...                       self.data_provider.data_provider().0,
[INFO] [stdout]     |                           ^^^^^^^^^^^^^^^^^^^^^^^^^^^^^^^^^^^^ the trait `icu_provider::DataProvider<RocDateSymbolsV1Marker>` is not implemented for `P`
[INFO] [stdout]     |
[INFO] [stdout] note: required by a bound in `DateFormatter::try_new_with_length_unstable`
[INFO] [stdout]    --> /opt/rustwide/cargo-home/registry/src/index.crates.io-6f17d22bba15001f/icu_datetime-1.4.0/src/any/date.rs:193:15
[INFO] [stdout]     |
[INFO] [stdout] 155 |     pub fn try_new_with_length_unstable<P>(
[INFO] [stdout]     |            ---------------------------- required by a bound in this associated function
[INFO] [stdout] ...
[INFO] [stdout] 193 |             + DataProvider<RocDateSymbolsV1Marker>
[INFO] [stdout]     |               ^^^^^^^^^^^^^^^^^^^^^^^^^^^^^^^^^^^^ required by this bound in `DateFormatter::try_new_with_length_unstable`
[INFO] [stdout] help: consider further restricting this bound
[INFO] [stdout]     |
[INFO] [stdout] 88  |         + DataProvider<JapaneseErasV1Marker> + DataProvider<JapaneseExtendedErasV1Marker> + icu_provider::DataProvider<icu_datetime::provider::calendar::RocDateSymbolsV1Marker>,
[INFO] [stdout]     |                                                                                           ++++++++++++++++++++++++++++++++++++++++++++++++++++++++++++++++++++++++++++++++++++++
[INFO] [stdout] 
[INFO] [stdout] 
[INFO] [stdout] error: aborting due to 48 previous errors
[INFO] [stdout] 
[INFO] [stdout] 
[INFO] [stdout] For more information about this error, try `rustc --explain E0277`.
[INFO] [stdout] 
[INFO] [stderr] error: could not compile `i18n_pattern-rizzen-yazston` (lib) due to 49 previous errors
[INFO] [stderr] warning: build failed, waiting for other jobs to finish...
[INFO] running `Command { std: "docker" "inspect" "c406e66eb72ae97c15673e6a461b5b7924e4ecf08e7b3aad355ad4109f4b3bf9", kill_on_drop: false }`
[INFO] running `Command { std: "docker" "rm" "-f" "c406e66eb72ae97c15673e6a461b5b7924e4ecf08e7b3aad355ad4109f4b3bf9", kill_on_drop: false }`
[INFO] [stdout] c406e66eb72ae97c15673e6a461b5b7924e4ecf08e7b3aad355ad4109f4b3bf9
