[INFO] fetching crate hypertask_config_file_opener 0.2.0...
[INFO] testing hypertask_config_file_opener-0.2.0 against 1.75.0 for beta-1.76-1
[INFO] extracting crate hypertask_config_file_opener 0.2.0 into /workspace/builds/worker-1-tc1/source
[INFO] validating manifest of crates.io crate hypertask_config_file_opener 0.2.0 on toolchain 1.75.0
[INFO] running `Command { std: CARGO_HOME="/workspace/cargo-home" RUSTUP_HOME="/workspace/rustup-home" "/workspace/cargo-home/bin/cargo" "+1.75.0" "metadata" "--manifest-path" "Cargo.toml" "--no-deps", kill_on_drop: false }`
[INFO] started tweaking crates.io crate hypertask_config_file_opener 0.2.0
[INFO] finished tweaking crates.io crate hypertask_config_file_opener 0.2.0
[INFO] tweaked toml for crates.io crate hypertask_config_file_opener 0.2.0 written to /workspace/builds/worker-1-tc1/source/Cargo.toml
[INFO] running `Command { std: CARGO_HOME="/workspace/cargo-home" RUSTUP_HOME="/workspace/rustup-home" "/workspace/cargo-home/bin/cargo" "+1.75.0" "generate-lockfile" "--manifest-path" "Cargo.toml", kill_on_drop: false }`
[INFO] [stderr]     Updating crates.io index
[INFO] running `Command { std: CARGO_HOME="/workspace/cargo-home" RUSTUP_HOME="/workspace/rustup-home" "/workspace/cargo-home/bin/cargo" "+1.75.0" "fetch" "--manifest-path" "Cargo.toml", kill_on_drop: false }`
[INFO] [stderr]  Downloading crates ...
[INFO] [stderr]   Downloaded hypertask_engine v0.2.0
[INFO] running `Command { std: "docker" "create" "-v" "/var/lib/crater-agent-workspace/builds/worker-1-tc1/target:/opt/rustwide/target:rw,Z" "-v" "/var/lib/crater-agent-workspace/builds/worker-1-tc1/source:/opt/rustwide/workdir:ro,Z" "-v" "/var/lib/crater-agent-workspace/cargo-home:/opt/rustwide/cargo-home:ro,Z" "-v" "/var/lib/crater-agent-workspace/rustup-home:/opt/rustwide/rustup-home:ro,Z" "-e" "SOURCE_DIR=/opt/rustwide/workdir" "-e" "CARGO_TARGET_DIR=/opt/rustwide/target" "-e" "CARGO_HOME=/opt/rustwide/cargo-home" "-e" "RUSTUP_HOME=/opt/rustwide/rustup-home" "-w" "/opt/rustwide/workdir" "-m" "1610612736" "--user" "0:0" "--network" "none" "ghcr.io/rust-lang/crates-build-env/linux@sha256:2788e3201cd34a07e3172128adcd8b3090168a8e3bcc40d7c032b9dda1df7d1c" "/opt/rustwide/cargo-home/bin/cargo" "+1.75.0" "metadata" "--no-deps" "--format-version=1", kill_on_drop: false }`
[INFO] [stdout] 9b31e41b285053c480ff3c6d828177bf49ae4b96dc7982cf01fa69a3fb34f038
[INFO] running `Command { std: "docker" "start" "-a" "9b31e41b285053c480ff3c6d828177bf49ae4b96dc7982cf01fa69a3fb34f038", kill_on_drop: false }`
[INFO] running `Command { std: "docker" "inspect" "9b31e41b285053c480ff3c6d828177bf49ae4b96dc7982cf01fa69a3fb34f038", kill_on_drop: false }`
[INFO] running `Command { std: "docker" "rm" "-f" "9b31e41b285053c480ff3c6d828177bf49ae4b96dc7982cf01fa69a3fb34f038", kill_on_drop: false }`
[INFO] [stdout] 9b31e41b285053c480ff3c6d828177bf49ae4b96dc7982cf01fa69a3fb34f038
[INFO] running `Command { std: "docker" "create" "-v" "/var/lib/crater-agent-workspace/builds/worker-1-tc1/target:/opt/rustwide/target:rw,Z" "-v" "/var/lib/crater-agent-workspace/builds/worker-1-tc1/source:/opt/rustwide/workdir:ro,Z" "-v" "/var/lib/crater-agent-workspace/cargo-home:/opt/rustwide/cargo-home:ro,Z" "-v" "/var/lib/crater-agent-workspace/rustup-home:/opt/rustwide/rustup-home:ro,Z" "-e" "SOURCE_DIR=/opt/rustwide/workdir" "-e" "CARGO_TARGET_DIR=/opt/rustwide/target" "-e" "CARGO_INCREMENTAL=0" "-e" "RUST_BACKTRACE=full" "-e" "RUSTFLAGS=--cap-lints=warn" "-e" "RUSTDOCFLAGS=--cap-lints=warn" "-e" "CARGO_HOME=/opt/rustwide/cargo-home" "-e" "RUSTUP_HOME=/opt/rustwide/rustup-home" "-w" "/opt/rustwide/workdir" "-m" "1610612736" "--user" "0:0" "--network" "none" "ghcr.io/rust-lang/crates-build-env/linux@sha256:2788e3201cd34a07e3172128adcd8b3090168a8e3bcc40d7c032b9dda1df7d1c" "/opt/rustwide/cargo-home/bin/cargo" "+1.75.0" "build" "--frozen" "--message-format=json", kill_on_drop: false }`
[INFO] [stdout] 945eca820acb3c8c7b3a51dc921c5edf8b136c977ad6beed58bf7470ca112c42
[INFO] running `Command { std: "docker" "start" "-a" "945eca820acb3c8c7b3a51dc921c5edf8b136c977ad6beed58bf7470ca112c42", kill_on_drop: false }`
[INFO] [stderr]    Compiling autocfg v0.1.8
[INFO] [stderr]    Compiling num-traits v0.2.17
[INFO] [stderr]    Compiling iana-time-zone v0.1.59
[INFO] [stderr]    Compiling rand_jitter v0.1.4
[INFO] [stderr]    Compiling rand_isaac v0.1.1
[INFO] [stderr]    Compiling rand_hc v0.1.0
[INFO] [stderr]    Compiling rand_xorshift v0.1.1
[INFO] [stderr]    Compiling dirs-sys v0.3.7
[INFO] [stderr]    Compiling rand_os v0.1.3
[INFO] [stderr]    Compiling time v0.1.45
[INFO] [stderr]    Compiling syn v2.0.48
[INFO] [stderr]    Compiling rand_chacha v0.1.1
[INFO] [stderr]    Compiling rand_pcg v0.1.2
[INFO] [stderr]    Compiling rand v0.6.5
[INFO] [stderr]    Compiling dirs v2.0.2
[INFO] [stderr]    Compiling platform-dirs v0.2.0
[INFO] [stderr]    Compiling serde_derive v1.0.194
[INFO] [stderr]    Compiling serde v1.0.194
[INFO] [stderr]    Compiling chrono v0.4.31
[INFO] [stderr]    Compiling toml v0.5.11
[INFO] [stderr]    Compiling serde_json v1.0.111
[INFO] [stderr]    Compiling hypertask_engine v0.2.0
[INFO] [stdout] error[E0277]: cannot add `time::Duration` to `chrono::DateTime<chrono::Utc>`
[INFO] [stdout]    --> /opt/rustwide/cargo-home/registry/src/index.crates.io-6f17d22bba15001f/hypertask_engine-0.2.0/src/task.rs:176:45
[INFO] [stdout]     |
[INFO] [stdout] 176 |                         self.due = Some(due + dt);
[INFO] [stdout]     |                                             ^ no implementation for `chrono::DateTime<chrono::Utc> + time::Duration`
[INFO] [stdout]     |
[INFO] [stdout]     = help: the trait `std::ops::Add<time::Duration>` is not implemented for `chrono::DateTime<chrono::Utc>`
[INFO] [stdout]     = help: the following other types implement trait `std::ops::Add<Rhs>`:
[INFO] [stdout]               <chrono::DateTime<Tz> as std::ops::Add<chrono::Duration>>
[INFO] [stdout]               <chrono::DateTime<Tz> as std::ops::Add<Days>>
[INFO] [stdout]               <chrono::DateTime<Tz> as std::ops::Add<FixedOffset>>
[INFO] [stdout]               <chrono::DateTime<Tz> as std::ops::Add<Months>>
[INFO] [stdout]               <chrono::DateTime<Tz> as std::ops::Add<std::time::Duration>>
[INFO] [stdout] 
[INFO] [stdout] 
[INFO] [stdout] error[E0277]: cannot add `time::Duration` to `chrono::DateTime<chrono::Utc>`
[INFO] [stdout]    --> /opt/rustwide/cargo-home/registry/src/index.crates.io-6f17d22bba15001f/hypertask_engine-0.2.0/src/task.rs:179:47
[INFO] [stdout]     |
[INFO] [stdout] 179 |                         self.wait = Some(wait + dt);
[INFO] [stdout]     |                                               ^ no implementation for `chrono::DateTime<chrono::Utc> + time::Duration`
[INFO] [stdout]     |
[INFO] [stdout]     = help: the trait `std::ops::Add<time::Duration>` is not implemented for `chrono::DateTime<chrono::Utc>`
[INFO] [stdout]     = help: the following other types implement trait `std::ops::Add<Rhs>`:
[INFO] [stdout]               <chrono::DateTime<Tz> as std::ops::Add<chrono::Duration>>
[INFO] [stdout]               <chrono::DateTime<Tz> as std::ops::Add<Days>>
[INFO] [stdout]               <chrono::DateTime<Tz> as std::ops::Add<FixedOffset>>
[INFO] [stdout]               <chrono::DateTime<Tz> as std::ops::Add<Months>>
[INFO] [stdout]               <chrono::DateTime<Tz> as std::ops::Add<std::time::Duration>>
[INFO] [stdout] 
[INFO] [stdout] 
[INFO] [stdout] error[E0277]: cannot add `time::Duration` to `chrono::DateTime<chrono::Utc>`
[INFO] [stdout]    --> /opt/rustwide/cargo-home/registry/src/index.crates.io-6f17d22bba15001f/hypertask_engine-0.2.0/src/task.rs:223:25
[INFO] [stdout]     |
[INFO] [stdout] 223 |             due < (*now + Duration::days(3))
[INFO] [stdout]     |                         ^ no implementation for `chrono::DateTime<chrono::Utc> + time::Duration`
[INFO] [stdout]     |
[INFO] [stdout]     = help: the trait `std::ops::Add<time::Duration>` is not implemented for `chrono::DateTime<chrono::Utc>`
[INFO] [stdout]     = help: the following other types implement trait `std::ops::Add<Rhs>`:
[INFO] [stdout]               <chrono::DateTime<Tz> as std::ops::Add<chrono::Duration>>
[INFO] [stdout]               <chrono::DateTime<Tz> as std::ops::Add<Days>>
[INFO] [stdout]               <chrono::DateTime<Tz> as std::ops::Add<FixedOffset>>
[INFO] [stdout]               <chrono::DateTime<Tz> as std::ops::Add<Months>>
[INFO] [stdout]               <chrono::DateTime<Tz> as std::ops::Add<std::time::Duration>>
[INFO] [stdout] 
[INFO] [stdout] 
[INFO] [stdout] error: aborting due to 3 previous errors
[INFO] [stdout] 
[INFO] [stdout] 
[INFO] [stdout] For more information about this error, try `rustc --explain E0277`.
[INFO] [stdout] 
[INFO] [stderr] error: could not compile `hypertask_engine` (lib) due to 4 previous errors
[INFO] [stderr] warning: build failed, waiting for other jobs to finish...
[INFO] running `Command { std: "docker" "inspect" "945eca820acb3c8c7b3a51dc921c5edf8b136c977ad6beed58bf7470ca112c42", kill_on_drop: false }`
[INFO] running `Command { std: "docker" "rm" "-f" "945eca820acb3c8c7b3a51dc921c5edf8b136c977ad6beed58bf7470ca112c42", kill_on_drop: false }`
[INFO] [stdout] 945eca820acb3c8c7b3a51dc921c5edf8b136c977ad6beed58bf7470ca112c42
[INFO] testing hypertask_config_file_opener-0.2.0 against beta-2023-12-22 for beta-1.76-1
[INFO] extracting crate hypertask_config_file_opener 0.2.0 into /workspace/builds/worker-1-tc2/source
[INFO] validating manifest of crates.io crate hypertask_config_file_opener 0.2.0 on toolchain beta-2023-12-22
[INFO] running `Command { std: CARGO_HOME="/workspace/cargo-home" RUSTUP_HOME="/workspace/rustup-home" "/workspace/cargo-home/bin/cargo" "+beta-2023-12-22" "metadata" "--manifest-path" "Cargo.toml" "--no-deps", kill_on_drop: false }`
[INFO] started tweaking crates.io crate hypertask_config_file_opener 0.2.0
[INFO] finished tweaking crates.io crate hypertask_config_file_opener 0.2.0
[INFO] tweaked toml for crates.io crate hypertask_config_file_opener 0.2.0 written to /workspace/builds/worker-1-tc2/source/Cargo.toml
[INFO] running `Command { std: CARGO_HOME="/workspace/cargo-home" RUSTUP_HOME="/workspace/rustup-home" "/workspace/cargo-home/bin/cargo" "+beta-2023-12-22" "generate-lockfile" "--manifest-path" "Cargo.toml", kill_on_drop: false }`
[INFO] [stderr]     Updating crates.io index
[INFO] running `Command { std: CARGO_HOME="/workspace/cargo-home" RUSTUP_HOME="/workspace/rustup-home" "/workspace/cargo-home/bin/cargo" "+beta-2023-12-22" "fetch" "--manifest-path" "Cargo.toml", kill_on_drop: false }`
[INFO] running `Command { std: "docker" "create" "-v" "/var/lib/crater-agent-workspace/builds/worker-1-tc2/target:/opt/rustwide/target:rw,Z" "-v" "/var/lib/crater-agent-workspace/builds/worker-1-tc2/source:/opt/rustwide/workdir:ro,Z" "-v" "/var/lib/crater-agent-workspace/cargo-home:/opt/rustwide/cargo-home:ro,Z" "-v" "/var/lib/crater-agent-workspace/rustup-home:/opt/rustwide/rustup-home:ro,Z" "-e" "SOURCE_DIR=/opt/rustwide/workdir" "-e" "CARGO_TARGET_DIR=/opt/rustwide/target" "-e" "CARGO_HOME=/opt/rustwide/cargo-home" "-e" "RUSTUP_HOME=/opt/rustwide/rustup-home" "-w" "/opt/rustwide/workdir" "-m" "1610612736" "--user" "0:0" "--network" "none" "ghcr.io/rust-lang/crates-build-env/linux@sha256:2788e3201cd34a07e3172128adcd8b3090168a8e3bcc40d7c032b9dda1df7d1c" "/opt/rustwide/cargo-home/bin/cargo" "+beta-2023-12-22" "metadata" "--no-deps" "--format-version=1", kill_on_drop: false }`
[INFO] [stdout] 6c6b4549ec3f42bd16bf9270e705f13a4ead22445f75447096048e49f736bfe9
[INFO] running `Command { std: "docker" "start" "-a" "6c6b4549ec3f42bd16bf9270e705f13a4ead22445f75447096048e49f736bfe9", kill_on_drop: false }`
[INFO] running `Command { std: "docker" "inspect" "6c6b4549ec3f42bd16bf9270e705f13a4ead22445f75447096048e49f736bfe9", kill_on_drop: false }`
[INFO] running `Command { std: "docker" "rm" "-f" "6c6b4549ec3f42bd16bf9270e705f13a4ead22445f75447096048e49f736bfe9", kill_on_drop: false }`
[INFO] [stdout] 6c6b4549ec3f42bd16bf9270e705f13a4ead22445f75447096048e49f736bfe9
[INFO] running `Command { std: "docker" "create" "-v" "/var/lib/crater-agent-workspace/builds/worker-1-tc2/target:/opt/rustwide/target:rw,Z" "-v" "/var/lib/crater-agent-workspace/builds/worker-1-tc2/source:/opt/rustwide/workdir:ro,Z" "-v" "/var/lib/crater-agent-workspace/cargo-home:/opt/rustwide/cargo-home:ro,Z" "-v" "/var/lib/crater-agent-workspace/rustup-home:/opt/rustwide/rustup-home:ro,Z" "-e" "SOURCE_DIR=/opt/rustwide/workdir" "-e" "CARGO_TARGET_DIR=/opt/rustwide/target" "-e" "CARGO_INCREMENTAL=0" "-e" "RUST_BACKTRACE=full" "-e" "RUSTFLAGS=--cap-lints=warn" "-e" "RUSTDOCFLAGS=--cap-lints=warn" "-e" "CARGO_HOME=/opt/rustwide/cargo-home" "-e" "RUSTUP_HOME=/opt/rustwide/rustup-home" "-w" "/opt/rustwide/workdir" "-m" "1610612736" "--user" "0:0" "--network" "none" "ghcr.io/rust-lang/crates-build-env/linux@sha256:2788e3201cd34a07e3172128adcd8b3090168a8e3bcc40d7c032b9dda1df7d1c" "/opt/rustwide/cargo-home/bin/cargo" "+beta-2023-12-22" "build" "--frozen" "--message-format=json", kill_on_drop: false }`
[INFO] [stdout] 327a5610ea869a01e53b4947a0a21f107bd3203313cc5c9f3917cfe4e1421e65
[INFO] running `Command { std: "docker" "start" "-a" "327a5610ea869a01e53b4947a0a21f107bd3203313cc5c9f3917cfe4e1421e65", kill_on_drop: false }`
[INFO] [stderr]    Compiling autocfg v0.1.8
[INFO] [stderr]    Compiling num-traits v0.2.17
[INFO] [stderr]    Compiling iana-time-zone v0.1.59
[INFO] [stderr]    Compiling rand_jitter v0.1.4
[INFO] [stderr]    Compiling rand_isaac v0.1.1
[INFO] [stderr]    Compiling rand_xorshift v0.1.1
[INFO] [stderr]    Compiling rand_hc v0.1.0
[INFO] [stderr]    Compiling rand_os v0.1.3
[INFO] [stderr]    Compiling dirs-sys v0.3.7
[INFO] [stderr]    Compiling time v0.1.45
[INFO] [stderr]    Compiling syn v2.0.48
[INFO] [stderr]    Compiling rand_chacha v0.1.1
[INFO] [stderr]    Compiling rand_pcg v0.1.2
[INFO] [stderr]    Compiling rand v0.6.5
[INFO] [stderr]    Compiling dirs v2.0.2
[INFO] [stderr]    Compiling platform-dirs v0.2.0
[INFO] [stderr]    Compiling serde_derive v1.0.194
[INFO] [stderr]    Compiling serde v1.0.194
[INFO] [stderr]    Compiling chrono v0.4.31
[INFO] [stderr]    Compiling toml v0.5.11
[INFO] [stderr]    Compiling serde_json v1.0.111
[INFO] [stderr]    Compiling hypertask_engine v0.2.0
[INFO] [stdout] error[E0277]: cannot add `time::Duration` to `chrono::DateTime<chrono::Utc>`
[INFO] [stdout]    --> /opt/rustwide/cargo-home/registry/src/index.crates.io-6f17d22bba15001f/hypertask_engine-0.2.0/src/task.rs:176:45
[INFO] [stdout]     |
[INFO] [stdout] 176 |                         self.due = Some(due + dt);
[INFO] [stdout]     |                                             ^ no implementation for `chrono::DateTime<chrono::Utc> + time::Duration`
[INFO] [stdout]     |
[INFO] [stdout]     = help: the trait `std::ops::Add<time::Duration>` is not implemented for `chrono::DateTime<chrono::Utc>`
[INFO] [stdout]     = help: the following other types implement trait `std::ops::Add<Rhs>`:
[INFO] [stdout]               <chrono::DateTime<Tz> as std::ops::Add<chrono::Duration>>
[INFO] [stdout]               <chrono::DateTime<Tz> as std::ops::Add<Days>>
[INFO] [stdout]               <chrono::DateTime<Tz> as std::ops::Add<FixedOffset>>
[INFO] [stdout]               <chrono::DateTime<Tz> as std::ops::Add<Months>>
[INFO] [stdout]               <chrono::DateTime<Tz> as std::ops::Add<std::time::Duration>>
[INFO] [stdout] 
[INFO] [stdout] 
[INFO] [stdout] error[E0277]: cannot add `time::Duration` to `chrono::DateTime<chrono::Utc>`
[INFO] [stdout]    --> /opt/rustwide/cargo-home/registry/src/index.crates.io-6f17d22bba15001f/hypertask_engine-0.2.0/src/task.rs:179:47
[INFO] [stdout]     |
[INFO] [stdout] 179 |                         self.wait = Some(wait + dt);
[INFO] [stdout]     |                                               ^ no implementation for `chrono::DateTime<chrono::Utc> + time::Duration`
[INFO] [stdout]     |
[INFO] [stdout]     = help: the trait `std::ops::Add<time::Duration>` is not implemented for `chrono::DateTime<chrono::Utc>`
[INFO] [stdout]     = help: the following other types implement trait `std::ops::Add<Rhs>`:
[INFO] [stdout]               <chrono::DateTime<Tz> as std::ops::Add<chrono::Duration>>
[INFO] [stdout]               <chrono::DateTime<Tz> as std::ops::Add<Days>>
[INFO] [stdout]               <chrono::DateTime<Tz> as std::ops::Add<FixedOffset>>
[INFO] [stdout]               <chrono::DateTime<Tz> as std::ops::Add<Months>>
[INFO] [stdout]               <chrono::DateTime<Tz> as std::ops::Add<std::time::Duration>>
[INFO] [stdout] 
[INFO] [stdout] 
[INFO] [stdout] error[E0277]: cannot add `time::Duration` to `chrono::DateTime<chrono::Utc>`
[INFO] [stdout]    --> /opt/rustwide/cargo-home/registry/src/index.crates.io-6f17d22bba15001f/hypertask_engine-0.2.0/src/task.rs:223:25
[INFO] [stdout]     |
[INFO] [stdout] 223 |             due < (*now + Duration::days(3))
[INFO] [stdout]     |                         ^ no implementation for `chrono::DateTime<chrono::Utc> + time::Duration`
[INFO] [stdout]     |
[INFO] [stdout]     = help: the trait `std::ops::Add<time::Duration>` is not implemented for `chrono::DateTime<chrono::Utc>`
[INFO] [stdout]     = help: the following other types implement trait `std::ops::Add<Rhs>`:
[INFO] [stdout]               <chrono::DateTime<Tz> as std::ops::Add<chrono::Duration>>
[INFO] [stdout]               <chrono::DateTime<Tz> as std::ops::Add<Days>>
[INFO] [stdout]               <chrono::DateTime<Tz> as std::ops::Add<FixedOffset>>
[INFO] [stdout]               <chrono::DateTime<Tz> as std::ops::Add<Months>>
[INFO] [stdout]               <chrono::DateTime<Tz> as std::ops::Add<std::time::Duration>>
[INFO] [stdout] 
[INFO] [stdout] 
[INFO] [stdout] error: aborting due to 3 previous errors
[INFO] [stdout] 
[INFO] [stdout] 
[INFO] [stdout] For more information about this error, try `rustc --explain E0277`.
[INFO] [stdout] 
[INFO] [stderr] error: could not compile `hypertask_engine` (lib) due to 4 previous errors
[INFO] [stderr] warning: build failed, waiting for other jobs to finish...
[INFO] running `Command { std: "docker" "inspect" "327a5610ea869a01e53b4947a0a21f107bd3203313cc5c9f3917cfe4e1421e65", kill_on_drop: false }`
[INFO] running `Command { std: "docker" "rm" "-f" "327a5610ea869a01e53b4947a0a21f107bd3203313cc5c9f3917cfe4e1421e65", kill_on_drop: false }`
[INFO] [stdout] 327a5610ea869a01e53b4947a0a21f107bd3203313cc5c9f3917cfe4e1421e65
