[INFO] fetching crate hypers_middleware 0.0.0...
[INFO] testing hypers_middleware-0.0.0 against 1.75.0 for beta-1.76-1
[INFO] extracting crate hypers_middleware 0.0.0 into /workspace/builds/worker-2-tc1/source
[INFO] validating manifest of crates.io crate hypers_middleware 0.0.0 on toolchain 1.75.0
[INFO] running `Command { std: CARGO_HOME="/workspace/cargo-home" RUSTUP_HOME="/workspace/rustup-home" "/workspace/cargo-home/bin/cargo" "+1.75.0" "metadata" "--manifest-path" "Cargo.toml" "--no-deps", kill_on_drop: false }`
[INFO] started tweaking crates.io crate hypers_middleware 0.0.0
[INFO] finished tweaking crates.io crate hypers_middleware 0.0.0
[INFO] tweaked toml for crates.io crate hypers_middleware 0.0.0 written to /workspace/builds/worker-2-tc1/source/Cargo.toml
[INFO] crate crates.io crate hypers_middleware 0.0.0 already has a lockfile, it will not be regenerated
[INFO] running `Command { std: CARGO_HOME="/workspace/cargo-home" RUSTUP_HOME="/workspace/rustup-home" "/workspace/cargo-home/bin/cargo" "+1.75.0" "fetch" "--manifest-path" "Cargo.toml", kill_on_drop: false }`
[INFO] [stderr]     Updating crates.io index
[INFO] [stderr]  Downloading crates ...
[INFO] [stderr]   Downloaded cruet v0.14.0
[INFO] [stderr]   Downloaded opentelemetry_sdk v0.20.0
[INFO] [stderr]   Downloaded multimap v0.9.1
[INFO] [stderr]   Downloaded http-body-util v0.1.0-rc.3
[INFO] [stderr]   Downloaded hyper v1.0.0-rc.4
[INFO] [stderr]   Downloaded opentelemetry-semantic-conventions v0.12.0
[INFO] [stderr]   Downloaded opentelemetry v0.20.0
[INFO] [stderr]   Downloaded opentelemetry_api v0.20.0
[INFO] [stderr]   Downloaded opentelemetry-http v0.9.0
[INFO] [stderr]   Downloaded hypers_macro v0.3.2
[INFO] [stderr]   Downloaded hypers v0.4.3
[INFO] running `Command { std: "docker" "create" "-v" "/var/lib/crater-agent-workspace/builds/worker-2-tc1/target:/opt/rustwide/target:rw,Z" "-v" "/var/lib/crater-agent-workspace/builds/worker-2-tc1/source:/opt/rustwide/workdir:ro,Z" "-v" "/var/lib/crater-agent-workspace/cargo-home:/opt/rustwide/cargo-home:ro,Z" "-v" "/var/lib/crater-agent-workspace/rustup-home:/opt/rustwide/rustup-home:ro,Z" "-e" "SOURCE_DIR=/opt/rustwide/workdir" "-e" "CARGO_TARGET_DIR=/opt/rustwide/target" "-e" "CARGO_HOME=/opt/rustwide/cargo-home" "-e" "RUSTUP_HOME=/opt/rustwide/rustup-home" "-w" "/opt/rustwide/workdir" "-m" "1610612736" "--user" "0:0" "--network" "none" "ghcr.io/rust-lang/crates-build-env/linux@sha256:2788e3201cd34a07e3172128adcd8b3090168a8e3bcc40d7c032b9dda1df7d1c" "/opt/rustwide/cargo-home/bin/cargo" "+1.75.0" "metadata" "--no-deps" "--format-version=1", kill_on_drop: false }`
[INFO] [stdout] 4faade67c4bf59f00578c078e1f4d656330fbc3465541b61b7bcd31f473f583d
[INFO] running `Command { std: "docker" "start" "-a" "4faade67c4bf59f00578c078e1f4d656330fbc3465541b61b7bcd31f473f583d", kill_on_drop: false }`
[INFO] running `Command { std: "docker" "inspect" "4faade67c4bf59f00578c078e1f4d656330fbc3465541b61b7bcd31f473f583d", kill_on_drop: false }`
[INFO] running `Command { std: "docker" "rm" "-f" "4faade67c4bf59f00578c078e1f4d656330fbc3465541b61b7bcd31f473f583d", kill_on_drop: false }`
[INFO] [stdout] 4faade67c4bf59f00578c078e1f4d656330fbc3465541b61b7bcd31f473f583d
[INFO] running `Command { std: "docker" "create" "-v" "/var/lib/crater-agent-workspace/builds/worker-2-tc1/target:/opt/rustwide/target:rw,Z" "-v" "/var/lib/crater-agent-workspace/builds/worker-2-tc1/source:/opt/rustwide/workdir:ro,Z" "-v" "/var/lib/crater-agent-workspace/cargo-home:/opt/rustwide/cargo-home:ro,Z" "-v" "/var/lib/crater-agent-workspace/rustup-home:/opt/rustwide/rustup-home:ro,Z" "-e" "SOURCE_DIR=/opt/rustwide/workdir" "-e" "CARGO_TARGET_DIR=/opt/rustwide/target" "-e" "CARGO_INCREMENTAL=0" "-e" "RUST_BACKTRACE=full" "-e" "RUSTFLAGS=--cap-lints=warn" "-e" "RUSTDOCFLAGS=--cap-lints=warn" "-e" "CARGO_HOME=/opt/rustwide/cargo-home" "-e" "RUSTUP_HOME=/opt/rustwide/rustup-home" "-w" "/opt/rustwide/workdir" "-m" "1610612736" "--user" "0:0" "--network" "none" "ghcr.io/rust-lang/crates-build-env/linux@sha256:2788e3201cd34a07e3172128adcd8b3090168a8e3bcc40d7c032b9dda1df7d1c" "/opt/rustwide/cargo-home/bin/cargo" "+1.75.0" "build" "--frozen" "--message-format=json", kill_on_drop: false }`
[INFO] [stdout] 07e1371bad935287bfdc88c133d527ce17d5c5317a8fcbd11371e5ea56db840d
[INFO] running `Command { std: "docker" "start" "-a" "07e1371bad935287bfdc88c133d527ce17d5c5317a8fcbd11371e5ea56db840d", kill_on_drop: false }`
[INFO] [stderr]    Compiling proc-macro2 v1.0.70
[INFO] [stderr]    Compiling memchr v2.6.4
[INFO] [stderr]    Compiling itoa v1.0.9
[INFO] [stderr]    Compiling libc v0.2.150
[INFO] [stderr]    Compiling futures-core v0.3.29
[INFO] [stderr]    Compiling futures-channel v0.3.29
[INFO] [stderr]    Compiling futures-task v0.3.29
[INFO] [stderr]    Compiling futures-sink v0.3.29
[INFO] [stderr]    Compiling futures-util v0.3.29
[INFO] [stderr]    Compiling generic-array v0.14.7
[INFO] [stderr]    Compiling futures-io v0.3.29
[INFO] [stderr]    Compiling lock_api v0.4.11
[INFO] [stderr]    Compiling unicase v2.7.0
[INFO] [stderr]    Compiling once_cell v1.18.0
[INFO] [stderr]    Compiling parking_lot_core v0.9.9
[INFO] [stderr]    Compiling serde v1.0.193
[INFO] [stderr]    Compiling hashbrown v0.14.3
[INFO] [stderr]    Compiling http v0.2.11
[INFO] [stderr]    Compiling equivalent v1.0.1
[INFO] [stderr]    Compiling ident_case v1.0.1
[INFO] [stderr]    Compiling smallvec v1.11.2
[INFO] [stderr]    Compiling scopeguard v1.2.0
[INFO] [stderr]    Compiling toml_datetime v0.6.5
[INFO] [stderr]    Compiling winnow v0.5.19
[INFO] [stderr]    Compiling tracing-core v0.1.32
[INFO] [stderr]    Compiling multer v2.1.0
[INFO] [stderr]    Compiling cpufeatures v0.2.11
[INFO] [stderr]    Compiling try-lock v0.2.4
[INFO] [stderr]    Compiling ryu v1.0.15
[INFO] [stderr]    Compiling async-trait v0.1.74
[INFO] [stderr]    Compiling thiserror v1.0.50
[INFO] [stderr]    Compiling aho-corasick v1.1.2
[INFO] [stderr]    Compiling serde_json v1.0.108
[INFO] [stderr]    Compiling mime_guess v2.0.4
[INFO] [stderr]    Compiling percent-encoding v2.3.1
[INFO] [stderr]    Compiling indexmap v2.1.0
[INFO] [stderr]    Compiling want v0.3.1
[INFO] [stderr]    Compiling encoding_rs v0.8.33
[INFO] [stderr]    Compiling quote v1.0.33
[INFO] [stderr]    Compiling form_urlencoded v1.2.1
[INFO] [stderr]    Compiling tracing v0.1.40
[INFO] [stderr]    Compiling log v0.4.20
[INFO] [stderr]    Compiling spin v0.9.8
[INFO] [stderr]    Compiling syn v2.0.39
[INFO] [stderr]    Compiling crypto-common v0.1.6
[INFO] [stderr]    Compiling block-buffer v0.10.4
[INFO] [stderr]    Compiling http-body v1.0.0-rc.2
[INFO] [stderr]    Compiling headers-core v0.2.0
[INFO] [stderr]    Compiling mio v0.8.9
[INFO] [stderr]    Compiling digest v0.10.7
[INFO] [stderr]    Compiling num_cpus v1.16.0
[INFO] [stderr]    Compiling socket2 v0.5.5
[INFO] [stderr]    Compiling parking_lot v0.12.1
[INFO] [stderr]    Compiling sha1 v0.10.6
[INFO] [stderr]    Compiling headers v0.3.9
[INFO] [stderr]    Compiling regex-automata v0.4.3
[INFO] [stderr]    Compiling tokio v1.34.0
[INFO] [stderr]    Compiling toml_edit v0.20.7
[INFO] [stderr]    Compiling proc-macro-crate v2.0.0
[INFO] [stderr]    Compiling regex v1.10.2
[INFO] [stderr]    Compiling cruet v0.14.0
[INFO] [stderr]    Compiling darling_core v0.20.3
[INFO] [stderr]    Compiling futures-macro v0.3.29
[INFO] [stderr]    Compiling serde_derive v1.0.193
[INFO] [stderr]    Compiling thiserror-impl v1.0.50
[INFO] [stderr]    Compiling enumflags2_derive v0.7.8
[INFO] [stderr]    Compiling enumflags2 v0.7.8
[INFO] [stderr]    Compiling darling_macro v0.20.3
[INFO] [stderr]    Compiling darling v0.20.3
[INFO] [stderr]    Compiling hypers_macro v0.3.2
[INFO] [stderr]    Compiling futures-executor v0.3.29
[INFO] [stderr]    Compiling http-body-util v0.1.0-rc.3
[INFO] [stderr]    Compiling hyper v1.0.0-rc.4
[INFO] [stderr]    Compiling futures v0.3.29
[INFO] [stderr]    Compiling multimap v0.9.1
[INFO] [stderr]    Compiling serde_urlencoded v0.7.1
[INFO] [stderr]    Compiling hypers v0.4.3
[INFO] [stderr]    Compiling hypers_middleware v0.0.0 (/opt/rustwide/workdir)
[INFO] [stderr]     Finished dev [unoptimized + debuginfo] target(s) in 11.13s
[INFO] running `Command { std: "docker" "inspect" "07e1371bad935287bfdc88c133d527ce17d5c5317a8fcbd11371e5ea56db840d", kill_on_drop: false }`
[INFO] running `Command { std: "docker" "rm" "-f" "07e1371bad935287bfdc88c133d527ce17d5c5317a8fcbd11371e5ea56db840d", kill_on_drop: false }`
[INFO] [stdout] 07e1371bad935287bfdc88c133d527ce17d5c5317a8fcbd11371e5ea56db840d
[INFO] running `Command { std: "docker" "create" "-v" "/var/lib/crater-agent-workspace/builds/worker-2-tc1/target:/opt/rustwide/target:rw,Z" "-v" "/var/lib/crater-agent-workspace/builds/worker-2-tc1/source:/opt/rustwide/workdir:ro,Z" "-v" "/var/lib/crater-agent-workspace/cargo-home:/opt/rustwide/cargo-home:ro,Z" "-v" "/var/lib/crater-agent-workspace/rustup-home:/opt/rustwide/rustup-home:ro,Z" "-e" "SOURCE_DIR=/opt/rustwide/workdir" "-e" "CARGO_TARGET_DIR=/opt/rustwide/target" "-e" "CARGO_INCREMENTAL=0" "-e" "RUST_BACKTRACE=full" "-e" "RUSTFLAGS=--cap-lints=warn" "-e" "RUSTDOCFLAGS=--cap-lints=warn" "-e" "CARGO_HOME=/opt/rustwide/cargo-home" "-e" "RUSTUP_HOME=/opt/rustwide/rustup-home" "-w" "/opt/rustwide/workdir" "-m" "1610612736" "--user" "0:0" "--network" "none" "ghcr.io/rust-lang/crates-build-env/linux@sha256:2788e3201cd34a07e3172128adcd8b3090168a8e3bcc40d7c032b9dda1df7d1c" "/opt/rustwide/cargo-home/bin/cargo" "+1.75.0" "test" "--frozen" "--no-run" "--message-format=json", kill_on_drop: false }`
[INFO] [stdout] 8218a6835513b400b4f20897c87c4d85aaa67b5c5e4e3e3764dda4e81c1aa03a
[INFO] running `Command { std: "docker" "start" "-a" "8218a6835513b400b4f20897c87c4d85aaa67b5c5e4e3e3764dda4e81c1aa03a", kill_on_drop: false }`
[INFO] [stderr]    Compiling serde v1.0.193
[INFO] [stderr]    Compiling time-core v0.1.2
[INFO] [stderr]    Compiling powerfmt v0.2.0
[INFO] [stderr]    Compiling form_urlencoded v1.2.1
[INFO] [stderr]    Compiling time-macros v0.2.15
[INFO] [stderr]    Compiling deranged v0.3.9
[INFO] [stderr]    Compiling serde_urlencoded v0.7.1
[INFO] [stderr]    Compiling multimap v0.9.1
[INFO] [stderr]    Compiling serde_json v1.0.108
[INFO] [stderr]    Compiling time v0.3.30
[INFO] [stderr]    Compiling hypers v0.4.3
[INFO] [stderr]    Compiling hypers_middleware v0.0.0 (/opt/rustwide/workdir)
[INFO] [stdout] error[E0601]: `main` function not found in crate `otel`
[INFO] [stdout]   --> examples/otel.rs:21:5
[INFO] [stdout]    |
[INFO] [stdout] 21 | // }
[INFO] [stdout]    |     ^ consider adding a `main` function to `examples/otel.rs`
[INFO] [stdout] 
[INFO] [stdout] 
[INFO] [stdout] error: aborting due to previous error
[INFO] [stdout] 
[INFO] [stdout] 
[INFO] [stdout] For more information about this error, try `rustc --explain E0601`.
[INFO] [stdout] 
[INFO] [stderr] error: could not compile `hypers_middleware` (example "otel") due to 2 previous errors
[INFO] [stderr] warning: build failed, waiting for other jobs to finish...
[INFO] [stdout] error[E0432]: unresolved import `hypers_middleware::Compression`
[INFO] [stdout]  --> examples/compression.rs:2:5
[INFO] [stdout]   |
[INFO] [stdout] 2 | use hypers_middleware::Compression;
[INFO] [stdout]   |     ^^^^^^^^^^^^^^^^^^^^^^^^^^^^^^ no `Compression` in the root
[INFO] [stdout]   |
[INFO] [stdout] note: found an item that was configured out
[INFO] [stdout]  --> /opt/rustwide/workdir/src/lib.rs:4:22
[INFO] [stdout]   |
[INFO] [stdout] 4 | pub use compression::Compression;
[INFO] [stdout]   |                      ^^^^^^^^^^^
[INFO] [stdout]   = note: the item is gated behind the `compression` feature
[INFO] [stdout] 
[INFO] [stdout] 
[INFO] [stdout] error: aborting due to previous error
[INFO] [stdout] 
[INFO] [stdout] 
[INFO] [stdout] For more information about this error, try `rustc --explain E0432`.
[INFO] [stdout] 
[INFO] [stdout] error[E0432]: unresolved import `hypers_middleware::Cors`
[INFO] [stdout]  --> examples/cors.rs:2:5
[INFO] [stdout]   |
[INFO] [stdout] 2 | use hypers_middleware::Cors;
[INFO] [stdout]   |     ^^^^^^^^^^^^^^^^^^^^^^^ no `Cors` in the root
[INFO] [stdout]   |
[INFO] [stdout] note: found an item that was configured out
[INFO] [stdout]  --> /opt/rustwide/workdir/src/lib.rs:8:16
[INFO] [stdout]   |
[INFO] [stdout] 8 | pub use cors::{Cors,CorsType};
[INFO] [stdout]   |                ^^^^
[INFO] [stdout]   = note: the item is gated behind the `cors` feature
[INFO] [stdout] 
[INFO] [stdout] 
[INFO] [stderr] error: could not compile `hypers_middleware` (example "compression") due to 2 previous errors
[INFO] [stdout] error: aborting due to previous error
[INFO] [stdout] 
[INFO] [stdout] 
[INFO] [stdout] For more information about this error, try `rustc --explain E0432`.
[INFO] [stdout] 
[INFO] [stderr] error: could not compile `hypers_middleware` (example "cors") due to 2 previous errors
[INFO] running `Command { std: "docker" "inspect" "8218a6835513b400b4f20897c87c4d85aaa67b5c5e4e3e3764dda4e81c1aa03a", kill_on_drop: false }`
[INFO] running `Command { std: "docker" "rm" "-f" "8218a6835513b400b4f20897c87c4d85aaa67b5c5e4e3e3764dda4e81c1aa03a", kill_on_drop: false }`
[INFO] [stdout] 8218a6835513b400b4f20897c87c4d85aaa67b5c5e4e3e3764dda4e81c1aa03a
