[INFO] fetching crate hyper_wasi 0.15.2...
[INFO] testing hyper_wasi-0.15.2 against 1.75.0 for beta-1.76-1
[INFO] extracting crate hyper_wasi 0.15.2 into /workspace/builds/worker-4-tc1/source
[INFO] validating manifest of crates.io crate hyper_wasi 0.15.2 on toolchain 1.75.0
[INFO] running `Command { std: CARGO_HOME="/workspace/cargo-home" RUSTUP_HOME="/workspace/rustup-home" "/workspace/cargo-home/bin/cargo" "+1.75.0" "metadata" "--manifest-path" "Cargo.toml" "--no-deps", kill_on_drop: false }`
[INFO] removed /workspace/builds/worker-4-tc1/source/.cargo/config.toml
[INFO] started tweaking crates.io crate hyper_wasi 0.15.2
[INFO] removed 0 missing examples
[INFO] removed 0 missing tests
[INFO] finished tweaking crates.io crate hyper_wasi 0.15.2
[INFO] tweaked toml for crates.io crate hyper_wasi 0.15.2 written to /workspace/builds/worker-4-tc1/source/Cargo.toml
[INFO] crate crates.io crate hyper_wasi 0.15.2 already has a lockfile, it will not be regenerated
[INFO] running `Command { std: CARGO_HOME="/workspace/cargo-home" RUSTUP_HOME="/workspace/rustup-home" "/workspace/cargo-home/bin/cargo" "+1.75.0" "fetch" "--manifest-path" "Cargo.toml", kill_on_drop: false }`
[INFO] [stderr]     Updating crates.io index
[INFO] [stderr]  Downloading crates ...
[INFO] [stderr]   Downloaded pnet_datalink v0.27.2
[INFO] [stderr]   Downloaded wasmedge_wasi_socket v0.5.0
[INFO] [stderr]   Downloaded ipnetwork v0.17.0
[INFO] [stderr]   Downloaded pnet_base v0.27.2
[INFO] [stderr]   Downloaded pnet_sys v0.27.2
[INFO] [stderr]   Downloaded spmc v0.3.0
[INFO] [stderr]   Downloaded tokio-util_wasi v0.7.5
[INFO] [stderr]   Downloaded h2_wasi v0.3.15
[INFO] [stderr]   Downloaded tokio_wasi v1.25.2
[INFO] [stderr]   Downloaded mio_wasi v0.8.7
[INFO] running `Command { std: "docker" "create" "-v" "/var/lib/crater-agent-workspace/builds/worker-4-tc1/target:/opt/rustwide/target:rw,Z" "-v" "/var/lib/crater-agent-workspace/builds/worker-4-tc1/source:/opt/rustwide/workdir:ro,Z" "-v" "/var/lib/crater-agent-workspace/cargo-home:/opt/rustwide/cargo-home:ro,Z" "-v" "/var/lib/crater-agent-workspace/rustup-home:/opt/rustwide/rustup-home:ro,Z" "-e" "SOURCE_DIR=/opt/rustwide/workdir" "-e" "CARGO_TARGET_DIR=/opt/rustwide/target" "-e" "CARGO_HOME=/opt/rustwide/cargo-home" "-e" "RUSTUP_HOME=/opt/rustwide/rustup-home" "-w" "/opt/rustwide/workdir" "-m" "1610612736" "--user" "0:0" "--network" "none" "ghcr.io/rust-lang/crates-build-env/linux@sha256:2788e3201cd34a07e3172128adcd8b3090168a8e3bcc40d7c032b9dda1df7d1c" "/opt/rustwide/cargo-home/bin/cargo" "+1.75.0" "metadata" "--no-deps" "--format-version=1", kill_on_drop: false }`
[INFO] [stdout] c4fa9e1e44a3289dbee0c8997569f620fdecda2c2ca4aa4af62ae0fbb2ba8101
[INFO] running `Command { std: "docker" "start" "-a" "c4fa9e1e44a3289dbee0c8997569f620fdecda2c2ca4aa4af62ae0fbb2ba8101", kill_on_drop: false }`
[INFO] running `Command { std: "docker" "inspect" "c4fa9e1e44a3289dbee0c8997569f620fdecda2c2ca4aa4af62ae0fbb2ba8101", kill_on_drop: false }`
[INFO] running `Command { std: "docker" "rm" "-f" "c4fa9e1e44a3289dbee0c8997569f620fdecda2c2ca4aa4af62ae0fbb2ba8101", kill_on_drop: false }`
[INFO] [stdout] c4fa9e1e44a3289dbee0c8997569f620fdecda2c2ca4aa4af62ae0fbb2ba8101
[INFO] running `Command { std: "docker" "create" "-v" "/var/lib/crater-agent-workspace/builds/worker-4-tc1/target:/opt/rustwide/target:rw,Z" "-v" "/var/lib/crater-agent-workspace/builds/worker-4-tc1/source:/opt/rustwide/workdir:ro,Z" "-v" "/var/lib/crater-agent-workspace/cargo-home:/opt/rustwide/cargo-home:ro,Z" "-v" "/var/lib/crater-agent-workspace/rustup-home:/opt/rustwide/rustup-home:ro,Z" "-e" "SOURCE_DIR=/opt/rustwide/workdir" "-e" "CARGO_TARGET_DIR=/opt/rustwide/target" "-e" "CARGO_INCREMENTAL=0" "-e" "RUST_BACKTRACE=full" "-e" "RUSTFLAGS=--cap-lints=warn" "-e" "RUSTDOCFLAGS=--cap-lints=warn" "-e" "CARGO_HOME=/opt/rustwide/cargo-home" "-e" "RUSTUP_HOME=/opt/rustwide/rustup-home" "-w" "/opt/rustwide/workdir" "-m" "1610612736" "--user" "0:0" "--network" "none" "ghcr.io/rust-lang/crates-build-env/linux@sha256:2788e3201cd34a07e3172128adcd8b3090168a8e3bcc40d7c032b9dda1df7d1c" "/opt/rustwide/cargo-home/bin/cargo" "+1.75.0" "build" "--frozen" "--message-format=json", kill_on_drop: false }`
[INFO] [stdout] 72e0b82e4dcc0cd194acc7e15b4e88d58a0605feefaf3aa4eee42bb4e6003414
[INFO] running `Command { std: "docker" "start" "-a" "72e0b82e4dcc0cd194acc7e15b4e88d58a0605feefaf3aa4eee42bb4e6003414", kill_on_drop: false }`
[INFO] [stderr]    Compiling proc-macro2 v1.0.59
[INFO] [stderr]    Compiling unicode-ident v1.0.9
[INFO] [stderr]    Compiling quote v1.0.28
[INFO] [stderr]    Compiling syn v1.0.109
[INFO] [stderr]    Compiling pin-project-lite v0.2.9
[INFO] [stderr]    Compiling futures-core v0.3.28
[INFO] [stderr]    Compiling log v0.4.18
[INFO] [stderr]    Compiling futures-task v0.3.28
[INFO] [stderr]    Compiling bytes v1.4.0
[INFO] [stderr]    Compiling once_cell v1.18.0
[INFO] [stderr]    Compiling futures-util v0.3.28
[INFO] [stderr]    Compiling itoa v1.0.6
[INFO] [stderr]    Compiling futures-channel v0.3.28
[INFO] [stderr]    Compiling tokio_wasi v1.25.2
[INFO] [stderr]    Compiling memchr v2.5.0
[INFO] [stderr]    Compiling try-lock v0.2.4
[INFO] [stderr]    Compiling httpdate v1.0.2
[INFO] [stderr]    Compiling tracing-core v0.1.31
[INFO] [stderr]    Compiling want v0.3.0
[INFO] [stderr]    Compiling http v0.2.9
[INFO] [stderr]    Compiling tracing v0.1.37
[INFO] [stderr]    Compiling http-body v0.4.5
[INFO] [stderr]    Compiling tokio-macros v1.8.2
[INFO] [stderr]    Compiling hyper_wasi v0.15.2 (/opt/rustwide/workdir)
[INFO] [stderr]     Finished dev [unoptimized + debuginfo] target(s) in 10.11s
[INFO] running `Command { std: "docker" "inspect" "72e0b82e4dcc0cd194acc7e15b4e88d58a0605feefaf3aa4eee42bb4e6003414", kill_on_drop: false }`
[INFO] running `Command { std: "docker" "rm" "-f" "72e0b82e4dcc0cd194acc7e15b4e88d58a0605feefaf3aa4eee42bb4e6003414", kill_on_drop: false }`
[INFO] [stdout] 72e0b82e4dcc0cd194acc7e15b4e88d58a0605feefaf3aa4eee42bb4e6003414
[INFO] running `Command { std: "docker" "create" "-v" "/var/lib/crater-agent-workspace/builds/worker-4-tc1/target:/opt/rustwide/target:rw,Z" "-v" "/var/lib/crater-agent-workspace/builds/worker-4-tc1/source:/opt/rustwide/workdir:ro,Z" "-v" "/var/lib/crater-agent-workspace/cargo-home:/opt/rustwide/cargo-home:ro,Z" "-v" "/var/lib/crater-agent-workspace/rustup-home:/opt/rustwide/rustup-home:ro,Z" "-e" "SOURCE_DIR=/opt/rustwide/workdir" "-e" "CARGO_TARGET_DIR=/opt/rustwide/target" "-e" "CARGO_INCREMENTAL=0" "-e" "RUST_BACKTRACE=full" "-e" "RUSTFLAGS=--cap-lints=warn" "-e" "RUSTDOCFLAGS=--cap-lints=warn" "-e" "CARGO_HOME=/opt/rustwide/cargo-home" "-e" "RUSTUP_HOME=/opt/rustwide/rustup-home" "-w" "/opt/rustwide/workdir" "-m" "1610612736" "--user" "0:0" "--network" "none" "ghcr.io/rust-lang/crates-build-env/linux@sha256:2788e3201cd34a07e3172128adcd8b3090168a8e3bcc40d7c032b9dda1df7d1c" "/opt/rustwide/cargo-home/bin/cargo" "+1.75.0" "test" "--frozen" "--no-run" "--message-format=json", kill_on_drop: false }`
[INFO] [stdout] 27532246e6ab1f9fd90db6e0f2fec9f0074fec506811f7adb6b128d5c330301b
[INFO] running `Command { std: "docker" "start" "-a" "27532246e6ab1f9fd90db6e0f2fec9f0074fec506811f7adb6b128d5c330301b", kill_on_drop: false }`
[INFO] [stderr]    Compiling libc v0.2.146
[INFO] [stderr]    Compiling serde v1.0.163
[INFO] [stderr]    Compiling regex-syntax v0.7.2
[INFO] [stderr]    Compiling syn v2.0.18
[INFO] [stderr]    Compiling aho-corasick v1.0.2
[INFO] [stderr]    Compiling termcolor v1.2.0
[INFO] [stderr]    Compiling serde_json v1.0.96
[INFO] [stderr]    Compiling percent-encoding v2.3.0
[INFO] [stderr]    Compiling idna v0.4.0
[INFO] [stderr]    Compiling futures-sink v0.3.28
[INFO] [stderr]    Compiling pnet_base v0.27.2
[INFO] [stderr]    Compiling ryu v1.0.13
[INFO] [stderr]    Compiling spmc v0.3.0
[INFO] [stderr]    Compiling tokio-util_wasi v0.7.5
[INFO] [stderr]    Compiling form_urlencoded v1.2.0
[INFO] [stderr]    Compiling url v2.4.0
[INFO] [stderr]    Compiling atty v0.2.14
[INFO] [stderr]    Compiling pnet_sys v0.27.2
[INFO] [stderr]    Compiling num_cpus v1.15.0
[INFO] [stderr]    Compiling regex v1.8.4
[INFO] [stderr]    Compiling serde_derive v1.0.163
[INFO] [stderr]    Compiling env_logger v0.7.1
[INFO] [stderr]    Compiling pretty_env_logger v0.4.0
[INFO] [stderr]    Compiling ipnetwork v0.17.0
[INFO] [stderr]    Compiling pnet_datalink v0.27.2
[INFO] [stderr]    Compiling hyper_wasi v0.15.2 (/opt/rustwide/workdir)
[INFO] [stdout] error[E0433]: failed to resolve: use of undeclared crate or module `tokio_test`
[INFO] [stdout]    --> src/common/io/rewind.rs:120:20
[INFO] [stdout]     |
[INFO] [stdout] 120 |         let mock = tokio_test::io::Builder::new().read(&underlying).build();
[INFO] [stdout]     |                    ^^^^^^^^^^ use of undeclared crate or module `tokio_test`
[INFO] [stdout]     |
[INFO] [stdout] help: consider importing one of these items
[INFO] [stdout]     |
[INFO] [stdout] 112 +     use crate::http::request::Builder;
[INFO] [stdout]     |
[INFO] [stdout] 112 +     use crate::http::response::Builder;
[INFO] [stdout]     |
[INFO] [stdout] 112 +     use crate::http::uri::Builder;
[INFO] [stdout]     |
[INFO] [stdout] 112 +     use http::request::Builder;
[INFO] [stdout]     |
[INFO] [stdout]       and 5 other candidates
[INFO] [stdout] help: if you import `Builder`, refer to it directly
[INFO] [stdout]     |
[INFO] [stdout] 120 -         let mock = tokio_test::io::Builder::new().read(&underlying).build();
[INFO] [stdout] 120 +         let mock = Builder::new().read(&underlying).build();
[INFO] [stdout]     |
[INFO] [stdout] 
[INFO] [stdout] 
[INFO] [stdout] error[E0433]: failed to resolve: use of undeclared crate or module `tokio_test`
[INFO] [stdout]    --> src/common/io/rewind.rs:142:20
[INFO] [stdout]     |
[INFO] [stdout] 142 |         let mock = tokio_test::io::Builder::new().read(&underlying).build();
[INFO] [stdout]     |                    ^^^^^^^^^^ use of undeclared crate or module `tokio_test`
[INFO] [stdout]     |
[INFO] [stdout] help: consider importing one of these items
[INFO] [stdout]     |
[INFO] [stdout] 112 +     use crate::http::request::Builder;
[INFO] [stdout]     |
[INFO] [stdout] 112 +     use crate::http::response::Builder;
[INFO] [stdout]     |
[INFO] [stdout] 112 +     use crate::http::uri::Builder;
[INFO] [stdout]     |
[INFO] [stdout] 112 +     use http::request::Builder;
[INFO] [stdout]     |
[INFO] [stdout]       and 5 other candidates
[INFO] [stdout] help: if you import `Builder`, refer to it directly
[INFO] [stdout]     |
[INFO] [stdout] 142 -         let mock = tokio_test::io::Builder::new().read(&underlying).build();
[INFO] [stdout] 142 +         let mock = Builder::new().read(&underlying).build();
[INFO] [stdout]     |
[INFO] [stdout] 
[INFO] [stdout] 
[INFO] [stdout] error[E0433]: failed to resolve: use of undeclared crate or module `tokio_test`
[INFO] [stdout]    --> src/body/body.rs:740:28
[INFO] [stdout]     |
[INFO] [stdout] 740 |         let mut tx_ready = tokio_test::task::spawn(tx.ready());
[INFO] [stdout]     |                            ^^^^^^^^^^ use of undeclared crate or module `tokio_test`
[INFO] [stdout]     |
[INFO] [stdout] help: consider importing one of these items
[INFO] [stdout]     |
[INFO] [stdout] 638 +     use futures_util::task;
[INFO] [stdout]     |
[INFO] [stdout] 638 +     use tokio::task;
[INFO] [stdout]     |
[INFO] [stdout] help: if you import `task`, refer to it directly
[INFO] [stdout]     |
[INFO] [stdout] 740 -         let mut tx_ready = tokio_test::task::spawn(tx.ready());
[INFO] [stdout] 740 +         let mut tx_ready = task::spawn(tx.ready());
[INFO] [stdout]     |
[INFO] [stdout] 
[INFO] [stdout] 
[INFO] [stdout] error[E0433]: failed to resolve: use of undeclared crate or module `tokio_test`
[INFO] [stdout]    --> src/body/body.rs:749:28
[INFO] [stdout]     |
[INFO] [stdout] 749 |         let mut tx_ready = tokio_test::task::spawn(tx.ready());
[INFO] [stdout]     |                            ^^^^^^^^^^ use of undeclared crate or module `tokio_test`
[INFO] [stdout]     |
[INFO] [stdout] help: consider importing one of these items
[INFO] [stdout]     |
[INFO] [stdout] 638 +     use futures_util::task;
[INFO] [stdout]     |
[INFO] [stdout] 638 +     use tokio::task;
[INFO] [stdout]     |
[INFO] [stdout] help: if you import `task`, refer to it directly
[INFO] [stdout]     |
[INFO] [stdout] 749 -         let mut tx_ready = tokio_test::task::spawn(tx.ready());
[INFO] [stdout] 749 +         let mut tx_ready = task::spawn(tx.ready());
[INFO] [stdout]     |
[INFO] [stdout] 
[INFO] [stdout] 
[INFO] [stdout] error[E0433]: failed to resolve: use of undeclared crate or module `tokio_test`
[INFO] [stdout]    --> src/body/body.rs:750:27
[INFO] [stdout]     |
[INFO] [stdout] 750 |         let mut rx_data = tokio_test::task::spawn(rx.data());
[INFO] [stdout]     |                           ^^^^^^^^^^ use of undeclared crate or module `tokio_test`
[INFO] [stdout]     |
[INFO] [stdout] help: consider importing one of these items
[INFO] [stdout]     |
[INFO] [stdout] 638 +     use futures_util::task;
[INFO] [stdout]     |
[INFO] [stdout] 638 +     use tokio::task;
[INFO] [stdout]     |
[INFO] [stdout] help: if you import `task`, refer to it directly
[INFO] [stdout]     |
[INFO] [stdout] 750 -         let mut rx_data = tokio_test::task::spawn(rx.data());
[INFO] [stdout] 750 +         let mut rx_data = task::spawn(rx.data());
[INFO] [stdout]     |
[INFO] [stdout] 
[INFO] [stdout] 
[INFO] [stdout] error[E0433]: failed to resolve: use of undeclared crate or module `tokio_test`
[INFO] [stdout]    --> src/body/body.rs:770:28
[INFO] [stdout]     |
[INFO] [stdout] 770 |         let mut tx_ready = tokio_test::task::spawn(tx.ready());
[INFO] [stdout]     |                            ^^^^^^^^^^ use of undeclared crate or module `tokio_test`
[INFO] [stdout]     |
[INFO] [stdout] help: consider importing one of these items
[INFO] [stdout]     |
[INFO] [stdout] 638 +     use futures_util::task;
[INFO] [stdout]     |
[INFO] [stdout] 638 +     use tokio::task;
[INFO] [stdout]     |
[INFO] [stdout] help: if you import `task`, refer to it directly
[INFO] [stdout]     |
[INFO] [stdout] 770 -         let mut tx_ready = tokio_test::task::spawn(tx.ready());
[INFO] [stdout] 770 +         let mut tx_ready = task::spawn(tx.ready());
[INFO] [stdout]     |
[INFO] [stdout] 
[INFO] [stdout] 
[INFO] [stdout] error[E0282]: type annotations needed
[INFO] [stdout]    --> src/body/body.rs:781:42
[INFO] [stdout]     |
[INFO] [stdout] 781 |             Poll::Ready(Err(ref e)) if e.is_closed() => (),
[INFO] [stdout]     |                                          ^^^^^^^^^ cannot infer type for type parameter `E` declared on the enum `Result`
[INFO] [stdout] 
[INFO] [stdout] 
[INFO] [stdout] warning: unused import: `tokio::io::AsyncReadExt`
[INFO] [stdout]    --> src/common/io/rewind.rs:114:9
[INFO] [stdout]     |
[INFO] [stdout] 114 |     use tokio::io::AsyncReadExt;
[INFO] [stdout]     |         ^^^^^^^^^^^^^^^^^^^^^^^
[INFO] [stdout]     |
[INFO] [stdout]     = note: `#[warn(unused_imports)]` on by default
[INFO] [stdout] 
[INFO] [stdout] 
[INFO] [stdout] error: aborting due to 7 previous errors; 1 warning emitted
[INFO] [stdout] 
[INFO] [stdout] 
[INFO] [stdout] Some errors have detailed explanations: E0282, E0433.
[INFO] [stdout] 
[INFO] [stdout] For more information about an error, try `rustc --explain E0282`.
[INFO] [stdout] 
[INFO] [stderr] error: could not compile `hyper_wasi` (lib test) due to 8 previous errors; 1 warning emitted
[INFO] running `Command { std: "docker" "inspect" "27532246e6ab1f9fd90db6e0f2fec9f0074fec506811f7adb6b128d5c330301b", kill_on_drop: false }`
[INFO] running `Command { std: "docker" "rm" "-f" "27532246e6ab1f9fd90db6e0f2fec9f0074fec506811f7adb6b128d5c330301b", kill_on_drop: false }`
[INFO] [stdout] 27532246e6ab1f9fd90db6e0f2fec9f0074fec506811f7adb6b128d5c330301b
