[INFO] fetching crate hv-alchemy 0.1.0...
[INFO] testing hv-alchemy-0.1.0 against 1.75.0 for beta-1.76-1
[INFO] extracting crate hv-alchemy 0.1.0 into /workspace/builds/worker-3-tc1/source
[INFO] validating manifest of crates.io crate hv-alchemy 0.1.0 on toolchain 1.75.0
[INFO] running `Command { std: CARGO_HOME="/workspace/cargo-home" RUSTUP_HOME="/workspace/rustup-home" "/workspace/cargo-home/bin/cargo" "+1.75.0" "metadata" "--manifest-path" "Cargo.toml" "--no-deps", kill_on_drop: false }`
[INFO] started tweaking crates.io crate hv-alchemy 0.1.0
[INFO] finished tweaking crates.io crate hv-alchemy 0.1.0
[INFO] tweaked toml for crates.io crate hv-alchemy 0.1.0 written to /workspace/builds/worker-3-tc1/source/Cargo.toml
[INFO] running `Command { std: CARGO_HOME="/workspace/cargo-home" RUSTUP_HOME="/workspace/rustup-home" "/workspace/cargo-home/bin/cargo" "+1.75.0" "generate-lockfile" "--manifest-path" "Cargo.toml", kill_on_drop: false }`
[INFO] [stderr]     Updating crates.io index
[INFO] running `Command { std: CARGO_HOME="/workspace/cargo-home" RUSTUP_HOME="/workspace/rustup-home" "/workspace/cargo-home/bin/cargo" "+1.75.0" "fetch" "--manifest-path" "Cargo.toml", kill_on_drop: false }`
[INFO] [stderr]  Downloading crates ...
[INFO] [stderr]   Downloaded hv-atom v0.1.0
[INFO] [stderr]   Downloaded hv-guarded-borrow v0.1.1
[INFO] [stderr]   Downloaded hv-cell v0.1.0
[INFO] running `Command { std: "docker" "create" "-v" "/var/lib/crater-agent-workspace/builds/worker-3-tc1/target:/opt/rustwide/target:rw,Z" "-v" "/var/lib/crater-agent-workspace/builds/worker-3-tc1/source:/opt/rustwide/workdir:ro,Z" "-v" "/var/lib/crater-agent-workspace/cargo-home:/opt/rustwide/cargo-home:ro,Z" "-v" "/var/lib/crater-agent-workspace/rustup-home:/opt/rustwide/rustup-home:ro,Z" "-e" "SOURCE_DIR=/opt/rustwide/workdir" "-e" "CARGO_TARGET_DIR=/opt/rustwide/target" "-e" "CARGO_HOME=/opt/rustwide/cargo-home" "-e" "RUSTUP_HOME=/opt/rustwide/rustup-home" "-w" "/opt/rustwide/workdir" "-m" "1610612736" "--user" "0:0" "--network" "none" "ghcr.io/rust-lang/crates-build-env/linux@sha256:2788e3201cd34a07e3172128adcd8b3090168a8e3bcc40d7c032b9dda1df7d1c" "/opt/rustwide/cargo-home/bin/cargo" "+1.75.0" "metadata" "--no-deps" "--format-version=1", kill_on_drop: false }`
[INFO] [stdout] 0d9396cc16bd98fc56aeeea562995c510d7f5befbd5eb92e16ca5692ce32e35c
[INFO] running `Command { std: "docker" "start" "-a" "0d9396cc16bd98fc56aeeea562995c510d7f5befbd5eb92e16ca5692ce32e35c", kill_on_drop: false }`
[INFO] running `Command { std: "docker" "inspect" "0d9396cc16bd98fc56aeeea562995c510d7f5befbd5eb92e16ca5692ce32e35c", kill_on_drop: false }`
[INFO] running `Command { std: "docker" "rm" "-f" "0d9396cc16bd98fc56aeeea562995c510d7f5befbd5eb92e16ca5692ce32e35c", kill_on_drop: false }`
[INFO] [stdout] 0d9396cc16bd98fc56aeeea562995c510d7f5befbd5eb92e16ca5692ce32e35c
[INFO] running `Command { std: "docker" "create" "-v" "/var/lib/crater-agent-workspace/builds/worker-3-tc1/target:/opt/rustwide/target:rw,Z" "-v" "/var/lib/crater-agent-workspace/builds/worker-3-tc1/source:/opt/rustwide/workdir:ro,Z" "-v" "/var/lib/crater-agent-workspace/cargo-home:/opt/rustwide/cargo-home:ro,Z" "-v" "/var/lib/crater-agent-workspace/rustup-home:/opt/rustwide/rustup-home:ro,Z" "-e" "SOURCE_DIR=/opt/rustwide/workdir" "-e" "CARGO_TARGET_DIR=/opt/rustwide/target" "-e" "CARGO_INCREMENTAL=0" "-e" "RUST_BACKTRACE=full" "-e" "RUSTFLAGS=--cap-lints=warn" "-e" "RUSTDOCFLAGS=--cap-lints=warn" "-e" "CARGO_HOME=/opt/rustwide/cargo-home" "-e" "RUSTUP_HOME=/opt/rustwide/rustup-home" "-w" "/opt/rustwide/workdir" "-m" "1610612736" "--user" "0:0" "--network" "none" "ghcr.io/rust-lang/crates-build-env/linux@sha256:2788e3201cd34a07e3172128adcd8b3090168a8e3bcc40d7c032b9dda1df7d1c" "/opt/rustwide/cargo-home/bin/cargo" "+1.75.0" "build" "--frozen" "--message-format=json", kill_on_drop: false }`
[INFO] [stdout] d2276aee7b09bc751bc97110392d9e6272f1eb7685971707db09a67ddda46d8d
[INFO] running `Command { std: "docker" "start" "-a" "d2276aee7b09bc751bc97110392d9e6272f1eb7685971707db09a67ddda46d8d", kill_on_drop: false }`
[INFO] [stderr]    Compiling libc v0.2.151
[INFO] [stderr]    Compiling once_cell v1.19.0
[INFO] [stderr]    Compiling hv-guarded-borrow v0.1.1
[INFO] [stderr]    Compiling ahash v0.7.7
[INFO] [stderr]    Compiling lazy_static v1.4.0
[INFO] [stderr]    Compiling hv-atom v0.1.0
[INFO] [stderr]    Compiling spin v0.9.8
[INFO] [stdout] error[E0554]: `#![feature]` may not be used on the stable release channel
[INFO] [stdout]  --> /opt/rustwide/cargo-home/registry/src/index.crates.io-6f17d22bba15001f/hv-guarded-borrow-0.1.1/src/lib.rs:6:1
[INFO] [stdout]   |
[INFO] [stdout] 6 | #![feature(generic_associated_types)]
[INFO] [stdout]   | ^^^^^^^^^^^^^^^^^^^^^^^^^^^^^^^^^^^^^ help: remove the attribute
[INFO] [stdout]   |
[INFO] [stdout]   = help: the feature `generic_associated_types` has been stable since `1.65.0` and no longer requires an attribute to enable
[INFO] [stdout] 
[INFO] [stdout] 
[INFO] [stdout] error[E0554]: `#![feature]` may not be used on the stable release channel
[INFO] [stdout]   --> /opt/rustwide/cargo-home/registry/src/index.crates.io-6f17d22bba15001f/hv-atom-0.1.0/src/lib.rs:10:1
[INFO] [stdout]    |
[INFO] [stdout] 10 | #![feature(const_fn_fn_ptr_basics)]
[INFO] [stdout]    | ^^^^^^^^^^^^^^^^^^^^^^^^^^^^^^^^^^^ help: remove the attribute
[INFO] [stdout]    |
[INFO] [stdout]    = help: the feature `const_fn_fn_ptr_basics` has been stable since `1.61.0` and no longer requires an attribute to enable
[INFO] [stdout] 
[INFO] [stdout] 
[INFO] [stdout] error[E0554]: `#![feature]` may not be used on the stable release channel
[INFO] [stdout]   --> /opt/rustwide/cargo-home/registry/src/index.crates.io-6f17d22bba15001f/hv-atom-0.1.0/src/lib.rs:11:1
[INFO] [stdout]    |
[INFO] [stdout] 11 | #![feature(result_into_ok_or_err)]
[INFO] [stdout]    | ^^^^^^^^^^^^^^^^^^^^^^^^^^^^^^^^^^
[INFO] [stdout] 
[INFO] [stdout] 
[INFO] [stdout] error[E0554]: `#![feature]` may not be used on the stable release channel
[INFO] [stdout]   --> /opt/rustwide/cargo-home/registry/src/index.crates.io-6f17d22bba15001f/hv-atom-0.1.0/src/lib.rs:11:12
[INFO] [stdout]    |
[INFO] [stdout] 11 | #![feature(result_into_ok_or_err)]
[INFO] [stdout]    |            ^^^^^^^^^^^^^^^^^^^^^
[INFO] [stdout] 
[INFO] [stdout] 
[INFO] [stdout] error[E0635]: unknown feature `result_into_ok_or_err`
[INFO] [stdout]   --> /opt/rustwide/cargo-home/registry/src/index.crates.io-6f17d22bba15001f/hv-atom-0.1.0/src/lib.rs:11:12
[INFO] [stdout]    |
[INFO] [stdout] 11 | #![feature(result_into_ok_or_err)]
[INFO] [stdout]    |            ^^^^^^^^^^^^^^^^^^^^^
[INFO] [stdout] 
[INFO] [stdout] 
[INFO] [stderr] error: could not compile `hv-guarded-borrow` (lib) due to 2 previous errors
[INFO] [stderr] warning: build failed, waiting for other jobs to finish...
[INFO] [stdout] error: aborting due to previous error
[INFO] [stdout] 
[INFO] [stdout] 
[INFO] [stdout] For more information about this error, try `rustc --explain E0554`.
[INFO] [stdout] 
[INFO] [stdout] error[E0599]: no method named `into_ok_or_err` found for enum `Result` in the current scope
[INFO] [stdout]    --> /opt/rustwide/cargo-home/registry/src/index.crates.io-6f17d22bba15001f/hv-atom-0.1.0/src/lib.rs:110:14
[INFO] [stdout]     |
[INFO] [stdout] 107 |           let old = self
[INFO] [stdout]     |  ___________________-
[INFO] [stdout] 108 | |             .inner
[INFO] [stdout] 109 | |             .compare_exchange(ptr::null_mut(), new, Ordering::AcqRel, Ordering::Acquire)
[INFO] [stdout] 110 | |             .into_ok_or_err();
[INFO] [stdout]     | |             -^^^^^^^^^^^^^^ method not found in `Result<*mut (), *mut ()>`
[INFO] [stdout]     | |_____________|
[INFO] [stdout]     | 
[INFO] [stdout] 
[INFO] [stdout] 
[INFO] [stdout] error[E0599]: no method named `into_ok_or_err` found for enum `Result` in the current scope
[INFO] [stdout]    --> /opt/rustwide/cargo-home/registry/src/index.crates.io-6f17d22bba15001f/hv-atom-0.1.0/src/lib.rs:138:18
[INFO] [stdout]     |
[INFO] [stdout] 135 |               let last = self
[INFO] [stdout]     |  ________________________-
[INFO] [stdout] 136 | |                 .inner
[INFO] [stdout] 137 | |                 .compare_exchange(pcurrent, raw, Ordering::AcqRel, Ordering::Acquire)
[INFO] [stdout] 138 | |                 .into_ok_or_err();
[INFO] [stdout]     | |                 -^^^^^^^^^^^^^^ method not found in `Result<*mut (), *mut ()>`
[INFO] [stdout]     | |_________________|
[INFO] [stdout]     | 
[INFO] [stdout] 
[INFO] [stdout] 
[INFO] [stdout] error[E0599]: no method named `into_ok_or_err` found for enum `Result` in the current scope
[INFO] [stdout]    --> /opt/rustwide/cargo-home/registry/src/index.crates.io-6f17d22bba15001f/hv-atom-0.1.0/src/lib.rs:194:14
[INFO] [stdout]     |
[INFO] [stdout] 191 |           let pprev = self
[INFO] [stdout]     |  _____________________-
[INFO] [stdout] 192 | |             .inner
[INFO] [stdout] 193 | |             .compare_exchange(pcurrent, pnew, Ordering::AcqRel, Ordering::Acquire)
[INFO] [stdout] 194 | |             .into_ok_or_err();
[INFO] [stdout]     | |             -^^^^^^^^^^^^^^ method not found in `Result<*mut (), *mut ()>`
[INFO] [stdout]     | |_____________|
[INFO] [stdout]     | 
[INFO] [stdout] 
[INFO] [stdout] 
[INFO] [stdout] error: aborting due to 7 previous errors
[INFO] [stdout] 
[INFO] [stdout] 
[INFO] [stdout] Some errors have detailed explanations: E0554, E0599, E0635.
[INFO] [stdout] 
[INFO] [stdout] For more information about an error, try `rustc --explain E0554`.
[INFO] [stdout] 
[INFO] [stderr] error: could not compile `hv-atom` (lib) due to 8 previous errors
[INFO] running `Command { std: "docker" "inspect" "d2276aee7b09bc751bc97110392d9e6272f1eb7685971707db09a67ddda46d8d", kill_on_drop: false }`
[INFO] running `Command { std: "docker" "rm" "-f" "d2276aee7b09bc751bc97110392d9e6272f1eb7685971707db09a67ddda46d8d", kill_on_drop: false }`
[INFO] [stdout] d2276aee7b09bc751bc97110392d9e6272f1eb7685971707db09a67ddda46d8d
[INFO] testing hv-alchemy-0.1.0 against beta-2023-12-22 for beta-1.76-1
[INFO] extracting crate hv-alchemy 0.1.0 into /workspace/builds/worker-3-tc2/source
[INFO] validating manifest of crates.io crate hv-alchemy 0.1.0 on toolchain beta-2023-12-22
[INFO] running `Command { std: CARGO_HOME="/workspace/cargo-home" RUSTUP_HOME="/workspace/rustup-home" "/workspace/cargo-home/bin/cargo" "+beta-2023-12-22" "metadata" "--manifest-path" "Cargo.toml" "--no-deps", kill_on_drop: false }`
[INFO] started tweaking crates.io crate hv-alchemy 0.1.0
[INFO] finished tweaking crates.io crate hv-alchemy 0.1.0
[INFO] tweaked toml for crates.io crate hv-alchemy 0.1.0 written to /workspace/builds/worker-3-tc2/source/Cargo.toml
[INFO] running `Command { std: CARGO_HOME="/workspace/cargo-home" RUSTUP_HOME="/workspace/rustup-home" "/workspace/cargo-home/bin/cargo" "+beta-2023-12-22" "generate-lockfile" "--manifest-path" "Cargo.toml", kill_on_drop: false }`
[INFO] [stderr]     Updating crates.io index
[INFO] running `Command { std: CARGO_HOME="/workspace/cargo-home" RUSTUP_HOME="/workspace/rustup-home" "/workspace/cargo-home/bin/cargo" "+beta-2023-12-22" "fetch" "--manifest-path" "Cargo.toml", kill_on_drop: false }`
[INFO] running `Command { std: "docker" "create" "-v" "/var/lib/crater-agent-workspace/builds/worker-3-tc2/target:/opt/rustwide/target:rw,Z" "-v" "/var/lib/crater-agent-workspace/builds/worker-3-tc2/source:/opt/rustwide/workdir:ro,Z" "-v" "/var/lib/crater-agent-workspace/cargo-home:/opt/rustwide/cargo-home:ro,Z" "-v" "/var/lib/crater-agent-workspace/rustup-home:/opt/rustwide/rustup-home:ro,Z" "-e" "SOURCE_DIR=/opt/rustwide/workdir" "-e" "CARGO_TARGET_DIR=/opt/rustwide/target" "-e" "CARGO_HOME=/opt/rustwide/cargo-home" "-e" "RUSTUP_HOME=/opt/rustwide/rustup-home" "-w" "/opt/rustwide/workdir" "-m" "1610612736" "--user" "0:0" "--network" "none" "ghcr.io/rust-lang/crates-build-env/linux@sha256:2788e3201cd34a07e3172128adcd8b3090168a8e3bcc40d7c032b9dda1df7d1c" "/opt/rustwide/cargo-home/bin/cargo" "+beta-2023-12-22" "metadata" "--no-deps" "--format-version=1", kill_on_drop: false }`
[INFO] [stdout] dd750a478448a1da2c35c7a14eb6c5a602f9c7ef3bf5db90bffe0355a7f19993
[INFO] running `Command { std: "docker" "start" "-a" "dd750a478448a1da2c35c7a14eb6c5a602f9c7ef3bf5db90bffe0355a7f19993", kill_on_drop: false }`
[INFO] running `Command { std: "docker" "inspect" "dd750a478448a1da2c35c7a14eb6c5a602f9c7ef3bf5db90bffe0355a7f19993", kill_on_drop: false }`
[INFO] running `Command { std: "docker" "rm" "-f" "dd750a478448a1da2c35c7a14eb6c5a602f9c7ef3bf5db90bffe0355a7f19993", kill_on_drop: false }`
[INFO] [stdout] dd750a478448a1da2c35c7a14eb6c5a602f9c7ef3bf5db90bffe0355a7f19993
[INFO] running `Command { std: "docker" "create" "-v" "/var/lib/crater-agent-workspace/builds/worker-3-tc2/target:/opt/rustwide/target:rw,Z" "-v" "/var/lib/crater-agent-workspace/builds/worker-3-tc2/source:/opt/rustwide/workdir:ro,Z" "-v" "/var/lib/crater-agent-workspace/cargo-home:/opt/rustwide/cargo-home:ro,Z" "-v" "/var/lib/crater-agent-workspace/rustup-home:/opt/rustwide/rustup-home:ro,Z" "-e" "SOURCE_DIR=/opt/rustwide/workdir" "-e" "CARGO_TARGET_DIR=/opt/rustwide/target" "-e" "CARGO_INCREMENTAL=0" "-e" "RUST_BACKTRACE=full" "-e" "RUSTFLAGS=--cap-lints=warn" "-e" "RUSTDOCFLAGS=--cap-lints=warn" "-e" "CARGO_HOME=/opt/rustwide/cargo-home" "-e" "RUSTUP_HOME=/opt/rustwide/rustup-home" "-w" "/opt/rustwide/workdir" "-m" "1610612736" "--user" "0:0" "--network" "none" "ghcr.io/rust-lang/crates-build-env/linux@sha256:2788e3201cd34a07e3172128adcd8b3090168a8e3bcc40d7c032b9dda1df7d1c" "/opt/rustwide/cargo-home/bin/cargo" "+beta-2023-12-22" "build" "--frozen" "--message-format=json", kill_on_drop: false }`
[INFO] [stdout] 552e44bc26051a0cce29b41742f0d9c657245603ae38f2a57fd5828ceee307b7
[INFO] running `Command { std: "docker" "start" "-a" "552e44bc26051a0cce29b41742f0d9c657245603ae38f2a57fd5828ceee307b7", kill_on_drop: false }`
[INFO] [stderr]    Compiling libc v0.2.151
[INFO] [stderr]    Compiling once_cell v1.19.0
[INFO] [stderr]    Compiling hv-guarded-borrow v0.1.1
[INFO] [stderr]    Compiling ahash v0.7.7
[INFO] [stderr]    Compiling lazy_static v1.4.0
[INFO] [stderr]    Compiling hv-atom v0.1.0
[INFO] [stderr]    Compiling spin v0.9.8
[INFO] [stdout] error[E0554]: `#![feature]` may not be used on the beta release channel
[INFO] [stdout]  --> /opt/rustwide/cargo-home/registry/src/index.crates.io-6f17d22bba15001f/hv-guarded-borrow-0.1.1/src/lib.rs:6:1
[INFO] [stdout]   |
[INFO] [stdout] 6 | #![feature(generic_associated_types)]
[INFO] [stdout]   | ^^^^^^^^^^^^^^^^^^^^^^^^^^^^^^^^^^^^^ help: remove the attribute
[INFO] [stdout]   |
[INFO] [stdout]   = help: the feature `generic_associated_types` has been stable since `1.65.0` and no longer requires an attribute to enable
[INFO] [stdout] 
[INFO] [stdout] 
[INFO] [stdout] error: aborting due to 1 previous error
[INFO] [stdout] 
[INFO] [stdout] 
[INFO] [stdout] error[E0554]: `#![feature]` may not be used on the beta release channel
[INFO] [stdout]   --> /opt/rustwide/cargo-home/registry/src/index.crates.io-6f17d22bba15001f/hv-atom-0.1.0/src/lib.rs:10:1
[INFO] [stdout]    |
[INFO] [stdout] 10 | #![feature(const_fn_fn_ptr_basics)]
[INFO] [stdout]    | ^^^^^^^^^^^^^^^^^^^^^^^^^^^^^^^^^^^ help: remove the attribute
[INFO] [stdout]    |
[INFO] [stdout]    = help: the feature `const_fn_fn_ptr_basics` has been stable since `1.61.0` and no longer requires an attribute to enable
[INFO] [stdout] 
[INFO] [stdout] 
[INFO] [stdout] error[E0554]: `#![feature]` may not be used on the beta release channel
[INFO] [stdout]   --> /opt/rustwide/cargo-home/registry/src/index.crates.io-6f17d22bba15001f/hv-atom-0.1.0/src/lib.rs:11:1
[INFO] [stdout]    |
[INFO] [stdout] 11 | #![feature(result_into_ok_or_err)]
[INFO] [stdout]    | ^^^^^^^^^^^^^^^^^^^^^^^^^^^^^^^^^^
[INFO] [stdout] 
[INFO] [stdout] 
[INFO] [stdout] error[E0554]: `#![feature]` may not be used on the beta release channel
[INFO] [stdout]   --> /opt/rustwide/cargo-home/registry/src/index.crates.io-6f17d22bba15001f/hv-atom-0.1.0/src/lib.rs:11:12
[INFO] [stdout]    |
[INFO] [stdout] 11 | #![feature(result_into_ok_or_err)]
[INFO] [stdout]    |            ^^^^^^^^^^^^^^^^^^^^^
[INFO] [stdout] 
[INFO] [stdout] 
[INFO] [stdout] error[E0635]: unknown feature `result_into_ok_or_err`
[INFO] [stdout]   --> /opt/rustwide/cargo-home/registry/src/index.crates.io-6f17d22bba15001f/hv-atom-0.1.0/src/lib.rs:11:12
[INFO] [stdout]    |
[INFO] [stdout] 11 | #![feature(result_into_ok_or_err)]
[INFO] [stdout]    |            ^^^^^^^^^^^^^^^^^^^^^
[INFO] [stdout] 
[INFO] [stdout] 
[INFO] [stdout] For more information about this error, try `rustc --explain E0554`.
[INFO] [stdout] 
[INFO] [stderr] error: could not compile `hv-guarded-borrow` (lib) due to 2 previous errors
[INFO] [stderr] warning: build failed, waiting for other jobs to finish...
[INFO] [stdout] error[E0599]: no method named `into_ok_or_err` found for enum `Result` in the current scope
[INFO] [stdout]    --> /opt/rustwide/cargo-home/registry/src/index.crates.io-6f17d22bba15001f/hv-atom-0.1.0/src/lib.rs:110:14
[INFO] [stdout]     |
[INFO] [stdout] 107 |           let old = self
[INFO] [stdout]     |  ___________________-
[INFO] [stdout] 108 | |             .inner
[INFO] [stdout] 109 | |             .compare_exchange(ptr::null_mut(), new, Ordering::AcqRel, Ordering::Acquire)
[INFO] [stdout] 110 | |             .into_ok_or_err();
[INFO] [stdout]     | |             -^^^^^^^^^^^^^^ method not found in `Result<*mut (), *mut ()>`
[INFO] [stdout]     | |_____________|
[INFO] [stdout]     | 
[INFO] [stdout] 
[INFO] [stdout] 
[INFO] [stdout] error[E0599]: no method named `into_ok_or_err` found for enum `Result` in the current scope
[INFO] [stdout]    --> /opt/rustwide/cargo-home/registry/src/index.crates.io-6f17d22bba15001f/hv-atom-0.1.0/src/lib.rs:138:18
[INFO] [stdout]     |
[INFO] [stdout] 135 |               let last = self
[INFO] [stdout]     |  ________________________-
[INFO] [stdout] 136 | |                 .inner
[INFO] [stdout] 137 | |                 .compare_exchange(pcurrent, raw, Ordering::AcqRel, Ordering::Acquire)
[INFO] [stdout] 138 | |                 .into_ok_or_err();
[INFO] [stdout]     | |                 -^^^^^^^^^^^^^^ method not found in `Result<*mut (), *mut ()>`
[INFO] [stdout]     | |_________________|
[INFO] [stdout]     | 
[INFO] [stdout] 
[INFO] [stdout] 
[INFO] [stdout] error[E0599]: no method named `into_ok_or_err` found for enum `Result` in the current scope
[INFO] [stdout]    --> /opt/rustwide/cargo-home/registry/src/index.crates.io-6f17d22bba15001f/hv-atom-0.1.0/src/lib.rs:194:14
[INFO] [stdout]     |
[INFO] [stdout] 191 |           let pprev = self
[INFO] [stdout]     |  _____________________-
[INFO] [stdout] 192 | |             .inner
[INFO] [stdout] 193 | |             .compare_exchange(pcurrent, pnew, Ordering::AcqRel, Ordering::Acquire)
[INFO] [stdout] 194 | |             .into_ok_or_err();
[INFO] [stdout]     | |             -^^^^^^^^^^^^^^ method not found in `Result<*mut (), *mut ()>`
[INFO] [stdout]     | |_____________|
[INFO] [stdout]     | 
[INFO] [stdout] 
[INFO] [stdout] 
[INFO] [stdout] error: aborting due to 7 previous errors
[INFO] [stdout] 
[INFO] [stdout] 
[INFO] [stdout] Some errors have detailed explanations: E0554, E0599, E0635.
[INFO] [stdout] 
[INFO] [stdout] For more information about an error, try `rustc --explain E0554`.
[INFO] [stdout] 
[INFO] [stderr] error: could not compile `hv-atom` (lib) due to 8 previous errors
[INFO] running `Command { std: "docker" "inspect" "552e44bc26051a0cce29b41742f0d9c657245603ae38f2a57fd5828ceee307b7", kill_on_drop: false }`
[INFO] running `Command { std: "docker" "rm" "-f" "552e44bc26051a0cce29b41742f0d9c657245603ae38f2a57fd5828ceee307b7", kill_on_drop: false }`
[INFO] [stdout] 552e44bc26051a0cce29b41742f0d9c657245603ae38f2a57fd5828ceee307b7
