[INFO] fetching crate htsget-search 0.6.5...
[INFO] testing htsget-search-0.6.5 against 1.75.0 for beta-1.76-1
[INFO] extracting crate htsget-search 0.6.5 into /workspace/builds/worker-5-tc1/source
[INFO] validating manifest of crates.io crate htsget-search 0.6.5 on toolchain 1.75.0
[INFO] running `Command { std: CARGO_HOME="/workspace/cargo-home" RUSTUP_HOME="/workspace/rustup-home" "/workspace/cargo-home/bin/cargo" "+1.75.0" "metadata" "--manifest-path" "Cargo.toml" "--no-deps", kill_on_drop: false }`
[INFO] started tweaking crates.io crate htsget-search 0.6.5
[INFO] finished tweaking crates.io crate htsget-search 0.6.5
[INFO] tweaked toml for crates.io crate htsget-search 0.6.5 written to /workspace/builds/worker-5-tc1/source/Cargo.toml
[INFO] running `Command { std: CARGO_HOME="/workspace/cargo-home" RUSTUP_HOME="/workspace/rustup-home" "/workspace/cargo-home/bin/cargo" "+1.75.0" "generate-lockfile" "--manifest-path" "Cargo.toml", kill_on_drop: false }`
[INFO] [stderr]     Updating crates.io index
[INFO] running `Command { std: CARGO_HOME="/workspace/cargo-home" RUSTUP_HOME="/workspace/rustup-home" "/workspace/cargo-home/bin/cargo" "+1.75.0" "fetch" "--manifest-path" "Cargo.toml", kill_on_drop: false }`
[INFO] [stderr]  Downloading crates ...
[INFO] [stderr]   Downloaded noodles v0.50.0
[INFO] [stderr]   Downloaded aws-smithy-eventstream v0.56.1
[INFO] [stderr]   Downloaded noodles-tabix v0.29.0
[INFO] [stderr]   Downloaded noodles-sam v0.41.0
[INFO] [stderr]   Downloaded pear_codegen v0.2.8
[INFO] [stderr]   Downloaded uncased v0.9.9
[INFO] [stderr]   Downloaded pear v0.2.8
[INFO] [stderr]   Downloaded http-serde v1.1.3
[INFO] [stderr]   Downloaded data-url v0.3.1
[INFO] [stderr]   Downloaded rcgen v0.12.0
[INFO] [stderr]   Downloaded figment v0.10.13
[INFO] [stderr]   Downloaded noodles-cram v0.41.0
[INFO] [stderr]   Downloaded aws-sdk-s3 v0.34.0
[INFO] [stderr]   Downloaded aws-sdk-s3 v0.30.0
[INFO] [stderr]   Downloaded s3s-aws v0.8.1
[INFO] [stderr]   Downloaded s3s-fs v0.8.1
[INFO] [stderr]   Downloaded htsget-test v0.5.4
[INFO] [stderr]   Downloaded noodles-bcf v0.35.0
[INFO] [stderr]   Downloaded noodles-csi v0.24.0
[INFO] [stderr]   Downloaded s3s v0.8.1
[INFO] [stderr]   Downloaded noodles-bam v0.44.0
[INFO] [stderr]   Downloaded noodles-vcf v0.38.0
[INFO] [stderr]   Downloaded inlinable_string v0.1.15
[INFO] [stderr]   Downloaded aws-smithy-protocol-test v0.56.1
[INFO] [stderr]   Downloaded atomic v0.6.0
[INFO] [stderr]   Downloaded htsget-config v0.8.1
[INFO] [stderr]   Downloaded noodles-core v0.13.0
[INFO] [stderr]   Downloaded noodles v0.60.0
[INFO] [stderr]   Downloaded pem v3.0.3
[INFO] [stderr]   Downloaded aws-smithy-checksums v0.56.1
[INFO] [stderr]   Downloaded aws-smithy-types-convert v0.56.1
[INFO] [stderr]   Downloaded crc32c v0.6.4
[INFO] [stderr]   Downloaded numeric_cast v0.2.1
[INFO] [stderr]   Downloaded hex-simd v0.8.0
[INFO] [stderr]   Downloaded nugine-rust-utils v0.3.1
[INFO] [stderr]   Downloaded transform-stream v0.3.0
[INFO] [stderr]   Downloaded noodles-fasta v0.29.0
[INFO] [stderr]   Downloaded noodles-fastq v0.8.0
[INFO] [stderr]   Downloaded noodles-bgzf v0.24.0
[INFO] running `Command { std: "docker" "create" "-v" "/var/lib/crater-agent-workspace/builds/worker-5-tc1/target:/opt/rustwide/target:rw,Z" "-v" "/var/lib/crater-agent-workspace/builds/worker-5-tc1/source:/opt/rustwide/workdir:ro,Z" "-v" "/var/lib/crater-agent-workspace/cargo-home:/opt/rustwide/cargo-home:ro,Z" "-v" "/var/lib/crater-agent-workspace/rustup-home:/opt/rustwide/rustup-home:ro,Z" "-e" "SOURCE_DIR=/opt/rustwide/workdir" "-e" "CARGO_TARGET_DIR=/opt/rustwide/target" "-e" "CARGO_HOME=/opt/rustwide/cargo-home" "-e" "RUSTUP_HOME=/opt/rustwide/rustup-home" "-w" "/opt/rustwide/workdir" "-m" "1610612736" "--user" "0:0" "--network" "none" "ghcr.io/rust-lang/crates-build-env/linux@sha256:2788e3201cd34a07e3172128adcd8b3090168a8e3bcc40d7c032b9dda1df7d1c" "/opt/rustwide/cargo-home/bin/cargo" "+1.75.0" "metadata" "--no-deps" "--format-version=1", kill_on_drop: false }`
[INFO] [stdout] 131f241472aa46d77cf55bdf952e15003c1b7ddf64bfc857da552756de70cb6d
[INFO] running `Command { std: "docker" "start" "-a" "131f241472aa46d77cf55bdf952e15003c1b7ddf64bfc857da552756de70cb6d", kill_on_drop: false }`
[INFO] running `Command { std: "docker" "inspect" "131f241472aa46d77cf55bdf952e15003c1b7ddf64bfc857da552756de70cb6d", kill_on_drop: false }`
[INFO] running `Command { std: "docker" "rm" "-f" "131f241472aa46d77cf55bdf952e15003c1b7ddf64bfc857da552756de70cb6d", kill_on_drop: false }`
[INFO] [stdout] 131f241472aa46d77cf55bdf952e15003c1b7ddf64bfc857da552756de70cb6d
[INFO] running `Command { std: "docker" "create" "-v" "/var/lib/crater-agent-workspace/builds/worker-5-tc1/target:/opt/rustwide/target:rw,Z" "-v" "/var/lib/crater-agent-workspace/builds/worker-5-tc1/source:/opt/rustwide/workdir:ro,Z" "-v" "/var/lib/crater-agent-workspace/cargo-home:/opt/rustwide/cargo-home:ro,Z" "-v" "/var/lib/crater-agent-workspace/rustup-home:/opt/rustwide/rustup-home:ro,Z" "-e" "SOURCE_DIR=/opt/rustwide/workdir" "-e" "CARGO_TARGET_DIR=/opt/rustwide/target" "-e" "CARGO_INCREMENTAL=0" "-e" "RUST_BACKTRACE=full" "-e" "RUSTFLAGS=--cap-lints=warn" "-e" "RUSTDOCFLAGS=--cap-lints=warn" "-e" "CARGO_HOME=/opt/rustwide/cargo-home" "-e" "RUSTUP_HOME=/opt/rustwide/rustup-home" "-w" "/opt/rustwide/workdir" "-m" "1610612736" "--user" "0:0" "--network" "none" "ghcr.io/rust-lang/crates-build-env/linux@sha256:2788e3201cd34a07e3172128adcd8b3090168a8e3bcc40d7c032b9dda1df7d1c" "/opt/rustwide/cargo-home/bin/cargo" "+1.75.0" "build" "--frozen" "--message-format=json", kill_on_drop: false }`
[INFO] [stdout] 029e48d8b91f2a0a6a613d2b87debe3a9b567c3e11b3a0f76593324dab7a8c1e
[INFO] running `Command { std: "docker" "start" "-a" "029e48d8b91f2a0a6a613d2b87debe3a9b567c3e11b3a0f76593324dab7a8c1e", kill_on_drop: false }`
[INFO] [stderr]    Compiling proc-macro2 v1.0.75
[INFO] [stderr]    Compiling unicode-ident v1.0.12
[INFO] [stderr]    Compiling libc v0.2.151
[INFO] [stderr]    Compiling version_check v0.9.4
[INFO] [stderr]    Compiling pin-project-lite v0.2.13
[INFO] [stderr]    Compiling memchr v2.7.1
[INFO] [stderr]    Compiling cfg-if v1.0.0
[INFO] [stderr]    Compiling bytes v1.5.0
[INFO] [stderr]    Compiling autocfg v1.1.0
[INFO] [stderr]    Compiling once_cell v1.19.0
[INFO] [stderr]    Compiling futures-core v0.3.30
[INFO] [stderr]    Compiling log v0.4.20
[INFO] [stderr]    Compiling futures-sink v0.3.30
[INFO] [stderr]    Compiling futures-io v0.3.30
[INFO] [stderr]    Compiling futures-task v0.3.30
[INFO] [stderr]    Compiling pin-utils v0.1.0
[INFO] [stderr]    Compiling equivalent v1.0.1
[INFO] [stderr]    Compiling hashbrown v0.14.3
[INFO] [stderr]    Compiling futures-channel v0.3.30
[INFO] [stderr]    Compiling serde v1.0.194
[INFO] [stderr]    Compiling fnv v1.0.7
[INFO] [stderr]    Compiling itoa v1.0.10
[INFO] [stderr]    Compiling tracing-core v0.1.32
[INFO] [stderr]    Compiling crc32fast v1.3.2
[INFO] [stderr]    Compiling adler v1.0.2
[INFO] [stderr]    Compiling crossbeam-utils v0.8.18
[INFO] [stderr]    Compiling miniz_oxide v0.7.1
[INFO] [stderr]    Compiling byteorder v1.5.0
[INFO] [stderr]    Compiling pkg-config v0.3.28
[INFO] [stderr]    Compiling static_assertions v1.1.0
[INFO] [stderr]    Compiling strsim v0.10.0
[INFO] [stderr]    Compiling slab v0.4.9
[INFO] [stderr]    Compiling lexical-util v0.8.5
[INFO] [stderr]    Compiling http v0.2.11
[INFO] [stderr]    Compiling spin v0.9.8
[INFO] [stderr]    Compiling untrusted v0.9.0
[INFO] [stderr]    Compiling noodles-core v0.12.0
[INFO] [stderr]    Compiling typenum v1.17.0
[INFO] [stderr]    Compiling flate2 v1.0.28
[INFO] [stderr]    Compiling quote v1.0.35
[INFO] [stderr]    Compiling indexmap v2.1.0
[INFO] [stderr]    Compiling generic-array v0.14.7
[INFO] [stderr]    Compiling percent-encoding v2.3.1
[INFO] [stderr]    Compiling rustversion v1.0.14
[INFO] [stderr]    Compiling syn v2.0.48
[INFO] [stderr]    Compiling bit-vec v0.6.3
[INFO] [stderr]    Compiling crossbeam-channel v0.5.10
[INFO] [stderr]    Compiling cc v1.0.83
[INFO] [stderr]    Compiling tower-service v0.3.2
[INFO] [stderr]    Compiling socket2 v0.5.5
[INFO] [stderr]    Compiling num_cpus v1.16.0
[INFO] [stderr]    Compiling mio v0.8.10
[INFO] [stderr]    Compiling getrandom v0.2.11
[INFO] [stderr]    Compiling proc-macro2-diagnostics v0.10.1
[INFO] [stderr]    Compiling ident_case v1.0.1
[INFO] [stderr]    Compiling base64 v0.21.5
[INFO] [stderr]    Compiling httparse v1.8.0
[INFO] [stderr]    Compiling http-body v0.4.6
[INFO] [stderr]    Compiling lexical-write-integer v0.8.5
[INFO] [stderr]    Compiling lexical-parse-integer v0.8.6
[INFO] [stderr]    Compiling aho-corasick v1.1.2
[INFO] [stderr]    Compiling unicase v2.7.0
[INFO] [stderr]    Compiling yansi v1.0.0-rc.1
[INFO] [stderr]    Compiling regex-syntax v0.8.2
[INFO] [stderr]    Compiling rustls v0.21.10
[INFO] [stderr]    Compiling serde_json v1.0.111
[INFO] [stderr]    Compiling utf8parse v0.2.1
[INFO] [stderr]    Compiling try-lock v0.2.5
[INFO] [stderr]    Compiling httpdate v1.0.3
[INFO] [stderr]    Compiling async-trait v0.1.77
[INFO] [stderr]    Compiling ryu v1.0.16
[INFO] [stderr]    Compiling want v0.3.1
[INFO] [stderr]    Compiling anstyle-parse v0.2.3
[INFO] [stderr]    Compiling lexical-write-float v0.8.5
[INFO] [stderr]    Compiling lexical-parse-float v0.8.5
[INFO] [stderr]    Compiling uncased v0.9.9
[INFO] [stderr]    Compiling anstyle-query v1.0.2
[INFO] [stderr]    Compiling powerfmt v0.2.0
[INFO] [stderr]    Compiling bitflags v2.4.1
[INFO] [stderr]    Compiling winnow v0.5.32
[INFO] [stderr]    Compiling regex-syntax v0.6.29
[INFO] [stderr]    Compiling colorchoice v1.0.0
[INFO] [stderr]    Compiling anstyle v1.0.4
[INFO] [stderr]    Compiling deranged v0.3.11
[INFO] [stderr]    Compiling rustls-pemfile v1.0.4
[INFO] [stderr]    Compiling figment v0.10.13
[INFO] [stderr]    Compiling anstream v0.6.5
[INFO] [stderr]    Compiling lazy_static v1.4.0
[INFO] [stderr]    Compiling clap_lex v0.6.0
[INFO] [stderr]    Compiling heck v0.4.1
[INFO] [stderr]    Compiling ring v0.17.7
[INFO] [stderr]    Compiling bzip2-sys v0.1.11+1.0.8
[INFO] [stderr]    Compiling lzma-sys v0.1.20
[INFO] [stderr]    Compiling lexical-core v0.8.5
[INFO] [stderr]    Compiling thiserror v1.0.56
[INFO] [stderr]    Compiling tinyvec_macros v0.1.1
[INFO] [stderr]    Compiling time-core v0.1.2
[INFO] [stderr]    Compiling tower-layer v0.3.2
[INFO] [stderr]    Compiling inlinable_string v0.1.15
[INFO] [stderr]    Compiling overload v0.1.1
[INFO] [stderr]    Compiling openssl-probe v0.1.5
[INFO] [stderr]    Compiling crypto-common v0.1.6
[INFO] [stderr]    Compiling block-buffer v0.10.4
[INFO] [stderr]    Compiling mime v0.3.17
[INFO] [stderr]    Compiling rustls-native-certs v0.6.3
[INFO] [stderr]    Compiling nu-ansi-term v0.46.0
[INFO] [stderr]    Compiling digest v0.10.7
[INFO] [stderr]    Compiling tinyvec v1.6.0
[INFO] [stderr]    Compiling clap_builder v4.4.12
[INFO] [stderr]    Compiling sharded-slab v0.1.7
[INFO] [stderr]    Compiling mime_guess v2.0.4
[INFO] [stderr]    Compiling axum-core v0.3.4
[INFO] [stderr]    Compiling form_urlencoded v1.2.1
[INFO] [stderr]    Compiling time v0.3.31
[INFO] [stderr]    Compiling tracing-log v0.2.0
[INFO] [stderr]    Compiling thread_local v1.1.7
[INFO] [stderr]    Compiling smallvec v1.11.2
[INFO] [stderr]    Compiling noodles-core v0.13.0
[INFO] [stderr]    Compiling noodles v0.60.0
[INFO] [stderr]    Compiling xz2 v0.1.7
[INFO] [stderr]    Compiling md-5 v0.10.6
[INFO] [stderr]    Compiling axum v0.6.20
[INFO] [stderr]    Compiling pem v3.0.3
[INFO] [stderr]    Compiling unicode-bidi v0.3.14
[INFO] [stderr]    Compiling unicode-normalization v0.1.22
[INFO] [stderr]    Compiling sync_wrapper v0.1.2
[INFO] [stderr]    Compiling bitflags v1.3.2
[INFO] [stderr]    Compiling matchit v0.7.3
[INFO] [stderr]    Compiling regex-automata v0.4.3
[INFO] [stderr]    Compiling bzip2 v0.4.4
[INFO] [stderr]    Compiling yasna v0.5.2
[INFO] [stderr]    Compiling regex-automata v0.1.10
[INFO] [stderr]    Compiling http-range-header v0.3.1
[INFO] [stderr]    Compiling idna v0.5.0
[INFO] [stderr]    Compiling darling_core v0.20.3
[INFO] [stderr]    Compiling url v2.5.0
[INFO] [stderr]    Compiling matchers v0.1.0
[INFO] [stderr]    Compiling tokio-macros v2.2.0
[INFO] [stderr]    Compiling futures-macro v0.3.30
[INFO] [stderr]    Compiling tracing-attributes v0.1.27
[INFO] [stderr]    Compiling serde_derive v1.0.194
[INFO] [stderr]    Compiling pear_codegen v0.2.8
[INFO] [stderr]    Compiling clap_derive v4.4.7
[INFO] [stderr]    Compiling thiserror-impl v1.0.56
[INFO] [stderr]    Compiling pin-project-internal v1.1.3
[INFO] [stderr]    Compiling tokio v1.35.1
[INFO] [stderr]    Compiling regex v1.10.2
[INFO] [stderr]    Compiling pear v0.2.8
[INFO] [stderr]    Compiling futures-util v0.3.30
[INFO] [stderr]    Compiling darling_macro v0.20.3
[INFO] [stderr]    Compiling rustls-webpki v0.101.7
[INFO] [stderr]    Compiling sct v0.7.1
[INFO] [stderr]    Compiling pin-project v1.1.3
[INFO] [stderr]    Compiling rcgen v0.12.0
[INFO] [stderr]    Compiling tracing v0.1.40
[INFO] [stderr]    Compiling darling v0.20.3
[INFO] [stderr]    Compiling serde_with_macros v3.4.0
[INFO] [stderr]    Compiling clap v4.4.13
[INFO] [stderr]    Compiling futures-executor v0.3.30
[INFO] [stderr]    Compiling futures v0.3.30
[INFO] [stderr]    Compiling tokio-util v0.7.10
[INFO] [stderr]    Compiling tokio-rustls v0.24.1
[INFO] [stderr]    Compiling async-compression v0.4.5
[INFO] [stderr]    Compiling tower v0.4.13
[INFO] [stderr]    Compiling noodles-bgzf v0.24.0
[INFO] [stderr]    Compiling h2 v0.3.22
[INFO] [stderr]    Compiling tower-http v0.4.4
[INFO] [stderr]    Compiling noodles-csi v0.24.0
[INFO] [stderr]    Compiling noodles-fasta v0.29.0
[INFO] [stderr]    Compiling serde_spanned v0.6.5
[INFO] [stderr]    Compiling toml_datetime v0.6.5
[INFO] [stderr]    Compiling tracing-serde v0.1.3
[INFO] [stderr]    Compiling serde_with v3.4.0
[INFO] [stderr]    Compiling http-serde v1.1.3
[INFO] [stderr]    Compiling serde_regex v1.1.0
[INFO] [stderr]    Compiling serde_path_to_error v0.1.15
[INFO] [stderr]    Compiling toml_edit v0.21.0
[INFO] [stderr]    Compiling serde_urlencoded v0.7.1
[INFO] [stderr]    Compiling noodles-tabix v0.29.0
[INFO] [stderr]    Compiling noodles-sam v0.41.0
[INFO] [stderr]    Compiling tracing-subscriber v0.3.18
[INFO] [stderr]    Compiling noodles-vcf v0.38.0
[INFO] [stderr]    Compiling toml v0.8.8
[INFO] [stderr]    Compiling noodles-bam v0.44.0
[INFO] [stderr]    Compiling noodles-bcf v0.35.0
[INFO] [stderr]    Compiling noodles-cram v0.41.0
[INFO] [stderr]    Compiling hyper v0.14.28
[INFO] [stderr]    Compiling noodles v0.50.0
[INFO] [stderr]    Compiling hyper-rustls v0.24.2
[INFO] [stderr]    Compiling htsget-config v0.8.1
[INFO] [stderr]    Compiling htsget-test v0.5.4
[INFO] [stderr]    Compiling htsget-search v0.6.5 (/opt/rustwide/workdir)
[INFO] [stdout] error[E0308]: mismatched types
[INFO] [stdout]    --> src/htsget/cram_search.rs:274:48
[INFO] [stdout]     |
[INFO] [stdout] 274 |     let seq_start = interval.start().unwrap_or(Position::MIN);
[INFO] [stdout]     |                                      --------- ^^^^^^^^^^^^^ expected `noodles_core::position::Position`, found `noodles::noodles_core::Position`
[INFO] [stdout]     |                                      |
[INFO] [stdout]     |                                      arguments to this method are incorrect
[INFO] [stdout]     |
[INFO] [stdout]     = note: `noodles::noodles_core::Position` and `noodles_core::position::Position` have similar names, but are actually distinct types
[INFO] [stdout] note: `noodles::noodles_core::Position` is defined in crate `noodles_core`
[INFO] [stdout]    --> /opt/rustwide/cargo-home/registry/src/index.crates.io-6f17d22bba15001f/noodles-core-0.12.0/src/position.rs:15:1
[INFO] [stdout]     |
[INFO] [stdout] 15  | pub struct Position(NonZeroUsize);
[INFO] [stdout]     | ^^^^^^^^^^^^^^^^^^^
[INFO] [stdout] note: `noodles_core::position::Position` is defined in crate `noodles_core`
[INFO] [stdout]    --> /opt/rustwide/cargo-home/registry/src/index.crates.io-6f17d22bba15001f/noodles-core-0.13.0/src/position.rs:15:1
[INFO] [stdout]     |
[INFO] [stdout] 15  | pub struct Position(NonZeroUsize);
[INFO] [stdout]     | ^^^^^^^^^^^^^^^^^^^
[INFO] [stdout]     = note: perhaps two different versions of crate `noodles_core` are being used?
[INFO] [stdout] help: the return type of this call is `noodles::noodles_core::Position` due to the type of the argument passed
[INFO] [stdout]    --> src/htsget/cram_search.rs:274:21
[INFO] [stdout]     |
[INFO] [stdout] 274 |     let seq_start = interval.start().unwrap_or(Position::MIN);
[INFO] [stdout]     |                     ^^^^^^^^^^^^^^^^^^^^^^^^^^^-------------^
[INFO] [stdout]     |                                                |
[INFO] [stdout]     |                                                this argument influences the return type of `unwrap_or`
[INFO] [stdout] note: method defined here
[INFO] [stdout]    --> /rustc/82e1608dfa6e0b5569232559e3d385fea5a93112/library/core/src/option.rs:951:12
[INFO] [stdout] 
[INFO] [stdout] 
[INFO] [stdout] error[E0308]: mismatched types
[INFO] [stdout]    --> src/htsget/cram_search.rs:275:44
[INFO] [stdout]     |
[INFO] [stdout] 275 |     let seq_end = interval.end().unwrap_or(Position::MAX);
[INFO] [stdout]     |                                  --------- ^^^^^^^^^^^^^ expected `noodles_core::position::Position`, found `noodles::noodles_core::Position`
[INFO] [stdout]     |                                  |
[INFO] [stdout]     |                                  arguments to this method are incorrect
[INFO] [stdout]     |
[INFO] [stdout]     = note: `noodles::noodles_core::Position` and `noodles_core::position::Position` have similar names, but are actually distinct types
[INFO] [stdout] note: `noodles::noodles_core::Position` is defined in crate `noodles_core`
[INFO] [stdout]    --> /opt/rustwide/cargo-home/registry/src/index.crates.io-6f17d22bba15001f/noodles-core-0.12.0/src/position.rs:15:1
[INFO] [stdout]     |
[INFO] [stdout] 15  | pub struct Position(NonZeroUsize);
[INFO] [stdout]     | ^^^^^^^^^^^^^^^^^^^
[INFO] [stdout] note: `noodles_core::position::Position` is defined in crate `noodles_core`
[INFO] [stdout]    --> /opt/rustwide/cargo-home/registry/src/index.crates.io-6f17d22bba15001f/noodles-core-0.13.0/src/position.rs:15:1
[INFO] [stdout]     |
[INFO] [stdout] 15  | pub struct Position(NonZeroUsize);
[INFO] [stdout]     | ^^^^^^^^^^^^^^^^^^^
[INFO] [stdout]     = note: perhaps two different versions of crate `noodles_core` are being used?
[INFO] [stdout] help: the return type of this call is `noodles::noodles_core::Position` due to the type of the argument passed
[INFO] [stdout]    --> src/htsget/cram_search.rs:275:19
[INFO] [stdout]     |
[INFO] [stdout] 275 |     let seq_end = interval.end().unwrap_or(Position::MAX);
[INFO] [stdout]     |                   ^^^^^^^^^^^^^^^^^^^^^^^^^-------------^
[INFO] [stdout]     |                                            |
[INFO] [stdout]     |                                            this argument influences the return type of `unwrap_or`
[INFO] [stdout] note: method defined here
[INFO] [stdout]    --> /rustc/82e1608dfa6e0b5569232559e3d385fea5a93112/library/core/src/option.rs:951:12
[INFO] [stdout] 
[INFO] [stdout] 
[INFO] [stdout] error[E0308]: mismatched types
[INFO] [stdout]    --> src/htsget/cram_search.rs:277:21
[INFO] [stdout]     |
[INFO] [stdout] 277 |     if seq_start <= record_end && seq_end >= record_start {
[INFO] [stdout]     |        ---------    ^^^^^^^^^^ expected `noodles_core::position::Position`, found `noodles::noodles_core::Position`
[INFO] [stdout]     |        |
[INFO] [stdout]     |        expected because this is `noodles_core::position::Position`
[INFO] [stdout]     |
[INFO] [stdout]     = note: `noodles::noodles_core::Position` and `noodles_core::position::Position` have similar names, but are actually distinct types
[INFO] [stdout] note: `noodles::noodles_core::Position` is defined in crate `noodles_core`
[INFO] [stdout]    --> /opt/rustwide/cargo-home/registry/src/index.crates.io-6f17d22bba15001f/noodles-core-0.12.0/src/position.rs:15:1
[INFO] [stdout]     |
[INFO] [stdout] 15  | pub struct Position(NonZeroUsize);
[INFO] [stdout]     | ^^^^^^^^^^^^^^^^^^^
[INFO] [stdout] note: `noodles_core::position::Position` is defined in crate `noodles_core`
[INFO] [stdout]    --> /opt/rustwide/cargo-home/registry/src/index.crates.io-6f17d22bba15001f/noodles-core-0.13.0/src/position.rs:15:1
[INFO] [stdout]     |
[INFO] [stdout] 15  | pub struct Position(NonZeroUsize);
[INFO] [stdout]     | ^^^^^^^^^^^^^^^^^^^
[INFO] [stdout]     = note: perhaps two different versions of crate `noodles_core` are being used?
[INFO] [stdout] 
[INFO] [stdout] 
[INFO] [stdout] error[E0308]: mismatched types
[INFO] [stdout]    --> src/htsget/cram_search.rs:277:46
[INFO] [stdout]     |
[INFO] [stdout] 277 |     if seq_start <= record_end && seq_end >= record_start {
[INFO] [stdout]     |                                   -------    ^^^^^^^^^^^^ expected `noodles_core::position::Position`, found `noodles::noodles_core::Position`
[INFO] [stdout]     |                                   |
[INFO] [stdout]     |                                   expected because this is `noodles_core::position::Position`
[INFO] [stdout]     |
[INFO] [stdout]     = note: `noodles::noodles_core::Position` and `noodles_core::position::Position` have similar names, but are actually distinct types
[INFO] [stdout] note: `noodles::noodles_core::Position` is defined in crate `noodles_core`
[INFO] [stdout]    --> /opt/rustwide/cargo-home/registry/src/index.crates.io-6f17d22bba15001f/noodles-core-0.12.0/src/position.rs:15:1
[INFO] [stdout]     |
[INFO] [stdout] 15  | pub struct Position(NonZeroUsize);
[INFO] [stdout]     | ^^^^^^^^^^^^^^^^^^^
[INFO] [stdout] note: `noodles_core::position::Position` is defined in crate `noodles_core`
[INFO] [stdout]    --> /opt/rustwide/cargo-home/registry/src/index.crates.io-6f17d22bba15001f/noodles-core-0.13.0/src/position.rs:15:1
[INFO] [stdout]     |
[INFO] [stdout] 15  | pub struct Position(NonZeroUsize);
[INFO] [stdout]     | ^^^^^^^^^^^^^^^^^^^
[INFO] [stdout]     = note: perhaps two different versions of crate `noodles_core` are being used?
[INFO] [stdout] 
[INFO] [stdout] 
[INFO] [stdout] error[E0277]: the trait bound `noodles::noodles_core::region::Interval: From<noodles_core::region::interval::Interval>` is not satisfied
[INFO] [stdout]    --> src/htsget/search.rs:433:28
[INFO] [stdout]     |
[INFO] [stdout] 433 |         .query(ref_seq_id, query.interval().into_one_based()?)
[INFO] [stdout]     |          -----             ^^^^^^^^^^^^^^^^^^^^^^^^^^^^^^^^^^ the trait `From<noodles_core::region::interval::Interval>` is not implemented for `noodles::noodles_core::region::Interval`
[INFO] [stdout]     |          |
[INFO] [stdout]     |          required by a bound introduced by this call
[INFO] [stdout]     |
[INFO] [stdout]     = help: the following other types implement trait `From<T>`:
[INFO] [stdout]               <noodles::noodles_core::region::Interval as From<RangeFull>>
[INFO] [stdout]               <noodles::noodles_core::region::Interval as From<RangeFrom<noodles::noodles_core::Position>>>
[INFO] [stdout]               <noodles::noodles_core::region::Interval as From<RangeInclusive<noodles::noodles_core::Position>>>
[INFO] [stdout]               <noodles::noodles_core::region::Interval as From<RangeToInclusive<noodles::noodles_core::Position>>>
[INFO] [stdout]     = note: required for `noodles_core::region::interval::Interval` to implement `Into<noodles::noodles_core::region::Interval>`
[INFO] [stdout] note: required by a bound in `noodles::noodles_csi::Index::query`
[INFO] [stdout]    --> /opt/rustwide/cargo-home/registry/src/index.crates.io-6f17d22bba15001f/noodles-csi-0.24.0/src/index.rs:110:12
[INFO] [stdout]     |
[INFO] [stdout] 108 |     pub fn query<I>(&self, reference_sequence_id: usize, interval: I) -> io::Result<Vec<Chunk>>
[INFO] [stdout]     |            ----- required by a bound in this associated function
[INFO] [stdout] 109 |     where
[INFO] [stdout] 110 |         I: Into<Interval>,
[INFO] [stdout]     |            ^^^^^^^^^^^^^^ required by this bound in `Index::query`
[INFO] [stdout] 
[INFO] [stdout] 
[INFO] [stdout] error: aborting due to 5 previous errors
[INFO] [stdout] 
[INFO] [stdout] 
[INFO] [stdout] Some errors have detailed explanations: E0277, E0308.
[INFO] [stdout] 
[INFO] [stdout] For more information about an error, try `rustc --explain E0277`.
[INFO] [stdout] 
[INFO] [stderr] error: could not compile `htsget-search` (lib) due to 6 previous errors
[INFO] running `Command { std: "docker" "inspect" "029e48d8b91f2a0a6a613d2b87debe3a9b567c3e11b3a0f76593324dab7a8c1e", kill_on_drop: false }`
[INFO] running `Command { std: "docker" "rm" "-f" "029e48d8b91f2a0a6a613d2b87debe3a9b567c3e11b3a0f76593324dab7a8c1e", kill_on_drop: false }`
[INFO] [stdout] 029e48d8b91f2a0a6a613d2b87debe3a9b567c3e11b3a0f76593324dab7a8c1e
