[INFO] fetching crate html-node 0.5.0...
[INFO] testing html-node-0.5.0 against 1.75.0 for beta-1.76-1
[INFO] extracting crate html-node 0.5.0 into /workspace/builds/worker-4-tc1/source
[INFO] validating manifest of crates.io crate html-node 0.5.0 on toolchain 1.75.0
[INFO] running `Command { std: CARGO_HOME="/workspace/cargo-home" RUSTUP_HOME="/workspace/rustup-home" "/workspace/cargo-home/bin/cargo" "+1.75.0" "metadata" "--manifest-path" "Cargo.toml" "--no-deps", kill_on_drop: false }`
[INFO] started tweaking crates.io crate html-node 0.5.0
[INFO] removed 0 missing examples
[INFO] finished tweaking crates.io crate html-node 0.5.0
[INFO] tweaked toml for crates.io crate html-node 0.5.0 written to /workspace/builds/worker-4-tc1/source/Cargo.toml
[INFO] crate crates.io crate html-node 0.5.0 already has a lockfile, it will not be regenerated
[INFO] running `Command { std: CARGO_HOME="/workspace/cargo-home" RUSTUP_HOME="/workspace/rustup-home" "/workspace/cargo-home/bin/cargo" "+1.75.0" "fetch" "--manifest-path" "Cargo.toml", kill_on_drop: false }`
[INFO] [stderr]     Updating crates.io index
[INFO] [stderr]  Downloading crates ...
[INFO] [stderr]   Downloaded html-node-macro v0.5.0
[INFO] [stderr]   Downloaded rstml v0.11.2
[INFO] [stderr]   Downloaded html-node-core v0.5.0
[INFO] running `Command { std: "docker" "create" "-v" "/var/lib/crater-agent-workspace/builds/worker-4-tc1/target:/opt/rustwide/target:rw,Z" "-v" "/var/lib/crater-agent-workspace/builds/worker-4-tc1/source:/opt/rustwide/workdir:ro,Z" "-v" "/var/lib/crater-agent-workspace/cargo-home:/opt/rustwide/cargo-home:ro,Z" "-v" "/var/lib/crater-agent-workspace/rustup-home:/opt/rustwide/rustup-home:ro,Z" "-e" "SOURCE_DIR=/opt/rustwide/workdir" "-e" "CARGO_TARGET_DIR=/opt/rustwide/target" "-e" "CARGO_HOME=/opt/rustwide/cargo-home" "-e" "RUSTUP_HOME=/opt/rustwide/rustup-home" "-w" "/opt/rustwide/workdir" "-m" "1610612736" "--user" "0:0" "--network" "none" "ghcr.io/rust-lang/crates-build-env/linux@sha256:2788e3201cd34a07e3172128adcd8b3090168a8e3bcc40d7c032b9dda1df7d1c" "/opt/rustwide/cargo-home/bin/cargo" "+1.75.0" "metadata" "--no-deps" "--format-version=1", kill_on_drop: false }`
[INFO] [stdout] 137be93675b9c0a82d956b9f87d6f20b1d760ba0f03d3ee04b350538b4aec50c
[INFO] running `Command { std: "docker" "start" "-a" "137be93675b9c0a82d956b9f87d6f20b1d760ba0f03d3ee04b350538b4aec50c", kill_on_drop: false }`
[INFO] running `Command { std: "docker" "inspect" "137be93675b9c0a82d956b9f87d6f20b1d760ba0f03d3ee04b350538b4aec50c", kill_on_drop: false }`
[INFO] running `Command { std: "docker" "rm" "-f" "137be93675b9c0a82d956b9f87d6f20b1d760ba0f03d3ee04b350538b4aec50c", kill_on_drop: false }`
[INFO] [stdout] 137be93675b9c0a82d956b9f87d6f20b1d760ba0f03d3ee04b350538b4aec50c
[INFO] running `Command { std: "docker" "create" "-v" "/var/lib/crater-agent-workspace/builds/worker-4-tc1/target:/opt/rustwide/target:rw,Z" "-v" "/var/lib/crater-agent-workspace/builds/worker-4-tc1/source:/opt/rustwide/workdir:ro,Z" "-v" "/var/lib/crater-agent-workspace/cargo-home:/opt/rustwide/cargo-home:ro,Z" "-v" "/var/lib/crater-agent-workspace/rustup-home:/opt/rustwide/rustup-home:ro,Z" "-e" "SOURCE_DIR=/opt/rustwide/workdir" "-e" "CARGO_TARGET_DIR=/opt/rustwide/target" "-e" "CARGO_INCREMENTAL=0" "-e" "RUST_BACKTRACE=full" "-e" "RUSTFLAGS=--cap-lints=warn" "-e" "RUSTDOCFLAGS=--cap-lints=warn" "-e" "CARGO_HOME=/opt/rustwide/cargo-home" "-e" "RUSTUP_HOME=/opt/rustwide/rustup-home" "-w" "/opt/rustwide/workdir" "-m" "1610612736" "--user" "0:0" "--network" "none" "ghcr.io/rust-lang/crates-build-env/linux@sha256:2788e3201cd34a07e3172128adcd8b3090168a8e3bcc40d7c032b9dda1df7d1c" "/opt/rustwide/cargo-home/bin/cargo" "+1.75.0" "build" "--frozen" "--message-format=json", kill_on_drop: false }`
[INFO] [stdout] 3419750727bef1473d74280f78737b6424ef8f6e95f8a68538f437929375610c
[INFO] running `Command { std: "docker" "start" "-a" "3419750727bef1473d74280f78737b6424ef8f6e95f8a68538f437929375610c", kill_on_drop: false }`
[INFO] [stderr]    Compiling proc-macro2 v1.0.69
[INFO] [stderr]    Compiling thiserror v1.0.50
[INFO] [stderr]    Compiling proc-macro-error v1.0.4
[INFO] [stderr]    Compiling proc-macro2-diagnostics v0.10.1
[INFO] [stderr]    Compiling utf8-width v0.1.7
[INFO] [stderr]    Compiling html-escape v0.2.13
[INFO] [stderr]    Compiling quote v1.0.33
[INFO] [stderr]    Compiling html-node-core v0.5.0
[INFO] [stderr]    Compiling syn v2.0.39
[INFO] [stderr]    Compiling proc-macro-error-attr v1.0.4
[INFO] [stderr]    Compiling thiserror-impl v1.0.50
[INFO] [stderr]    Compiling syn_derive v0.1.8
[INFO] [stderr]    Compiling rstml v0.11.2
[INFO] [stderr]    Compiling html-node-macro v0.5.0
[INFO] [stderr]    Compiling html-node v0.5.0 (/opt/rustwide/workdir)
[INFO] [stdout] warning: unused import: `self::macros::*`
[INFO] [stdout]    --> src/lib.rs:145:9
[INFO] [stdout]     |
[INFO] [stdout] 145 | pub use self::macros::*;
[INFO] [stdout]     |         ^^^^^^^^^^^^^^^
[INFO] [stdout]     |
[INFO] [stdout]     = note: `#[warn(unused_imports)]` on by default
[INFO] [stdout] 
[INFO] [stdout] 
[INFO] [stdout] warning: 1 warning emitted
[INFO] [stdout] 
[INFO] [stdout] 
[INFO] [stderr]     Finished dev [unoptimized + debuginfo] target(s) in 9.62s
[INFO] running `Command { std: "docker" "inspect" "3419750727bef1473d74280f78737b6424ef8f6e95f8a68538f437929375610c", kill_on_drop: false }`
[INFO] running `Command { std: "docker" "rm" "-f" "3419750727bef1473d74280f78737b6424ef8f6e95f8a68538f437929375610c", kill_on_drop: false }`
[INFO] [stdout] 3419750727bef1473d74280f78737b6424ef8f6e95f8a68538f437929375610c
[INFO] running `Command { std: "docker" "create" "-v" "/var/lib/crater-agent-workspace/builds/worker-4-tc1/target:/opt/rustwide/target:rw,Z" "-v" "/var/lib/crater-agent-workspace/builds/worker-4-tc1/source:/opt/rustwide/workdir:ro,Z" "-v" "/var/lib/crater-agent-workspace/cargo-home:/opt/rustwide/cargo-home:ro,Z" "-v" "/var/lib/crater-agent-workspace/rustup-home:/opt/rustwide/rustup-home:ro,Z" "-e" "SOURCE_DIR=/opt/rustwide/workdir" "-e" "CARGO_TARGET_DIR=/opt/rustwide/target" "-e" "CARGO_INCREMENTAL=0" "-e" "RUST_BACKTRACE=full" "-e" "RUSTFLAGS=--cap-lints=warn" "-e" "RUSTDOCFLAGS=--cap-lints=warn" "-e" "CARGO_HOME=/opt/rustwide/cargo-home" "-e" "RUSTUP_HOME=/opt/rustwide/rustup-home" "-w" "/opt/rustwide/workdir" "-m" "1610612736" "--user" "0:0" "--network" "none" "ghcr.io/rust-lang/crates-build-env/linux@sha256:2788e3201cd34a07e3172128adcd8b3090168a8e3bcc40d7c032b9dda1df7d1c" "/opt/rustwide/cargo-home/bin/cargo" "+1.75.0" "test" "--frozen" "--no-run" "--message-format=json", kill_on_drop: false }`
[INFO] [stdout] 2494becf754f104bb8211bc2dc977750704c80c4763fa06d2220de82ea0672ad
[INFO] running `Command { std: "docker" "start" "-a" "2494becf754f104bb8211bc2dc977750704c80c4763fa06d2220de82ea0672ad", kill_on_drop: false }`
[INFO] [stderr]    Compiling libc v0.2.150
[INFO] [stderr]    Compiling futures-core v0.3.29
[INFO] [stderr]    Compiling itoa v1.0.9
[INFO] [stderr]    Compiling futures-task v0.3.29
[INFO] [stderr]    Compiling serde v1.0.193
[INFO] [stderr]    Compiling syn v2.0.39
[INFO] [stderr]    Compiling futures-util v0.3.29
[INFO] [stderr]    Compiling once_cell v1.18.0
[INFO] [stderr]    Compiling bytes v1.5.0
[INFO] [stderr]    Compiling fnv v1.0.7
[INFO] [stderr]    Compiling tracing-core v0.1.32
[INFO] [stderr]    Compiling async-trait v0.1.74
[INFO] [stderr]    Compiling tower-service v0.3.2
[INFO] [stderr]    Compiling httparse v1.8.0
[INFO] [stderr]    Compiling futures-channel v0.3.29
[INFO] [stderr]    Compiling http v0.2.11
[INFO] [stderr]    Compiling tracing v0.1.40
[INFO] [stderr]    Compiling axum-core v0.3.4
[INFO] [stderr]    Compiling tower-layer v0.3.2
[INFO] [stderr]    Compiling socket2 v0.5.5
[INFO] [stderr]    Compiling mio v0.8.9
[INFO] [stderr]    Compiling num_cpus v1.16.0
[INFO] [stderr]    Compiling percent-encoding v2.3.1
[INFO] [stderr]    Compiling http-body v0.4.5
[INFO] [stderr]    Compiling serde_json v1.0.108
[INFO] [stderr]    Compiling ryu v1.0.15
[INFO] [stderr]    Compiling try-lock v0.2.4
[INFO] [stderr]    Compiling want v0.3.1
[INFO] [stderr]    Compiling form_urlencoded v1.2.1
[INFO] [stderr]    Compiling socket2 v0.4.10
[INFO] [stderr]    Compiling axum v0.6.20
[INFO] [stderr]    Compiling mime v0.3.17
[INFO] [stderr]    Compiling httpdate v1.0.3
[INFO] [stderr]    Compiling memchr v2.6.4
[INFO] [stderr]    Compiling sync_wrapper v0.1.2
[INFO] [stderr]    Compiling matchit v0.7.3
[INFO] [stderr]    Compiling proc-macro2-diagnostics v0.10.1
[INFO] [stderr]    Compiling serde_path_to_error v0.1.14
[INFO] [stderr]    Compiling serde_urlencoded v0.7.1
[INFO] [stderr]    Compiling tokio-macros v2.2.0
[INFO] [stderr]    Compiling thiserror-impl v1.0.50
[INFO] [stderr]    Compiling pin-project-internal v1.1.3
[INFO] [stderr]    Compiling syn_derive v0.1.8
[INFO] [stderr]    Compiling tokio v1.34.0
[INFO] [stderr]    Compiling pin-project v1.1.3
[INFO] [stderr]    Compiling thiserror v1.0.50
[INFO] [stderr]    Compiling rstml v0.11.2
[INFO] [stderr]    Compiling html-node-macro v0.5.0
[INFO] [stderr]    Compiling html-node v0.5.0 (/opt/rustwide/workdir)
[INFO] [stdout] warning: unused import: `self::macros::*`
[INFO] [stdout]    --> src/lib.rs:145:9
[INFO] [stdout]     |
[INFO] [stdout] 145 | pub use self::macros::*;
[INFO] [stdout]     |         ^^^^^^^^^^^^^^^
[INFO] [stdout]     |
[INFO] [stdout]     = note: `#[warn(unused_imports)]` on by default
[INFO] [stdout] 
[INFO] [stdout] 
[INFO] [stdout] warning: 1 warning emitted
[INFO] [stdout] 
[INFO] [stdout] 
[INFO] [stderr]    Compiling tower v0.4.13
[INFO] [stderr]    Compiling hyper v0.14.27
[INFO] [stdout] warning: unused import: `self::macros::*`
[INFO] [stdout]    --> src/lib.rs:145:9
[INFO] [stdout]     |
[INFO] [stdout] 145 | pub use self::macros::*;
[INFO] [stdout]     |         ^^^^^^^^^^^^^^^
[INFO] [stdout]     |
[INFO] [stdout]     = note: `#[warn(unused_imports)]` on by default
[INFO] [stdout] 
[INFO] [stdout] 
[INFO] [stdout] error[E0433]: failed to resolve: could not find `typed` in `html_node`
[INFO] [stdout]  --> tests/typed.rs:3:5
[INFO] [stdout]   |
[INFO] [stdout] 3 |     typed::{self, elements::*, html},
[INFO] [stdout]   |     ^^^^^ could not find `typed` in `html_node`
[INFO] [stdout] 
[INFO] [stdout] 
[INFO] [stdout] error[E0432]: unresolved imports `html_node::typed`, `html_node::typed`
[INFO] [stdout]    --> tests/typed.rs:3:5
[INFO] [stdout]     |
[INFO] [stdout] 3   |     typed::{self, elements::*, html},
[INFO] [stdout]     |     ^^^^^   ^^^^ no `typed` in the root
[INFO] [stdout]     |     |
[INFO] [stdout]     |     could not find `typed` in `html_node`
[INFO] [stdout]     |
[INFO] [stdout] note: found an item that was configured out
[INFO] [stdout]    --> /opt/rustwide/workdir/src/lib.rs:135:9
[INFO] [stdout]     |
[INFO] [stdout] 135 | pub mod typed;
[INFO] [stdout]     |         ^^^^^
[INFO] [stdout]     = note: the item is gated behind the `typed` feature
[INFO] [stdout] 
[INFO] [stdout] 
[INFO] [stdout] error: cannot determine resolution for the macro `typed::component`
[INFO] [stdout]    --> tests/typed.rs:102:5
[INFO] [stdout]     |
[INFO] [stdout] 102 |     typed::component! {
[INFO] [stdout]     |     ^^^^^^^^^^^^^^^^
[INFO] [stdout]     |
[INFO] [stdout]     = note: import resolution is stuck, try simplifying macro imports
[INFO] [stdout] 
[INFO] [stdout] 
[INFO] [stdout] error: cannot determine resolution for the macro `html`
[INFO] [stdout]   --> tests/typed.rs:10:16
[INFO] [stdout]    |
[INFO] [stdout] 10 |     let html = html! {
[INFO] [stdout]    |                ^^^^
[INFO] [stdout]    |
[INFO] [stdout]    = note: import resolution is stuck, try simplifying macro imports
[INFO] [stdout] 
[INFO] [stdout] 
[INFO] [stdout] error: cannot determine resolution for the macro `html`
[INFO] [stdout]   --> tests/typed.rs:51:16
[INFO] [stdout]    |
[INFO] [stdout] 51 |     let html = html! {
[INFO] [stdout]    |                ^^^^
[INFO] [stdout]    |
[INFO] [stdout]    = note: import resolution is stuck, try simplifying macro imports
[INFO] [stdout] 
[INFO] [stdout] 
[INFO] [stdout] error: cannot determine resolution for the macro `html`
[INFO] [stdout]    --> tests/typed.rs:117:16
[INFO] [stdout]     |
[INFO] [stdout] 117 |     let html = html! {
[INFO] [stdout]     |                ^^^^
[INFO] [stdout]     |
[INFO] [stdout]     = note: import resolution is stuck, try simplifying macro imports
[INFO] [stdout] 
[INFO] [stdout] 
[INFO] [stdout] warning: unused import: `text`
[INFO] [stdout]  --> tests/typed.rs:2:5
[INFO] [stdout]   |
[INFO] [stdout] 2 |     text,
[INFO] [stdout]   |     ^^^^
[INFO] [stdout]   |
[INFO] [stdout]   = note: `#[warn(unused_imports)]` on by default
[INFO] [stdout] 
[INFO] [stdout] 
[INFO] [stdout] error: aborting due to 6 previous errors; 1 warning emitted
[INFO] [stdout] 
[INFO] [stdout] 
[INFO] [stdout] Some errors have detailed explanations: E0432, E0433.
[INFO] [stdout] 
[INFO] [stdout] For more information about an error, try `rustc --explain E0432`.
[INFO] [stdout] 
[INFO] [stderr] error: could not compile `html-node` (test "typed") due to 7 previous errors; 1 warning emitted
[INFO] [stderr] warning: build failed, waiting for other jobs to finish...
[INFO] [stdout] warning: 1 warning emitted
[INFO] [stdout] 
[INFO] [stdout] 
[INFO] running `Command { std: "docker" "inspect" "2494becf754f104bb8211bc2dc977750704c80c4763fa06d2220de82ea0672ad", kill_on_drop: false }`
[INFO] running `Command { std: "docker" "rm" "-f" "2494becf754f104bb8211bc2dc977750704c80c4763fa06d2220de82ea0672ad", kill_on_drop: false }`
[INFO] [stdout] 2494becf754f104bb8211bc2dc977750704c80c4763fa06d2220de82ea0672ad
[INFO] testing html-node-0.5.0 against beta-2023-12-22 for beta-1.76-1
[INFO] extracting crate html-node 0.5.0 into /workspace/builds/worker-4-tc2/source
[INFO] validating manifest of crates.io crate html-node 0.5.0 on toolchain beta-2023-12-22
[INFO] running `Command { std: CARGO_HOME="/workspace/cargo-home" RUSTUP_HOME="/workspace/rustup-home" "/workspace/cargo-home/bin/cargo" "+beta-2023-12-22" "metadata" "--manifest-path" "Cargo.toml" "--no-deps", kill_on_drop: false }`
[INFO] started tweaking crates.io crate html-node 0.5.0
[INFO] removed 0 missing examples
[INFO] finished tweaking crates.io crate html-node 0.5.0
[INFO] tweaked toml for crates.io crate html-node 0.5.0 written to /workspace/builds/worker-4-tc2/source/Cargo.toml
[INFO] crate crates.io crate html-node 0.5.0 already has a lockfile, it will not be regenerated
[INFO] running `Command { std: CARGO_HOME="/workspace/cargo-home" RUSTUP_HOME="/workspace/rustup-home" "/workspace/cargo-home/bin/cargo" "+beta-2023-12-22" "fetch" "--manifest-path" "Cargo.toml", kill_on_drop: false }`
[INFO] running `Command { std: "docker" "create" "-v" "/var/lib/crater-agent-workspace/builds/worker-4-tc2/target:/opt/rustwide/target:rw,Z" "-v" "/var/lib/crater-agent-workspace/builds/worker-4-tc2/source:/opt/rustwide/workdir:ro,Z" "-v" "/var/lib/crater-agent-workspace/cargo-home:/opt/rustwide/cargo-home:ro,Z" "-v" "/var/lib/crater-agent-workspace/rustup-home:/opt/rustwide/rustup-home:ro,Z" "-e" "SOURCE_DIR=/opt/rustwide/workdir" "-e" "CARGO_TARGET_DIR=/opt/rustwide/target" "-e" "CARGO_HOME=/opt/rustwide/cargo-home" "-e" "RUSTUP_HOME=/opt/rustwide/rustup-home" "-w" "/opt/rustwide/workdir" "-m" "1610612736" "--user" "0:0" "--network" "none" "ghcr.io/rust-lang/crates-build-env/linux@sha256:2788e3201cd34a07e3172128adcd8b3090168a8e3bcc40d7c032b9dda1df7d1c" "/opt/rustwide/cargo-home/bin/cargo" "+beta-2023-12-22" "metadata" "--no-deps" "--format-version=1", kill_on_drop: false }`
[INFO] [stdout] 8f93cb85826bf9d843d28798e7e31ea37a53c72d301f1054002e90b64692c064
[INFO] running `Command { std: "docker" "start" "-a" "8f93cb85826bf9d843d28798e7e31ea37a53c72d301f1054002e90b64692c064", kill_on_drop: false }`
[INFO] running `Command { std: "docker" "inspect" "8f93cb85826bf9d843d28798e7e31ea37a53c72d301f1054002e90b64692c064", kill_on_drop: false }`
[INFO] running `Command { std: "docker" "rm" "-f" "8f93cb85826bf9d843d28798e7e31ea37a53c72d301f1054002e90b64692c064", kill_on_drop: false }`
[INFO] [stdout] 8f93cb85826bf9d843d28798e7e31ea37a53c72d301f1054002e90b64692c064
[INFO] running `Command { std: "docker" "create" "-v" "/var/lib/crater-agent-workspace/builds/worker-4-tc2/target:/opt/rustwide/target:rw,Z" "-v" "/var/lib/crater-agent-workspace/builds/worker-4-tc2/source:/opt/rustwide/workdir:ro,Z" "-v" "/var/lib/crater-agent-workspace/cargo-home:/opt/rustwide/cargo-home:ro,Z" "-v" "/var/lib/crater-agent-workspace/rustup-home:/opt/rustwide/rustup-home:ro,Z" "-e" "SOURCE_DIR=/opt/rustwide/workdir" "-e" "CARGO_TARGET_DIR=/opt/rustwide/target" "-e" "CARGO_INCREMENTAL=0" "-e" "RUST_BACKTRACE=full" "-e" "RUSTFLAGS=--cap-lints=warn" "-e" "RUSTDOCFLAGS=--cap-lints=warn" "-e" "CARGO_HOME=/opt/rustwide/cargo-home" "-e" "RUSTUP_HOME=/opt/rustwide/rustup-home" "-w" "/opt/rustwide/workdir" "-m" "1610612736" "--user" "0:0" "--network" "none" "ghcr.io/rust-lang/crates-build-env/linux@sha256:2788e3201cd34a07e3172128adcd8b3090168a8e3bcc40d7c032b9dda1df7d1c" "/opt/rustwide/cargo-home/bin/cargo" "+beta-2023-12-22" "build" "--frozen" "--message-format=json", kill_on_drop: false }`
[INFO] [stdout] 814f39ce693b455b5624ac177a76c05b41d14f272ca603e61653e675450e3d6d
[INFO] running `Command { std: "docker" "start" "-a" "814f39ce693b455b5624ac177a76c05b41d14f272ca603e61653e675450e3d6d", kill_on_drop: false }`
[INFO] [stderr]    Compiling proc-macro2 v1.0.69
[INFO] [stderr]    Compiling proc-macro-error v1.0.4
[INFO] [stderr]    Compiling proc-macro2-diagnostics v0.10.1
[INFO] [stderr]    Compiling thiserror v1.0.50
[INFO] [stderr]    Compiling utf8-width v0.1.7
[INFO] [stderr]    Compiling html-escape v0.2.13
[INFO] [stderr]    Compiling html-node-core v0.5.0
[INFO] [stderr]    Compiling quote v1.0.33
[INFO] [stderr]    Compiling syn v2.0.39
[INFO] [stderr]    Compiling proc-macro-error-attr v1.0.4
[INFO] [stderr]    Compiling thiserror-impl v1.0.50
[INFO] [stderr]    Compiling syn_derive v0.1.8
[INFO] [stderr]    Compiling rstml v0.11.2
[INFO] [stderr]    Compiling html-node-macro v0.5.0
[INFO] [stderr]    Compiling html-node v0.5.0 (/opt/rustwide/workdir)
[INFO] [stdout] warning: unused import: `self::macros::*`
[INFO] [stdout]    --> src/lib.rs:145:9
[INFO] [stdout]     |
[INFO] [stdout] 145 | pub use self::macros::*;
[INFO] [stdout]     |         ^^^^^^^^^^^^^^^
[INFO] [stdout]     |
[INFO] [stdout]     = note: `#[warn(unused_imports)]` on by default
[INFO] [stdout] 
[INFO] [stdout] 
[INFO] [stdout] warning: 1 warning emitted
[INFO] [stdout] 
[INFO] [stdout] 
[INFO] [stderr]     Finished dev [unoptimized + debuginfo] target(s) in 11.46s
[INFO] running `Command { std: "docker" "inspect" "814f39ce693b455b5624ac177a76c05b41d14f272ca603e61653e675450e3d6d", kill_on_drop: false }`
[INFO] running `Command { std: "docker" "rm" "-f" "814f39ce693b455b5624ac177a76c05b41d14f272ca603e61653e675450e3d6d", kill_on_drop: false }`
[INFO] [stdout] 814f39ce693b455b5624ac177a76c05b41d14f272ca603e61653e675450e3d6d
[INFO] running `Command { std: "docker" "create" "-v" "/var/lib/crater-agent-workspace/builds/worker-4-tc2/target:/opt/rustwide/target:rw,Z" "-v" "/var/lib/crater-agent-workspace/builds/worker-4-tc2/source:/opt/rustwide/workdir:ro,Z" "-v" "/var/lib/crater-agent-workspace/cargo-home:/opt/rustwide/cargo-home:ro,Z" "-v" "/var/lib/crater-agent-workspace/rustup-home:/opt/rustwide/rustup-home:ro,Z" "-e" "SOURCE_DIR=/opt/rustwide/workdir" "-e" "CARGO_TARGET_DIR=/opt/rustwide/target" "-e" "CARGO_INCREMENTAL=0" "-e" "RUST_BACKTRACE=full" "-e" "RUSTFLAGS=--cap-lints=warn" "-e" "RUSTDOCFLAGS=--cap-lints=warn" "-e" "CARGO_HOME=/opt/rustwide/cargo-home" "-e" "RUSTUP_HOME=/opt/rustwide/rustup-home" "-w" "/opt/rustwide/workdir" "-m" "1610612736" "--user" "0:0" "--network" "none" "ghcr.io/rust-lang/crates-build-env/linux@sha256:2788e3201cd34a07e3172128adcd8b3090168a8e3bcc40d7c032b9dda1df7d1c" "/opt/rustwide/cargo-home/bin/cargo" "+beta-2023-12-22" "test" "--frozen" "--no-run" "--message-format=json", kill_on_drop: false }`
[INFO] [stdout] ea997d155ce287c2f34bb81be9bb3f97f5c3a04194f8a4f6f0bf54c653428e12
[INFO] running `Command { std: "docker" "start" "-a" "ea997d155ce287c2f34bb81be9bb3f97f5c3a04194f8a4f6f0bf54c653428e12", kill_on_drop: false }`
[INFO] [stderr]    Compiling libc v0.2.150
[INFO] [stderr]    Compiling futures-core v0.3.29
[INFO] [stderr]    Compiling itoa v1.0.9
[INFO] [stderr]    Compiling futures-task v0.3.29
[INFO] [stderr]    Compiling futures-util v0.3.29
[INFO] [stderr]    Compiling syn v2.0.39
[INFO] [stderr]    Compiling serde v1.0.193
[INFO] [stderr]    Compiling once_cell v1.18.0
[INFO] [stderr]    Compiling bytes v1.5.0
[INFO] [stderr]    Compiling fnv v1.0.7
[INFO] [stderr]    Compiling tracing-core v0.1.32
[INFO] [stderr]    Compiling tower-service v0.3.2
[INFO] [stderr]    Compiling futures-channel v0.3.29
[INFO] [stderr]    Compiling async-trait v0.1.74
[INFO] [stderr]    Compiling httparse v1.8.0
[INFO] [stderr]    Compiling http v0.2.11
[INFO] [stderr]    Compiling tracing v0.1.40
[INFO] [stderr]    Compiling axum-core v0.3.4
[INFO] [stderr]    Compiling try-lock v0.2.4
[INFO] [stderr]    Compiling tower-layer v0.3.2
[INFO] [stderr]    Compiling ryu v1.0.15
[INFO] [stderr]    Compiling serde_json v1.0.108
[INFO] [stderr]    Compiling socket2 v0.5.5
[INFO] [stderr]    Compiling mio v0.8.9
[INFO] [stderr]    Compiling num_cpus v1.16.0
[INFO] [stderr]    Compiling percent-encoding v2.3.1
[INFO] [stderr]    Compiling http-body v0.4.5
[INFO] [stderr]    Compiling form_urlencoded v1.2.1
[INFO] [stderr]    Compiling socket2 v0.4.10
[INFO] [stderr]    Compiling want v0.3.1
[INFO] [stderr]    Compiling axum v0.6.20
[INFO] [stderr]    Compiling mime v0.3.17
[INFO] [stderr]    Compiling httpdate v1.0.3
[INFO] [stderr]    Compiling sync_wrapper v0.1.2
[INFO] [stderr]    Compiling memchr v2.6.4
[INFO] [stderr]    Compiling matchit v0.7.3
[INFO] [stderr]    Compiling serde_urlencoded v0.7.1
[INFO] [stderr]    Compiling serde_path_to_error v0.1.14
[INFO] [stderr]    Compiling proc-macro2-diagnostics v0.10.1
[INFO] [stderr]    Compiling thiserror-impl v1.0.50
[INFO] [stderr]    Compiling tokio-macros v2.2.0
[INFO] [stderr]    Compiling syn_derive v0.1.8
[INFO] [stderr]    Compiling pin-project-internal v1.1.3
[INFO] [stderr]    Compiling tokio v1.34.0
[INFO] [stderr]    Compiling pin-project v1.1.3
[INFO] [stderr]    Compiling thiserror v1.0.50
[INFO] [stderr]    Compiling rstml v0.11.2
[INFO] [stderr]    Compiling html-node-macro v0.5.0
[INFO] [stderr]    Compiling html-node v0.5.0 (/opt/rustwide/workdir)
[INFO] [stdout] warning: unused import: `self::macros::*`
[INFO] [stdout]    --> src/lib.rs:145:9
[INFO] [stdout]     |
[INFO] [stdout] 145 | pub use self::macros::*;
[INFO] [stdout]     |         ^^^^^^^^^^^^^^^
[INFO] [stdout]     |
[INFO] [stdout]     = note: `#[warn(unused_imports)]` on by default
[INFO] [stdout] 
[INFO] [stdout] 
[INFO] [stdout] warning: 1 warning emitted
[INFO] [stdout] 
[INFO] [stdout] 
[INFO] [stderr]    Compiling hyper v0.14.27
[INFO] [stderr]    Compiling tower v0.4.13
[INFO] [stdout] warning: unused import: `self::macros::*`
[INFO] [stdout]    --> src/lib.rs:145:9
[INFO] [stdout]     |
[INFO] [stdout] 145 | pub use self::macros::*;
[INFO] [stdout]     |         ^^^^^^^^^^^^^^^
[INFO] [stdout]     |
[INFO] [stdout]     = note: `#[warn(unused_imports)]` on by default
[INFO] [stdout] 
[INFO] [stdout] 
[INFO] [stdout] error[E0433]: failed to resolve: could not find `typed` in `html_node`
[INFO] [stdout]  --> tests/typed.rs:3:5
[INFO] [stdout]   |
[INFO] [stdout] 3 |     typed::{self, elements::*, html},
[INFO] [stdout]   |     ^^^^^ could not find `typed` in `html_node`
[INFO] [stdout] 
[INFO] [stdout] 
[INFO] [stdout] error[E0432]: unresolved imports `html_node::typed`, `html_node::typed`
[INFO] [stdout]    --> tests/typed.rs:3:5
[INFO] [stdout]     |
[INFO] [stdout] 3   |     typed::{self, elements::*, html},
[INFO] [stdout]     |     ^^^^^   ^^^^ no `typed` in the root
[INFO] [stdout]     |     |
[INFO] [stdout]     |     could not find `typed` in `html_node`
[INFO] [stdout]     |
[INFO] [stdout] note: found an item that was configured out
[INFO] [stdout]    --> /opt/rustwide/workdir/src/lib.rs:135:9
[INFO] [stdout]     |
[INFO] [stdout] 135 | pub mod typed;
[INFO] [stdout]     |         ^^^^^
[INFO] [stdout]     = note: the item is gated behind the `typed` feature
[INFO] [stdout] 
[INFO] [stdout] 
[INFO] [stdout] error: cannot determine resolution for the macro `typed::component`
[INFO] [stdout]    --> tests/typed.rs:102:5
[INFO] [stdout]     |
[INFO] [stdout] 102 |     typed::component! {
[INFO] [stdout]     |     ^^^^^^^^^^^^^^^^
[INFO] [stdout]     |
[INFO] [stdout]     = note: import resolution is stuck, try simplifying macro imports
[INFO] [stdout] 
[INFO] [stdout] 
[INFO] [stdout] error: cannot determine resolution for the macro `html`
[INFO] [stdout]   --> tests/typed.rs:10:16
[INFO] [stdout]    |
[INFO] [stdout] 10 |     let html = html! {
[INFO] [stdout]    |                ^^^^
[INFO] [stdout]    |
[INFO] [stdout]    = note: import resolution is stuck, try simplifying macro imports
[INFO] [stdout] 
[INFO] [stdout] 
[INFO] [stdout] error: cannot determine resolution for the macro `html`
[INFO] [stdout]   --> tests/typed.rs:51:16
[INFO] [stdout]    |
[INFO] [stdout] 51 |     let html = html! {
[INFO] [stdout]    |                ^^^^
[INFO] [stdout]    |
[INFO] [stdout]    = note: import resolution is stuck, try simplifying macro imports
[INFO] [stdout] 
[INFO] [stdout] 
[INFO] [stdout] error: cannot determine resolution for the macro `html`
[INFO] [stdout]    --> tests/typed.rs:117:16
[INFO] [stdout]     |
[INFO] [stdout] 117 |     let html = html! {
[INFO] [stdout]     |                ^^^^
[INFO] [stdout]     |
[INFO] [stdout]     = note: import resolution is stuck, try simplifying macro imports
[INFO] [stdout] 
[INFO] [stdout] 
[INFO] [stdout] warning: unused import: `text`
[INFO] [stdout]  --> tests/typed.rs:2:5
[INFO] [stdout]   |
[INFO] [stdout] 2 |     text,
[INFO] [stdout]   |     ^^^^
[INFO] [stdout]   |
[INFO] [stdout]   = note: `#[warn(unused_imports)]` on by default
[INFO] [stdout] 
[INFO] [stdout] 
[INFO] [stdout] error: aborting due to 6 previous errors; 1 warning emitted
[INFO] [stdout] 
[INFO] [stdout] 
[INFO] [stdout] Some errors have detailed explanations: E0432, E0433.
[INFO] [stdout] 
[INFO] [stdout] For more information about an error, try `rustc --explain E0432`.
[INFO] [stdout] 
[INFO] [stderr] error: could not compile `html-node` (test "typed") due to 7 previous errors; 1 warning emitted
[INFO] [stderr] warning: build failed, waiting for other jobs to finish...
[INFO] [stdout] warning: 1 warning emitted
[INFO] [stdout] 
[INFO] [stdout] 
[INFO] running `Command { std: "docker" "inspect" "ea997d155ce287c2f34bb81be9bb3f97f5c3a04194f8a4f6f0bf54c653428e12", kill_on_drop: false }`
[INFO] running `Command { std: "docker" "rm" "-f" "ea997d155ce287c2f34bb81be9bb3f97f5c3a04194f8a4f6f0bf54c653428e12", kill_on_drop: false }`
[INFO] [stdout] ea997d155ce287c2f34bb81be9bb3f97f5c3a04194f8a4f6f0bf54c653428e12
