[INFO] fetching crate hpl-nectar-missions 0.1.42...
[INFO] testing hpl-nectar-missions-0.1.42 against 1.75.0 for beta-1.76-1
[INFO] extracting crate hpl-nectar-missions 0.1.42 into /workspace/builds/worker-6-tc1/source
[INFO] validating manifest of crates.io crate hpl-nectar-missions 0.1.42 on toolchain 1.75.0
[INFO] running `Command { std: CARGO_HOME="/workspace/cargo-home" RUSTUP_HOME="/workspace/rustup-home" "/workspace/cargo-home/bin/cargo" "+1.75.0" "metadata" "--manifest-path" "Cargo.toml" "--no-deps", kill_on_drop: false }`
[INFO] started tweaking crates.io crate hpl-nectar-missions 0.1.42
[INFO] finished tweaking crates.io crate hpl-nectar-missions 0.1.42
[INFO] tweaked toml for crates.io crate hpl-nectar-missions 0.1.42 written to /workspace/builds/worker-6-tc1/source/Cargo.toml
[INFO] running `Command { std: CARGO_HOME="/workspace/cargo-home" RUSTUP_HOME="/workspace/rustup-home" "/workspace/cargo-home/bin/cargo" "+1.75.0" "generate-lockfile" "--manifest-path" "Cargo.toml", kill_on_drop: false }`
[INFO] [stderr]     Updating crates.io index
[INFO] running `Command { std: CARGO_HOME="/workspace/cargo-home" RUSTUP_HOME="/workspace/rustup-home" "/workspace/cargo-home/bin/cargo" "+1.75.0" "fetch" "--manifest-path" "Cargo.toml", kill_on_drop: false }`
[INFO] [stderr]  Downloading crates ...
[INFO] [stderr]   Downloaded anchor-attribute-error v0.28.0
[INFO] [stderr]   Downloaded anchor-attribute-access-control v0.26.0
[INFO] [stderr]   Downloaded anchor-attribute-error v0.26.0
[INFO] [stderr]   Downloaded spl-concurrent-merkle-tree v0.1.3
[INFO] [stderr]   Downloaded anchor-attribute-constant v0.26.0
[INFO] [stderr]   Downloaded spl-associated-token-account v1.1.3
[INFO] [stderr]   Downloaded solana-frozen-abi v1.14.17
[INFO] [stderr]   Downloaded spl-token-2022 v0.6.1
[INFO] [stderr]   Downloaded solana-program v1.14.17
[INFO] [stderr]   Downloaded anchor-lang v0.28.0
[INFO] [stderr]   Downloaded hpl-attribute-event v0.1.23
[INFO] [stderr]   Downloaded anchor-attribute-event v0.26.0
[INFO] [stderr]   Downloaded hpl-events v0.1.24
[INFO] [stderr]   Downloaded anchor-attribute-constant v0.28.0
[INFO] [stderr]   Downloaded anchor-attribute-program v0.28.0
[INFO] [stderr]   Downloaded solana-sdk-macro v1.14.17
[INFO] [stderr]   Downloaded hpl-hive-control v0.2.11
[INFO] [stderr]   Downloaded anchor-lang v0.26.0
[INFO] [stderr]   Downloaded mpl-token-auth-rules v1.4.3-beta.1
[INFO] [stderr]   Downloaded hpl-currency-manager v0.0.79
[INFO] [stderr]   Downloaded solana-sdk v1.14.17
[INFO] [stderr]   Downloaded solana-zk-token-sdk v1.14.17
[INFO] [stderr]   Downloaded anchor-syn v0.28.0
[INFO] [stderr]   Downloaded mpl-token-metadata v1.13.2
[INFO] [stderr]   Downloaded shank v0.0.11
[INFO] [stderr]   Downloaded spl-memo v3.0.1
[INFO] [stderr]   Downloaded mpl-token-metadata-context-derive v0.3.0
[INFO] [stderr]   Downloaded mpl-bubblegum v0.7.0
[INFO] [stderr]   Downloaded solana-logger v1.14.17
[INFO] [stderr]   Downloaded anchor-attribute-event v0.28.0
[INFO] [stderr]   Downloaded anchor-derive-space v0.28.0
[INFO] [stderr]   Downloaded spl-account-compression v0.1.10
[INFO] [stderr]   Downloaded hpl-nectar-staking v0.1.45
[INFO] [stderr]   Downloaded mpl-token-metadata-context-derive v0.2.1
[INFO] [stderr]   Downloaded hpl-macros v0.0.2
[INFO] [stderr]   Downloaded anchor-spl v0.28.0
[INFO] [stderr]   Downloaded mpl-utils v0.3.1
[INFO] [stderr]   Downloaded hpl-utils v0.1.11
[INFO] [stderr]   Downloaded hpl-macro-add-service v0.0.2
[INFO] [stderr]   Downloaded spl-noop v0.1.3
[INFO] [stderr]   Downloaded sol-did v3.3.0
[INFO] [stderr]   Downloaded anchor-attribute-state v0.26.0
[INFO] [stderr]   Downloaded anchor-attribute-interface v0.26.0
[INFO] [stderr]   Downloaded shank_macro_impl v0.0.11
[INFO] [stderr]   Downloaded anchor-attribute-access-control v0.28.0
[INFO] [stderr]   Downloaded hpl-macro-platform-gate v0.0.2
[INFO] [stderr]   Downloaded proc-macro2-diagnostics v0.9.1
[INFO] [stderr]   Downloaded anchor-attribute-account v0.26.0
[INFO] [stderr]   Downloaded shank_macro v0.0.11
[INFO] [stderr]   Downloaded anchor-derive-accounts v0.26.0
[INFO] [stderr]   Downloaded spl-token v3.5.0
[INFO] [stderr]   Downloaded anchor-syn v0.26.0
[INFO] [stderr]   Downloaded anchor-derive-accounts v0.28.0
[INFO] [stderr]   Downloaded anchor-attribute-program v0.26.0
[INFO] [stderr]   Downloaded solana-frozen-abi-macro v1.14.17
[INFO] [stderr]   Downloaded anchor-spl v0.26.0
[INFO] [stderr]   Downloaded anchor-attribute-account v0.28.0
[INFO] running `Command { std: "docker" "create" "-v" "/var/lib/crater-agent-workspace/builds/worker-6-tc1/target:/opt/rustwide/target:rw,Z" "-v" "/var/lib/crater-agent-workspace/builds/worker-6-tc1/source:/opt/rustwide/workdir:ro,Z" "-v" "/var/lib/crater-agent-workspace/cargo-home:/opt/rustwide/cargo-home:ro,Z" "-v" "/var/lib/crater-agent-workspace/rustup-home:/opt/rustwide/rustup-home:ro,Z" "-e" "SOURCE_DIR=/opt/rustwide/workdir" "-e" "CARGO_TARGET_DIR=/opt/rustwide/target" "-e" "CARGO_HOME=/opt/rustwide/cargo-home" "-e" "RUSTUP_HOME=/opt/rustwide/rustup-home" "-w" "/opt/rustwide/workdir" "-m" "1610612736" "--user" "0:0" "--network" "none" "ghcr.io/rust-lang/crates-build-env/linux@sha256:2788e3201cd34a07e3172128adcd8b3090168a8e3bcc40d7c032b9dda1df7d1c" "/opt/rustwide/cargo-home/bin/cargo" "+1.75.0" "metadata" "--no-deps" "--format-version=1", kill_on_drop: false }`
[INFO] [stdout] 0a068395e2f52f3a2bb1b843f5d54b362993661bd54ddb3dbb8aad6662f69c08
[INFO] running `Command { std: "docker" "start" "-a" "0a068395e2f52f3a2bb1b843f5d54b362993661bd54ddb3dbb8aad6662f69c08", kill_on_drop: false }`
[INFO] running `Command { std: "docker" "inspect" "0a068395e2f52f3a2bb1b843f5d54b362993661bd54ddb3dbb8aad6662f69c08", kill_on_drop: false }`
[INFO] running `Command { std: "docker" "rm" "-f" "0a068395e2f52f3a2bb1b843f5d54b362993661bd54ddb3dbb8aad6662f69c08", kill_on_drop: false }`
[INFO] [stdout] 0a068395e2f52f3a2bb1b843f5d54b362993661bd54ddb3dbb8aad6662f69c08
[INFO] running `Command { std: "docker" "create" "-v" "/var/lib/crater-agent-workspace/builds/worker-6-tc1/target:/opt/rustwide/target:rw,Z" "-v" "/var/lib/crater-agent-workspace/builds/worker-6-tc1/source:/opt/rustwide/workdir:ro,Z" "-v" "/var/lib/crater-agent-workspace/cargo-home:/opt/rustwide/cargo-home:ro,Z" "-v" "/var/lib/crater-agent-workspace/rustup-home:/opt/rustwide/rustup-home:ro,Z" "-e" "SOURCE_DIR=/opt/rustwide/workdir" "-e" "CARGO_TARGET_DIR=/opt/rustwide/target" "-e" "CARGO_INCREMENTAL=0" "-e" "RUST_BACKTRACE=full" "-e" "RUSTFLAGS=--cap-lints=warn" "-e" "RUSTDOCFLAGS=--cap-lints=warn" "-e" "CARGO_HOME=/opt/rustwide/cargo-home" "-e" "RUSTUP_HOME=/opt/rustwide/rustup-home" "-w" "/opt/rustwide/workdir" "-m" "1610612736" "--user" "0:0" "--network" "none" "ghcr.io/rust-lang/crates-build-env/linux@sha256:2788e3201cd34a07e3172128adcd8b3090168a8e3bcc40d7c032b9dda1df7d1c" "/opt/rustwide/cargo-home/bin/cargo" "+1.75.0" "build" "--frozen" "--message-format=json", kill_on_drop: false }`
[INFO] [stdout] b582b45c5a12c47b96f3f85dc1dcb89c646b638111bc7c36bef5804839829a27
[INFO] running `Command { std: "docker" "start" "-a" "b582b45c5a12c47b96f3f85dc1dcb89c646b638111bc7c36bef5804839829a27", kill_on_drop: false }`
[INFO] [stderr]    Compiling proc-macro2 v1.0.75
[INFO] [stderr]    Compiling serde v1.0.194
[INFO] [stderr]    Compiling syn v1.0.109
[INFO] [stderr]    Compiling subtle v2.4.1
[INFO] [stderr]    Compiling generic-array v0.14.7
[INFO] [stderr]    Compiling unicode-segmentation v1.10.1
[INFO] [stderr]    Compiling ahash v0.7.7
[INFO] [stderr]    Compiling getrandom v0.1.16
[INFO] [stderr]    Compiling crunchy v0.2.2
[INFO] [stderr]    Compiling byteorder v1.5.0
[INFO] [stderr]    Compiling getrandom v0.2.11
[INFO] [stderr]    Compiling jobserver v0.1.27
[INFO] [stderr]    Compiling wasm-bindgen-shared v0.2.89
[INFO] [stderr]    Compiling either v1.9.0
[INFO] [stderr]    Compiling feature-probe v0.1.1
[INFO] [stderr]    Compiling bumpalo v3.14.0
[INFO] [stderr]    Compiling solana-frozen-abi-macro v1.14.17
[INFO] [stderr]    Compiling rand_core v0.6.4
[INFO] [stderr]    Compiling bitmaps v2.1.0
[INFO] [stderr]    Compiling bv v0.11.1
[INFO] [stderr]    Compiling cc v1.0.83
[INFO] [stderr]    Compiling im v15.1.0
[INFO] [stderr]    Compiling arrayref v0.3.7
[INFO] [stderr]    Compiling bs58 v0.4.0
[INFO] [stderr]    Compiling rand_xoshiro v0.6.0
[INFO] [stderr]    Compiling rayon v1.8.0
[INFO] [stderr]    Compiling heck v0.3.3
[INFO] [stderr]    Compiling rand_core v0.5.1
[INFO] [stderr]    Compiling solana-frozen-abi v1.14.17
[INFO] [stderr]    Compiling memoffset v0.6.5
[INFO] [stderr]    Compiling constant_time_eq v0.3.0
[INFO] [stderr]    Compiling wasm-bindgen v0.2.89
[INFO] [stderr]    Compiling arrayvec v0.7.4
[INFO] [stderr]    Compiling rand_chacha v0.2.2
[INFO] [stderr]    Compiling memmap2 v0.5.10
[INFO] [stderr]    Compiling hashbrown v0.12.3
[INFO] [stderr]    Compiling hashbrown v0.11.2
[INFO] [stderr]    Compiling rustc-hash v1.1.0
[INFO] [stderr]    Compiling base64 v0.12.3
[INFO] [stderr]    Compiling itertools v0.10.5
[INFO] [stderr]    Compiling base64 v0.13.1
[INFO] [stderr]    Compiling proc-macro2-diagnostics v0.9.1
[INFO] [stderr]    Compiling rand v0.7.3
[INFO] [stderr]    Compiling yansi v0.5.1
[INFO] [stderr]    Compiling indexmap v1.9.3
[INFO] [stderr]    Compiling bs58 v0.3.1
[INFO] [stderr]    Compiling quote v1.0.35
[INFO] [stderr]    Compiling sized-chunks v0.6.5
[INFO] [stderr]    Compiling signature v1.6.4
[INFO] [stderr]    Compiling atty v0.2.14
[INFO] [stderr]    Compiling toml_datetime v0.6.1
[INFO] [stderr]    Compiling ed25519 v1.5.3
[INFO] [stderr]    Compiling winnow v0.4.1
[INFO] [stderr]    Compiling env_logger v0.9.3
[INFO] [stderr]    Compiling solana-sdk v1.14.17
[INFO] [stderr]    Compiling bs58 v0.5.0
[INFO] [stderr]    Compiling derivation-path v0.2.0
[INFO] [stderr]    Compiling syn v2.0.48
[INFO] [stderr]    Compiling uriparse v0.6.4
[INFO] [stderr]    Compiling qstring v0.7.2
[INFO] [stderr]    Compiling chrono v0.4.31
[INFO] [stderr]    Compiling assert_matches v1.5.0
[INFO] [stderr]    Compiling ahash v0.8.7
[INFO] [stderr]    Compiling paste v1.0.14
[INFO] [stderr]    Compiling zerocopy v0.7.32
[INFO] [stderr]    Compiling convert_case v0.6.0
[INFO] [stderr]    Compiling solana-logger v1.14.17
[INFO] [stderr]    Compiling solana-security-txt v1.1.1
[INFO] [stderr]    Compiling mpl-bubblegum v0.7.0
[INFO] [stderr]    Compiling hashbrown v0.13.2
[INFO] [stderr]    Compiling rmp v0.8.12
[INFO] [stderr]    Compiling blake3 v1.5.0
[INFO] [stderr]    Compiling solana-program v1.14.17
[INFO] [stderr]    Compiling toml_edit v0.19.8
[INFO] [stderr]    Compiling proc-macro-crate v1.3.1
[INFO] [stderr]    Compiling wasm-bindgen-backend v0.2.89
[INFO] [stderr]    Compiling borsh-derive-internal v0.9.3
[INFO] [stderr]    Compiling borsh-schema-derive-internal v0.9.3
[INFO] [stderr]    Compiling borsh-schema-derive-internal v0.10.3
[INFO] [stderr]    Compiling borsh-derive-internal v0.10.3
[INFO] [stderr]    Compiling serde_derive v1.0.194
[INFO] [stderr]    Compiling thiserror-impl v1.0.56
[INFO] [stderr]    Compiling zeroize_derive v1.4.2
[INFO] [stderr]    Compiling bytemuck_derive v1.5.0
[INFO] [stderr]    Compiling hpl-attribute-event v0.1.23
[INFO] [stderr]    Compiling hpl-macro-platform-gate v0.0.2
[INFO] [stderr]    Compiling hpl-macro-add-service v0.0.2
[INFO] [stderr]    Compiling wasm-bindgen-macro-support v0.2.89
[INFO] [stderr]    Compiling hpl-macros v0.0.2
[INFO] [stderr]    Compiling solana-sdk-macro v1.14.17
[INFO] [stderr]    Compiling num-derive v0.3.3
[INFO] [stderr]    Compiling num_enum_derive v0.5.11
[INFO] [stderr]    Compiling anchor-derive-space v0.28.0
[INFO] [stderr]    Compiling mpl-token-metadata-context-derive v0.2.1
[INFO] [stderr]    Compiling mpl-token-metadata-context-derive v0.3.0
[INFO] [stderr]    Compiling zeroize v1.3.0
[INFO] [stderr]    Compiling wasm-bindgen-macro v0.2.89
[INFO] [stderr]    Compiling merlin v3.0.0
[INFO] [stderr]    Compiling bytemuck v1.14.0
[INFO] [stderr]    Compiling thiserror v1.0.56
[INFO] [stderr]    Compiling num_enum v0.5.11
[INFO] [stderr]    Compiling serde_json v1.0.111
[INFO] [stderr]    Compiling toml v0.5.11
[INFO] [stderr]    Compiling serde_bytes v0.11.14
[INFO] [stderr]    Compiling bincode v1.3.3
[INFO] [stderr]    Compiling shank_macro_impl v0.0.11
[INFO] [stderr]    Compiling rmp-serde v1.1.2
[INFO] [stderr]    Compiling digest v0.9.0
[INFO] [stderr]    Compiling block-buffer v0.9.0
[INFO] [stderr]    Compiling crypto-common v0.1.6
[INFO] [stderr]    Compiling block-buffer v0.10.4
[INFO] [stderr]    Compiling crypto-mac v0.8.0
[INFO] [stderr]    Compiling cipher v0.3.0
[INFO] [stderr]    Compiling universal-hash v0.4.1
[INFO] [stderr]    Compiling aead v0.4.3
[INFO] [stderr]    Compiling inout v0.1.3
[INFO] [stderr]    Compiling pbkdf2 v0.4.0
[INFO] [stderr]    Compiling libsecp256k1-core v0.2.2
[INFO] [stderr]    Compiling sha2 v0.9.9
[INFO] [stderr]    Compiling hmac v0.8.1
[INFO] [stderr]    Compiling curve25519-dalek v3.2.1
[INFO] [stderr]    Compiling digest v0.10.7
[INFO] [stderr]    Compiling polyval v0.5.3
[INFO] [stderr]    Compiling cipher v0.4.4
[INFO] [stderr]    Compiling sha3 v0.9.1
[INFO] [stderr]    Compiling aes v0.7.5
[INFO] [stderr]    Compiling ctr v0.8.0
[INFO] [stderr]    Compiling hmac-drbg v0.3.0
[INFO] [stderr]    Compiling shank_macro v0.0.11
[INFO] [stderr]    Compiling sha2 v0.10.8
[INFO] [stderr]    Compiling proc-macro-crate v0.1.5
[INFO] [stderr]    Compiling sha3 v0.10.8
[INFO] [stderr]    Compiling hmac v0.12.1
[INFO] [stderr]    Compiling pbkdf2 v0.11.0
[INFO] [stderr]    Compiling tiny-bip39 v0.8.2
[INFO] [stderr]    Compiling anchor-syn v0.26.0
[INFO] [stderr]    Compiling anchor-syn v0.28.0
[INFO] [stderr]    Compiling aes-gcm-siv v0.10.3
[INFO] [stderr]    Compiling ed25519-dalek v1.0.1
[INFO] [stderr]    Compiling borsh-derive v0.9.3
[INFO] [stderr]    Compiling borsh-derive v0.10.3
[INFO] [stderr]    Compiling libsecp256k1-gen-ecmult v0.2.1
[INFO] [stderr]    Compiling libsecp256k1-gen-genmult v0.2.1
[INFO] [stderr]    Compiling shank v0.0.11
[INFO] [stderr]    Compiling ed25519-dalek-bip32 v0.2.0
[INFO] [stderr]    Compiling libsecp256k1 v0.6.0
[INFO] [stderr]    Compiling borsh v0.9.3
[INFO] [stderr]    Compiling borsh v0.10.3
[INFO] [stderr]    Compiling anchor-attribute-access-control v0.28.0
[INFO] [stderr]    Compiling anchor-attribute-account v0.28.0
[INFO] [stderr]    Compiling anchor-attribute-event v0.28.0
[INFO] [stderr]    Compiling anchor-attribute-program v0.28.0
[INFO] [stderr]    Compiling anchor-attribute-error v0.28.0
[INFO] [stderr]    Compiling anchor-derive-accounts v0.28.0
[INFO] [stderr]    Compiling anchor-attribute-constant v0.28.0
[INFO] [stderr]    Compiling anchor-attribute-constant v0.26.0
[INFO] [stderr]    Compiling anchor-derive-accounts v0.26.0
[INFO] [stderr]    Compiling anchor-attribute-interface v0.26.0
[INFO] [stderr]    Compiling anchor-attribute-error v0.26.0
[INFO] [stderr]    Compiling anchor-attribute-event v0.26.0
[INFO] [stderr]    Compiling anchor-attribute-state v0.26.0
[INFO] [stderr]    Compiling anchor-attribute-access-control v0.26.0
[INFO] [stderr]    Compiling anchor-attribute-program v0.26.0
[INFO] [stderr]    Compiling anchor-attribute-account v0.26.0
[INFO] [stderr]    Compiling spl-token v3.5.0
[INFO] [stderr]    Compiling spl-memo v3.0.1
[INFO] [stderr]    Compiling anchor-lang v0.26.0
[INFO] [stderr]    Compiling anchor-lang v0.28.0
[INFO] [stderr]    Compiling spl-concurrent-merkle-tree v0.1.3
[INFO] [stderr]    Compiling spl-noop v0.1.3
[INFO] [stdout] error[E0277]: the trait bound `Pubkey: BorshSerialize` is not satisfied
[INFO] [stdout]   --> /opt/rustwide/cargo-home/registry/src/index.crates.io-6f17d22bba15001f/anchor-lang-0.28.0/src/idl.rs:35:10
[INFO] [stdout]    |
[INFO] [stdout] 35 | #[derive(AnchorSerialize, AnchorDeserialize)]
[INFO] [stdout]    |          ^^^^^^^^^^^^^^^ the trait `BorshSerialize` is not implemented for `Pubkey`
[INFO] [stdout]    |
[INFO] [stdout]    = help: the following other types implement trait `BorshSerialize`:
[INFO] [stdout]              bool
[INFO] [stdout]              isize
[INFO] [stdout]              i8
[INFO] [stdout]              i16
[INFO] [stdout]              i32
[INFO] [stdout]              i64
[INFO] [stdout]              i128
[INFO] [stdout]              usize
[INFO] [stdout]            and 81 others
[INFO] [stdout]    = help: see issue #48214
[INFO] [stdout]    = note: this error originates in the derive macro `AnchorSerialize` (in Nightly builds, run with -Z macro-backtrace for more info)
[INFO] [stdout] 
[INFO] [stdout] 
[INFO] [stdout] error[E0277]: the trait bound `Pubkey: BorshDeserialize` is not satisfied
[INFO] [stdout]   --> /opt/rustwide/cargo-home/registry/src/index.crates.io-6f17d22bba15001f/anchor-lang-0.28.0/src/idl.rs:35:27
[INFO] [stdout]    |
[INFO] [stdout] 35 | #[derive(AnchorSerialize, AnchorDeserialize)]
[INFO] [stdout]    |                           ^^^^^^^^^^^^^^^^^ the trait `BorshDeserialize` is not implemented for `Pubkey`
[INFO] [stdout]    |
[INFO] [stdout]    = help: the following other types implement trait `BorshDeserialize`:
[INFO] [stdout]              bool
[INFO] [stdout]              isize
[INFO] [stdout]              i8
[INFO] [stdout]              i16
[INFO] [stdout]              i32
[INFO] [stdout]              i64
[INFO] [stdout]              i128
[INFO] [stdout]              usize
[INFO] [stdout]            and 65 others
[INFO] [stdout]    = help: see issue #48214
[INFO] [stdout]    = note: this error originates in the derive macro `AnchorDeserialize` (in Nightly builds, run with -Z macro-backtrace for more info)
[INFO] [stdout] 
[INFO] [stdout] 
[INFO] [stdout] error[E0277]: the trait bound `Pubkey: BorshSerialize` is not satisfied
[INFO] [stdout]   --> /opt/rustwide/cargo-home/registry/src/index.crates.io-6f17d22bba15001f/anchor-lang-0.28.0/src/idl.rs:62:1
[INFO] [stdout]    |
[INFO] [stdout] 62 | #[account("internal")]
[INFO] [stdout]    | ^^^^^^^^^^^^^^^^^^^^^^ the trait `BorshSerialize` is not implemented for `Pubkey`
[INFO] [stdout]    |
[INFO] [stdout]    = help: the following other types implement trait `BorshSerialize`:
[INFO] [stdout]              bool
[INFO] [stdout]              isize
[INFO] [stdout]              i8
[INFO] [stdout]              i16
[INFO] [stdout]              i32
[INFO] [stdout]              i64
[INFO] [stdout]              i128
[INFO] [stdout]              usize
[INFO] [stdout]            and 81 others
[INFO] [stdout]    = help: see issue #48214
[INFO] [stdout]    = note: this error originates in the derive macro `AnchorSerialize` (in Nightly builds, run with -Z macro-backtrace for more info)
[INFO] [stdout] 
[INFO] [stdout] 
[INFO] [stdout] error[E0277]: the trait bound `Pubkey: BorshDeserialize` is not satisfied
[INFO] [stdout]   --> /opt/rustwide/cargo-home/registry/src/index.crates.io-6f17d22bba15001f/anchor-lang-0.28.0/src/idl.rs:62:1
[INFO] [stdout]    |
[INFO] [stdout] 62 | #[account("internal")]
[INFO] [stdout]    | ^^^^^^^^^^^^^^^^^^^^^^ the trait `BorshDeserialize` is not implemented for `Pubkey`
[INFO] [stdout]    |
[INFO] [stdout]    = help: the following other types implement trait `BorshDeserialize`:
[INFO] [stdout]              bool
[INFO] [stdout]              isize
[INFO] [stdout]              i8
[INFO] [stdout]              i16
[INFO] [stdout]              i32
[INFO] [stdout]              i64
[INFO] [stdout]              i128
[INFO] [stdout]              usize
[INFO] [stdout]            and 65 others
[INFO] [stdout]    = help: see issue #48214
[INFO] [stdout]    = note: this error originates in the derive macro `AnchorDeserialize` (in Nightly builds, run with -Z macro-backtrace for more info)
[INFO] [stdout] 
[INFO] [stdout] 
[INFO] [stdout] error[E0277]: the trait bound `Pubkey: BorshSerialize` is not satisfied
[INFO] [stdout]   --> /opt/rustwide/cargo-home/registry/src/index.crates.io-6f17d22bba15001f/anchor-lang-0.28.0/src/system_program.rs:34:10
[INFO] [stdout]    |
[INFO] [stdout] 34 | #[derive(Accounts)]
[INFO] [stdout]    |          ^^^^^^^^ the trait `BorshSerialize` is not implemented for `Pubkey`
[INFO] [stdout]    |
[INFO] [stdout]    = help: the following other types implement trait `BorshSerialize`:
[INFO] [stdout]              bool
[INFO] [stdout]              isize
[INFO] [stdout]              i8
[INFO] [stdout]              i16
[INFO] [stdout]              i32
[INFO] [stdout]              i64
[INFO] [stdout]              i128
[INFO] [stdout]              usize
[INFO] [stdout]            and 81 others
[INFO] [stdout]    = help: see issue #48214
[INFO] [stdout]    = note: this error originates in the derive macro `Accounts` (in Nightly builds, run with -Z macro-backtrace for more info)
[INFO] [stdout] 
[INFO] [stdout] 
[INFO] [stdout] error[E0277]: the trait bound `Pubkey: BorshSerialize` is not satisfied
[INFO] [stdout]   --> /opt/rustwide/cargo-home/registry/src/index.crates.io-6f17d22bba15001f/anchor-lang-0.28.0/src/system_program.rs:57:10
[INFO] [stdout]    |
[INFO] [stdout] 57 | #[derive(Accounts)]
[INFO] [stdout]    |          ^^^^^^^^ the trait `BorshSerialize` is not implemented for `Pubkey`
[INFO] [stdout]    |
[INFO] [stdout]    = help: the following other types implement trait `BorshSerialize`:
[INFO] [stdout]              bool
[INFO] [stdout]              isize
[INFO] [stdout]              i8
[INFO] [stdout]              i16
[INFO] [stdout]              i32
[INFO] [stdout]              i64
[INFO] [stdout]              i128
[INFO] [stdout]              usize
[INFO] [stdout]            and 81 others
[INFO] [stdout]    = help: see issue #48214
[INFO] [stdout]    = note: this error originates in the derive macro `Accounts` (in Nightly builds, run with -Z macro-backtrace for more info)
[INFO] [stdout] 
[INFO] [stdout] 
[INFO] [stdout] error[E0277]: the trait bound `Pubkey: BorshSerialize` is not satisfied
[INFO] [stdout]   --> /opt/rustwide/cargo-home/registry/src/index.crates.io-6f17d22bba15001f/anchor-lang-0.28.0/src/system_program.rs:83:10
[INFO] [stdout]    |
[INFO] [stdout] 83 | #[derive(Accounts)]
[INFO] [stdout]    |          ^^^^^^^^ the trait `BorshSerialize` is not implemented for `Pubkey`
[INFO] [stdout]    |
[INFO] [stdout]    = help: the following other types implement trait `BorshSerialize`:
[INFO] [stdout]              bool
[INFO] [stdout]              isize
[INFO] [stdout]              i8
[INFO] [stdout]              i16
[INFO] [stdout]              i32
[INFO] [stdout]              i64
[INFO] [stdout]              i128
[INFO] [stdout]              usize
[INFO] [stdout]            and 81 others
[INFO] [stdout]    = help: see issue #48214
[INFO] [stdout]    = note: this error originates in the derive macro `Accounts` (in Nightly builds, run with -Z macro-backtrace for more info)
[INFO] [stdout] 
[INFO] [stdout] 
[INFO] [stdout] error[E0277]: the trait bound `Pubkey: BorshSerialize` is not satisfied
[INFO] [stdout]    --> /opt/rustwide/cargo-home/registry/src/index.crates.io-6f17d22bba15001f/anchor-lang-0.28.0/src/system_program.rs:105:10
[INFO] [stdout]     |
[INFO] [stdout] 105 | #[derive(Accounts)]
[INFO] [stdout]     |          ^^^^^^^^ the trait `BorshSerialize` is not implemented for `Pubkey`
[INFO] [stdout]     |
[INFO] [stdout]     = help: the following other types implement trait `BorshSerialize`:
[INFO] [stdout]               bool
[INFO] [stdout]               isize
[INFO] [stdout]               i8
[INFO] [stdout]               i16
[INFO] [stdout]               i32
[INFO] [stdout]               i64
[INFO] [stdout]               i128
[INFO] [stdout]               usize
[INFO] [stdout]             and 81 others
[INFO] [stdout]     = help: see issue #48214
[INFO] [stdout]     = note: this error originates in the derive macro `Accounts` (in Nightly builds, run with -Z macro-backtrace for more info)
[INFO] [stdout] 
[INFO] [stdout] 
[INFO] [stdout] error[E0277]: the trait bound `Pubkey: BorshSerialize` is not satisfied
[INFO] [stdout]    --> /opt/rustwide/cargo-home/registry/src/index.crates.io-6f17d22bba15001f/anchor-lang-0.28.0/src/system_program.rs:129:10
[INFO] [stdout]     |
[INFO] [stdout] 129 | #[derive(Accounts)]
[INFO] [stdout]     |          ^^^^^^^^ the trait `BorshSerialize` is not implemented for `Pubkey`
[INFO] [stdout]     |
[INFO] [stdout]     = help: the following other types implement trait `BorshSerialize`:
[INFO] [stdout]               bool
[INFO] [stdout]               isize
[INFO] [stdout]               i8
[INFO] [stdout]               i16
[INFO] [stdout]               i32
[INFO] [stdout]               i64
[INFO] [stdout]               i128
[INFO] [stdout]               usize
[INFO] [stdout]             and 81 others
[INFO] [stdout]     = help: see issue #48214
[INFO] [stdout]     = note: this error originates in the derive macro `Accounts` (in Nightly builds, run with -Z macro-backtrace for more info)
[INFO] [stdout] 
[INFO] [stdout] 
[INFO] [stdout] error[E0277]: the trait bound `Pubkey: BorshSerialize` is not satisfied
[INFO] [stdout]    --> /opt/rustwide/cargo-home/registry/src/index.crates.io-6f17d22bba15001f/anchor-lang-0.28.0/src/system_program.rs:152:10
[INFO] [stdout]     |
[INFO] [stdout] 152 | #[derive(Accounts)]
[INFO] [stdout]     |          ^^^^^^^^ the trait `BorshSerialize` is not implemented for `Pubkey`
[INFO] [stdout]     |
[INFO] [stdout]     = help: the following other types implement trait `BorshSerialize`:
[INFO] [stdout]               bool
[INFO] [stdout]               isize
[INFO] [stdout]               i8
[INFO] [stdout]               i16
[INFO] [stdout]               i32
[INFO] [stdout]               i64
[INFO] [stdout]               i128
[INFO] [stdout]               usize
[INFO] [stdout]             and 81 others
[INFO] [stdout]     = help: see issue #48214
[INFO] [stdout]     = note: this error originates in the derive macro `Accounts` (in Nightly builds, run with -Z macro-backtrace for more info)
[INFO] [stdout] 
[INFO] [stdout] 
[INFO] [stdout] error[E0277]: the trait bound `Pubkey: BorshSerialize` is not satisfied
[INFO] [stdout]    --> /opt/rustwide/cargo-home/registry/src/index.crates.io-6f17d22bba15001f/anchor-lang-0.28.0/src/system_program.rs:179:10
[INFO] [stdout]     |
[INFO] [stdout] 179 | #[derive(Accounts)]
[INFO] [stdout]     |          ^^^^^^^^ the trait `BorshSerialize` is not implemented for `Pubkey`
[INFO] [stdout]     |
[INFO] [stdout]     = help: the following other types implement trait `BorshSerialize`:
[INFO] [stdout]               bool
[INFO] [stdout]               isize
[INFO] [stdout]               i8
[INFO] [stdout]               i16
[INFO] [stdout]               i32
[INFO] [stdout]               i64
[INFO] [stdout]               i128
[INFO] [stdout]               usize
[INFO] [stdout]             and 81 others
[INFO] [stdout]     = help: see issue #48214
[INFO] [stdout]     = note: this error originates in the derive macro `Accounts` (in Nightly builds, run with -Z macro-backtrace for more info)
[INFO] [stdout] 
[INFO] [stdout] 
[INFO] [stdout] error[E0277]: the trait bound `Pubkey: BorshSerialize` is not satisfied
[INFO] [stdout]    --> /opt/rustwide/cargo-home/registry/src/index.crates.io-6f17d22bba15001f/anchor-lang-0.28.0/src/system_program.rs:209:10
[INFO] [stdout]     |
[INFO] [stdout] 209 | #[derive(Accounts)]
[INFO] [stdout]     |          ^^^^^^^^ the trait `BorshSerialize` is not implemented for `Pubkey`
[INFO] [stdout]     |
[INFO] [stdout]     = help: the following other types implement trait `BorshSerialize`:
[INFO] [stdout]               bool
[INFO] [stdout]               isize
[INFO] [stdout]               i8
[INFO] [stdout]               i16
[INFO] [stdout]               i32
[INFO] [stdout]               i64
[INFO] [stdout]               i128
[INFO] [stdout]               usize
[INFO] [stdout]             and 81 others
[INFO] [stdout]     = help: see issue #48214
[INFO] [stdout]     = note: this error originates in the derive macro `Accounts` (in Nightly builds, run with -Z macro-backtrace for more info)
[INFO] [stdout] 
[INFO] [stdout] 
[INFO] [stdout] error[E0277]: the trait bound `Pubkey: BorshSerialize` is not satisfied
[INFO] [stdout]    --> /opt/rustwide/cargo-home/registry/src/index.crates.io-6f17d22bba15001f/anchor-lang-0.28.0/src/system_program.rs:245:10
[INFO] [stdout]     |
[INFO] [stdout] 245 | #[derive(Accounts)]
[INFO] [stdout]     |          ^^^^^^^^ the trait `BorshSerialize` is not implemented for `Pubkey`
[INFO] [stdout]     |
[INFO] [stdout]     = help: the following other types implement trait `BorshSerialize`:
[INFO] [stdout]               bool
[INFO] [stdout]               isize
[INFO] [stdout]               i8
[INFO] [stdout]               i16
[INFO] [stdout]               i32
[INFO] [stdout]               i64
[INFO] [stdout]               i128
[INFO] [stdout]               usize
[INFO] [stdout]             and 81 others
[INFO] [stdout]     = help: see issue #48214
[INFO] [stdout]     = note: this error originates in the derive macro `Accounts` (in Nightly builds, run with -Z macro-backtrace for more info)
[INFO] [stdout] 
[INFO] [stdout] 
[INFO] [stdout] error[E0277]: the trait bound `Pubkey: BorshSerialize` is not satisfied
[INFO] [stdout]    --> /opt/rustwide/cargo-home/registry/src/index.crates.io-6f17d22bba15001f/anchor-lang-0.28.0/src/system_program.rs:289:10
[INFO] [stdout]     |
[INFO] [stdout] 289 | #[derive(Accounts)]
[INFO] [stdout]     |          ^^^^^^^^ the trait `BorshSerialize` is not implemented for `Pubkey`
[INFO] [stdout]     |
[INFO] [stdout]     = help: the following other types implement trait `BorshSerialize`:
[INFO] [stdout]               bool
[INFO] [stdout]               isize
[INFO] [stdout]               i8
[INFO] [stdout]               i16
[INFO] [stdout]               i32
[INFO] [stdout]               i64
[INFO] [stdout]               i128
[INFO] [stdout]               usize
[INFO] [stdout]             and 81 others
[INFO] [stdout]     = help: see issue #48214
[INFO] [stdout]     = note: this error originates in the derive macro `Accounts` (in Nightly builds, run with -Z macro-backtrace for more info)
[INFO] [stdout] 
[INFO] [stdout] 
[INFO] [stdout] error[E0277]: the trait bound `Pubkey: BorshSerialize` is not satisfied
[INFO] [stdout]    --> /opt/rustwide/cargo-home/registry/src/index.crates.io-6f17d22bba15001f/anchor-lang-0.28.0/src/system_program.rs:315:10
[INFO] [stdout]     |
[INFO] [stdout] 315 | #[derive(Accounts)]
[INFO] [stdout]     |          ^^^^^^^^ the trait `BorshSerialize` is not implemented for `Pubkey`
[INFO] [stdout]     |
[INFO] [stdout]     = help: the following other types implement trait `BorshSerialize`:
[INFO] [stdout]               bool
[INFO] [stdout]               isize
[INFO] [stdout]               i8
[INFO] [stdout]               i16
[INFO] [stdout]               i32
[INFO] [stdout]               i64
[INFO] [stdout]               i128
[INFO] [stdout]               usize
[INFO] [stdout]             and 81 others
[INFO] [stdout]     = help: see issue #48214
[INFO] [stdout]     = note: this error originates in the derive macro `Accounts` (in Nightly builds, run with -Z macro-backtrace for more info)
[INFO] [stdout] 
[INFO] [stdout] 
[INFO] [stdout] error[E0277]: the trait bound `Pubkey: BorshSerialize` is not satisfied
[INFO] [stdout]    --> /opt/rustwide/cargo-home/registry/src/index.crates.io-6f17d22bba15001f/anchor-lang-0.28.0/src/system_program.rs:343:10
[INFO] [stdout]     |
[INFO] [stdout] 343 | #[derive(Accounts)]
[INFO] [stdout]     |          ^^^^^^^^ the trait `BorshSerialize` is not implemented for `Pubkey`
[INFO] [stdout]     |
[INFO] [stdout]     = help: the following other types implement trait `BorshSerialize`:
[INFO] [stdout]               bool
[INFO] [stdout]               isize
[INFO] [stdout]               i8
[INFO] [stdout]               i16
[INFO] [stdout]               i32
[INFO] [stdout]               i64
[INFO] [stdout]               i128
[INFO] [stdout]               usize
[INFO] [stdout]             and 81 others
[INFO] [stdout]     = help: see issue #48214
[INFO] [stdout]     = note: this error originates in the derive macro `Accounts` (in Nightly builds, run with -Z macro-backtrace for more info)
[INFO] [stdout] 
[INFO] [stdout] 
[INFO] [stdout] error[E0277]: the trait bound `Pubkey: BorshSerialize` is not satisfied
[INFO] [stdout]    --> /opt/rustwide/cargo-home/registry/src/index.crates.io-6f17d22bba15001f/anchor-lang-0.28.0/src/system_program.rs:374:10
[INFO] [stdout]     |
[INFO] [stdout] 374 | #[derive(Accounts)]
[INFO] [stdout]     |          ^^^^^^^^ the trait `BorshSerialize` is not implemented for `Pubkey`
[INFO] [stdout]     |
[INFO] [stdout]     = help: the following other types implement trait `BorshSerialize`:
[INFO] [stdout]               bool
[INFO] [stdout]               isize
[INFO] [stdout]               i8
[INFO] [stdout]               i16
[INFO] [stdout]               i32
[INFO] [stdout]               i64
[INFO] [stdout]               i128
[INFO] [stdout]               usize
[INFO] [stdout]             and 81 others
[INFO] [stdout]     = help: see issue #48214
[INFO] [stdout]     = note: this error originates in the derive macro `Accounts` (in Nightly builds, run with -Z macro-backtrace for more info)
[INFO] [stdout] 
[INFO] [stdout] 
[INFO] [stdout] error: aborting due to 17 previous errors
[INFO] [stdout] 
[INFO] [stdout] 
[INFO] [stdout] For more information about this error, try `rustc --explain E0277`.
[INFO] [stdout] 
[INFO] [stderr] error: could not compile `anchor-lang` (lib) due to 18 previous errors
[INFO] [stderr] warning: build failed, waiting for other jobs to finish...
[INFO] running `Command { std: "docker" "inspect" "b582b45c5a12c47b96f3f85dc1dcb89c646b638111bc7c36bef5804839829a27", kill_on_drop: false }`
[INFO] running `Command { std: "docker" "rm" "-f" "b582b45c5a12c47b96f3f85dc1dcb89c646b638111bc7c36bef5804839829a27", kill_on_drop: false }`
[INFO] [stdout] b582b45c5a12c47b96f3f85dc1dcb89c646b638111bc7c36bef5804839829a27
[INFO] testing hpl-nectar-missions-0.1.42 against beta-2023-12-22 for beta-1.76-1
[INFO] extracting crate hpl-nectar-missions 0.1.42 into /workspace/builds/worker-6-tc2/source
[INFO] validating manifest of crates.io crate hpl-nectar-missions 0.1.42 on toolchain beta-2023-12-22
[INFO] running `Command { std: CARGO_HOME="/workspace/cargo-home" RUSTUP_HOME="/workspace/rustup-home" "/workspace/cargo-home/bin/cargo" "+beta-2023-12-22" "metadata" "--manifest-path" "Cargo.toml" "--no-deps", kill_on_drop: false }`
[INFO] started tweaking crates.io crate hpl-nectar-missions 0.1.42
[INFO] finished tweaking crates.io crate hpl-nectar-missions 0.1.42
[INFO] tweaked toml for crates.io crate hpl-nectar-missions 0.1.42 written to /workspace/builds/worker-6-tc2/source/Cargo.toml
[INFO] running `Command { std: CARGO_HOME="/workspace/cargo-home" RUSTUP_HOME="/workspace/rustup-home" "/workspace/cargo-home/bin/cargo" "+beta-2023-12-22" "generate-lockfile" "--manifest-path" "Cargo.toml", kill_on_drop: false }`
[INFO] [stderr]     Updating crates.io index
[INFO] running `Command { std: CARGO_HOME="/workspace/cargo-home" RUSTUP_HOME="/workspace/rustup-home" "/workspace/cargo-home/bin/cargo" "+beta-2023-12-22" "fetch" "--manifest-path" "Cargo.toml", kill_on_drop: false }`
[INFO] running `Command { std: "docker" "create" "-v" "/var/lib/crater-agent-workspace/builds/worker-6-tc2/target:/opt/rustwide/target:rw,Z" "-v" "/var/lib/crater-agent-workspace/builds/worker-6-tc2/source:/opt/rustwide/workdir:ro,Z" "-v" "/var/lib/crater-agent-workspace/cargo-home:/opt/rustwide/cargo-home:ro,Z" "-v" "/var/lib/crater-agent-workspace/rustup-home:/opt/rustwide/rustup-home:ro,Z" "-e" "SOURCE_DIR=/opt/rustwide/workdir" "-e" "CARGO_TARGET_DIR=/opt/rustwide/target" "-e" "CARGO_HOME=/opt/rustwide/cargo-home" "-e" "RUSTUP_HOME=/opt/rustwide/rustup-home" "-w" "/opt/rustwide/workdir" "-m" "1610612736" "--user" "0:0" "--network" "none" "ghcr.io/rust-lang/crates-build-env/linux@sha256:2788e3201cd34a07e3172128adcd8b3090168a8e3bcc40d7c032b9dda1df7d1c" "/opt/rustwide/cargo-home/bin/cargo" "+beta-2023-12-22" "metadata" "--no-deps" "--format-version=1", kill_on_drop: false }`
[INFO] [stdout] 84af0697be6c7dad1ae7a5c3f3d908a5fb0cc16225475681445f4940e20cef7a
[INFO] running `Command { std: "docker" "start" "-a" "84af0697be6c7dad1ae7a5c3f3d908a5fb0cc16225475681445f4940e20cef7a", kill_on_drop: false }`
[INFO] running `Command { std: "docker" "inspect" "84af0697be6c7dad1ae7a5c3f3d908a5fb0cc16225475681445f4940e20cef7a", kill_on_drop: false }`
[INFO] running `Command { std: "docker" "rm" "-f" "84af0697be6c7dad1ae7a5c3f3d908a5fb0cc16225475681445f4940e20cef7a", kill_on_drop: false }`
[INFO] [stdout] 84af0697be6c7dad1ae7a5c3f3d908a5fb0cc16225475681445f4940e20cef7a
[INFO] running `Command { std: "docker" "create" "-v" "/var/lib/crater-agent-workspace/builds/worker-6-tc2/target:/opt/rustwide/target:rw,Z" "-v" "/var/lib/crater-agent-workspace/builds/worker-6-tc2/source:/opt/rustwide/workdir:ro,Z" "-v" "/var/lib/crater-agent-workspace/cargo-home:/opt/rustwide/cargo-home:ro,Z" "-v" "/var/lib/crater-agent-workspace/rustup-home:/opt/rustwide/rustup-home:ro,Z" "-e" "SOURCE_DIR=/opt/rustwide/workdir" "-e" "CARGO_TARGET_DIR=/opt/rustwide/target" "-e" "CARGO_INCREMENTAL=0" "-e" "RUST_BACKTRACE=full" "-e" "RUSTFLAGS=--cap-lints=warn" "-e" "RUSTDOCFLAGS=--cap-lints=warn" "-e" "CARGO_HOME=/opt/rustwide/cargo-home" "-e" "RUSTUP_HOME=/opt/rustwide/rustup-home" "-w" "/opt/rustwide/workdir" "-m" "1610612736" "--user" "0:0" "--network" "none" "ghcr.io/rust-lang/crates-build-env/linux@sha256:2788e3201cd34a07e3172128adcd8b3090168a8e3bcc40d7c032b9dda1df7d1c" "/opt/rustwide/cargo-home/bin/cargo" "+beta-2023-12-22" "build" "--frozen" "--message-format=json", kill_on_drop: false }`
[INFO] [stdout] b0033ab7ed68a00a07fd8cf38e3248899f38ae69d8e88174abcbde8f6bf847f0
[INFO] running `Command { std: "docker" "start" "-a" "b0033ab7ed68a00a07fd8cf38e3248899f38ae69d8e88174abcbde8f6bf847f0", kill_on_drop: false }`
[INFO] [stderr]    Compiling proc-macro2 v1.0.75
[INFO] [stderr]    Compiling serde v1.0.194
[INFO] [stderr]    Compiling syn v1.0.109
[INFO] [stderr]    Compiling subtle v2.4.1
[INFO] [stderr]    Compiling generic-array v0.14.7
[INFO] [stderr]    Compiling unicode-segmentation v1.10.1
[INFO] [stderr]    Compiling ahash v0.7.7
[INFO] [stderr]    Compiling getrandom v0.1.16
[INFO] [stderr]    Compiling crunchy v0.2.2
[INFO] [stderr]    Compiling byteorder v1.5.0
[INFO] [stderr]    Compiling getrandom v0.2.11
[INFO] [stderr]    Compiling jobserver v0.1.27
[INFO] [stderr]    Compiling wasm-bindgen-shared v0.2.89
[INFO] [stderr]    Compiling bumpalo v3.14.0
[INFO] [stderr]    Compiling feature-probe v0.1.1
[INFO] [stderr]    Compiling either v1.9.0
[INFO] [stderr]    Compiling solana-frozen-abi-macro v1.14.17
[INFO] [stderr]    Compiling bv v0.11.1
[INFO] [stderr]    Compiling rand_core v0.6.4
[INFO] [stderr]    Compiling cc v1.0.83
[INFO] [stderr]    Compiling bitmaps v2.1.0
[INFO] [stderr]    Compiling im v15.1.0
[INFO] [stderr]    Compiling bs58 v0.4.0
[INFO] [stderr]    Compiling arrayref v0.3.7
[INFO] [stderr]    Compiling heck v0.3.3
[INFO] [stderr]    Compiling rand_core v0.5.1
[INFO] [stderr]    Compiling rand_xoshiro v0.6.0
[INFO] [stderr]    Compiling rayon v1.8.0
[INFO] [stderr]    Compiling solana-frozen-abi v1.14.17
[INFO] [stderr]    Compiling memoffset v0.6.5
[INFO] [stderr]    Compiling constant_time_eq v0.3.0
[INFO] [stderr]    Compiling arrayvec v0.7.4
[INFO] [stderr]    Compiling wasm-bindgen v0.2.89
[INFO] [stderr]    Compiling hashbrown v0.12.3
[INFO] [stderr]    Compiling rand_chacha v0.2.2
[INFO] [stderr]    Compiling hashbrown v0.11.2
[INFO] [stderr]    Compiling memmap2 v0.5.10
[INFO] [stderr]    Compiling rustc-hash v1.1.0
[INFO] [stderr]    Compiling base64 v0.12.3
[INFO] [stderr]    Compiling itertools v0.10.5
[INFO] [stderr]    Compiling base64 v0.13.1
[INFO] [stderr]    Compiling proc-macro2-diagnostics v0.9.1
[INFO] [stderr]    Compiling yansi v0.5.1
[INFO] [stderr]    Compiling indexmap v1.9.3
[INFO] [stderr]    Compiling rand v0.7.3
[INFO] [stderr]    Compiling bs58 v0.3.1
[INFO] [stderr]    Compiling quote v1.0.35
[INFO] [stderr]    Compiling signature v1.6.4
[INFO] [stderr]    Compiling atty v0.2.14
[INFO] [stderr]    Compiling toml_datetime v0.6.1
[INFO] [stderr]    Compiling ed25519 v1.5.3
[INFO] [stderr]    Compiling winnow v0.4.1
[INFO] [stderr]    Compiling sized-chunks v0.6.5
[INFO] [stderr]    Compiling env_logger v0.9.3
[INFO] [stderr]    Compiling syn v2.0.48
[INFO] [stderr]    Compiling solana-sdk v1.14.17
[INFO] [stderr]    Compiling bs58 v0.5.0
[INFO] [stderr]    Compiling derivation-path v0.2.0
[INFO] [stderr]    Compiling qstring v0.7.2
[INFO] [stderr]    Compiling uriparse v0.6.4
[INFO] [stderr]    Compiling chrono v0.4.31
[INFO] [stderr]    Compiling assert_matches v1.5.0
[INFO] [stderr]    Compiling ahash v0.8.7
[INFO] [stderr]    Compiling paste v1.0.14
[INFO] [stderr]    Compiling zerocopy v0.7.32
[INFO] [stderr]    Compiling convert_case v0.6.0
[INFO] [stderr]    Compiling solana-logger v1.14.17
[INFO] [stderr]    Compiling solana-security-txt v1.1.1
[INFO] [stderr]    Compiling mpl-bubblegum v0.7.0
[INFO] [stderr]    Compiling hashbrown v0.13.2
[INFO] [stderr]    Compiling blake3 v1.5.0
[INFO] [stderr]    Compiling solana-program v1.14.17
[INFO] [stderr]    Compiling rmp v0.8.12
[INFO] [stderr]    Compiling toml_edit v0.19.8
[INFO] [stderr]    Compiling proc-macro-crate v1.3.1
[INFO] [stderr]    Compiling wasm-bindgen-backend v0.2.89
[INFO] [stderr]    Compiling borsh-derive-internal v0.9.3
[INFO] [stderr]    Compiling borsh-schema-derive-internal v0.9.3
[INFO] [stderr]    Compiling borsh-derive-internal v0.10.3
[INFO] [stderr]    Compiling borsh-schema-derive-internal v0.10.3
[INFO] [stderr]    Compiling serde_derive v1.0.194
[INFO] [stderr]    Compiling thiserror-impl v1.0.56
[INFO] [stderr]    Compiling zeroize_derive v1.4.2
[INFO] [stderr]    Compiling bytemuck_derive v1.5.0
[INFO] [stderr]    Compiling hpl-attribute-event v0.1.23
[INFO] [stderr]    Compiling hpl-macro-add-service v0.0.2
[INFO] [stderr]    Compiling hpl-macro-platform-gate v0.0.2
[INFO] [stderr]    Compiling wasm-bindgen-macro-support v0.2.89
[INFO] [stderr]    Compiling solana-sdk-macro v1.14.17
[INFO] [stderr]    Compiling num-derive v0.3.3
[INFO] [stderr]    Compiling num_enum_derive v0.5.11
[INFO] [stderr]    Compiling mpl-token-metadata-context-derive v0.2.1
[INFO] [stderr]    Compiling anchor-derive-space v0.28.0
[INFO] [stderr]    Compiling mpl-token-metadata-context-derive v0.3.0
[INFO] [stderr]    Compiling hpl-macros v0.0.2
[INFO] [stderr]    Compiling zeroize v1.3.0
[INFO] [stderr]    Compiling merlin v3.0.0
[INFO] [stderr]    Compiling wasm-bindgen-macro v0.2.89
[INFO] [stderr]    Compiling bytemuck v1.14.0
[INFO] [stderr]    Compiling thiserror v1.0.56
[INFO] [stderr]    Compiling num_enum v0.5.11
[INFO] [stderr]    Compiling serde_json v1.0.111
[INFO] [stderr]    Compiling toml v0.5.11
[INFO] [stderr]    Compiling serde_bytes v0.11.14
[INFO] [stderr]    Compiling bincode v1.3.3
[INFO] [stderr]    Compiling shank_macro_impl v0.0.11
[INFO] [stderr]    Compiling rmp-serde v1.1.2
[INFO] [stderr]    Compiling digest v0.9.0
[INFO] [stderr]    Compiling block-buffer v0.9.0
[INFO] [stderr]    Compiling crypto-common v0.1.6
[INFO] [stderr]    Compiling block-buffer v0.10.4
[INFO] [stderr]    Compiling crypto-mac v0.8.0
[INFO] [stderr]    Compiling cipher v0.3.0
[INFO] [stderr]    Compiling universal-hash v0.4.1
[INFO] [stderr]    Compiling inout v0.1.3
[INFO] [stderr]    Compiling aead v0.4.3
[INFO] [stderr]    Compiling pbkdf2 v0.4.0
[INFO] [stderr]    Compiling sha2 v0.9.9
[INFO] [stderr]    Compiling libsecp256k1-core v0.2.2
[INFO] [stderr]    Compiling hmac v0.8.1
[INFO] [stderr]    Compiling curve25519-dalek v3.2.1
[INFO] [stderr]    Compiling digest v0.10.7
[INFO] [stderr]    Compiling proc-macro-crate v0.1.5
[INFO] [stderr]    Compiling ctr v0.8.0
[INFO] [stderr]    Compiling aes v0.7.5
[INFO] [stderr]    Compiling hmac-drbg v0.3.0
[INFO] [stderr]    Compiling polyval v0.5.3
[INFO] [stderr]    Compiling cipher v0.4.4
[INFO] [stderr]    Compiling sha3 v0.9.1
[INFO] [stderr]    Compiling sha2 v0.10.8
[INFO] [stderr]    Compiling sha3 v0.10.8
[INFO] [stderr]    Compiling hmac v0.12.1
[INFO] [stderr]    Compiling pbkdf2 v0.11.0
[INFO] [stderr]    Compiling shank_macro v0.0.11
[INFO] [stderr]    Compiling tiny-bip39 v0.8.2
[INFO] [stderr]    Compiling anchor-syn v0.26.0
[INFO] [stderr]    Compiling aes-gcm-siv v0.10.3
[INFO] [stderr]    Compiling anchor-syn v0.28.0
[INFO] [stderr]    Compiling borsh-derive v0.9.3
[INFO] [stderr]    Compiling borsh-derive v0.10.3
[INFO] [stderr]    Compiling ed25519-dalek v1.0.1
[INFO] [stderr]    Compiling libsecp256k1-gen-genmult v0.2.1
[INFO] [stderr]    Compiling libsecp256k1-gen-ecmult v0.2.1
[INFO] [stderr]    Compiling ed25519-dalek-bip32 v0.2.0
[INFO] [stderr]    Compiling libsecp256k1 v0.6.0
[INFO] [stderr]    Compiling shank v0.0.11
[INFO] [stderr]    Compiling borsh v0.9.3
[INFO] [stderr]    Compiling borsh v0.10.3
[INFO] [stderr]    Compiling anchor-attribute-access-control v0.28.0
[INFO] [stderr]    Compiling anchor-derive-accounts v0.28.0
[INFO] [stderr]    Compiling anchor-attribute-program v0.28.0
[INFO] [stderr]    Compiling anchor-attribute-error v0.28.0
[INFO] [stderr]    Compiling anchor-attribute-event v0.28.0
[INFO] [stderr]    Compiling anchor-attribute-account v0.28.0
[INFO] [stderr]    Compiling anchor-attribute-constant v0.28.0
[INFO] [stderr]    Compiling anchor-attribute-event v0.26.0
[INFO] [stderr]    Compiling anchor-attribute-error v0.26.0
[INFO] [stderr]    Compiling anchor-derive-accounts v0.26.0
[INFO] [stderr]    Compiling anchor-attribute-state v0.26.0
[INFO] [stderr]    Compiling anchor-attribute-account v0.26.0
[INFO] [stderr]    Compiling anchor-attribute-constant v0.26.0
[INFO] [stderr]    Compiling anchor-attribute-program v0.26.0
[INFO] [stderr]    Compiling anchor-attribute-access-control v0.26.0
[INFO] [stderr]    Compiling anchor-attribute-interface v0.26.0
[INFO] [stderr]    Compiling spl-memo v3.0.1
[INFO] [stderr]    Compiling spl-token v3.5.0
[INFO] [stderr]    Compiling anchor-lang v0.26.0
[INFO] [stderr]    Compiling anchor-lang v0.28.0
[INFO] [stderr]    Compiling spl-concurrent-merkle-tree v0.1.3
[INFO] [stderr]    Compiling spl-noop v0.1.3
[INFO] [stdout] error[E0277]: the trait bound `Pubkey: BorshSerialize` is not satisfied
[INFO] [stdout]   --> /opt/rustwide/cargo-home/registry/src/index.crates.io-6f17d22bba15001f/anchor-lang-0.28.0/src/idl.rs:35:10
[INFO] [stdout]    |
[INFO] [stdout] 35 | #[derive(AnchorSerialize, AnchorDeserialize)]
[INFO] [stdout]    |          ^^^^^^^^^^^^^^^ the trait `BorshSerialize` is not implemented for `Pubkey`
[INFO] [stdout]    |
[INFO] [stdout]    = help: the following other types implement trait `BorshSerialize`:
[INFO] [stdout]              bool
[INFO] [stdout]              isize
[INFO] [stdout]              i8
[INFO] [stdout]              i16
[INFO] [stdout]              i32
[INFO] [stdout]              i64
[INFO] [stdout]              i128
[INFO] [stdout]              usize
[INFO] [stdout]            and 81 others
[INFO] [stdout]    = help: see issue #48214
[INFO] [stdout]    = note: this error originates in the derive macro `AnchorSerialize` (in Nightly builds, run with -Z macro-backtrace for more info)
[INFO] [stdout] 
[INFO] [stdout] 
[INFO] [stdout] error[E0277]: the trait bound `Pubkey: BorshDeserialize` is not satisfied
[INFO] [stdout]   --> /opt/rustwide/cargo-home/registry/src/index.crates.io-6f17d22bba15001f/anchor-lang-0.28.0/src/idl.rs:35:27
[INFO] [stdout]    |
[INFO] [stdout] 35 | #[derive(AnchorSerialize, AnchorDeserialize)]
[INFO] [stdout]    |                           ^^^^^^^^^^^^^^^^^ the trait `BorshDeserialize` is not implemented for `Pubkey`
[INFO] [stdout]    |
[INFO] [stdout]    = help: the following other types implement trait `BorshDeserialize`:
[INFO] [stdout]              bool
[INFO] [stdout]              isize
[INFO] [stdout]              i8
[INFO] [stdout]              i16
[INFO] [stdout]              i32
[INFO] [stdout]              i64
[INFO] [stdout]              i128
[INFO] [stdout]              usize
[INFO] [stdout]            and 65 others
[INFO] [stdout]    = help: see issue #48214
[INFO] [stdout]    = note: this error originates in the derive macro `AnchorDeserialize` (in Nightly builds, run with -Z macro-backtrace for more info)
[INFO] [stdout] 
[INFO] [stdout] 
[INFO] [stdout] error[E0277]: the trait bound `Pubkey: BorshSerialize` is not satisfied
[INFO] [stdout]   --> /opt/rustwide/cargo-home/registry/src/index.crates.io-6f17d22bba15001f/anchor-lang-0.28.0/src/idl.rs:62:1
[INFO] [stdout]    |
[INFO] [stdout] 62 | #[account("internal")]
[INFO] [stdout]    | ^^^^^^^^^^^^^^^^^^^^^^ the trait `BorshSerialize` is not implemented for `Pubkey`
[INFO] [stdout]    |
[INFO] [stdout]    = help: the following other types implement trait `BorshSerialize`:
[INFO] [stdout]              bool
[INFO] [stdout]              isize
[INFO] [stdout]              i8
[INFO] [stdout]              i16
[INFO] [stdout]              i32
[INFO] [stdout]              i64
[INFO] [stdout]              i128
[INFO] [stdout]              usize
[INFO] [stdout]            and 81 others
[INFO] [stdout]    = help: see issue #48214
[INFO] [stdout]    = note: this error originates in the derive macro `AnchorSerialize` (in Nightly builds, run with -Z macro-backtrace for more info)
[INFO] [stdout] 
[INFO] [stdout] 
[INFO] [stdout] error[E0277]: the trait bound `Pubkey: BorshDeserialize` is not satisfied
[INFO] [stdout]   --> /opt/rustwide/cargo-home/registry/src/index.crates.io-6f17d22bba15001f/anchor-lang-0.28.0/src/idl.rs:62:1
[INFO] [stdout]    |
[INFO] [stdout] 62 | #[account("internal")]
[INFO] [stdout]    | ^^^^^^^^^^^^^^^^^^^^^^ the trait `BorshDeserialize` is not implemented for `Pubkey`
[INFO] [stdout]    |
[INFO] [stdout]    = help: the following other types implement trait `BorshDeserialize`:
[INFO] [stdout]              bool
[INFO] [stdout]              isize
[INFO] [stdout]              i8
[INFO] [stdout]              i16
[INFO] [stdout]              i32
[INFO] [stdout]              i64
[INFO] [stdout]              i128
[INFO] [stdout]              usize
[INFO] [stdout]            and 65 others
[INFO] [stdout]    = help: see issue #48214
[INFO] [stdout]    = note: this error originates in the derive macro `AnchorDeserialize` (in Nightly builds, run with -Z macro-backtrace for more info)
[INFO] [stdout] 
[INFO] [stdout] 
[INFO] [stdout] error[E0277]: the trait bound `Pubkey: BorshSerialize` is not satisfied
[INFO] [stdout]   --> /opt/rustwide/cargo-home/registry/src/index.crates.io-6f17d22bba15001f/anchor-lang-0.28.0/src/system_program.rs:34:10
[INFO] [stdout]    |
[INFO] [stdout] 34 | #[derive(Accounts)]
[INFO] [stdout]    |          ^^^^^^^^ the trait `BorshSerialize` is not implemented for `Pubkey`
[INFO] [stdout]    |
[INFO] [stdout]    = help: the following other types implement trait `BorshSerialize`:
[INFO] [stdout]              bool
[INFO] [stdout]              isize
[INFO] [stdout]              i8
[INFO] [stdout]              i16
[INFO] [stdout]              i32
[INFO] [stdout]              i64
[INFO] [stdout]              i128
[INFO] [stdout]              usize
[INFO] [stdout]            and 81 others
[INFO] [stdout]    = help: see issue #48214
[INFO] [stdout]    = note: this error originates in the derive macro `Accounts` (in Nightly builds, run with -Z macro-backtrace for more info)
[INFO] [stdout] 
[INFO] [stdout] 
[INFO] [stdout] error[E0277]: the trait bound `Pubkey: BorshSerialize` is not satisfied
[INFO] [stdout]   --> /opt/rustwide/cargo-home/registry/src/index.crates.io-6f17d22bba15001f/anchor-lang-0.28.0/src/system_program.rs:57:10
[INFO] [stdout]    |
[INFO] [stdout] 57 | #[derive(Accounts)]
[INFO] [stdout]    |          ^^^^^^^^ the trait `BorshSerialize` is not implemented for `Pubkey`
[INFO] [stdout]    |
[INFO] [stdout]    = help: the following other types implement trait `BorshSerialize`:
[INFO] [stdout]              bool
[INFO] [stdout]              isize
[INFO] [stdout]              i8
[INFO] [stdout]              i16
[INFO] [stdout]              i32
[INFO] [stdout]              i64
[INFO] [stdout]              i128
[INFO] [stdout]              usize
[INFO] [stdout]            and 81 others
[INFO] [stdout]    = help: see issue #48214
[INFO] [stdout]    = note: this error originates in the derive macro `Accounts` (in Nightly builds, run with -Z macro-backtrace for more info)
[INFO] [stdout] 
[INFO] [stdout] 
[INFO] [stdout] error[E0277]: the trait bound `Pubkey: BorshSerialize` is not satisfied
[INFO] [stdout]   --> /opt/rustwide/cargo-home/registry/src/index.crates.io-6f17d22bba15001f/anchor-lang-0.28.0/src/system_program.rs:83:10
[INFO] [stdout]    |
[INFO] [stdout] 83 | #[derive(Accounts)]
[INFO] [stdout]    |          ^^^^^^^^ the trait `BorshSerialize` is not implemented for `Pubkey`
[INFO] [stdout]    |
[INFO] [stdout]    = help: the following other types implement trait `BorshSerialize`:
[INFO] [stdout]              bool
[INFO] [stdout]              isize
[INFO] [stdout]              i8
[INFO] [stdout]              i16
[INFO] [stdout]              i32
[INFO] [stdout]              i64
[INFO] [stdout]              i128
[INFO] [stdout]              usize
[INFO] [stdout]            and 81 others
[INFO] [stdout]    = help: see issue #48214
[INFO] [stdout]    = note: this error originates in the derive macro `Accounts` (in Nightly builds, run with -Z macro-backtrace for more info)
[INFO] [stdout] 
[INFO] [stdout] 
[INFO] [stdout] error[E0277]: the trait bound `Pubkey: BorshSerialize` is not satisfied
[INFO] [stdout]    --> /opt/rustwide/cargo-home/registry/src/index.crates.io-6f17d22bba15001f/anchor-lang-0.28.0/src/system_program.rs:105:10
[INFO] [stdout]     |
[INFO] [stdout] 105 | #[derive(Accounts)]
[INFO] [stdout]     |          ^^^^^^^^ the trait `BorshSerialize` is not implemented for `Pubkey`
[INFO] [stdout]     |
[INFO] [stdout]     = help: the following other types implement trait `BorshSerialize`:
[INFO] [stdout]               bool
[INFO] [stdout]               isize
[INFO] [stdout]               i8
[INFO] [stdout]               i16
[INFO] [stdout]               i32
[INFO] [stdout]               i64
[INFO] [stdout]               i128
[INFO] [stdout]               usize
[INFO] [stdout]             and 81 others
[INFO] [stdout]     = help: see issue #48214
[INFO] [stdout]     = note: this error originates in the derive macro `Accounts` (in Nightly builds, run with -Z macro-backtrace for more info)
[INFO] [stdout] 
[INFO] [stdout] 
[INFO] [stdout] error[E0277]: the trait bound `Pubkey: BorshSerialize` is not satisfied
[INFO] [stdout]    --> /opt/rustwide/cargo-home/registry/src/index.crates.io-6f17d22bba15001f/anchor-lang-0.28.0/src/system_program.rs:129:10
[INFO] [stdout]     |
[INFO] [stdout] 129 | #[derive(Accounts)]
[INFO] [stdout]     |          ^^^^^^^^ the trait `BorshSerialize` is not implemented for `Pubkey`
[INFO] [stdout]     |
[INFO] [stdout]     = help: the following other types implement trait `BorshSerialize`:
[INFO] [stdout]               bool
[INFO] [stdout]               isize
[INFO] [stdout]               i8
[INFO] [stdout]               i16
[INFO] [stdout]               i32
[INFO] [stdout]               i64
[INFO] [stdout]               i128
[INFO] [stdout]               usize
[INFO] [stdout]             and 81 others
[INFO] [stdout]     = help: see issue #48214
[INFO] [stdout]     = note: this error originates in the derive macro `Accounts` (in Nightly builds, run with -Z macro-backtrace for more info)
[INFO] [stdout] 
[INFO] [stdout] 
[INFO] [stdout] error[E0277]: the trait bound `Pubkey: BorshSerialize` is not satisfied
[INFO] [stdout]    --> /opt/rustwide/cargo-home/registry/src/index.crates.io-6f17d22bba15001f/anchor-lang-0.28.0/src/system_program.rs:152:10
[INFO] [stdout]     |
[INFO] [stdout] 152 | #[derive(Accounts)]
[INFO] [stdout]     |          ^^^^^^^^ the trait `BorshSerialize` is not implemented for `Pubkey`
[INFO] [stdout]     |
[INFO] [stdout]     = help: the following other types implement trait `BorshSerialize`:
[INFO] [stdout]               bool
[INFO] [stdout]               isize
[INFO] [stdout]               i8
[INFO] [stdout]               i16
[INFO] [stdout]               i32
[INFO] [stdout]               i64
[INFO] [stdout]               i128
[INFO] [stdout]               usize
[INFO] [stdout]             and 81 others
[INFO] [stdout]     = help: see issue #48214
[INFO] [stdout]     = note: this error originates in the derive macro `Accounts` (in Nightly builds, run with -Z macro-backtrace for more info)
[INFO] [stdout] 
[INFO] [stdout] 
[INFO] [stdout] error[E0277]: the trait bound `Pubkey: BorshSerialize` is not satisfied
[INFO] [stdout]    --> /opt/rustwide/cargo-home/registry/src/index.crates.io-6f17d22bba15001f/anchor-lang-0.28.0/src/system_program.rs:179:10
[INFO] [stdout]     |
[INFO] [stdout] 179 | #[derive(Accounts)]
[INFO] [stdout]     |          ^^^^^^^^ the trait `BorshSerialize` is not implemented for `Pubkey`
[INFO] [stdout]     |
[INFO] [stdout]     = help: the following other types implement trait `BorshSerialize`:
[INFO] [stdout]               bool
[INFO] [stdout]               isize
[INFO] [stdout]               i8
[INFO] [stdout]               i16
[INFO] [stdout]               i32
[INFO] [stdout]               i64
[INFO] [stdout]               i128
[INFO] [stdout]               usize
[INFO] [stdout]             and 81 others
[INFO] [stdout]     = help: see issue #48214
[INFO] [stdout]     = note: this error originates in the derive macro `Accounts` (in Nightly builds, run with -Z macro-backtrace for more info)
[INFO] [stdout] 
[INFO] [stdout] 
[INFO] [stdout] error[E0277]: the trait bound `Pubkey: BorshSerialize` is not satisfied
[INFO] [stdout]    --> /opt/rustwide/cargo-home/registry/src/index.crates.io-6f17d22bba15001f/anchor-lang-0.28.0/src/system_program.rs:209:10
[INFO] [stdout]     |
[INFO] [stdout] 209 | #[derive(Accounts)]
[INFO] [stdout]     |          ^^^^^^^^ the trait `BorshSerialize` is not implemented for `Pubkey`
[INFO] [stdout]     |
[INFO] [stdout]     = help: the following other types implement trait `BorshSerialize`:
[INFO] [stdout]               bool
[INFO] [stdout]               isize
[INFO] [stdout]               i8
[INFO] [stdout]               i16
[INFO] [stdout]               i32
[INFO] [stdout]               i64
[INFO] [stdout]               i128
[INFO] [stdout]               usize
[INFO] [stdout]             and 81 others
[INFO] [stdout]     = help: see issue #48214
[INFO] [stdout]     = note: this error originates in the derive macro `Accounts` (in Nightly builds, run with -Z macro-backtrace for more info)
[INFO] [stdout] 
[INFO] [stdout] 
[INFO] [stdout] error[E0277]: the trait bound `Pubkey: BorshSerialize` is not satisfied
[INFO] [stdout]    --> /opt/rustwide/cargo-home/registry/src/index.crates.io-6f17d22bba15001f/anchor-lang-0.28.0/src/system_program.rs:245:10
[INFO] [stdout]     |
[INFO] [stdout] 245 | #[derive(Accounts)]
[INFO] [stdout]     |          ^^^^^^^^ the trait `BorshSerialize` is not implemented for `Pubkey`
[INFO] [stdout]     |
[INFO] [stdout]     = help: the following other types implement trait `BorshSerialize`:
[INFO] [stdout]               bool
[INFO] [stdout]               isize
[INFO] [stdout]               i8
[INFO] [stdout]               i16
[INFO] [stdout]               i32
[INFO] [stdout]               i64
[INFO] [stdout]               i128
[INFO] [stdout]               usize
[INFO] [stdout]             and 81 others
[INFO] [stdout]     = help: see issue #48214
[INFO] [stdout]     = note: this error originates in the derive macro `Accounts` (in Nightly builds, run with -Z macro-backtrace for more info)
[INFO] [stdout] 
[INFO] [stdout] 
[INFO] [stdout] error[E0277]: the trait bound `Pubkey: BorshSerialize` is not satisfied
[INFO] [stdout]    --> /opt/rustwide/cargo-home/registry/src/index.crates.io-6f17d22bba15001f/anchor-lang-0.28.0/src/system_program.rs:289:10
[INFO] [stdout]     |
[INFO] [stdout] 289 | #[derive(Accounts)]
[INFO] [stdout]     |          ^^^^^^^^ the trait `BorshSerialize` is not implemented for `Pubkey`
[INFO] [stdout]     |
[INFO] [stdout]     = help: the following other types implement trait `BorshSerialize`:
[INFO] [stdout]               bool
[INFO] [stdout]               isize
[INFO] [stdout]               i8
[INFO] [stdout]               i16
[INFO] [stdout]               i32
[INFO] [stdout]               i64
[INFO] [stdout]               i128
[INFO] [stdout]               usize
[INFO] [stdout]             and 81 others
[INFO] [stdout]     = help: see issue #48214
[INFO] [stdout]     = note: this error originates in the derive macro `Accounts` (in Nightly builds, run with -Z macro-backtrace for more info)
[INFO] [stdout] 
[INFO] [stdout] 
[INFO] [stdout] error[E0277]: the trait bound `Pubkey: BorshSerialize` is not satisfied
[INFO] [stdout]    --> /opt/rustwide/cargo-home/registry/src/index.crates.io-6f17d22bba15001f/anchor-lang-0.28.0/src/system_program.rs:315:10
[INFO] [stdout]     |
[INFO] [stdout] 315 | #[derive(Accounts)]
[INFO] [stdout]     |          ^^^^^^^^ the trait `BorshSerialize` is not implemented for `Pubkey`
[INFO] [stdout]     |
[INFO] [stdout]     = help: the following other types implement trait `BorshSerialize`:
[INFO] [stdout]               bool
[INFO] [stdout]               isize
[INFO] [stdout]               i8
[INFO] [stdout]               i16
[INFO] [stdout]               i32
[INFO] [stdout]               i64
[INFO] [stdout]               i128
[INFO] [stdout]               usize
[INFO] [stdout]             and 81 others
[INFO] [stdout]     = help: see issue #48214
[INFO] [stdout]     = note: this error originates in the derive macro `Accounts` (in Nightly builds, run with -Z macro-backtrace for more info)
[INFO] [stdout] 
[INFO] [stdout] 
[INFO] [stdout] error[E0277]: the trait bound `Pubkey: BorshSerialize` is not satisfied
[INFO] [stdout]    --> /opt/rustwide/cargo-home/registry/src/index.crates.io-6f17d22bba15001f/anchor-lang-0.28.0/src/system_program.rs:343:10
[INFO] [stdout]     |
[INFO] [stdout] 343 | #[derive(Accounts)]
[INFO] [stdout]     |          ^^^^^^^^ the trait `BorshSerialize` is not implemented for `Pubkey`
[INFO] [stdout]     |
[INFO] [stdout]     = help: the following other types implement trait `BorshSerialize`:
[INFO] [stdout]               bool
[INFO] [stdout]               isize
[INFO] [stdout]               i8
[INFO] [stdout]               i16
[INFO] [stdout]               i32
[INFO] [stdout]               i64
[INFO] [stdout]               i128
[INFO] [stdout]               usize
[INFO] [stdout]             and 81 others
[INFO] [stdout]     = help: see issue #48214
[INFO] [stdout]     = note: this error originates in the derive macro `Accounts` (in Nightly builds, run with -Z macro-backtrace for more info)
[INFO] [stdout] 
[INFO] [stdout] 
[INFO] [stdout] error[E0277]: the trait bound `Pubkey: BorshSerialize` is not satisfied
[INFO] [stdout]    --> /opt/rustwide/cargo-home/registry/src/index.crates.io-6f17d22bba15001f/anchor-lang-0.28.0/src/system_program.rs:374:10
[INFO] [stdout]     |
[INFO] [stdout] 374 | #[derive(Accounts)]
[INFO] [stdout]     |          ^^^^^^^^ the trait `BorshSerialize` is not implemented for `Pubkey`
[INFO] [stdout]     |
[INFO] [stdout]     = help: the following other types implement trait `BorshSerialize`:
[INFO] [stdout]               bool
[INFO] [stdout]               isize
[INFO] [stdout]               i8
[INFO] [stdout]               i16
[INFO] [stdout]               i32
[INFO] [stdout]               i64
[INFO] [stdout]               i128
[INFO] [stdout]               usize
[INFO] [stdout]             and 81 others
[INFO] [stdout]     = help: see issue #48214
[INFO] [stdout]     = note: this error originates in the derive macro `Accounts` (in Nightly builds, run with -Z macro-backtrace for more info)
[INFO] [stdout] 
[INFO] [stdout] 
[INFO] [stdout] error: aborting due to 17 previous errors
[INFO] [stdout] 
[INFO] [stdout] 
[INFO] [stdout] For more information about this error, try `rustc --explain E0277`.
[INFO] [stdout] 
[INFO] [stderr] error: could not compile `anchor-lang` (lib) due to 18 previous errors
[INFO] [stderr] warning: build failed, waiting for other jobs to finish...
[INFO] running `Command { std: "docker" "inspect" "b0033ab7ed68a00a07fd8cf38e3248899f38ae69d8e88174abcbde8f6bf847f0", kill_on_drop: false }`
[INFO] running `Command { std: "docker" "rm" "-f" "b0033ab7ed68a00a07fd8cf38e3248899f38ae69d8e88174abcbde8f6bf847f0", kill_on_drop: false }`
[INFO] [stdout] b0033ab7ed68a00a07fd8cf38e3248899f38ae69d8e88174abcbde8f6bf847f0
