[INFO] fetching crate hotswap 0.6.0...
[INFO] testing hotswap-0.6.0 against 1.75.0 for beta-1.76-1
[INFO] extracting crate hotswap 0.6.0 into /workspace/builds/worker-2-tc1/source
[INFO] validating manifest of crates.io crate hotswap 0.6.0 on toolchain 1.75.0
[INFO] running `Command { std: CARGO_HOME="/workspace/cargo-home" RUSTUP_HOME="/workspace/rustup-home" "/workspace/cargo-home/bin/cargo" "+1.75.0" "metadata" "--manifest-path" "Cargo.toml" "--no-deps", kill_on_drop: false }`
[INFO] started tweaking crates.io crate hotswap 0.6.0
[INFO] finished tweaking crates.io crate hotswap 0.6.0
[INFO] tweaked toml for crates.io crate hotswap 0.6.0 written to /workspace/builds/worker-2-tc1/source/Cargo.toml
[INFO] running `Command { std: CARGO_HOME="/workspace/cargo-home" RUSTUP_HOME="/workspace/rustup-home" "/workspace/cargo-home/bin/cargo" "+1.75.0" "generate-lockfile" "--manifest-path" "Cargo.toml", kill_on_drop: false }`
[INFO] running `Command { std: CARGO_HOME="/workspace/cargo-home" RUSTUP_HOME="/workspace/rustup-home" "/workspace/cargo-home/bin/cargo" "+1.75.0" "fetch" "--manifest-path" "Cargo.toml", kill_on_drop: false }`
[INFO] running `Command { std: "docker" "create" "-v" "/var/lib/crater-agent-workspace/builds/worker-2-tc1/target:/opt/rustwide/target:rw,Z" "-v" "/var/lib/crater-agent-workspace/builds/worker-2-tc1/source:/opt/rustwide/workdir:ro,Z" "-v" "/var/lib/crater-agent-workspace/cargo-home:/opt/rustwide/cargo-home:ro,Z" "-v" "/var/lib/crater-agent-workspace/rustup-home:/opt/rustwide/rustup-home:ro,Z" "-e" "SOURCE_DIR=/opt/rustwide/workdir" "-e" "CARGO_TARGET_DIR=/opt/rustwide/target" "-e" "CARGO_HOME=/opt/rustwide/cargo-home" "-e" "RUSTUP_HOME=/opt/rustwide/rustup-home" "-w" "/opt/rustwide/workdir" "-m" "1610612736" "--user" "0:0" "--network" "none" "ghcr.io/rust-lang/crates-build-env/linux@sha256:2788e3201cd34a07e3172128adcd8b3090168a8e3bcc40d7c032b9dda1df7d1c" "/opt/rustwide/cargo-home/bin/cargo" "+1.75.0" "metadata" "--no-deps" "--format-version=1", kill_on_drop: false }`
[INFO] [stdout] 8b151d58fda768465ae8342817d7b1a2c029d392d848565da20e390237032738
[INFO] running `Command { std: "docker" "start" "-a" "8b151d58fda768465ae8342817d7b1a2c029d392d848565da20e390237032738", kill_on_drop: false }`
[INFO] running `Command { std: "docker" "inspect" "8b151d58fda768465ae8342817d7b1a2c029d392d848565da20e390237032738", kill_on_drop: false }`
[INFO] running `Command { std: "docker" "rm" "-f" "8b151d58fda768465ae8342817d7b1a2c029d392d848565da20e390237032738", kill_on_drop: false }`
[INFO] [stdout] 8b151d58fda768465ae8342817d7b1a2c029d392d848565da20e390237032738
[INFO] running `Command { std: "docker" "create" "-v" "/var/lib/crater-agent-workspace/builds/worker-2-tc1/target:/opt/rustwide/target:rw,Z" "-v" "/var/lib/crater-agent-workspace/builds/worker-2-tc1/source:/opt/rustwide/workdir:ro,Z" "-v" "/var/lib/crater-agent-workspace/cargo-home:/opt/rustwide/cargo-home:ro,Z" "-v" "/var/lib/crater-agent-workspace/rustup-home:/opt/rustwide/rustup-home:ro,Z" "-e" "SOURCE_DIR=/opt/rustwide/workdir" "-e" "CARGO_TARGET_DIR=/opt/rustwide/target" "-e" "CARGO_INCREMENTAL=0" "-e" "RUST_BACKTRACE=full" "-e" "RUSTFLAGS=--cap-lints=warn" "-e" "RUSTDOCFLAGS=--cap-lints=warn" "-e" "CARGO_HOME=/opt/rustwide/cargo-home" "-e" "RUSTUP_HOME=/opt/rustwide/rustup-home" "-w" "/opt/rustwide/workdir" "-m" "1610612736" "--user" "0:0" "--network" "none" "ghcr.io/rust-lang/crates-build-env/linux@sha256:2788e3201cd34a07e3172128adcd8b3090168a8e3bcc40d7c032b9dda1df7d1c" "/opt/rustwide/cargo-home/bin/cargo" "+1.75.0" "build" "--frozen" "--message-format=json", kill_on_drop: false }`
[INFO] [stdout] 3e6c07f938ee9bc416e22168d5c7a468345d30a4430f9db0f2aa4467932ea6cc
[INFO] running `Command { std: "docker" "start" "-a" "3e6c07f938ee9bc416e22168d5c7a468345d30a4430f9db0f2aa4467932ea6cc", kill_on_drop: false }`
[INFO] [stderr]    Compiling hotswap v0.6.0 (/opt/rustwide/workdir)
[INFO] [stdout] error: `box_syntax` has been removed
[INFO] [stdout]   --> src/lib.rs:46:23
[INFO] [stdout]    |
[INFO] [stdout] 46 |         MultiModifier(box header_extension),
[INFO] [stdout]    |                       ^^^^^^^^^^^^^^^^^^^^
[INFO] [stdout]    |
[INFO] [stdout] help: use `Box::new()` instead
[INFO] [stdout]    |
[INFO] [stdout] 46 |         MultiModifier(Box::new(header_extension)),
[INFO] [stdout]    |                       ~~~~~~~~~~~~~~~~~~~~~~~~~~
[INFO] [stdout] 
[INFO] [stdout] 
[INFO] [stdout] error: `box_syntax` has been removed
[INFO] [stdout]   --> src/lib.rs:55:23
[INFO] [stdout]    |
[INFO] [stdout] 55 |             expander: box macro_extension,
[INFO] [stdout]    |                       ^^^^^^^^^^^^^^^^^^^
[INFO] [stdout]    |
[INFO] [stdout] help: use `Box::new()` instead
[INFO] [stdout]    |
[INFO] [stdout] 55 |             expander: Box::new(macro_extension),
[INFO] [stdout]    |                       ~~~~~~~~~~~~~~~~~~~~~~~~~
[INFO] [stdout] 
[INFO] [stdout] 
[INFO] [stdout] error[E0557]: feature has been removed
[INFO] [stdout]  --> src/lib.rs:1:12
[INFO] [stdout]   |
[INFO] [stdout] 1 | #![feature(quote, plugin_registrar, rustc_private, box_syntax, stmt_expr_attributes)]
[INFO] [stdout]   |            ^^^^^ feature has been removed
[INFO] [stdout] 
[INFO] [stdout] 
[INFO] [stdout] error[E0557]: feature has been removed
[INFO] [stdout]  --> src/lib.rs:1:19
[INFO] [stdout]   |
[INFO] [stdout] 1 | #![feature(quote, plugin_registrar, rustc_private, box_syntax, stmt_expr_attributes)]
[INFO] [stdout]   |                   ^^^^^^^^^^^^^^^^ feature has been removed
[INFO] [stdout]   |
[INFO] [stdout]   = note: plugins are no longer supported
[INFO] [stdout] 
[INFO] [stdout] 
[INFO] [stdout] error[E0557]: feature has been removed
[INFO] [stdout]  --> src/lib.rs:1:52
[INFO] [stdout]   |
[INFO] [stdout] 1 | #![feature(quote, plugin_registrar, rustc_private, box_syntax, stmt_expr_attributes)]
[INFO] [stdout]   |                                                    ^^^^^^^^^^ feature has been removed
[INFO] [stdout]   |
[INFO] [stdout]   = note: replaced with `#[rustc_box]`
[INFO] [stdout] 
[INFO] [stdout] 
[INFO] [stdout] error[E0463]: can't find crate for `rustc_plugin`
[INFO] [stdout]  --> src/lib.rs:3:1
[INFO] [stdout]   |
[INFO] [stdout] 3 | extern crate rustc_plugin;
[INFO] [stdout]   | ^^^^^^^^^^^^^^^^^^^^^^^^^^ can't find crate
[INFO] [stdout]   |
[INFO] [stdout]   = help: maybe you need to install the missing components with: `rustup component add rust-src rustc-dev llvm-tools-preview`
[INFO] [stdout] 
[INFO] [stdout] 
[INFO] [stdout] error[E0463]: can't find crate for `rustc_target`
[INFO] [stdout]  --> src/lib.rs:4:1
[INFO] [stdout]   |
[INFO] [stdout] 4 | extern crate rustc_target;
[INFO] [stdout]   | ^^^^^^^^^^^^^^^^^^^^^^^^^^ can't find crate
[INFO] [stdout]   |
[INFO] [stdout]   = help: maybe you need to install the missing components with: `rustup component add rust-src rustc-dev llvm-tools-preview`
[INFO] [stdout] 
[INFO] [stdout] 
[INFO] [stdout] error[E0463]: can't find crate for `syntax`
[INFO] [stdout]  --> src/lib.rs:5:1
[INFO] [stdout]   |
[INFO] [stdout] 5 | extern crate syntax;
[INFO] [stdout]   | ^^^^^^^^^^^^^^^^^^^^ can't find crate
[INFO] [stdout] 
[INFO] [stdout] 
[INFO] [stdout] error: cannot find macro `quote_item` in this scope
[INFO] [stdout]   --> src/codegen.rs:19:20
[INFO] [stdout]    |
[INFO] [stdout] 19 |         let item = quote_item!(cx,
[INFO] [stdout]    |                    ^^^^^^^^^^
[INFO] [stdout] 
[INFO] [stdout] 
[INFO] [stdout] error: cannot find macro `quote_item` in this scope
[INFO] [stdout]   --> src/codegen.rs:28:5
[INFO] [stdout]    |
[INFO] [stdout] 28 |     quote_item!(cx,
[INFO] [stdout]    |     ^^^^^^^^^^
[INFO] [stdout] 
[INFO] [stdout] 
[INFO] [stdout] error: cannot find macro `quote_block` in this scope
[INFO] [stdout]   --> src/codegen.rs:45:7
[INFO] [stdout]    |
[INFO] [stdout] 45 |     P(quote_block!(cx, {
[INFO] [stdout]    |       ^^^^^^^^^^^
[INFO] [stdout] 
[INFO] [stdout] 
[INFO] [stdout] error: cannot find macro `quote_stmt` in this scope
[INFO] [stdout]   --> src/codegen.rs:74:20
[INFO] [stdout]    |
[INFO] [stdout] 74 |         let stmt = quote_stmt!(cx, {
[INFO] [stdout]    |                    ^^^^^^^^^^
[INFO] [stdout] 
[INFO] [stdout] 
[INFO] [stdout] error: cannot find macro `quote_expr` in this scope
[INFO] [stdout]    --> src/codegen.rs:107:17
[INFO] [stdout]     |
[INFO] [stdout] 107 |     let block = quote_expr!(cx, {
[INFO] [stdout]     |                 ^^^^^^^^^^
[INFO] [stdout] 
[INFO] [stdout] 
[INFO] [stdout] error: cannot find macro `quote_ty` in this scope
[INFO] [stdout]   --> src/util.rs:93:18
[INFO] [stdout]    |
[INFO] [stdout] 93 |             _ => quote_ty!(cx, ()),
[INFO] [stdout]    |                  ^^^^^^^^
[INFO] [stdout] 
[INFO] [stdout] 
[INFO] [stdout] error: cannot find attribute `plugin_registrar` in this scope
[INFO] [stdout]   --> src/lib.rs:31:3
[INFO] [stdout]    |
[INFO] [stdout] 31 | #[plugin_registrar]
[INFO] [stdout]    |   ^^^^^^^^^^^^^^^^
[INFO] [stdout]    |
[INFO] [stdout]    = note: `plugin_registrar` is in scope, but it is a function, not an attribute
[INFO] [stdout] 
[INFO] [stdout] 
[INFO] [stdout] error: cannot find macro `quote_expr` in this scope
[INFO] [stdout]    --> src/lib.rs:140:35
[INFO] [stdout]     |
[INFO] [stdout] 140 |             return MacEager::expr(quote_expr!(cx, {
[INFO] [stdout]     |                                   ^^^^^^^^^^
[INFO] [stdout] 
[INFO] [stdout] 
[INFO] [stdout] error: cannot find macro `quote_attr` in this scope
[INFO] [stdout]    --> src/lib.rs:156:21
[INFO] [stdout]     |
[INFO] [stdout] 156 |     attrs.insert(0, quote_attr!(cx, #![allow(unused_imports)]));
[INFO] [stdout]     |                     ^^^^^^^^^^
[INFO] [stdout] 
[INFO] [stdout] 
[INFO] [stdout] error: cannot find macro `quote_attr` in this scope
[INFO] [stdout]    --> src/lib.rs:157:21
[INFO] [stdout]     |
[INFO] [stdout] 157 |     attrs.insert(0, quote_attr!(cx, #![allow(dead_code)]));
[INFO] [stdout]     |                     ^^^^^^^^^^
[INFO] [stdout] 
[INFO] [stdout] 
[INFO] [stdout] error: cannot find macro `quote_attr` in this scope
[INFO] [stdout]    --> src/lib.rs:158:21
[INFO] [stdout]     |
[INFO] [stdout] 158 |     attrs.insert(0, quote_attr!(cx, #![allow(unused_features)]));
[INFO] [stdout]     |                     ^^^^^^^^^^
[INFO] [stdout] 
[INFO] [stdout] 
[INFO] [stdout] error: cannot find macro `quote_attr` in this scope
[INFO] [stdout]    --> src/lib.rs:181:25
[INFO] [stdout]     |
[INFO] [stdout] 181 |         item.attrs.push(quote_attr!(cx, #![no_mangle]));
[INFO] [stdout]     |                         ^^^^^^^^^^
[INFO] [stdout] 
[INFO] [stdout] 
[INFO] [stdout] error: cannot find macro `quote_item` in this scope
[INFO] [stdout]    --> src/lib.rs:220:20
[INFO] [stdout]     |
[INFO] [stdout] 220 |         .insert(0, quote_item!(cx, extern crate hotswap_runtime;).unwrap());
[INFO] [stdout]     |                    ^^^^^^^^^^
[INFO] [stdout] 
[INFO] [stdout] 
[INFO] [stdout] error[E0554]: `#![feature]` may not be used on the stable release channel
[INFO] [stdout]  --> src/lib.rs:1:1
[INFO] [stdout]   |
[INFO] [stdout] 1 | #![feature(quote, plugin_registrar, rustc_private, box_syntax, stmt_expr_attributes)]
[INFO] [stdout]   | ^^^^^^^^^^^^^^^^^^^^^^^^^^^^^^^^^^^^^^^^^^^^^^^^^^^^^^^^^^^^^^^^^^^^^^^^^^^^^^^^^^^^^
[INFO] [stdout] 
[INFO] [stdout] 
[INFO] [stdout] error: aborting due to 22 previous errors
[INFO] [stdout] 
[INFO] [stdout] 
[INFO] [stdout] Some errors have detailed explanations: E0463, E0554, E0557.
[INFO] [stdout] 
[INFO] [stdout] For more information about an error, try `rustc --explain E0463`.
[INFO] [stdout] 
[INFO] [stderr] error: could not compile `hotswap` (lib) due to 23 previous errors
[INFO] running `Command { std: "docker" "inspect" "3e6c07f938ee9bc416e22168d5c7a468345d30a4430f9db0f2aa4467932ea6cc", kill_on_drop: false }`
[INFO] running `Command { std: "docker" "rm" "-f" "3e6c07f938ee9bc416e22168d5c7a468345d30a4430f9db0f2aa4467932ea6cc", kill_on_drop: false }`
[INFO] [stdout] 3e6c07f938ee9bc416e22168d5c7a468345d30a4430f9db0f2aa4467932ea6cc
[INFO] testing hotswap-0.6.0 against beta-2023-12-22 for beta-1.76-1
[INFO] extracting crate hotswap 0.6.0 into /workspace/builds/worker-2-tc2/source
[INFO] validating manifest of crates.io crate hotswap 0.6.0 on toolchain beta-2023-12-22
[INFO] running `Command { std: CARGO_HOME="/workspace/cargo-home" RUSTUP_HOME="/workspace/rustup-home" "/workspace/cargo-home/bin/cargo" "+beta-2023-12-22" "metadata" "--manifest-path" "Cargo.toml" "--no-deps", kill_on_drop: false }`
[INFO] started tweaking crates.io crate hotswap 0.6.0
[INFO] finished tweaking crates.io crate hotswap 0.6.0
[INFO] tweaked toml for crates.io crate hotswap 0.6.0 written to /workspace/builds/worker-2-tc2/source/Cargo.toml
[INFO] running `Command { std: CARGO_HOME="/workspace/cargo-home" RUSTUP_HOME="/workspace/rustup-home" "/workspace/cargo-home/bin/cargo" "+beta-2023-12-22" "generate-lockfile" "--manifest-path" "Cargo.toml", kill_on_drop: false }`
[INFO] running `Command { std: CARGO_HOME="/workspace/cargo-home" RUSTUP_HOME="/workspace/rustup-home" "/workspace/cargo-home/bin/cargo" "+beta-2023-12-22" "fetch" "--manifest-path" "Cargo.toml", kill_on_drop: false }`
[INFO] running `Command { std: "docker" "create" "-v" "/var/lib/crater-agent-workspace/builds/worker-2-tc2/target:/opt/rustwide/target:rw,Z" "-v" "/var/lib/crater-agent-workspace/builds/worker-2-tc2/source:/opt/rustwide/workdir:ro,Z" "-v" "/var/lib/crater-agent-workspace/cargo-home:/opt/rustwide/cargo-home:ro,Z" "-v" "/var/lib/crater-agent-workspace/rustup-home:/opt/rustwide/rustup-home:ro,Z" "-e" "SOURCE_DIR=/opt/rustwide/workdir" "-e" "CARGO_TARGET_DIR=/opt/rustwide/target" "-e" "CARGO_HOME=/opt/rustwide/cargo-home" "-e" "RUSTUP_HOME=/opt/rustwide/rustup-home" "-w" "/opt/rustwide/workdir" "-m" "1610612736" "--user" "0:0" "--network" "none" "ghcr.io/rust-lang/crates-build-env/linux@sha256:2788e3201cd34a07e3172128adcd8b3090168a8e3bcc40d7c032b9dda1df7d1c" "/opt/rustwide/cargo-home/bin/cargo" "+beta-2023-12-22" "metadata" "--no-deps" "--format-version=1", kill_on_drop: false }`
[INFO] [stdout] 91151969de0e6e0361681222b3f492a8d4bd6ffedee485d07cf4dab031420efb
[INFO] running `Command { std: "docker" "start" "-a" "91151969de0e6e0361681222b3f492a8d4bd6ffedee485d07cf4dab031420efb", kill_on_drop: false }`
[INFO] running `Command { std: "docker" "inspect" "91151969de0e6e0361681222b3f492a8d4bd6ffedee485d07cf4dab031420efb", kill_on_drop: false }`
[INFO] running `Command { std: "docker" "rm" "-f" "91151969de0e6e0361681222b3f492a8d4bd6ffedee485d07cf4dab031420efb", kill_on_drop: false }`
[INFO] [stdout] 91151969de0e6e0361681222b3f492a8d4bd6ffedee485d07cf4dab031420efb
[INFO] running `Command { std: "docker" "create" "-v" "/var/lib/crater-agent-workspace/builds/worker-2-tc2/target:/opt/rustwide/target:rw,Z" "-v" "/var/lib/crater-agent-workspace/builds/worker-2-tc2/source:/opt/rustwide/workdir:ro,Z" "-v" "/var/lib/crater-agent-workspace/cargo-home:/opt/rustwide/cargo-home:ro,Z" "-v" "/var/lib/crater-agent-workspace/rustup-home:/opt/rustwide/rustup-home:ro,Z" "-e" "SOURCE_DIR=/opt/rustwide/workdir" "-e" "CARGO_TARGET_DIR=/opt/rustwide/target" "-e" "CARGO_INCREMENTAL=0" "-e" "RUST_BACKTRACE=full" "-e" "RUSTFLAGS=--cap-lints=warn" "-e" "RUSTDOCFLAGS=--cap-lints=warn" "-e" "CARGO_HOME=/opt/rustwide/cargo-home" "-e" "RUSTUP_HOME=/opt/rustwide/rustup-home" "-w" "/opt/rustwide/workdir" "-m" "1610612736" "--user" "0:0" "--network" "none" "ghcr.io/rust-lang/crates-build-env/linux@sha256:2788e3201cd34a07e3172128adcd8b3090168a8e3bcc40d7c032b9dda1df7d1c" "/opt/rustwide/cargo-home/bin/cargo" "+beta-2023-12-22" "build" "--frozen" "--message-format=json", kill_on_drop: false }`
[INFO] [stdout] c267685745d8dfa82aed9ffd77bf6186bc0d8602b92cfd89ebcc6fa9b166c30c
[INFO] running `Command { std: "docker" "start" "-a" "c267685745d8dfa82aed9ffd77bf6186bc0d8602b92cfd89ebcc6fa9b166c30c", kill_on_drop: false }`
[INFO] [stderr]    Compiling hotswap v0.6.0 (/opt/rustwide/workdir)
[INFO] [stdout] error: `box_syntax` has been removed
[INFO] [stdout]   --> src/lib.rs:46:23
[INFO] [stdout]    |
[INFO] [stdout] 46 |         MultiModifier(box header_extension),
[INFO] [stdout]    |                       ^^^^^^^^^^^^^^^^^^^^
[INFO] [stdout]    |
[INFO] [stdout] help: use `Box::new()` instead
[INFO] [stdout]    |
[INFO] [stdout] 46 |         MultiModifier(Box::new(header_extension)),
[INFO] [stdout]    |                       ~~~~~~~~~~~~~~~~~~~~~~~~~~
[INFO] [stdout] 
[INFO] [stdout] 
[INFO] [stdout] error: `box_syntax` has been removed
[INFO] [stdout]   --> src/lib.rs:55:23
[INFO] [stdout]    |
[INFO] [stdout] 55 |             expander: box macro_extension,
[INFO] [stdout]    |                       ^^^^^^^^^^^^^^^^^^^
[INFO] [stdout]    |
[INFO] [stdout] help: use `Box::new()` instead
[INFO] [stdout]    |
[INFO] [stdout] 55 |             expander: Box::new(macro_extension),
[INFO] [stdout]    |                       ~~~~~~~~~~~~~~~~~~~~~~~~~
[INFO] [stdout] 
[INFO] [stdout] 
[INFO] [stdout] error[E0557]: feature has been removed
[INFO] [stdout]  --> src/lib.rs:1:12
[INFO] [stdout]   |
[INFO] [stdout] 1 | #![feature(quote, plugin_registrar, rustc_private, box_syntax, stmt_expr_attributes)]
[INFO] [stdout]   |            ^^^^^ feature has been removed
[INFO] [stdout] 
[INFO] [stdout] 
[INFO] [stdout] error[E0557]: feature has been removed
[INFO] [stdout]  --> src/lib.rs:1:19
[INFO] [stdout]   |
[INFO] [stdout] 1 | #![feature(quote, plugin_registrar, rustc_private, box_syntax, stmt_expr_attributes)]
[INFO] [stdout]   |                   ^^^^^^^^^^^^^^^^ feature has been removed
[INFO] [stdout]   |
[INFO] [stdout]   = note: plugins are no longer supported
[INFO] [stdout] 
[INFO] [stdout] 
[INFO] [stdout] error[E0557]: feature has been removed
[INFO] [stdout]  --> src/lib.rs:1:52
[INFO] [stdout]   |
[INFO] [stdout] 1 | #![feature(quote, plugin_registrar, rustc_private, box_syntax, stmt_expr_attributes)]
[INFO] [stdout]   |                                                    ^^^^^^^^^^ feature has been removed
[INFO] [stdout]   |
[INFO] [stdout]   = note: replaced with `#[rustc_box]`
[INFO] [stdout] 
[INFO] [stdout] 
[INFO] [stdout] error[E0463]: can't find crate for `rustc_plugin`
[INFO] [stdout]  --> src/lib.rs:3:1
[INFO] [stdout]   |
[INFO] [stdout] 3 | extern crate rustc_plugin;
[INFO] [stdout]   | ^^^^^^^^^^^^^^^^^^^^^^^^^^ can't find crate
[INFO] [stdout]   |
[INFO] [stdout]   = help: maybe you need to install the missing components with: `rustup component add rust-src rustc-dev llvm-tools-preview`
[INFO] [stdout] 
[INFO] [stdout] 
[INFO] [stdout] error[E0463]: can't find crate for `rustc_target`
[INFO] [stdout]  --> src/lib.rs:4:1
[INFO] [stdout]   |
[INFO] [stdout] 4 | extern crate rustc_target;
[INFO] [stdout]   | ^^^^^^^^^^^^^^^^^^^^^^^^^^ can't find crate
[INFO] [stdout]   |
[INFO] [stdout]   = help: maybe you need to install the missing components with: `rustup component add rust-src rustc-dev llvm-tools-preview`
[INFO] [stdout] 
[INFO] [stdout] 
[INFO] [stdout] error[E0463]: can't find crate for `syntax`
[INFO] [stdout]  --> src/lib.rs:5:1
[INFO] [stdout]   |
[INFO] [stdout] 5 | extern crate syntax;
[INFO] [stdout]   | ^^^^^^^^^^^^^^^^^^^^ can't find crate
[INFO] [stdout] 
[INFO] [stdout] 
[INFO] [stdout] error: cannot find macro `quote_item` in this scope
[INFO] [stdout]   --> src/codegen.rs:19:20
[INFO] [stdout]    |
[INFO] [stdout] 19 |         let item = quote_item!(cx,
[INFO] [stdout]    |                    ^^^^^^^^^^
[INFO] [stdout] 
[INFO] [stdout] 
[INFO] [stdout] error: cannot find macro `quote_item` in this scope
[INFO] [stdout]   --> src/codegen.rs:28:5
[INFO] [stdout]    |
[INFO] [stdout] 28 |     quote_item!(cx,
[INFO] [stdout]    |     ^^^^^^^^^^
[INFO] [stdout] 
[INFO] [stdout] 
[INFO] [stdout] error: cannot find macro `quote_block` in this scope
[INFO] [stdout]   --> src/codegen.rs:45:7
[INFO] [stdout]    |
[INFO] [stdout] 45 |     P(quote_block!(cx, {
[INFO] [stdout]    |       ^^^^^^^^^^^
[INFO] [stdout] 
[INFO] [stdout] 
[INFO] [stdout] error: cannot find macro `quote_stmt` in this scope
[INFO] [stdout]   --> src/codegen.rs:74:20
[INFO] [stdout]    |
[INFO] [stdout] 74 |         let stmt = quote_stmt!(cx, {
[INFO] [stdout]    |                    ^^^^^^^^^^
[INFO] [stdout] 
[INFO] [stdout] 
[INFO] [stdout] error: cannot find macro `quote_expr` in this scope
[INFO] [stdout]    --> src/codegen.rs:107:17
[INFO] [stdout]     |
[INFO] [stdout] 107 |     let block = quote_expr!(cx, {
[INFO] [stdout]     |                 ^^^^^^^^^^
[INFO] [stdout] 
[INFO] [stdout] 
[INFO] [stdout] error: cannot find macro `quote_ty` in this scope
[INFO] [stdout]   --> src/util.rs:93:18
[INFO] [stdout]    |
[INFO] [stdout] 93 |             _ => quote_ty!(cx, ()),
[INFO] [stdout]    |                  ^^^^^^^^
[INFO] [stdout] 
[INFO] [stdout] 
[INFO] [stdout] error: cannot find attribute `plugin_registrar` in this scope
[INFO] [stdout]   --> src/lib.rs:31:3
[INFO] [stdout]    |
[INFO] [stdout] 31 | #[plugin_registrar]
[INFO] [stdout]    |   ^^^^^^^^^^^^^^^^
[INFO] [stdout]    |
[INFO] [stdout]    = note: `plugin_registrar` is in scope, but it is a function, not an attribute
[INFO] [stdout] 
[INFO] [stdout] 
[INFO] [stdout] error: cannot find macro `quote_expr` in this scope
[INFO] [stdout]    --> src/lib.rs:140:35
[INFO] [stdout]     |
[INFO] [stdout] 140 |             return MacEager::expr(quote_expr!(cx, {
[INFO] [stdout]     |                                   ^^^^^^^^^^
[INFO] [stdout] 
[INFO] [stdout] 
[INFO] [stdout] error: cannot find macro `quote_attr` in this scope
[INFO] [stdout]    --> src/lib.rs:156:21
[INFO] [stdout]     |
[INFO] [stdout] 156 |     attrs.insert(0, quote_attr!(cx, #![allow(unused_imports)]));
[INFO] [stdout]     |                     ^^^^^^^^^^
[INFO] [stdout] 
[INFO] [stdout] 
[INFO] [stdout] error: cannot find macro `quote_attr` in this scope
[INFO] [stdout]    --> src/lib.rs:157:21
[INFO] [stdout]     |
[INFO] [stdout] 157 |     attrs.insert(0, quote_attr!(cx, #![allow(dead_code)]));
[INFO] [stdout]     |                     ^^^^^^^^^^
[INFO] [stdout] 
[INFO] [stdout] 
[INFO] [stdout] error: cannot find macro `quote_attr` in this scope
[INFO] [stdout]    --> src/lib.rs:158:21
[INFO] [stdout]     |
[INFO] [stdout] 158 |     attrs.insert(0, quote_attr!(cx, #![allow(unused_features)]));
[INFO] [stdout]     |                     ^^^^^^^^^^
[INFO] [stdout] 
[INFO] [stdout] 
[INFO] [stdout] error: cannot find macro `quote_attr` in this scope
[INFO] [stdout]    --> src/lib.rs:181:25
[INFO] [stdout]     |
[INFO] [stdout] 181 |         item.attrs.push(quote_attr!(cx, #![no_mangle]));
[INFO] [stdout]     |                         ^^^^^^^^^^
[INFO] [stdout] 
[INFO] [stdout] 
[INFO] [stdout] error: cannot find macro `quote_item` in this scope
[INFO] [stdout]    --> src/lib.rs:220:20
[INFO] [stdout]     |
[INFO] [stdout] 220 |         .insert(0, quote_item!(cx, extern crate hotswap_runtime;).unwrap());
[INFO] [stdout]     |                    ^^^^^^^^^^
[INFO] [stdout] 
[INFO] [stdout] 
[INFO] [stdout] error[E0554]: `#![feature]` may not be used on the beta release channel
[INFO] [stdout]  --> src/lib.rs:1:1
[INFO] [stdout]   |
[INFO] [stdout] 1 | #![feature(quote, plugin_registrar, rustc_private, box_syntax, stmt_expr_attributes)]
[INFO] [stdout]   | ^^^^^^^^^^^^^^^^^^^^^^^^^^^^^^^^^^^^^^^^^^^^^^^^^^^^^^^^^^^^^^^^^^^^^^^^^^^^^^^^^^^^^
[INFO] [stdout] 
[INFO] [stdout] 
[INFO] [stdout] error: aborting due to 22 previous errors
[INFO] [stdout] 
[INFO] [stdout] 
[INFO] [stdout] Some errors have detailed explanations: E0463, E0554, E0557.
[INFO] [stdout] 
[INFO] [stdout] For more information about an error, try `rustc --explain E0463`.
[INFO] [stdout] 
[INFO] [stderr] error: could not compile `hotswap` (lib) due to 23 previous errors
[INFO] running `Command { std: "docker" "inspect" "c267685745d8dfa82aed9ffd77bf6186bc0d8602b92cfd89ebcc6fa9b166c30c", kill_on_drop: false }`
[INFO] running `Command { std: "docker" "rm" "-f" "c267685745d8dfa82aed9ffd77bf6186bc0d8602b92cfd89ebcc6fa9b166c30c", kill_on_drop: false }`
[INFO] [stdout] c267685745d8dfa82aed9ffd77bf6186bc0d8602b92cfd89ebcc6fa9b166c30c
