[INFO] fetching crate hot-lib-reloader 0.6.5...
[INFO] testing hot-lib-reloader-0.6.5 against 1.75.0 for beta-1.76-1
[INFO] extracting crate hot-lib-reloader 0.6.5 into /workspace/builds/worker-5-tc1/source
[INFO] validating manifest of crates.io crate hot-lib-reloader 0.6.5 on toolchain 1.75.0
[INFO] running `Command { std: CARGO_HOME="/workspace/cargo-home" RUSTUP_HOME="/workspace/rustup-home" "/workspace/cargo-home/bin/cargo" "+1.75.0" "metadata" "--manifest-path" "Cargo.toml" "--no-deps", kill_on_drop: false }`
[INFO] started tweaking crates.io crate hot-lib-reloader 0.6.5
[INFO] finished tweaking crates.io crate hot-lib-reloader 0.6.5
[INFO] tweaked toml for crates.io crate hot-lib-reloader 0.6.5 written to /workspace/builds/worker-5-tc1/source/Cargo.toml
[INFO] running `Command { std: CARGO_HOME="/workspace/cargo-home" RUSTUP_HOME="/workspace/rustup-home" "/workspace/cargo-home/bin/cargo" "+1.75.0" "generate-lockfile" "--manifest-path" "Cargo.toml", kill_on_drop: false }`
[INFO] [stderr]     Updating crates.io index
[INFO] running `Command { std: CARGO_HOME="/workspace/cargo-home" RUSTUP_HOME="/workspace/rustup-home" "/workspace/cargo-home/bin/cargo" "+1.75.0" "fetch" "--manifest-path" "Cargo.toml", kill_on_drop: false }`
[INFO] [stderr]  Downloading crates ...
[INFO] [stderr]   Downloaded hot-lib-reloader-macro v0.6.5
[INFO] running `Command { std: "docker" "create" "-v" "/var/lib/crater-agent-workspace/builds/worker-5-tc1/target:/opt/rustwide/target:rw,Z" "-v" "/var/lib/crater-agent-workspace/builds/worker-5-tc1/source:/opt/rustwide/workdir:ro,Z" "-v" "/var/lib/crater-agent-workspace/cargo-home:/opt/rustwide/cargo-home:ro,Z" "-v" "/var/lib/crater-agent-workspace/rustup-home:/opt/rustwide/rustup-home:ro,Z" "-e" "SOURCE_DIR=/opt/rustwide/workdir" "-e" "CARGO_TARGET_DIR=/opt/rustwide/target" "-e" "CARGO_HOME=/opt/rustwide/cargo-home" "-e" "RUSTUP_HOME=/opt/rustwide/rustup-home" "-w" "/opt/rustwide/workdir" "-m" "1610612736" "--user" "0:0" "--network" "none" "ghcr.io/rust-lang/crates-build-env/linux@sha256:2788e3201cd34a07e3172128adcd8b3090168a8e3bcc40d7c032b9dda1df7d1c" "/opt/rustwide/cargo-home/bin/cargo" "+1.75.0" "metadata" "--no-deps" "--format-version=1", kill_on_drop: false }`
[INFO] [stdout] 4c265cba070673fcfc63552060d14ffed67d7662db6aa0b299006106d3d1c7b0
[INFO] running `Command { std: "docker" "start" "-a" "4c265cba070673fcfc63552060d14ffed67d7662db6aa0b299006106d3d1c7b0", kill_on_drop: false }`
[INFO] running `Command { std: "docker" "inspect" "4c265cba070673fcfc63552060d14ffed67d7662db6aa0b299006106d3d1c7b0", kill_on_drop: false }`
[INFO] running `Command { std: "docker" "rm" "-f" "4c265cba070673fcfc63552060d14ffed67d7662db6aa0b299006106d3d1c7b0", kill_on_drop: false }`
[INFO] [stdout] 4c265cba070673fcfc63552060d14ffed67d7662db6aa0b299006106d3d1c7b0
[INFO] running `Command { std: "docker" "create" "-v" "/var/lib/crater-agent-workspace/builds/worker-5-tc1/target:/opt/rustwide/target:rw,Z" "-v" "/var/lib/crater-agent-workspace/builds/worker-5-tc1/source:/opt/rustwide/workdir:ro,Z" "-v" "/var/lib/crater-agent-workspace/cargo-home:/opt/rustwide/cargo-home:ro,Z" "-v" "/var/lib/crater-agent-workspace/rustup-home:/opt/rustwide/rustup-home:ro,Z" "-e" "SOURCE_DIR=/opt/rustwide/workdir" "-e" "CARGO_TARGET_DIR=/opt/rustwide/target" "-e" "CARGO_INCREMENTAL=0" "-e" "RUST_BACKTRACE=full" "-e" "RUSTFLAGS=--cap-lints=warn" "-e" "RUSTDOCFLAGS=--cap-lints=warn" "-e" "CARGO_HOME=/opt/rustwide/cargo-home" "-e" "RUSTUP_HOME=/opt/rustwide/rustup-home" "-w" "/opt/rustwide/workdir" "-m" "1610612736" "--user" "0:0" "--network" "none" "ghcr.io/rust-lang/crates-build-env/linux@sha256:2788e3201cd34a07e3172128adcd8b3090168a8e3bcc40d7c032b9dda1df7d1c" "/opt/rustwide/cargo-home/bin/cargo" "+1.75.0" "build" "--frozen" "--message-format=json", kill_on_drop: false }`
[INFO] [stdout] 5bf39ff77794249a8d87976afc33146721088fdf5739e419b0a97e8f7a22b9d5
[INFO] running `Command { std: "docker" "start" "-a" "5bf39ff77794249a8d87976afc33146721088fdf5739e419b0a97e8f7a22b9d5", kill_on_drop: false }`
[INFO] [stderr]    Compiling syn v1.0.109
[INFO] [stderr]    Compiling lazycell v1.3.0
[INFO] [stderr]    Compiling crc32fast v1.3.2
[INFO] [stderr]    Compiling libloading v0.7.4
[INFO] [stderr]    Compiling net2 v0.2.39
[INFO] [stderr]    Compiling iovec v0.1.4
[INFO] [stderr]    Compiling inotify-sys v0.1.5
[INFO] [stderr]    Compiling filetime v0.2.23
[INFO] [stderr]    Compiling walkdir v2.4.0
[INFO] [stderr]    Compiling thiserror-impl v1.0.56
[INFO] [stderr]    Compiling inotify v0.7.1
[INFO] [stderr]    Compiling mio v0.6.23
[INFO] [stderr]    Compiling mio-extras v2.0.6
[INFO] [stderr]    Compiling notify v4.0.17
[INFO] [stderr]    Compiling thiserror v1.0.56
[INFO] [stderr]    Compiling hot-lib-reloader-macro v0.6.5
[INFO] [stderr]    Compiling hot-lib-reloader v0.6.5 (/opt/rustwide/workdir)
[INFO] [stderr]     Finished dev [unoptimized + debuginfo] target(s) in 10.35s
[INFO] running `Command { std: "docker" "inspect" "5bf39ff77794249a8d87976afc33146721088fdf5739e419b0a97e8f7a22b9d5", kill_on_drop: false }`
[INFO] running `Command { std: "docker" "rm" "-f" "5bf39ff77794249a8d87976afc33146721088fdf5739e419b0a97e8f7a22b9d5", kill_on_drop: false }`
[INFO] [stdout] 5bf39ff77794249a8d87976afc33146721088fdf5739e419b0a97e8f7a22b9d5
[INFO] running `Command { std: "docker" "create" "-v" "/var/lib/crater-agent-workspace/builds/worker-5-tc1/target:/opt/rustwide/target:rw,Z" "-v" "/var/lib/crater-agent-workspace/builds/worker-5-tc1/source:/opt/rustwide/workdir:ro,Z" "-v" "/var/lib/crater-agent-workspace/cargo-home:/opt/rustwide/cargo-home:ro,Z" "-v" "/var/lib/crater-agent-workspace/rustup-home:/opt/rustwide/rustup-home:ro,Z" "-e" "SOURCE_DIR=/opt/rustwide/workdir" "-e" "CARGO_TARGET_DIR=/opt/rustwide/target" "-e" "CARGO_INCREMENTAL=0" "-e" "RUST_BACKTRACE=full" "-e" "RUSTFLAGS=--cap-lints=warn" "-e" "RUSTDOCFLAGS=--cap-lints=warn" "-e" "CARGO_HOME=/opt/rustwide/cargo-home" "-e" "RUSTUP_HOME=/opt/rustwide/rustup-home" "-w" "/opt/rustwide/workdir" "-m" "1610612736" "--user" "0:0" "--network" "none" "ghcr.io/rust-lang/crates-build-env/linux@sha256:2788e3201cd34a07e3172128adcd8b3090168a8e3bcc40d7c032b9dda1df7d1c" "/opt/rustwide/cargo-home/bin/cargo" "+1.75.0" "test" "--frozen" "--no-run" "--message-format=json", kill_on_drop: false }`
[INFO] [stdout] cb0765fb0978748d9f12284345fe378214199a86774440c860a3ee5ae9c0b433
[INFO] running `Command { std: "docker" "start" "-a" "cb0765fb0978748d9f12284345fe378214199a86774440c860a3ee5ae9c0b433", kill_on_drop: false }`
[INFO] [stderr]    Compiling log v0.4.20
[INFO] [stderr]    Compiling regex-syntax v0.8.2
[INFO] [stderr]    Compiling aho-corasick v1.1.2
[INFO] [stderr]    Compiling termcolor v1.4.0
[INFO] [stderr]    Compiling atty v0.2.14
[INFO] [stderr]    Compiling mio v0.6.23
[INFO] [stderr]    Compiling mio-extras v2.0.6
[INFO] [stderr]    Compiling notify v4.0.17
[INFO] [stderr]    Compiling regex-automata v0.4.3
[INFO] [stderr]    Compiling hot-lib-reloader v0.6.5 (/opt/rustwide/workdir)
[INFO] [stderr]    Compiling regex v1.10.2
[INFO] [stderr]    Compiling env_logger v0.9.3
[INFO] [stdout] error: Could not find Rust source file "tests/lib_for_testing/src/lib.rs". Please make sure that you specify the file path from the project root directory. Please not that this has been changed in hot-lib-reloader v0.5 -> v0.6. See https://github.com/rksm/hot-lib-reloader-rs/issues/13.
[INFO] [stdout]  --> tests/lib-loader-test.rs:7:30
[INFO] [stdout]   |
[INFO] [stdout] 7 |     hot_functions_from_file!("tests/lib_for_testing/src/lib.rs");
[INFO] [stdout]   |                              ^^^^^^^^^^^^^^^^^^^^^^^^^^^^^^^^^^
[INFO] [stdout] 
[INFO] [stdout] 
[INFO] [stdout] error[E0433]: failed to resolve: use of undeclared crate or module `hot_lib`
[INFO] [stdout]   --> tests/lib-loader-test.rs:25:13
[INFO] [stdout]    |
[INFO] [stdout] 25 |     let n = hot_lib::do_more_stuff(Box::new(hot_lib::do_stuff));
[INFO] [stdout]    |             ^^^^^^^ use of undeclared crate or module `hot_lib`
[INFO] [stdout] 
[INFO] [stdout] 
[INFO] [stdout] error[E0433]: failed to resolve: use of undeclared crate or module `hot_lib`
[INFO] [stdout]   --> tests/lib-loader-test.rs:25:45
[INFO] [stdout]    |
[INFO] [stdout] 25 |     let n = hot_lib::do_more_stuff(Box::new(hot_lib::do_stuff));
[INFO] [stdout]    |                                             ^^^^^^^ use of undeclared crate or module `hot_lib`
[INFO] [stdout] 
[INFO] [stdout] 
[INFO] [stdout] error[E0433]: failed to resolve: use of undeclared crate or module `hot_lib`
[INFO] [stdout]   --> tests/lib-loader-test.rs:28:16
[INFO] [stdout]    |
[INFO] [stdout] 28 |     assert_eq!(hot_lib::version(), 0);
[INFO] [stdout]    |                ^^^^^^^ use of undeclared crate or module `hot_lib`
[INFO] [stdout] 
[INFO] [stdout] 
[INFO] [stdout] error[E0433]: failed to resolve: use of undeclared crate or module `hot_lib`
[INFO] [stdout]   --> tests/lib-loader-test.rs:29:14
[INFO] [stdout]    |
[INFO] [stdout] 29 |     assert!(!hot_lib::was_updated());
[INFO] [stdout]    |              ^^^^^^^ use of undeclared crate or module `hot_lib`
[INFO] [stdout] 
[INFO] [stdout] 
[INFO] [stdout] error[E0433]: failed to resolve: use of undeclared crate or module `hot_lib`
[INFO] [stdout]   --> tests/lib-loader-test.rs:41:32
[INFO] [stdout]    |
[INFO] [stdout] 41 |             let lib_observer = hot_lib::subscribe();
[INFO] [stdout]    |                                ^^^^^^^ use of undeclared crate or module `hot_lib`
[INFO] [stdout] 
[INFO] [stdout] 
[INFO] [stdout] error[E0433]: failed to resolve: use of undeclared crate or module `hot_lib`
[INFO] [stdout]   --> tests/lib-loader-test.rs:51:21
[INFO] [stdout]    |
[INFO] [stdout] 51 |             let n = hot_lib::do_more_stuff(Box::new(hot_lib::do_stuff));
[INFO] [stdout]    |                     ^^^^^^^ use of undeclared crate or module `hot_lib`
[INFO] [stdout] 
[INFO] [stdout] 
[INFO] [stdout] error[E0433]: failed to resolve: use of undeclared crate or module `hot_lib`
[INFO] [stdout]   --> tests/lib-loader-test.rs:51:53
[INFO] [stdout]    |
[INFO] [stdout] 51 |             let n = hot_lib::do_more_stuff(Box::new(hot_lib::do_stuff));
[INFO] [stdout]    |                                                     ^^^^^^^ use of undeclared crate or module `hot_lib`
[INFO] [stdout] 
[INFO] [stdout] 
[INFO] [stdout] error[E0433]: failed to resolve: use of undeclared crate or module `hot_lib`
[INFO] [stdout]   --> tests/lib-loader-test.rs:53:24
[INFO] [stdout]    |
[INFO] [stdout] 53 |             assert_eq!(hot_lib::version(), 0);
[INFO] [stdout]    |                        ^^^^^^^ use of undeclared crate or module `hot_lib`
[INFO] [stdout] 
[INFO] [stdout] 
[INFO] [stdout] error[E0433]: failed to resolve: use of undeclared crate or module `hot_lib`
[INFO] [stdout]   --> tests/lib-loader-test.rs:54:22
[INFO] [stdout]    |
[INFO] [stdout] 54 |             assert!(!hot_lib::was_updated());
[INFO] [stdout]    |                      ^^^^^^^ use of undeclared crate or module `hot_lib`
[INFO] [stdout] 
[INFO] [stdout] 
[INFO] [stdout] error[E0433]: failed to resolve: use of undeclared crate or module `hot_lib`
[INFO] [stdout]   --> tests/lib-loader-test.rs:63:21
[INFO] [stdout]    |
[INFO] [stdout] 63 |             let n = hot_lib::do_more_stuff(Box::new(hot_lib::do_stuff));
[INFO] [stdout]    |                     ^^^^^^^ use of undeclared crate or module `hot_lib`
[INFO] [stdout] 
[INFO] [stdout] 
[INFO] [stdout] error[E0433]: failed to resolve: use of undeclared crate or module `hot_lib`
[INFO] [stdout]   --> tests/lib-loader-test.rs:63:53
[INFO] [stdout]    |
[INFO] [stdout] 63 |             let n = hot_lib::do_more_stuff(Box::new(hot_lib::do_stuff));
[INFO] [stdout]    |                                                     ^^^^^^^ use of undeclared crate or module `hot_lib`
[INFO] [stdout] 
[INFO] [stdout] 
[INFO] [stdout] error[E0433]: failed to resolve: use of undeclared crate or module `hot_lib`
[INFO] [stdout]   --> tests/lib-loader-test.rs:65:24
[INFO] [stdout]    |
[INFO] [stdout] 65 |             assert_eq!(hot_lib::version(), 1);
[INFO] [stdout]    |                        ^^^^^^^ use of undeclared crate or module `hot_lib`
[INFO] [stdout] 
[INFO] [stdout] 
[INFO] [stdout] error[E0433]: failed to resolve: use of undeclared crate or module `hot_lib`
[INFO] [stdout]   --> tests/lib-loader-test.rs:66:21
[INFO] [stdout]    |
[INFO] [stdout] 66 |             assert!(hot_lib::was_updated());
[INFO] [stdout]    |                     ^^^^^^^ use of undeclared crate or module `hot_lib`
[INFO] [stdout] 
[INFO] [stdout] 
[INFO] [stdout] error[E0433]: failed to resolve: use of undeclared crate or module `hot_lib`
[INFO] [stdout]   --> tests/lib-loader-test.rs:67:22
[INFO] [stdout]    |
[INFO] [stdout] 67 |             assert!(!hot_lib::was_updated());
[INFO] [stdout]    |                      ^^^^^^^ use of undeclared crate or module `hot_lib`
[INFO] [stdout] 
[INFO] [stdout] 
[INFO] [stdout] error: aborting due to 15 previous errors
[INFO] [stdout] 
[INFO] [stdout] 
[INFO] [stdout] For more information about this error, try `rustc --explain E0433`.
[INFO] [stdout] 
[INFO] [stderr] error: could not compile `hot-lib-reloader` (test "lib-loader-test") due to 16 previous errors
[INFO] [stderr] warning: build failed, waiting for other jobs to finish...
[INFO] running `Command { std: "docker" "inspect" "cb0765fb0978748d9f12284345fe378214199a86774440c860a3ee5ae9c0b433", kill_on_drop: false }`
[INFO] running `Command { std: "docker" "rm" "-f" "cb0765fb0978748d9f12284345fe378214199a86774440c860a3ee5ae9c0b433", kill_on_drop: false }`
[INFO] [stdout] cb0765fb0978748d9f12284345fe378214199a86774440c860a3ee5ae9c0b433
