[INFO] fetching crate hocon 0.9.0...
[INFO] testing hocon-0.9.0 against 1.75.0 for beta-1.76-1
[INFO] extracting crate hocon 0.9.0 into /workspace/builds/worker-0-tc1/source
[INFO] validating manifest of crates.io crate hocon 0.9.0 on toolchain 1.75.0
[INFO] running `Command { std: CARGO_HOME="/workspace/cargo-home" RUSTUP_HOME="/workspace/rustup-home" "/workspace/cargo-home/bin/cargo" "+1.75.0" "metadata" "--manifest-path" "Cargo.toml" "--no-deps", kill_on_drop: false }`
[INFO] started tweaking crates.io crate hocon 0.9.0
[INFO] finished tweaking crates.io crate hocon 0.9.0
[INFO] tweaked toml for crates.io crate hocon 0.9.0 written to /workspace/builds/worker-0-tc1/source/Cargo.toml
[INFO] crate crates.io crate hocon 0.9.0 already has a lockfile, it will not be regenerated
[INFO] running `Command { std: CARGO_HOME="/workspace/cargo-home" RUSTUP_HOME="/workspace/rustup-home" "/workspace/cargo-home/bin/cargo" "+1.75.0" "fetch" "--manifest-path" "Cargo.toml", kill_on_drop: false }`
[INFO] [stderr]  Downloading crates ...
[INFO] [stderr]   Downloaded plotters-svg v0.3.1
[INFO] [stderr]   Downloaded criterion v0.3.5
[INFO] [stderr]   Downloaded serde_path_to_error v0.1.7
[INFO] [stderr]   Downloaded criterion-plot v0.4.4
[INFO] [stderr]   Downloaded wasm-bindgen-futures v0.4.30
[INFO] [stderr]   Downloaded plotters-backend v0.3.2
[INFO] [stderr]   Downloaded uuid v1.0.0
[INFO] [stderr]   Downloaded similar v2.1.0
[INFO] [stderr]   Downloaded java-properties v1.4.1
[INFO] [stderr]   Downloaded plotters v0.3.1
[INFO] [stderr]   Downloaded test-generator v0.3.0
[INFO] [stderr]   Downloaded insta v1.14.0
[INFO] running `Command { std: "docker" "create" "-v" "/var/lib/crater-agent-workspace/builds/worker-0-tc1/target:/opt/rustwide/target:rw,Z" "-v" "/var/lib/crater-agent-workspace/builds/worker-0-tc1/source:/opt/rustwide/workdir:ro,Z" "-v" "/var/lib/crater-agent-workspace/cargo-home:/opt/rustwide/cargo-home:ro,Z" "-v" "/var/lib/crater-agent-workspace/rustup-home:/opt/rustwide/rustup-home:ro,Z" "-e" "SOURCE_DIR=/opt/rustwide/workdir" "-e" "CARGO_TARGET_DIR=/opt/rustwide/target" "-e" "CARGO_HOME=/opt/rustwide/cargo-home" "-e" "RUSTUP_HOME=/opt/rustwide/rustup-home" "-w" "/opt/rustwide/workdir" "-m" "1610612736" "--user" "0:0" "--network" "none" "ghcr.io/rust-lang/crates-build-env/linux@sha256:2788e3201cd34a07e3172128adcd8b3090168a8e3bcc40d7c032b9dda1df7d1c" "/opt/rustwide/cargo-home/bin/cargo" "+1.75.0" "metadata" "--no-deps" "--format-version=1", kill_on_drop: false }`
[INFO] [stdout] 4f9458e1077995edc75fe7ea2e4d23fe2814456003228068cf21c5ab1092e9ff
[INFO] running `Command { std: "docker" "start" "-a" "4f9458e1077995edc75fe7ea2e4d23fe2814456003228068cf21c5ab1092e9ff", kill_on_drop: false }`
[INFO] running `Command { std: "docker" "inspect" "4f9458e1077995edc75fe7ea2e4d23fe2814456003228068cf21c5ab1092e9ff", kill_on_drop: false }`
[INFO] running `Command { std: "docker" "rm" "-f" "4f9458e1077995edc75fe7ea2e4d23fe2814456003228068cf21c5ab1092e9ff", kill_on_drop: false }`
[INFO] [stdout] 4f9458e1077995edc75fe7ea2e4d23fe2814456003228068cf21c5ab1092e9ff
[INFO] running `Command { std: "docker" "create" "-v" "/var/lib/crater-agent-workspace/builds/worker-0-tc1/target:/opt/rustwide/target:rw,Z" "-v" "/var/lib/crater-agent-workspace/builds/worker-0-tc1/source:/opt/rustwide/workdir:ro,Z" "-v" "/var/lib/crater-agent-workspace/cargo-home:/opt/rustwide/cargo-home:ro,Z" "-v" "/var/lib/crater-agent-workspace/rustup-home:/opt/rustwide/rustup-home:ro,Z" "-e" "SOURCE_DIR=/opt/rustwide/workdir" "-e" "CARGO_TARGET_DIR=/opt/rustwide/target" "-e" "CARGO_INCREMENTAL=0" "-e" "RUST_BACKTRACE=full" "-e" "RUSTFLAGS=--cap-lints=warn" "-e" "RUSTDOCFLAGS=--cap-lints=warn" "-e" "CARGO_HOME=/opt/rustwide/cargo-home" "-e" "RUSTUP_HOME=/opt/rustwide/rustup-home" "-w" "/opt/rustwide/workdir" "-m" "1610612736" "--user" "0:0" "--network" "none" "ghcr.io/rust-lang/crates-build-env/linux@sha256:2788e3201cd34a07e3172128adcd8b3090168a8e3bcc40d7c032b9dda1df7d1c" "/opt/rustwide/cargo-home/bin/cargo" "+1.75.0" "build" "--frozen" "--message-format=json", kill_on_drop: false }`
[INFO] [stdout] 51c4cba653cf021d239e015f4b8c76bf6f6e73af54e904ad2af954e092ac5fdf
[INFO] running `Command { std: "docker" "start" "-a" "51c4cba653cf021d239e015f4b8c76bf6f6e73af54e904ad2af954e092ac5fdf", kill_on_drop: false }`
[INFO] [stderr]    Compiling libc v0.2.124
[INFO] [stderr]    Compiling proc-macro2 v1.0.37
[INFO] [stderr]    Compiling unicode-xid v0.2.2
[INFO] [stderr]    Compiling syn v1.0.91
[INFO] [stderr]    Compiling memchr v2.4.1
[INFO] [stderr]    Compiling log v0.4.16
[INFO] [stderr]    Compiling pin-project-lite v0.2.8
[INFO] [stderr]    Compiling cc v1.0.73
[INFO] [stderr]    Compiling bytes v1.1.0
[INFO] [stderr]    Compiling futures-core v0.3.21
[INFO] [stderr]    Compiling once_cell v1.10.0
[INFO] [stderr]    Compiling encoding_index_tests v0.1.4
[INFO] [stderr]    Compiling futures-task v0.3.21
[INFO] [stderr]    Compiling itoa v1.0.1
[INFO] [stderr]    Compiling spin v0.5.2
[INFO] [stderr]    Compiling untrusted v0.7.1
[INFO] [stderr]    Compiling indexmap v1.8.1
[INFO] [stderr]    Compiling tracing-core v0.1.26
[INFO] [stderr]    Compiling futures-util v0.3.21
[INFO] [stderr]    Compiling serde_derive v1.0.136
[INFO] [stderr]    Compiling matches v0.1.9
[INFO] [stderr]    Compiling futures-channel v0.3.21
[INFO] [stderr]    Compiling rustls v0.20.4
[INFO] [stderr]    Compiling hashbrown v0.11.2
[INFO] [stderr]    Compiling tinyvec_macros v0.1.0
[INFO] [stderr]    Compiling httparse v1.7.0
[INFO] [stderr]    Compiling serde v1.0.136
[INFO] [stderr]    Compiling futures-sink v0.3.21
[INFO] [stderr]    Compiling futures-io v0.3.21
[INFO] [stderr]    Compiling http v0.2.6
[INFO] [stderr]    Compiling slab v0.4.6
[INFO] [stderr]    Compiling tinyvec v1.6.0
[INFO] [stderr]    Compiling try-lock v0.2.3
[INFO] [stderr]    Compiling base64 v0.13.0
[INFO] [stderr]    Compiling percent-encoding v2.1.0
[INFO] [stderr]    Compiling want v0.3.0
[INFO] [stderr]    Compiling form_urlencoded v1.0.1
[INFO] [stderr]    Compiling version_check v0.1.5
[INFO] [stderr]    Compiling unicode-bidi v0.3.7
[INFO] [stderr]    Compiling tower-service v0.3.1
[INFO] [stderr]    Compiling httpdate v1.0.2
[INFO] [stderr]    Compiling encoding_rs v0.8.31
[INFO] [stderr]    Compiling rustls-pemfile v1.0.0
[INFO] [stderr]    Compiling encoding-index-korean v1.20141219.5
[INFO] [stderr]    Compiling encoding-index-singlebyte v1.20141219.5
[INFO] [stderr]    Compiling quote v1.0.18
[INFO] [stderr]    Compiling socket2 v0.4.4
[INFO] [stderr]    Compiling num_cpus v1.13.1
[INFO] [stderr]    Compiling mio v0.8.2
[INFO] [stderr]    Compiling nom v4.2.3
[INFO] [stderr]    Compiling aho-corasick v0.7.18
[INFO] [stderr]    Compiling encoding-index-tradchinese v1.20141219.5
[INFO] [stderr]    Compiling encoding-index-simpchinese v1.20141219.5
[INFO] [stderr]    Compiling encoding-index-japanese v1.20141219.5
[INFO] [stderr]    Compiling regex-syntax v0.6.25
[INFO] [stderr]    Compiling ryu v1.0.9
[INFO] [stderr]    Compiling openssl-probe v0.1.5
[INFO] [stderr]    Compiling ring v0.16.20
[INFO] [stderr]    Compiling tokio v1.17.0
[INFO] [stderr]    Compiling rustls-native-certs v0.6.2
[INFO] [stderr]    Compiling encoding v0.2.33
[INFO] [stderr]    Compiling unicode-normalization v0.1.19
[INFO] [stderr]    Compiling getrandom v0.2.6
[INFO] [stderr]    Compiling rustls-pemfile v0.3.0
[INFO] [stderr]    Compiling ipnet v2.5.0
[INFO] [stderr]    Compiling mime v0.3.16
[INFO] [stderr]    Compiling uuid v1.0.0
[INFO] [stderr]    Compiling linked-hash-map v0.5.4
[INFO] [stderr]    Compiling idna v0.2.3
[INFO] [stderr]    Compiling http-body v0.4.4
[INFO] [stderr]    Compiling url v2.2.2
[INFO] [stderr]    Compiling regex v1.5.5
[INFO] [stderr]    Compiling java-properties v1.4.1
[INFO] [stderr]    Compiling sct v0.7.0
[INFO] [stderr]    Compiling webpki v0.22.0
[INFO] [stderr]    Compiling tracing-attributes v0.1.20
[INFO] [stderr]    Compiling thiserror-impl v1.0.30
[INFO] [stderr]    Compiling thiserror v1.0.30
[INFO] [stderr]    Compiling tracing v0.1.34
[INFO] [stderr]    Compiling tokio-util v0.7.1
[INFO] [stderr]    Compiling tokio-rustls v0.23.3
[INFO] [stderr]    Compiling h2 v0.3.13
[INFO] [stderr]    Compiling hyper v0.14.18
[INFO] [stderr]    Compiling serde_urlencoded v0.7.1
[INFO] [stderr]    Compiling serde_path_to_error v0.1.7
[INFO] [stderr]    Compiling hyper-rustls v0.23.0
[INFO] [stderr]    Compiling reqwest v0.11.10
[INFO] [stderr]    Compiling hocon v0.9.0 (/opt/rustwide/workdir)
[INFO] [stderr]     Finished dev [unoptimized + debuginfo] target(s) in 13.00s
[INFO] [stderr] warning: the following packages contain code that will be rejected by a future version of Rust: nom v4.2.3
[INFO] [stderr] note: to see what the problems were, use the option `--future-incompat-report`, or run `cargo report future-incompatibilities --id 3`
[INFO] running `Command { std: "docker" "inspect" "51c4cba653cf021d239e015f4b8c76bf6f6e73af54e904ad2af954e092ac5fdf", kill_on_drop: false }`
[INFO] running `Command { std: "docker" "rm" "-f" "51c4cba653cf021d239e015f4b8c76bf6f6e73af54e904ad2af954e092ac5fdf", kill_on_drop: false }`
[INFO] [stdout] 51c4cba653cf021d239e015f4b8c76bf6f6e73af54e904ad2af954e092ac5fdf
[INFO] running `Command { std: "docker" "create" "-v" "/var/lib/crater-agent-workspace/builds/worker-0-tc1/target:/opt/rustwide/target:rw,Z" "-v" "/var/lib/crater-agent-workspace/builds/worker-0-tc1/source:/opt/rustwide/workdir:ro,Z" "-v" "/var/lib/crater-agent-workspace/cargo-home:/opt/rustwide/cargo-home:ro,Z" "-v" "/var/lib/crater-agent-workspace/rustup-home:/opt/rustwide/rustup-home:ro,Z" "-e" "SOURCE_DIR=/opt/rustwide/workdir" "-e" "CARGO_TARGET_DIR=/opt/rustwide/target" "-e" "CARGO_INCREMENTAL=0" "-e" "RUST_BACKTRACE=full" "-e" "RUSTFLAGS=--cap-lints=warn" "-e" "RUSTDOCFLAGS=--cap-lints=warn" "-e" "CARGO_HOME=/opt/rustwide/cargo-home" "-e" "RUSTUP_HOME=/opt/rustwide/rustup-home" "-w" "/opt/rustwide/workdir" "-m" "1610612736" "--user" "0:0" "--network" "none" "ghcr.io/rust-lang/crates-build-env/linux@sha256:2788e3201cd34a07e3172128adcd8b3090168a8e3bcc40d7c032b9dda1df7d1c" "/opt/rustwide/cargo-home/bin/cargo" "+1.75.0" "test" "--frozen" "--no-run" "--message-format=json", kill_on_drop: false }`
[INFO] [stdout] 97da00668e88be83d35081c9f5ff9d9fdd2b4e6c7b94d683a7a80691f7330cd9
[INFO] running `Command { std: "docker" "start" "-a" "97da00668e88be83d35081c9f5ff9d9fdd2b4e6c7b94d683a7a80691f7330cd9", kill_on_drop: false }`
[INFO] [stderr]    Compiling crossbeam-utils v0.8.8
[INFO] [stderr]    Compiling semver v1.0.7
[INFO] [stderr]    Compiling memoffset v0.6.5
[INFO] [stderr]    Compiling crossbeam-epoch v0.9.8
[INFO] [stderr]    Compiling rayon-core v1.9.2
[INFO] [stderr]    Compiling serde_json v1.0.79
[INFO] [stderr]    Compiling num-traits v0.2.14
[INFO] [stderr]    Compiling either v1.6.1
[INFO] [stderr]    Compiling rayon v1.5.2
[INFO] [stderr]    Compiling unicode-width v0.1.9
[INFO] [stderr]    Compiling plotters-backend v0.3.2
[INFO] [stderr]    Compiling regex-automata v0.1.10
[INFO] [stderr]    Compiling syn v0.15.44
[INFO] [stderr]    Compiling yaml-rust v0.4.5
[INFO] [stderr]    Compiling rand_core v0.6.3
[INFO] [stderr]    Compiling csv-core v0.1.10
[INFO] [stderr]    Compiling itertools v0.10.3
[INFO] [stderr]    Compiling textwrap v0.11.0
[INFO] [stderr]    Compiling terminal_size v0.1.17
[INFO] [stderr]    Compiling bstr v0.2.17
[INFO] [stderr]    Compiling half v1.8.2
[INFO] [stderr]    Compiling itoa v0.4.8
[INFO] [stderr]    Compiling clap v2.34.0
[INFO] [stderr]    Compiling plotters-svg v0.3.1
[INFO] [stderr]    Compiling serde_cbor v0.11.2
[INFO] [stderr]    Compiling serde_yaml v0.8.23
[INFO] [stderr]    Compiling walkdir v2.3.2
[INFO] [stderr]    Compiling rand_chacha v0.3.1
[INFO] [stderr]    Compiling console v0.15.0
[INFO] [stderr]    Compiling atty v0.2.14
[INFO] [stderr]    Compiling rustc_version v0.4.0
[INFO] [stderr]    Compiling similar v2.1.0
[INFO] [stderr]    Compiling glob v0.3.0
[INFO] [stderr]    Compiling cast v0.2.7
[INFO] [stderr]    Compiling crossbeam-channel v0.5.4
[INFO] [stderr]    Compiling crossbeam-deque v0.8.1
[INFO] [stderr]    Compiling plotters v0.3.1
[INFO] [stderr]    Compiling csv v1.1.6
[INFO] [stderr]    Compiling oorandom v11.1.3
[INFO] [stderr]    Compiling rand v0.8.5
[INFO] [stderr]    Compiling tinytemplate v1.2.1
[INFO] [stderr]    Compiling insta v1.14.0
[INFO] [stderr]    Compiling criterion-plot v0.4.4
[INFO] [stderr]    Compiling test-generator v0.3.0
[INFO] [stderr]    Compiling criterion v0.3.5
[INFO] [stderr]    Compiling hocon v0.9.0 (/opt/rustwide/workdir)
[INFO] [stderr] error: could not compile `hocon` (lib test)
[INFO] [stderr] 
[INFO] [stderr] Caused by:
[INFO] [stderr]   process didn't exit successfully: `/opt/rustwide/rustup-home/toolchains/1.75.0-x86_64-unknown-linux-gnu/bin/rustc --crate-name hocon --edition=2018 src/lib.rs --error-format=json --json=diagnostic-rendered-ansi,artifacts,future-incompat --emit=dep-info,link -C embed-bitcode=no -C debuginfo=2 --test --cfg 'feature="default"' --cfg 'feature="reqwest"' --cfg 'feature="serde"' --cfg 'feature="serde-support"' --cfg 'feature="test-snapshot"' --cfg 'feature="url-support"' -C metadata=4cf959d340ba36ba -C extra-filename=-4cf959d340ba36ba --out-dir /opt/rustwide/target/debug/deps -L dependency=/opt/rustwide/target/debug/deps --extern aho_corasick=/opt/rustwide/target/debug/deps/libaho_corasick-ffec38ae5b395b94.rlib --extern criterion=/opt/rustwide/target/debug/deps/libcriterion-d28c89f8a73aa5c6.rlib --extern insta=/opt/rustwide/target/debug/deps/libinsta-66656e4c48fb39c2.rlib --extern java_properties=/opt/rustwide/target/debug/deps/libjava_properties-d2f9b3c1a5c994f6.rlib --extern lazy_static=/opt/rustwide/target/debug/deps/liblazy_static-591486ebcb9a7ead.rlib --extern linked_hash_map=/opt/rustwide/target/debug/deps/liblinked_hash_map-955743f590481109.rlib --extern memchr=/opt/rustwide/target/debug/deps/libmemchr-5a84f82bd0d05428.rlib --extern nom=/opt/rustwide/target/debug/deps/libnom-07528a7e8f86a3e4.rlib --extern rand=/opt/rustwide/target/debug/deps/librand-996f7092a8eea444.rlib --extern reqwest=/opt/rustwide/target/debug/deps/libreqwest-bdb46721a8efe2d2.rlib --extern serde=/opt/rustwide/target/debug/deps/libserde-4050234b5d38abc8.rlib --extern serde_json=/opt/rustwide/target/debug/deps/libserde_json-3c46f283250a63e4.rlib --extern serde_path_to_error=/opt/rustwide/target/debug/deps/libserde_path_to_error-9adc9ab268665116.rlib --extern test_generator=/opt/rustwide/target/debug/deps/libtest_generator-320be3a8e02ef49e.so --extern thiserror=/opt/rustwide/target/debug/deps/libthiserror-25d8181951edd922.rlib --extern uuid=/opt/rustwide/target/debug/deps/libuuid-514a88e7f39ce28a.rlib --cap-lints=warn -L native=/opt/rustwide/target/debug/build/ring-340fd659df181cd3/out` (signal: 9, SIGKILL: kill)
[INFO] [stderr] warning: build failed, waiting for other jobs to finish...
[INFO] [stdout] error: linking with `cc` failed: exit status: 1
[INFO] [stdout]   |
[INFO] [stdout]   = note: LC_ALL="C" PATH="/opt/rustwide/rustup-home/toolchains/1.75.0-x86_64-unknown-linux-gnu/lib/rustlib/x86_64-unknown-linux-gnu/bin:/opt/rustwide/cargo-home/bin:/usr/local/sbin:/usr/local/bin:/usr/sbin:/usr/bin:/sbin:/bin" VSLANG="1033" "cc" "-m64" "/tmp/rustcEdBRdP/symbols.o" "/opt/rustwide/target/debug/examples/hocon2json-63214928e919e301.hocon2json.6969e7008705cdbb-cgu.0.rcgu.o" "/opt/rustwide/target/debug/examples/hocon2json-63214928e919e301.hocon2json.6969e7008705cdbb-cgu.1.rcgu.o" "/opt/rustwide/target/debug/examples/hocon2json-63214928e919e301.hocon2json.6969e7008705cdbb-cgu.2.rcgu.o" "/opt/rustwide/target/debug/examples/hocon2json-63214928e919e301.56ybagmoqlg1ktak.rcgu.o" "-Wl,--as-needed" "-L" "/opt/rustwide/target/debug/deps" "-L" "/opt/rustwide/target/debug/build/ring-340fd659df181cd3/out" "-L" "/opt/rustwide/rustup-home/toolchains/1.75.0-x86_64-unknown-linux-gnu/lib/rustlib/x86_64-unknown-linux-gnu/lib" "-Wl,-Bstatic" "/opt/rustwide/target/debug/deps/libhocon-5ce42ba163095b1b.rlib" "/opt/rustwide/target/debug/deps/libserde_path_to_error-9adc9ab268665116.rlib" "/opt/rustwide/target/debug/deps/libreqwest-bdb46721a8efe2d2.rlib" "/opt/rustwide/target/debug/deps/librustls_pemfile-6fa1c2d343498311.rlib" "/opt/rustwide/target/debug/deps/libhyper_rustls-93e8fd4a6ed39adf.rlib" "/opt/rustwide/target/debug/deps/librustls_native_certs-c3c6dc526d3a8de6.rlib" "/opt/rustwide/target/debug/deps/librustls_pemfile-d90f035551fbad7f.rlib" "/opt/rustwide/target/debug/deps/libopenssl_probe-d850575132083d7c.rlib" "/opt/rustwide/target/debug/deps/libipnet-55fdaaa4d0006a30.rlib" "/opt/rustwide/target/debug/deps/libtokio_rustls-dfd624be76a1fec3.rlib" "/opt/rustwide/target/debug/deps/librustls-82b59c32da6f17dc.rlib" "/opt/rustwide/target/debug/deps/libsct-5397a4c11dbfff5f.rlib" "/opt/rustwide/target/debug/deps/libwebpki-1aa22854cdafec15.rlib" "/opt/rustwide/target/debug/deps/libring-9d6e121183f7e057.rlib" "/opt/rustwide/target/debug/deps/libspin-c4098cd951aef6c9.rlib" "/opt/rustwide/target/debug/deps/libuntrusted-5ec0aa78ed8cda5c.rlib" "/opt/rustwide/target/debug/deps/libonce_cell-d4185e3ff62717e2.rlib" "/opt/rustwide/target/debug/deps/libserde_urlencoded-08637df7e0962a35.rlib" "/opt/rustwide/target/debug/deps/libmime-450b243d21db2a61.rlib" "/opt/rustwide/target/debug/deps/libencoding_rs-6ac919aaf73aa201.rlib" "/opt/rustwide/target/debug/deps/libbase64-8ea64d3566a9d67e.rlib" "/opt/rustwide/target/debug/deps/libhyper-1b7604b100e26c14.rlib" "/opt/rustwide/target/debug/deps/libwant-f4a5ecda14c8b8ef.rlib" "/opt/rustwide/target/debug/deps/libtry_lock-6573df21d991c823.rlib" "/opt/rustwide/target/debug/deps/libhttparse-7c10c29800e2ddb6.rlib" "/opt/rustwide/target/debug/deps/libh2-8a0788f4e0e61d64.rlib" "/opt/rustwide/target/debug/deps/libindexmap-c6b645aaab4ca847.rlib" "/opt/rustwide/target/debug/deps/libhashbrown-60eca540826c5d5d.rlib" "/opt/rustwide/target/debug/deps/libtokio_util-8511a542bf8cf6a2.rlib" "/opt/rustwide/target/debug/deps/libfutures_sink-05f2cb5fbc7977ea.rlib" "/opt/rustwide/target/debug/deps/libtower_service-9991ae2cafd1f41b.rlib" "/opt/rustwide/target/debug/deps/libtracing-ef936c85c549c074.rlib" "/opt/rustwide/target/debug/deps/libtracing_core-2319fb4a7f482636.rlib" "/opt/rustwide/target/debug/deps/libfutures_channel-5ab6dffe381b103c.rlib" "/opt/rustwide/target/debug/deps/libtokio-a842d261a17c2167.rlib" "/opt/rustwide/target/debug/deps/libnum_cpus-fef11270843fb985.rlib" "/opt/rustwide/target/debug/deps/libsocket2-49897eccf62ab966.rlib" "/opt/rustwide/target/debug/deps/libmio-9d6f0f4fcb28194f.rlib" "/opt/rustwide/target/debug/deps/libhttp_body-39bacd65430131ac.rlib" "/opt/rustwide/target/debug/deps/libfutures_util-844ec386369bf8f3.rlib" "/opt/rustwide/target/debug/deps/libfutures_io-116bfed72b11ea9e.rlib" "/opt/rustwide/target/debug/deps/libslab-16df553d075f3057.rlib" "/opt/rustwide/target/debug/deps/libpin_project_lite-bd863d416e545bf5.rlib" "/opt/rustwide/target/debug/deps/libfutures_task-be5dcf70b5fcba4c.rlib" "/opt/rustwide/target/debug/deps/libpin_utils-741f7d9d160e4a16.rlib" "/opt/rustwide/target/debug/deps/liblog-51555fd3036e06f3.rlib" "/opt/rustwide/target/debug/deps/libfutures_core-561ba3cced7f43f6.rlib" "/opt/rustwide/target/debug/deps/liburl-c20454f587f99f63.rlib" "/opt/rustwide/target/debug/deps/libidna-25319fc6e559829b.rlib" "/opt/rustwide/target/debug/deps/libunicode_normalization-5a87305eef6f445b.rlib" "/opt/rustwide/target/debug/deps/libtinyvec-e78be141da4aa4a4.rlib" "/opt/rustwide/target/debug/deps/libtinyvec_macros-bfeb7a087f0273ce.rlib" "/opt/rustwide/target/debug/deps/libunicode_bidi-d3ecfe40977b4a59.rlib" "/opt/rustwide/target/debug/deps/libform_urlencoded-74b1dcad9e8d80e6.rlib" "/opt/rustwide/target/debug/deps/libpercent_encoding-526c9d71c02fb5bb.rlib" "/opt/rustwide/target/debug/deps/libmatches-e0861c3f10bd1789.rlib" "/opt/rustwide/target/debug/deps/libhttp-f8579927572df7fb.rlib" "/opt/rustwide/target/debug/deps/libbytes-55e4baa7bb335bc7.rlib" "/opt/rustwide/target/debug/deps/libfnv-18bf5144d055e772.rlib" "/opt/rustwide/target/debug/deps/libjava_properties-d2f9b3c1a5c994f6.rlib" "/opt/rustwide/target/debug/deps/libregex-a9e22bbb57bd123b.rlib" "/opt/rustwide/target/debug/deps/libregex_syntax-df051bb3664d7987.rlib" "/opt/rustwide/target/debug/deps/libencoding-4dd272db3d8bc387.rlib" "/opt/rustwide/target/debug/deps/libencoding_index_tradchinese-49d2ad2a1a25967e.rlib" "/opt/rustwide/target/debug/deps/libencoding_index_simpchinese-b94e8fdd53e01b5a.rlib" "/opt/rustwide/target/debug/deps/libencoding_index_japanese-b8ce3ff4a9f6d607.rlib" "/opt/rustwide/target/debug/deps/libencoding_index_korean-e7c1522b7ba72fc2.rlib" "/opt/rustwide/target/debug/deps/libencoding_index_singlebyte-d54da7a63c6786ce.rlib" "/opt/rustwide/target/debug/deps/libuuid-514a88e7f39ce28a.rlib" "/opt/rustwide/target/debug/deps/libgetrandom-b6ff05066faff001.rlib" "/opt/rustwide/target/debug/deps/liblibc-6f50f8137a6bd6a7.rlib" "/opt/rustwide/target/debug/deps/libcfg_if-61dc7a6799e72b18.rlib" "/opt/rustwide/target/debug/deps/libthiserror-25d8181951edd922.rlib" "/opt/rustwide/target/debug/deps/libnom-07528a7e8f86a3e4.rlib" "/opt/rustwide/target/debug/deps/liblazy_static-591486ebcb9a7ead.rlib" "/opt/rustwide/target/debug/deps/libaho_corasick-ffec38ae5b395b94.rlib" "/opt/rustwide/target/debug/deps/libmemchr-5a84f82bd0d05428.rlib" "/opt/rustwide/target/debug/deps/liblinked_hash_map-955743f590481109.rlib" "/opt/rustwide/target/debug/deps/libserde_json-3c46f283250a63e4.rlib" "/opt/rustwide/target/debug/deps/libryu-f7e2acf8545a3e65.rlib" "/opt/rustwide/target/debug/deps/libitoa-c68eaa30402a4ff5.rlib" "/opt/rustwide/target/debug/deps/libserde-4050234b5d38abc8.rlib" "/opt/rustwide/rustup-home/toolchains/1.75.0-x86_64-unknown-linux-gnu/lib/rustlib/x86_64-unknown-linux-gnu/lib/libstd-90f6ddbf82de36ec.rlib" "/opt/rustwide/rustup-home/toolchains/1.75.0-x86_64-unknown-linux-gnu/lib/rustlib/x86_64-unknown-linux-gnu/lib/libpanic_unwind-480c41e9d4e1f677.rlib" "/opt/rustwide/rustup-home/toolchains/1.75.0-x86_64-unknown-linux-gnu/lib/rustlib/x86_64-unknown-linux-gnu/lib/libobject-db744c0ca03eed1d.rlib" "/opt/rustwide/rustup-home/toolchains/1.75.0-x86_64-unknown-linux-gnu/lib/rustlib/x86_64-unknown-linux-gnu/lib/libmemchr-8ba652dc7d4b285a.rlib" "/opt/rustwide/rustup-home/toolchains/1.75.0-x86_64-unknown-linux-gnu/lib/rustlib/x86_64-unknown-linux-gnu/lib/libaddr2line-d5f4520a9ebc0d58.rlib" "/opt/rustwide/rustup-home/toolchains/1.75.0-x86_64-unknown-linux-gnu/lib/rustlib/x86_64-unknown-linux-gnu/lib/libgimli-4ad84de58f0cb463.rlib" "/opt/rustwide/rustup-home/toolchains/1.75.0-x86_64-unknown-linux-gnu/lib/rustlib/x86_64-unknown-linux-gnu/lib/librustc_demangle-0d10aae2e0f38735.rlib" "/opt/rustwide/rustup-home/toolchains/1.75.0-x86_64-unknown-linux-gnu/lib/rustlib/x86_64-unknown-linux-gnu/lib/libstd_detect-0c17cff739e6745b.rlib" "/opt/rustwide/rustup-home/toolchains/1.75.0-x86_64-unknown-linux-gnu/lib/rustlib/x86_64-unknown-linux-gnu/lib/libhashbrown-b29e17139dde1aa8.rlib" "/opt/rustwide/rustup-home/toolchains/1.75.0-x86_64-unknown-linux-gnu/lib/rustlib/x86_64-unknown-linux-gnu/lib/librustc_std_workspace_alloc-1f975299829cc7bd.rlib" "/opt/rustwide/rustup-home/toolchains/1.75.0-x86_64-unknown-linux-gnu/lib/rustlib/x86_64-unknown-linux-gnu/lib/libminiz_oxide-86bae3bc3079f89b.rlib" "/opt/rustwide/rustup-home/toolchains/1.75.0-x86_64-unknown-linux-gnu/lib/rustlib/x86_64-unknown-linux-gnu/lib/libadler-321b82c30dffdf5f.rlib" "/opt/rustwide/rustup-home/toolchains/1.75.0-x86_64-unknown-linux-gnu/lib/rustlib/x86_64-unknown-linux-gnu/lib/libunwind-3dd8a6810a0bdfef.rlib" "/opt/rustwide/rustup-home/toolchains/1.75.0-x86_64-unknown-linux-gnu/lib/rustlib/x86_64-unknown-linux-gnu/lib/libcfg_if-eb39a61c0c879984.rlib" "/opt/rustwide/rustup-home/toolchains/1.75.0-x86_64-unknown-linux-gnu/lib/rustlib/x86_64-unknown-linux-gnu/lib/liblibc-aa769569f91c3548.rlib" "/opt/rustwide/rustup-home/toolchains/1.75.0-x86_64-unknown-linux-gnu/lib/rustlib/x86_64-unknown-linux-gnu/lib/liballoc-510a192a50a983ed.rlib" "/opt/rustwide/rustup-home/toolchains/1.75.0-x86_64-unknown-linux-gnu/lib/rustlib/x86_64-unknown-linux-gnu/lib/librustc_std_workspace_core-0577018320f99037.rlib" "/opt/rustwide/rustup-home/toolchains/1.75.0-x86_64-unknown-linux-gnu/lib/rustlib/x86_64-unknown-linux-gnu/lib/libcore-193cf992125ccd4c.rlib" "/opt/rustwide/rustup-home/toolchains/1.75.0-x86_64-unknown-linux-gnu/lib/rustlib/x86_64-unknown-linux-gnu/lib/libcompiler_builtins-8e138eaf26ebb4a8.rlib" "-Wl,-Bdynamic" "-lgcc_s" "-lutil" "-lrt" "-lpthread" "-lm" "-ldl" "-lc" "-Wl,--eh-frame-hdr" "-Wl,-z,noexecstack" "-L" "/opt/rustwide/rustup-home/toolchains/1.75.0-x86_64-unknown-linux-gnu/lib/rustlib/x86_64-unknown-linux-gnu/lib" "-o" "/opt/rustwide/target/debug/examples/hocon2json-63214928e919e301" "-Wl,--gc-sections" "-pie" "-Wl,-z,relro,-z,now" "-nodefaultlibs"
[INFO] [stdout]   = note: collect2: fatal error: ld terminated with signal 9 [Killed]
[INFO] [stdout]           compilation terminated.
[INFO] [stdout]           
[INFO] [stdout] 
[INFO] [stdout] 
[INFO] [stdout] error: aborting due to previous error
[INFO] [stdout] 
[INFO] [stdout] 
[INFO] [stderr] error: could not compile `hocon` (example "hocon2json") due to 2 previous errors
[INFO] running `Command { std: "docker" "inspect" "97da00668e88be83d35081c9f5ff9d9fdd2b4e6c7b94d683a7a80691f7330cd9", kill_on_drop: false }`
[INFO] running `Command { std: "docker" "rm" "-f" "97da00668e88be83d35081c9f5ff9d9fdd2b4e6c7b94d683a7a80691f7330cd9", kill_on_drop: false }`
[INFO] [stdout] 97da00668e88be83d35081c9f5ff9d9fdd2b4e6c7b94d683a7a80691f7330cd9
[INFO] testing hocon-0.9.0 against beta-2023-12-22 for beta-1.76-1
[INFO] extracting crate hocon 0.9.0 into /workspace/builds/worker-0-tc2/source
[INFO] validating manifest of crates.io crate hocon 0.9.0 on toolchain beta-2023-12-22
[INFO] running `Command { std: CARGO_HOME="/workspace/cargo-home" RUSTUP_HOME="/workspace/rustup-home" "/workspace/cargo-home/bin/cargo" "+beta-2023-12-22" "metadata" "--manifest-path" "Cargo.toml" "--no-deps", kill_on_drop: false }`
[INFO] started tweaking crates.io crate hocon 0.9.0
[INFO] finished tweaking crates.io crate hocon 0.9.0
[INFO] tweaked toml for crates.io crate hocon 0.9.0 written to /workspace/builds/worker-0-tc2/source/Cargo.toml
[INFO] crate crates.io crate hocon 0.9.0 already has a lockfile, it will not be regenerated
[INFO] running `Command { std: CARGO_HOME="/workspace/cargo-home" RUSTUP_HOME="/workspace/rustup-home" "/workspace/cargo-home/bin/cargo" "+beta-2023-12-22" "fetch" "--manifest-path" "Cargo.toml", kill_on_drop: false }`
[INFO] running `Command { std: "docker" "create" "-v" "/var/lib/crater-agent-workspace/builds/worker-0-tc2/target:/opt/rustwide/target:rw,Z" "-v" "/var/lib/crater-agent-workspace/builds/worker-0-tc2/source:/opt/rustwide/workdir:ro,Z" "-v" "/var/lib/crater-agent-workspace/cargo-home:/opt/rustwide/cargo-home:ro,Z" "-v" "/var/lib/crater-agent-workspace/rustup-home:/opt/rustwide/rustup-home:ro,Z" "-e" "SOURCE_DIR=/opt/rustwide/workdir" "-e" "CARGO_TARGET_DIR=/opt/rustwide/target" "-e" "CARGO_HOME=/opt/rustwide/cargo-home" "-e" "RUSTUP_HOME=/opt/rustwide/rustup-home" "-w" "/opt/rustwide/workdir" "-m" "1610612736" "--user" "0:0" "--network" "none" "ghcr.io/rust-lang/crates-build-env/linux@sha256:2788e3201cd34a07e3172128adcd8b3090168a8e3bcc40d7c032b9dda1df7d1c" "/opt/rustwide/cargo-home/bin/cargo" "+beta-2023-12-22" "metadata" "--no-deps" "--format-version=1", kill_on_drop: false }`
[INFO] [stdout] ffb93432c4c96a8d9726ace431453e6664f1733ea830324c6513b2b15711bef7
[INFO] running `Command { std: "docker" "start" "-a" "ffb93432c4c96a8d9726ace431453e6664f1733ea830324c6513b2b15711bef7", kill_on_drop: false }`
[INFO] running `Command { std: "docker" "inspect" "ffb93432c4c96a8d9726ace431453e6664f1733ea830324c6513b2b15711bef7", kill_on_drop: false }`
[INFO] running `Command { std: "docker" "rm" "-f" "ffb93432c4c96a8d9726ace431453e6664f1733ea830324c6513b2b15711bef7", kill_on_drop: false }`
[INFO] [stdout] ffb93432c4c96a8d9726ace431453e6664f1733ea830324c6513b2b15711bef7
[INFO] running `Command { std: "docker" "create" "-v" "/var/lib/crater-agent-workspace/builds/worker-0-tc2/target:/opt/rustwide/target:rw,Z" "-v" "/var/lib/crater-agent-workspace/builds/worker-0-tc2/source:/opt/rustwide/workdir:ro,Z" "-v" "/var/lib/crater-agent-workspace/cargo-home:/opt/rustwide/cargo-home:ro,Z" "-v" "/var/lib/crater-agent-workspace/rustup-home:/opt/rustwide/rustup-home:ro,Z" "-e" "SOURCE_DIR=/opt/rustwide/workdir" "-e" "CARGO_TARGET_DIR=/opt/rustwide/target" "-e" "CARGO_INCREMENTAL=0" "-e" "RUST_BACKTRACE=full" "-e" "RUSTFLAGS=--cap-lints=warn" "-e" "RUSTDOCFLAGS=--cap-lints=warn" "-e" "CARGO_HOME=/opt/rustwide/cargo-home" "-e" "RUSTUP_HOME=/opt/rustwide/rustup-home" "-w" "/opt/rustwide/workdir" "-m" "1610612736" "--user" "0:0" "--network" "none" "ghcr.io/rust-lang/crates-build-env/linux@sha256:2788e3201cd34a07e3172128adcd8b3090168a8e3bcc40d7c032b9dda1df7d1c" "/opt/rustwide/cargo-home/bin/cargo" "+beta-2023-12-22" "build" "--frozen" "--message-format=json", kill_on_drop: false }`
[INFO] [stdout] 99934e3879cefda7c2787fc1f76e4a733b6db9a1d2947e0be36dd1f383b65615
[INFO] running `Command { std: "docker" "start" "-a" "99934e3879cefda7c2787fc1f76e4a733b6db9a1d2947e0be36dd1f383b65615", kill_on_drop: false }`
[INFO] [stderr]    Compiling libc v0.2.124
[INFO] [stderr]    Compiling proc-macro2 v1.0.37
[INFO] [stderr]    Compiling unicode-xid v0.2.2
[INFO] [stderr]    Compiling syn v1.0.91
[INFO] [stderr]    Compiling memchr v2.4.1
[INFO] [stderr]    Compiling log v0.4.16
[INFO] [stderr]    Compiling pin-project-lite v0.2.8
[INFO] [stderr]    Compiling cc v1.0.73
[INFO] [stderr]    Compiling futures-core v0.3.21
[INFO] [stderr]    Compiling bytes v1.1.0
[INFO] [stderr]    Compiling once_cell v1.10.0
[INFO] [stderr]    Compiling itoa v1.0.1
[INFO] [stderr]    Compiling untrusted v0.7.1
[INFO] [stderr]    Compiling futures-task v0.3.21
[INFO] [stderr]    Compiling spin v0.5.2
[INFO] [stderr]    Compiling encoding_index_tests v0.1.4
[INFO] [stderr]    Compiling indexmap v1.8.1
[INFO] [stderr]    Compiling tracing-core v0.1.26
[INFO] [stderr]    Compiling futures-util v0.3.21
[INFO] [stderr]    Compiling serde_derive v1.0.136
[INFO] [stderr]    Compiling futures-channel v0.3.21
[INFO] [stderr]    Compiling matches v0.1.9
[INFO] [stderr]    Compiling hashbrown v0.11.2
[INFO] [stderr]    Compiling tinyvec_macros v0.1.0
[INFO] [stderr]    Compiling rustls v0.20.4
[INFO] [stderr]    Compiling futures-io v0.3.21
[INFO] [stderr]    Compiling slab v0.4.6
[INFO] [stderr]    Compiling serde v1.0.136
[INFO] [stderr]    Compiling futures-sink v0.3.21
[INFO] [stderr]    Compiling httparse v1.7.0
[INFO] [stderr]    Compiling http v0.2.6
[INFO] [stderr]    Compiling tinyvec v1.6.0
[INFO] [stderr]    Compiling base64 v0.13.0
[INFO] [stderr]    Compiling percent-encoding v2.1.0
[INFO] [stderr]    Compiling try-lock v0.2.3
[INFO] [stderr]    Compiling want v0.3.0
[INFO] [stderr]    Compiling form_urlencoded v1.0.1
[INFO] [stderr]    Compiling tower-service v0.3.1
[INFO] [stderr]    Compiling version_check v0.1.5
[INFO] [stderr]    Compiling quote v1.0.18
[INFO] [stderr]    Compiling encoding_rs v0.8.31
[INFO] [stderr]    Compiling unicode-bidi v0.3.7
[INFO] [stderr]    Compiling httpdate v1.0.2
[INFO] [stderr]    Compiling aho-corasick v0.7.18
[INFO] [stderr]    Compiling rustls-pemfile v1.0.0
[INFO] [stderr]    Compiling socket2 v0.4.4
[INFO] [stderr]    Compiling mio v0.8.2
[INFO] [stderr]    Compiling num_cpus v1.13.1
[INFO] [stderr]    Compiling nom v4.2.3
[INFO] [stderr]    Compiling encoding-index-simpchinese v1.20141219.5
[INFO] [stderr]    Compiling ring v0.16.20
[INFO] [stderr]    Compiling encoding-index-tradchinese v1.20141219.5
[INFO] [stderr]    Compiling encoding-index-singlebyte v1.20141219.5
[INFO] [stderr]    Compiling encoding-index-korean v1.20141219.5
[INFO] [stderr]    Compiling encoding-index-japanese v1.20141219.5
[INFO] [stderr]    Compiling ryu v1.0.9
[INFO] [stderr]    Compiling regex-syntax v0.6.25
[INFO] [stderr]    Compiling unicode-normalization v0.1.19
[INFO] [stderr]    Compiling openssl-probe v0.1.5
[INFO] [stderr]    Compiling encoding v0.2.33
[INFO] [stderr]    Compiling rustls-native-certs v0.6.2
[INFO] [stderr]    Compiling getrandom v0.2.6
[INFO] [stderr]    Compiling rustls-pemfile v0.3.0
[INFO] [stderr]    Compiling ipnet v2.5.0
[INFO] [stderr]    Compiling mime v0.3.16
[INFO] [stderr]    Compiling tokio v1.17.0
[INFO] [stderr]    Compiling uuid v1.0.0
[INFO] [stderr]    Compiling linked-hash-map v0.5.4
[INFO] [stderr]    Compiling http-body v0.4.4
[INFO] [stderr]    Compiling idna v0.2.3
[INFO] [stderr]    Compiling url v2.2.2
[INFO] [stderr]    Compiling regex v1.5.5
[INFO] [stderr]    Compiling java-properties v1.4.1
[INFO] [stderr]    Compiling sct v0.7.0
[INFO] [stderr]    Compiling webpki v0.22.0
[INFO] [stderr]    Compiling tracing-attributes v0.1.20
[INFO] [stderr]    Compiling thiserror-impl v1.0.30
[INFO] [stderr]    Compiling thiserror v1.0.30
[INFO] [stderr]    Compiling tracing v0.1.34
[INFO] [stderr]    Compiling tokio-rustls v0.23.3
[INFO] [stderr]    Compiling tokio-util v0.7.1
[INFO] [stderr]    Compiling h2 v0.3.13
[INFO] [stderr]    Compiling hyper v0.14.18
[INFO] [stderr]    Compiling serde_urlencoded v0.7.1
[INFO] [stderr]    Compiling serde_path_to_error v0.1.7
[INFO] [stderr]    Compiling hyper-rustls v0.23.0
[INFO] [stderr]    Compiling reqwest v0.11.10
[INFO] [stderr]    Compiling hocon v0.9.0 (/opt/rustwide/workdir)
[INFO] [stderr]     Finished dev [unoptimized + debuginfo] target(s) in 14.39s
[INFO] [stderr] warning: the following packages contain code that will be rejected by a future version of Rust: nom v4.2.3
[INFO] [stderr] note: to see what the problems were, use the option `--future-incompat-report`, or run `cargo report future-incompatibilities --id 3`
[INFO] running `Command { std: "docker" "inspect" "99934e3879cefda7c2787fc1f76e4a733b6db9a1d2947e0be36dd1f383b65615", kill_on_drop: false }`
[INFO] running `Command { std: "docker" "rm" "-f" "99934e3879cefda7c2787fc1f76e4a733b6db9a1d2947e0be36dd1f383b65615", kill_on_drop: false }`
[INFO] [stdout] 99934e3879cefda7c2787fc1f76e4a733b6db9a1d2947e0be36dd1f383b65615
[INFO] running `Command { std: "docker" "create" "-v" "/var/lib/crater-agent-workspace/builds/worker-0-tc2/target:/opt/rustwide/target:rw,Z" "-v" "/var/lib/crater-agent-workspace/builds/worker-0-tc2/source:/opt/rustwide/workdir:ro,Z" "-v" "/var/lib/crater-agent-workspace/cargo-home:/opt/rustwide/cargo-home:ro,Z" "-v" "/var/lib/crater-agent-workspace/rustup-home:/opt/rustwide/rustup-home:ro,Z" "-e" "SOURCE_DIR=/opt/rustwide/workdir" "-e" "CARGO_TARGET_DIR=/opt/rustwide/target" "-e" "CARGO_INCREMENTAL=0" "-e" "RUST_BACKTRACE=full" "-e" "RUSTFLAGS=--cap-lints=warn" "-e" "RUSTDOCFLAGS=--cap-lints=warn" "-e" "CARGO_HOME=/opt/rustwide/cargo-home" "-e" "RUSTUP_HOME=/opt/rustwide/rustup-home" "-w" "/opt/rustwide/workdir" "-m" "1610612736" "--user" "0:0" "--network" "none" "ghcr.io/rust-lang/crates-build-env/linux@sha256:2788e3201cd34a07e3172128adcd8b3090168a8e3bcc40d7c032b9dda1df7d1c" "/opt/rustwide/cargo-home/bin/cargo" "+beta-2023-12-22" "test" "--frozen" "--no-run" "--message-format=json", kill_on_drop: false }`
[INFO] [stdout] cfafc9a56c0f3a69a01fe53cb7d4bb4542b1585d644605280120a5a6038977db
[INFO] running `Command { std: "docker" "start" "-a" "cfafc9a56c0f3a69a01fe53cb7d4bb4542b1585d644605280120a5a6038977db", kill_on_drop: false }`
[INFO] [stderr]    Compiling semver v1.0.7
[INFO] [stderr]    Compiling crossbeam-utils v0.8.8
[INFO] [stderr]    Compiling memoffset v0.6.5
[INFO] [stderr]    Compiling crossbeam-epoch v0.9.8
[INFO] [stderr]    Compiling rayon-core v1.9.2
[INFO] [stderr]    Compiling serde_json v1.0.79
[INFO] [stderr]    Compiling num-traits v0.2.14
[INFO] [stderr]    Compiling either v1.6.1
[INFO] [stderr]    Compiling rayon v1.5.2
[INFO] [stderr]    Compiling unicode-width v0.1.9
[INFO] [stderr]    Compiling regex-automata v0.1.10
[INFO] [stderr]    Compiling syn v0.15.44
[INFO] [stderr]    Compiling plotters-backend v0.3.2
[INFO] [stderr]    Compiling yaml-rust v0.4.5
[INFO] [stderr]    Compiling rand_core v0.6.3
[INFO] [stderr]    Compiling csv-core v0.1.10
[INFO] [stderr]    Compiling textwrap v0.11.0
[INFO] [stderr]    Compiling itertools v0.10.3
[INFO] [stderr]    Compiling plotters-svg v0.3.1
[INFO] [stderr]    Compiling bstr v0.2.17
[INFO] [stderr]    Compiling terminal_size v0.1.17
[INFO] [stderr]    Compiling half v1.8.2
[INFO] [stderr]    Compiling itoa v0.4.8
[INFO] [stderr]    Compiling walkdir v2.3.2
[INFO] [stderr]    Compiling console v0.15.0
[INFO] [stderr]    Compiling rand_chacha v0.3.1
[INFO] [stderr]    Compiling serde_yaml v0.8.23
[INFO] [stderr]    Compiling clap v2.34.0
[INFO] [stderr]    Compiling rustc_version v0.4.0
[INFO] [stderr]    Compiling serde_cbor v0.11.2
[INFO] [stderr]    Compiling crossbeam-channel v0.5.4
[INFO] [stderr]    Compiling csv v1.1.6
[INFO] [stderr]    Compiling cast v0.2.7
[INFO] [stderr]    Compiling crossbeam-deque v0.8.1
[INFO] [stderr]    Compiling atty v0.2.14
[INFO] [stderr]    Compiling glob v0.3.0
[INFO] [stderr]    Compiling similar v2.1.0
[INFO] [stderr]    Compiling oorandom v11.1.3
[INFO] [stderr]    Compiling rand v0.8.5
[INFO] [stderr]    Compiling tinytemplate v1.2.1
[INFO] [stderr]    Compiling plotters v0.3.1
[INFO] [stderr]    Compiling criterion-plot v0.4.4
[INFO] [stderr]    Compiling insta v1.14.0
[INFO] [stderr]    Compiling test-generator v0.3.0
[INFO] [stderr]    Compiling criterion v0.3.5
[INFO] [stderr]    Compiling hocon v0.9.0 (/opt/rustwide/workdir)
[INFO] [stdout] error: linking with `cc` failed: exit status: 1
[INFO] [stdout]   |
[INFO] [stdout]   = note: LC_ALL="C" PATH="/opt/rustwide/rustup-home/toolchains/beta-2023-12-22-x86_64-unknown-linux-gnu/lib/rustlib/x86_64-unknown-linux-gnu/bin:/opt/rustwide/cargo-home/bin:/usr/local/sbin:/usr/local/bin:/usr/sbin:/usr/bin:/sbin:/bin" VSLANG="1033" "cc" "-m64" "/tmp/rustcyCriXj/symbols.o" "/opt/rustwide/target/debug/deps/snapshot-87f6ee0106160c9c.snapshot.8d3b2913c08ef50a-cgu.0.rcgu.o" "/opt/rustwide/target/debug/deps/snapshot-87f6ee0106160c9c.snapshot.8d3b2913c08ef50a-cgu.1.rcgu.o" "/opt/rustwide/target/debug/deps/snapshot-87f6ee0106160c9c.547zzup7tepi42qr.rcgu.o" "-Wl,--as-needed" "-L" "/opt/rustwide/target/debug/deps" "-L" "/opt/rustwide/target/debug/build/ring-193fa95b8163e977/out" "-L" "/opt/rustwide/rustup-home/toolchains/beta-2023-12-22-x86_64-unknown-linux-gnu/lib/rustlib/x86_64-unknown-linux-gnu/lib" "-Wl,-Bstatic" "/opt/rustwide/rustup-home/toolchains/beta-2023-12-22-x86_64-unknown-linux-gnu/lib/rustlib/x86_64-unknown-linux-gnu/lib/libtest-cbab71697df97b00.rlib" "/opt/rustwide/rustup-home/toolchains/beta-2023-12-22-x86_64-unknown-linux-gnu/lib/rustlib/x86_64-unknown-linux-gnu/lib/libgetopts-2a2cf8f16c536007.rlib" "/opt/rustwide/rustup-home/toolchains/beta-2023-12-22-x86_64-unknown-linux-gnu/lib/rustlib/x86_64-unknown-linux-gnu/lib/libunicode_width-c5f3cc3cceaf9070.rlib" "/opt/rustwide/rustup-home/toolchains/beta-2023-12-22-x86_64-unknown-linux-gnu/lib/rustlib/x86_64-unknown-linux-gnu/lib/librustc_std_workspace_std-a31324ec815b09db.rlib" "/opt/rustwide/target/debug/deps/libhocon-8bea3c1ef38561ea.rlib" "/opt/rustwide/target/debug/deps/libserde_path_to_error-af29aa3cc1931d65.rlib" "/opt/rustwide/target/debug/deps/libreqwest-181e4043bc8c3e87.rlib" "/opt/rustwide/target/debug/deps/librustls_pemfile-feeb902552c95a42.rlib" "/opt/rustwide/target/debug/deps/libhyper_rustls-e0c0944d9b501f15.rlib" "/opt/rustwide/target/debug/deps/librustls_native_certs-afbb174e5693f391.rlib" "/opt/rustwide/target/debug/deps/librustls_pemfile-ad52b339f5233796.rlib" "/opt/rustwide/target/debug/deps/libopenssl_probe-01da96bec2dfd166.rlib" "/opt/rustwide/target/debug/deps/libipnet-844b8f6b4c0c04b0.rlib" "/opt/rustwide/target/debug/deps/libtokio_rustls-4ba42f0e1598a9e1.rlib" "/opt/rustwide/target/debug/deps/librustls-434a70e096f823ae.rlib" "/opt/rustwide/target/debug/deps/libsct-23b003d59f7383a2.rlib" "/opt/rustwide/target/debug/deps/libwebpki-b85316fe564161d9.rlib" "/opt/rustwide/target/debug/deps/libring-147432919bc6b699.rlib" "/opt/rustwide/target/debug/deps/libspin-e858d3468b8e3abd.rlib" "/opt/rustwide/target/debug/deps/libuntrusted-6cf40e3a64622ff0.rlib" "/opt/rustwide/target/debug/deps/libserde_urlencoded-6c54110f22016d39.rlib" "/opt/rustwide/target/debug/deps/libmime-d5b83fc07afe1071.rlib" "/opt/rustwide/target/debug/deps/libencoding_rs-11de2cfd99d9044d.rlib" "/opt/rustwide/target/debug/deps/libbase64-450a6d9dcba13b9b.rlib" "/opt/rustwide/target/debug/deps/libhyper-89667ae397310f70.rlib" "/opt/rustwide/target/debug/deps/libwant-0a623cfeafaccdc2.rlib" "/opt/rustwide/target/debug/deps/libtry_lock-da79cbb67b0e5d22.rlib" "/opt/rustwide/target/debug/deps/libhttparse-49b1ba171c63e5f2.rlib" "/opt/rustwide/target/debug/deps/libh2-d575673a1bb4e124.rlib" "/opt/rustwide/target/debug/deps/libtokio_util-eb729faa7061649f.rlib" "/opt/rustwide/target/debug/deps/libfutures_sink-2d4a82c6156a41b9.rlib" "/opt/rustwide/target/debug/deps/libtower_service-a49ed9f68e393719.rlib" "/opt/rustwide/target/debug/deps/libtracing-c9ed811d8d2e1058.rlib" "/opt/rustwide/target/debug/deps/libtracing_core-a33e53e0dde0e190.rlib" "/opt/rustwide/target/debug/deps/libfutures_channel-d2ab52743b2c2633.rlib" "/opt/rustwide/target/debug/deps/libtokio-facc6d23d2498aae.rlib" "/opt/rustwide/target/debug/deps/libnum_cpus-4677405f6569f40c.rlib" "/opt/rustwide/target/debug/deps/libsocket2-67595f37a93b4ade.rlib" "/opt/rustwide/target/debug/deps/libmio-ca5b18dd06ec1186.rlib" "/opt/rustwide/target/debug/deps/libhttp_body-b169d00ee4a4f073.rlib" "/opt/rustwide/target/debug/deps/libfutures_util-d2f873e425642ece.rlib" "/opt/rustwide/target/debug/deps/libfutures_io-9bb20f45c376eb0f.rlib" "/opt/rustwide/target/debug/deps/libslab-cbdcaa7e55a10b04.rlib" "/opt/rustwide/target/debug/deps/libpin_project_lite-ca6a0babd9f90b02.rlib" "/opt/rustwide/target/debug/deps/libfutures_task-6494ee3ae050dcdb.rlib" "/opt/rustwide/target/debug/deps/libpin_utils-9c5dcf17efb91bff.rlib" "/opt/rustwide/target/debug/deps/liblog-2691a569523669d5.rlib" "/opt/rustwide/target/debug/deps/libfutures_core-f70fbe9b58d1b090.rlib" "/opt/rustwide/target/debug/deps/liburl-9089ad2bdf560459.rlib" "/opt/rustwide/target/debug/deps/libidna-6b3a0c2b4646f8fb.rlib" "/opt/rustwide/target/debug/deps/libunicode_normalization-c7ffd49442f63d22.rlib" "/opt/rustwide/target/debug/deps/libtinyvec-e7dc63e82263080a.rlib" "/opt/rustwide/target/debug/deps/libtinyvec_macros-2b90caf71be257df.rlib" "/opt/rustwide/target/debug/deps/libunicode_bidi-9e22f06d2a04cff1.rlib" "/opt/rustwide/target/debug/deps/libform_urlencoded-ae8f37993c92f9fc.rlib" "/opt/rustwide/target/debug/deps/libpercent_encoding-3da2a87a41f86eb7.rlib" "/opt/rustwide/target/debug/deps/libmatches-7dacc739f2471d9d.rlib" "/opt/rustwide/target/debug/deps/libhttp-eccc0fdf7c825ef0.rlib" "/opt/rustwide/target/debug/deps/libbytes-cc9c49d7958180b3.rlib" "/opt/rustwide/target/debug/deps/libfnv-953831fe314029b4.rlib" "/opt/rustwide/target/debug/deps/libjava_properties-63b145801768d934.rlib" "/opt/rustwide/target/debug/deps/libregex-6fcacff6c2f1c7d5.rlib" "/opt/rustwide/target/debug/deps/libregex_syntax-4577c841cfe0367b.rlib" "/opt/rustwide/target/debug/deps/libencoding-04fd8a52028aa466.rlib" "/opt/rustwide/target/debug/deps/libencoding_index_tradchinese-1abd9c3a6f08c084.rlib" "/opt/rustwide/target/debug/deps/libencoding_index_simpchinese-293d45738db0614e.rlib" "/opt/rustwide/target/debug/deps/libencoding_index_japanese-b05997860acead33.rlib" "/opt/rustwide/target/debug/deps/libencoding_index_korean-bc414905a5629161.rlib" "/opt/rustwide/target/debug/deps/libencoding_index_singlebyte-cffcef67d7c289e9.rlib" "/opt/rustwide/target/debug/deps/libuuid-730b955ad97f9002.rlib" "/opt/rustwide/target/debug/deps/libgetrandom-76b4cf1fbe995e4c.rlib" "/opt/rustwide/target/debug/deps/libcfg_if-e7002d307f97bc56.rlib" "/opt/rustwide/target/debug/deps/libthiserror-9f6d56166e1f8758.rlib" "/opt/rustwide/target/debug/deps/libnom-b0b9a49cb1a233a5.rlib" "/opt/rustwide/target/debug/deps/liblazy_static-efa3519517df6cf0.rlib" "/opt/rustwide/target/debug/deps/libaho_corasick-db90c4f3fe111e9e.rlib" "/opt/rustwide/target/debug/deps/libmemchr-96c7c37583bcf710.rlib" "/opt/rustwide/target/debug/deps/libinsta-fc13f4300f79971a.rlib" "/opt/rustwide/target/debug/deps/libserde_yaml-65ce5f9722876d7a.rlib" "/opt/rustwide/target/debug/deps/libindexmap-22b42f71e80895ce.rlib" "/opt/rustwide/target/debug/deps/libhashbrown-d5b24f3d513fb86b.rlib" "/opt/rustwide/target/debug/deps/libyaml_rust-fa282bb827537b4f.rlib" "/opt/rustwide/target/debug/deps/liblinked_hash_map-dc861c6e77e032c4.rlib" "/opt/rustwide/target/debug/deps/libserde_json-e742215675adb72b.rlib" "/opt/rustwide/target/debug/deps/libryu-86d8d345a49902c5.rlib" "/opt/rustwide/target/debug/deps/libitoa-f543afc8cf678e4f.rlib" "/opt/rustwide/target/debug/deps/libconsole-9654f83927e40cc6.rlib" "/opt/rustwide/target/debug/deps/libterminal_size-648ef97eeb6d250f.rlib" "/opt/rustwide/target/debug/deps/liblibc-bd8c8c907cdce1e5.rlib" "/opt/rustwide/target/debug/deps/libsimilar-d6711b6334dba3ea.rlib" "/opt/rustwide/target/debug/deps/libonce_cell-c132b073185ffffc.rlib" "/opt/rustwide/target/debug/deps/libserde-4c478b01a809023b.rlib" "/opt/rustwide/rustup-home/toolchains/beta-2023-12-22-x86_64-unknown-linux-gnu/lib/rustlib/x86_64-unknown-linux-gnu/lib/libstd-0672489a78b613de.rlib" "/opt/rustwide/rustup-home/toolchains/beta-2023-12-22-x86_64-unknown-linux-gnu/lib/rustlib/x86_64-unknown-linux-gnu/lib/libpanic_unwind-7eb3ffc34a49f675.rlib" "/opt/rustwide/rustup-home/toolchains/beta-2023-12-22-x86_64-unknown-linux-gnu/lib/rustlib/x86_64-unknown-linux-gnu/lib/libobject-6478a9daa4bee8e2.rlib" "/opt/rustwide/rustup-home/toolchains/beta-2023-12-22-x86_64-unknown-linux-gnu/lib/rustlib/x86_64-unknown-linux-gnu/lib/libmemchr-0c75d871a5c3923d.rlib" "/opt/rustwide/rustup-home/toolchains/beta-2023-12-22-x86_64-unknown-linux-gnu/lib/rustlib/x86_64-unknown-linux-gnu/lib/libaddr2line-d163ef63ad37bb71.rlib" "/opt/rustwide/rustup-home/toolchains/beta-2023-12-22-x86_64-unknown-linux-gnu/lib/rustlib/x86_64-unknown-linux-gnu/lib/libgimli-8a3fd810a85b9f4c.rlib" "/opt/rustwide/rustup-home/toolchains/beta-2023-12-22-x86_64-unknown-linux-gnu/lib/rustlib/x86_64-unknown-linux-gnu/lib/librustc_demangle-462a2cde8c5dfc10.rlib" "/opt/rustwide/rustup-home/toolchains/beta-2023-12-22-x86_64-unknown-linux-gnu/lib/rustlib/x86_64-unknown-linux-gnu/lib/libstd_detect-cb06ac9f54713f71.rlib" "/opt/rustwide/rustup-home/toolchains/beta-2023-12-22-x86_64-unknown-linux-gnu/lib/rustlib/x86_64-unknown-linux-gnu/lib/libhashbrown-f20bfd1f8e59b393.rlib" "/opt/rustwide/rustup-home/toolchains/beta-2023-12-22-x86_64-unknown-linux-gnu/lib/rustlib/x86_64-unknown-linux-gnu/lib/librustc_std_workspace_alloc-1ef460949b49da4b.rlib" "/opt/rustwide/rustup-home/toolchains/beta-2023-12-22-x86_64-unknown-linux-gnu/lib/rustlib/x86_64-unknown-linux-gnu/lib/libminiz_oxide-2cb0c0ffe4f87514.rlib" "/opt/rustwide/rustup-home/toolchains/beta-2023-12-22-x86_64-unknown-linux-gnu/lib/rustlib/x86_64-unknown-linux-gnu/lib/libadler-58d841eb322a11a2.rlib" "/opt/rustwide/rustup-home/toolchains/beta-2023-12-22-x86_64-unknown-linux-gnu/lib/rustlib/x86_64-unknown-linux-gnu/lib/libunwind-aa2ae0b0a9d11533.rlib" "/opt/rustwide/rustup-home/toolchains/beta-2023-12-22-x86_64-unknown-linux-gnu/lib/rustlib/x86_64-unknown-linux-gnu/lib/libcfg_if-23874e15830ed336.rlib" "/opt/rustwide/rustup-home/toolchains/beta-2023-12-22-x86_64-unknown-linux-gnu/lib/rustlib/x86_64-unknown-linux-gnu/lib/liblibc-e47cddc003bce885.rlib" "/opt/rustwide/rustup-home/toolchains/beta-2023-12-22-x86_64-unknown-linux-gnu/lib/rustlib/x86_64-unknown-linux-gnu/lib/liballoc-c22b13b48a8f128e.rlib" "/opt/rustwide/rustup-home/toolchains/beta-2023-12-22-x86_64-unknown-linux-gnu/lib/rustlib/x86_64-unknown-linux-gnu/lib/librustc_std_workspace_core-e46bc3da6d7c462f.rlib" "/opt/rustwide/rustup-home/toolchains/beta-2023-12-22-x86_64-unknown-linux-gnu/lib/rustlib/x86_64-unknown-linux-gnu/lib/libcore-8d1ac131d3cb2645.rlib" "/opt/rustwide/rustup-home/toolchains/beta-2023-12-22-x86_64-unknown-linux-gnu/lib/rustlib/x86_64-unknown-linux-gnu/lib/libcompiler_builtins-a1b43df8c6899c1f.rlib" "-Wl,-Bdynamic" "-lgcc_s" "-lutil" "-lrt" "-lpthread" "-lm" "-ldl" "-lc" "-Wl,--eh-frame-hdr" "-Wl,-z,noexecstack" "-L" "/opt/rustwide/rustup-home/toolchains/beta-2023-12-22-x86_64-unknown-linux-gnu/lib/rustlib/x86_64-unknown-linux-gnu/lib" "-o" "/opt/rustwide/target/debug/deps/snapshot-87f6ee0106160c9c" "-Wl,--gc-sections" "-pie" "-Wl,-z,relro,-z,now" "-nodefaultlibs"
[INFO] [stdout]   = note: collect2: fatal error: ld terminated with signal 9 [Killed]
[INFO] [stdout]           compilation terminated.
[INFO] [stdout]           
[INFO] [stdout] 
[INFO] [stdout] 
[INFO] [stdout] error: aborting due to 1 previous error
[INFO] [stdout] 
[INFO] [stdout] 
[INFO] [stderr] error: could not compile `hocon` (test "snapshot") due to 2 previous errors
[INFO] [stderr] warning: build failed, waiting for other jobs to finish...
[INFO] [stdout] error: linking with `cc` failed: exit status: 1
[INFO] [stdout]   |
[INFO] [stdout]   = note: LC_ALL="C" PATH="/opt/rustwide/rustup-home/toolchains/beta-2023-12-22-x86_64-unknown-linux-gnu/lib/rustlib/x86_64-unknown-linux-gnu/bin:/opt/rustwide/cargo-home/bin:/usr/local/sbin:/usr/local/bin:/usr/sbin:/usr/bin:/sbin:/bin" VSLANG="1033" "cc" "-m64" "/tmp/rustc7DaZDJ/symbols.o" "/opt/rustwide/target/debug/deps/parse-f8c183af1dce4e02.parse.7fe4b8d0ee32ef28-cgu.0.rcgu.o" "/opt/rustwide/target/debug/deps/parse-f8c183af1dce4e02.parse.7fe4b8d0ee32ef28-cgu.1.rcgu.o" "/opt/rustwide/target/debug/deps/parse-f8c183af1dce4e02.2f1cojryhwli2p84.rcgu.o" "-Wl,--as-needed" "-L" "/opt/rustwide/target/debug/deps" "-L" "/opt/rustwide/target/debug/build/ring-193fa95b8163e977/out" "-L" "/opt/rustwide/rustup-home/toolchains/beta-2023-12-22-x86_64-unknown-linux-gnu/lib/rustlib/x86_64-unknown-linux-gnu/lib" "-Wl,-Bstatic" "/opt/rustwide/rustup-home/toolchains/beta-2023-12-22-x86_64-unknown-linux-gnu/lib/rustlib/x86_64-unknown-linux-gnu/lib/libtest-cbab71697df97b00.rlib" "/opt/rustwide/rustup-home/toolchains/beta-2023-12-22-x86_64-unknown-linux-gnu/lib/rustlib/x86_64-unknown-linux-gnu/lib/libgetopts-2a2cf8f16c536007.rlib" "/opt/rustwide/rustup-home/toolchains/beta-2023-12-22-x86_64-unknown-linux-gnu/lib/rustlib/x86_64-unknown-linux-gnu/lib/libunicode_width-c5f3cc3cceaf9070.rlib" "/opt/rustwide/rustup-home/toolchains/beta-2023-12-22-x86_64-unknown-linux-gnu/lib/rustlib/x86_64-unknown-linux-gnu/lib/librustc_std_workspace_std-a31324ec815b09db.rlib" "/opt/rustwide/target/debug/deps/libhocon-8bea3c1ef38561ea.rlib" "/opt/rustwide/target/debug/deps/libserde_path_to_error-af29aa3cc1931d65.rlib" "/opt/rustwide/target/debug/deps/libreqwest-181e4043bc8c3e87.rlib" "/opt/rustwide/target/debug/deps/librustls_pemfile-feeb902552c95a42.rlib" "/opt/rustwide/target/debug/deps/libhyper_rustls-e0c0944d9b501f15.rlib" "/opt/rustwide/target/debug/deps/librustls_native_certs-afbb174e5693f391.rlib" "/opt/rustwide/target/debug/deps/librustls_pemfile-ad52b339f5233796.rlib" "/opt/rustwide/target/debug/deps/libopenssl_probe-01da96bec2dfd166.rlib" "/opt/rustwide/target/debug/deps/libipnet-844b8f6b4c0c04b0.rlib" "/opt/rustwide/target/debug/deps/libtokio_rustls-4ba42f0e1598a9e1.rlib" "/opt/rustwide/target/debug/deps/librustls-434a70e096f823ae.rlib" "/opt/rustwide/target/debug/deps/libsct-23b003d59f7383a2.rlib" "/opt/rustwide/target/debug/deps/libwebpki-b85316fe564161d9.rlib" "/opt/rustwide/target/debug/deps/libring-147432919bc6b699.rlib" "/opt/rustwide/target/debug/deps/libspin-e858d3468b8e3abd.rlib" "/opt/rustwide/target/debug/deps/libuntrusted-6cf40e3a64622ff0.rlib" "/opt/rustwide/target/debug/deps/libonce_cell-c132b073185ffffc.rlib" "/opt/rustwide/target/debug/deps/libserde_urlencoded-6c54110f22016d39.rlib" "/opt/rustwide/target/debug/deps/libryu-86d8d345a49902c5.rlib" "/opt/rustwide/target/debug/deps/libmime-d5b83fc07afe1071.rlib" "/opt/rustwide/target/debug/deps/libencoding_rs-11de2cfd99d9044d.rlib" "/opt/rustwide/target/debug/deps/libbase64-450a6d9dcba13b9b.rlib" "/opt/rustwide/target/debug/deps/libhyper-89667ae397310f70.rlib" "/opt/rustwide/target/debug/deps/libwant-0a623cfeafaccdc2.rlib" "/opt/rustwide/target/debug/deps/libtry_lock-da79cbb67b0e5d22.rlib" "/opt/rustwide/target/debug/deps/libhttparse-49b1ba171c63e5f2.rlib" "/opt/rustwide/target/debug/deps/libh2-d575673a1bb4e124.rlib" "/opt/rustwide/target/debug/deps/libindexmap-22b42f71e80895ce.rlib" "/opt/rustwide/target/debug/deps/libhashbrown-d5b24f3d513fb86b.rlib" "/opt/rustwide/target/debug/deps/libtokio_util-eb729faa7061649f.rlib" "/opt/rustwide/target/debug/deps/libfutures_sink-2d4a82c6156a41b9.rlib" "/opt/rustwide/target/debug/deps/libtower_service-a49ed9f68e393719.rlib" "/opt/rustwide/target/debug/deps/libtracing-c9ed811d8d2e1058.rlib" "/opt/rustwide/target/debug/deps/libtracing_core-a33e53e0dde0e190.rlib" "/opt/rustwide/target/debug/deps/libfutures_channel-d2ab52743b2c2633.rlib" "/opt/rustwide/target/debug/deps/libtokio-facc6d23d2498aae.rlib" "/opt/rustwide/target/debug/deps/libnum_cpus-4677405f6569f40c.rlib" "/opt/rustwide/target/debug/deps/libsocket2-67595f37a93b4ade.rlib" "/opt/rustwide/target/debug/deps/libmio-ca5b18dd06ec1186.rlib" "/opt/rustwide/target/debug/deps/libhttp_body-b169d00ee4a4f073.rlib" "/opt/rustwide/target/debug/deps/libfutures_util-d2f873e425642ece.rlib" "/opt/rustwide/target/debug/deps/libfutures_io-9bb20f45c376eb0f.rlib" "/opt/rustwide/target/debug/deps/libslab-cbdcaa7e55a10b04.rlib" "/opt/rustwide/target/debug/deps/libpin_project_lite-ca6a0babd9f90b02.rlib" "/opt/rustwide/target/debug/deps/libfutures_task-6494ee3ae050dcdb.rlib" "/opt/rustwide/target/debug/deps/libpin_utils-9c5dcf17efb91bff.rlib" "/opt/rustwide/target/debug/deps/liblog-2691a569523669d5.rlib" "/opt/rustwide/target/debug/deps/libfutures_core-f70fbe9b58d1b090.rlib" "/opt/rustwide/target/debug/deps/liburl-9089ad2bdf560459.rlib" "/opt/rustwide/target/debug/deps/libidna-6b3a0c2b4646f8fb.rlib" "/opt/rustwide/target/debug/deps/libunicode_normalization-c7ffd49442f63d22.rlib" "/opt/rustwide/target/debug/deps/libtinyvec-e7dc63e82263080a.rlib" "/opt/rustwide/target/debug/deps/libtinyvec_macros-2b90caf71be257df.rlib" "/opt/rustwide/target/debug/deps/libunicode_bidi-9e22f06d2a04cff1.rlib" "/opt/rustwide/target/debug/deps/libform_urlencoded-ae8f37993c92f9fc.rlib" "/opt/rustwide/target/debug/deps/libpercent_encoding-3da2a87a41f86eb7.rlib" "/opt/rustwide/target/debug/deps/libmatches-7dacc739f2471d9d.rlib" "/opt/rustwide/target/debug/deps/libhttp-eccc0fdf7c825ef0.rlib" "/opt/rustwide/target/debug/deps/libitoa-f543afc8cf678e4f.rlib" "/opt/rustwide/target/debug/deps/libbytes-cc9c49d7958180b3.rlib" "/opt/rustwide/target/debug/deps/libfnv-953831fe314029b4.rlib" "/opt/rustwide/target/debug/deps/libjava_properties-63b145801768d934.rlib" "/opt/rustwide/target/debug/deps/libregex-6fcacff6c2f1c7d5.rlib" "/opt/rustwide/target/debug/deps/libregex_syntax-4577c841cfe0367b.rlib" "/opt/rustwide/target/debug/deps/libencoding-04fd8a52028aa466.rlib" "/opt/rustwide/target/debug/deps/libencoding_index_tradchinese-1abd9c3a6f08c084.rlib" "/opt/rustwide/target/debug/deps/libencoding_index_simpchinese-293d45738db0614e.rlib" "/opt/rustwide/target/debug/deps/libencoding_index_japanese-b05997860acead33.rlib" "/opt/rustwide/target/debug/deps/libencoding_index_korean-bc414905a5629161.rlib" "/opt/rustwide/target/debug/deps/libencoding_index_singlebyte-cffcef67d7c289e9.rlib" "/opt/rustwide/target/debug/deps/libuuid-730b955ad97f9002.rlib" "/opt/rustwide/target/debug/deps/libserde-4c478b01a809023b.rlib" "/opt/rustwide/target/debug/deps/libthiserror-9f6d56166e1f8758.rlib" "/opt/rustwide/target/debug/deps/libnom-b0b9a49cb1a233a5.rlib" "/opt/rustwide/target/debug/deps/liblazy_static-efa3519517df6cf0.rlib" "/opt/rustwide/target/debug/deps/libaho_corasick-db90c4f3fe111e9e.rlib" "/opt/rustwide/target/debug/deps/libmemchr-96c7c37583bcf710.rlib" "/opt/rustwide/target/debug/deps/liblinked_hash_map-dc861c6e77e032c4.rlib" "/opt/rustwide/target/debug/deps/librand-6658181b024ea11e.rlib" "/opt/rustwide/target/debug/deps/librand_chacha-1c175bb9a95112ec.rlib" "/opt/rustwide/target/debug/deps/libppv_lite86-7d6f1ee516acde66.rlib" "/opt/rustwide/target/debug/deps/librand_core-6ebadb82f8e11876.rlib" "/opt/rustwide/target/debug/deps/libgetrandom-76b4cf1fbe995e4c.rlib" "/opt/rustwide/target/debug/deps/liblibc-bd8c8c907cdce1e5.rlib" "/opt/rustwide/target/debug/deps/libcfg_if-e7002d307f97bc56.rlib" "/opt/rustwide/rustup-home/toolchains/beta-2023-12-22-x86_64-unknown-linux-gnu/lib/rustlib/x86_64-unknown-linux-gnu/lib/libstd-0672489a78b613de.rlib" "/opt/rustwide/rustup-home/toolchains/beta-2023-12-22-x86_64-unknown-linux-gnu/lib/rustlib/x86_64-unknown-linux-gnu/lib/libpanic_unwind-7eb3ffc34a49f675.rlib" "/opt/rustwide/rustup-home/toolchains/beta-2023-12-22-x86_64-unknown-linux-gnu/lib/rustlib/x86_64-unknown-linux-gnu/lib/libobject-6478a9daa4bee8e2.rlib" "/opt/rustwide/rustup-home/toolchains/beta-2023-12-22-x86_64-unknown-linux-gnu/lib/rustlib/x86_64-unknown-linux-gnu/lib/libmemchr-0c75d871a5c3923d.rlib" "/opt/rustwide/rustup-home/toolchains/beta-2023-12-22-x86_64-unknown-linux-gnu/lib/rustlib/x86_64-unknown-linux-gnu/lib/libaddr2line-d163ef63ad37bb71.rlib" "/opt/rustwide/rustup-home/toolchains/beta-2023-12-22-x86_64-unknown-linux-gnu/lib/rustlib/x86_64-unknown-linux-gnu/lib/libgimli-8a3fd810a85b9f4c.rlib" "/opt/rustwide/rustup-home/toolchains/beta-2023-12-22-x86_64-unknown-linux-gnu/lib/rustlib/x86_64-unknown-linux-gnu/lib/librustc_demangle-462a2cde8c5dfc10.rlib" "/opt/rustwide/rustup-home/toolchains/beta-2023-12-22-x86_64-unknown-linux-gnu/lib/rustlib/x86_64-unknown-linux-gnu/lib/libstd_detect-cb06ac9f54713f71.rlib" "/opt/rustwide/rustup-home/toolchains/beta-2023-12-22-x86_64-unknown-linux-gnu/lib/rustlib/x86_64-unknown-linux-gnu/lib/libhashbrown-f20bfd1f8e59b393.rlib" "/opt/rustwide/rustup-home/toolchains/beta-2023-12-22-x86_64-unknown-linux-gnu/lib/rustlib/x86_64-unknown-linux-gnu/lib/librustc_std_workspace_alloc-1ef460949b49da4b.rlib" "/opt/rustwide/rustup-home/toolchains/beta-2023-12-22-x86_64-unknown-linux-gnu/lib/rustlib/x86_64-unknown-linux-gnu/lib/libminiz_oxide-2cb0c0ffe4f87514.rlib" "/opt/rustwide/rustup-home/toolchains/beta-2023-12-22-x86_64-unknown-linux-gnu/lib/rustlib/x86_64-unknown-linux-gnu/lib/libadler-58d841eb322a11a2.rlib" "/opt/rustwide/rustup-home/toolchains/beta-2023-12-22-x86_64-unknown-linux-gnu/lib/rustlib/x86_64-unknown-linux-gnu/lib/libunwind-aa2ae0b0a9d11533.rlib" "/opt/rustwide/rustup-home/toolchains/beta-2023-12-22-x86_64-unknown-linux-gnu/lib/rustlib/x86_64-unknown-linux-gnu/lib/libcfg_if-23874e15830ed336.rlib" "/opt/rustwide/rustup-home/toolchains/beta-2023-12-22-x86_64-unknown-linux-gnu/lib/rustlib/x86_64-unknown-linux-gnu/lib/liblibc-e47cddc003bce885.rlib" "/opt/rustwide/rustup-home/toolchains/beta-2023-12-22-x86_64-unknown-linux-gnu/lib/rustlib/x86_64-unknown-linux-gnu/lib/liballoc-c22b13b48a8f128e.rlib" "/opt/rustwide/rustup-home/toolchains/beta-2023-12-22-x86_64-unknown-linux-gnu/lib/rustlib/x86_64-unknown-linux-gnu/lib/librustc_std_workspace_core-e46bc3da6d7c462f.rlib" "/opt/rustwide/rustup-home/toolchains/beta-2023-12-22-x86_64-unknown-linux-gnu/lib/rustlib/x86_64-unknown-linux-gnu/lib/libcore-8d1ac131d3cb2645.rlib" "/opt/rustwide/rustup-home/toolchains/beta-2023-12-22-x86_64-unknown-linux-gnu/lib/rustlib/x86_64-unknown-linux-gnu/lib/libcompiler_builtins-a1b43df8c6899c1f.rlib" "-Wl,-Bdynamic" "-lgcc_s" "-lutil" "-lrt" "-lpthread" "-lm" "-ldl" "-lc" "-Wl,--eh-frame-hdr" "-Wl,-z,noexecstack" "-L" "/opt/rustwide/rustup-home/toolchains/beta-2023-12-22-x86_64-unknown-linux-gnu/lib/rustlib/x86_64-unknown-linux-gnu/lib" "-o" "/opt/rustwide/target/debug/deps/parse-f8c183af1dce4e02" "-Wl,--gc-sections" "-pie" "-Wl,-z,relro,-z,now" "-nodefaultlibs"
[INFO] [stdout]   = note: collect2: fatal error: ld terminated with signal 9 [Killed]
[INFO] [stdout]           compilation terminated.
[INFO] [stdout]           
[INFO] [stdout] 
[INFO] [stdout] 
[INFO] [stdout] error: aborting due to 1 previous error
[INFO] [stdout] 
[INFO] [stdout] 
[INFO] [stderr] error: could not compile `hocon` (test "parse") due to 2 previous errors
[INFO] running `Command { std: "docker" "inspect" "cfafc9a56c0f3a69a01fe53cb7d4bb4542b1585d644605280120a5a6038977db", kill_on_drop: false }`
[INFO] running `Command { std: "docker" "rm" "-f" "cfafc9a56c0f3a69a01fe53cb7d4bb4542b1585d644605280120a5a6038977db", kill_on_drop: false }`
[INFO] [stdout] cfafc9a56c0f3a69a01fe53cb7d4bb4542b1585d644605280120a5a6038977db
