[INFO] fetching crate hnsw_rs 0.2.0...
[INFO] testing hnsw_rs-0.2.0 against 1.75.0 for beta-1.76-1
[INFO] extracting crate hnsw_rs 0.2.0 into /workspace/builds/worker-4-tc1/source
[INFO] validating manifest of crates.io crate hnsw_rs 0.2.0 on toolchain 1.75.0
[INFO] running `Command { std: CARGO_HOME="/workspace/cargo-home" RUSTUP_HOME="/workspace/rustup-home" "/workspace/cargo-home/bin/cargo" "+1.75.0" "metadata" "--manifest-path" "Cargo.toml" "--no-deps", kill_on_drop: false }`
[INFO] started tweaking crates.io crate hnsw_rs 0.2.0
[INFO] removed 0 missing examples
[INFO] finished tweaking crates.io crate hnsw_rs 0.2.0
[INFO] tweaked toml for crates.io crate hnsw_rs 0.2.0 written to /workspace/builds/worker-4-tc1/source/Cargo.toml
[INFO] crate crates.io crate hnsw_rs 0.2.0 already has a lockfile, it will not be regenerated
[INFO] running `Command { std: CARGO_HOME="/workspace/cargo-home" RUSTUP_HOME="/workspace/rustup-home" "/workspace/cargo-home/bin/cargo" "+1.75.0" "fetch" "--manifest-path" "Cargo.toml", kill_on_drop: false }`
[INFO] [stderr]     Updating crates.io index
[INFO] [stderr]  Downloading crates ...
[INFO] [stderr]   Downloaded hdf5-derive v0.8.1
[INFO] [stderr]   Downloaded mmap-rs v0.6.0
[INFO] [stderr]   Downloaded cpu-time v1.0.0
[INFO] [stderr]   Downloaded hdf5-types v0.8.1
[INFO] [stderr]   Downloaded sysctl v0.5.4
[INFO] [stderr]   Downloaded hdf5-sys v0.8.1
[INFO] [stderr]   Downloaded enum-as-inner v0.5.1
[INFO] [stderr]   Downloaded skiplist v0.3.0
[INFO] [stderr]   Downloaded packed_simd_2 v0.3.8
[INFO] [stderr]   Downloaded hdf5 v0.8.1
[INFO] [stderr]   Downloaded simdeez v1.0.8
[INFO] [stderr]   Downloaded libm v0.1.4
[INFO] running `Command { std: "docker" "create" "-v" "/var/lib/crater-agent-workspace/builds/worker-4-tc1/target:/opt/rustwide/target:rw,Z" "-v" "/var/lib/crater-agent-workspace/builds/worker-4-tc1/source:/opt/rustwide/workdir:ro,Z" "-v" "/var/lib/crater-agent-workspace/cargo-home:/opt/rustwide/cargo-home:ro,Z" "-v" "/var/lib/crater-agent-workspace/rustup-home:/opt/rustwide/rustup-home:ro,Z" "-e" "SOURCE_DIR=/opt/rustwide/workdir" "-e" "CARGO_TARGET_DIR=/opt/rustwide/target" "-e" "CARGO_HOME=/opt/rustwide/cargo-home" "-e" "RUSTUP_HOME=/opt/rustwide/rustup-home" "-w" "/opt/rustwide/workdir" "-m" "1610612736" "--user" "0:0" "--network" "none" "ghcr.io/rust-lang/crates-build-env/linux@sha256:2788e3201cd34a07e3172128adcd8b3090168a8e3bcc40d7c032b9dda1df7d1c" "/opt/rustwide/cargo-home/bin/cargo" "+1.75.0" "metadata" "--no-deps" "--format-version=1", kill_on_drop: false }`
[INFO] [stdout] 580408e51b4ca945c7fa9f87f42b6ed39b8ceb9e7c4e54b59b67b84ba8d59bc6
[INFO] running `Command { std: "docker" "start" "-a" "580408e51b4ca945c7fa9f87f42b6ed39b8ceb9e7c4e54b59b67b84ba8d59bc6", kill_on_drop: false }`
[INFO] running `Command { std: "docker" "inspect" "580408e51b4ca945c7fa9f87f42b6ed39b8ceb9e7c4e54b59b67b84ba8d59bc6", kill_on_drop: false }`
[INFO] running `Command { std: "docker" "rm" "-f" "580408e51b4ca945c7fa9f87f42b6ed39b8ceb9e7c4e54b59b67b84ba8d59bc6", kill_on_drop: false }`
[INFO] [stdout] 580408e51b4ca945c7fa9f87f42b6ed39b8ceb9e7c4e54b59b67b84ba8d59bc6
[INFO] running `Command { std: "docker" "create" "-v" "/var/lib/crater-agent-workspace/builds/worker-4-tc1/target:/opt/rustwide/target:rw,Z" "-v" "/var/lib/crater-agent-workspace/builds/worker-4-tc1/source:/opt/rustwide/workdir:ro,Z" "-v" "/var/lib/crater-agent-workspace/cargo-home:/opt/rustwide/cargo-home:ro,Z" "-v" "/var/lib/crater-agent-workspace/rustup-home:/opt/rustwide/rustup-home:ro,Z" "-e" "SOURCE_DIR=/opt/rustwide/workdir" "-e" "CARGO_TARGET_DIR=/opt/rustwide/target" "-e" "CARGO_INCREMENTAL=0" "-e" "RUST_BACKTRACE=full" "-e" "RUSTFLAGS=--cap-lints=warn" "-e" "RUSTDOCFLAGS=--cap-lints=warn" "-e" "CARGO_HOME=/opt/rustwide/cargo-home" "-e" "RUSTUP_HOME=/opt/rustwide/rustup-home" "-w" "/opt/rustwide/workdir" "-m" "1610612736" "--user" "0:0" "--network" "none" "ghcr.io/rust-lang/crates-build-env/linux@sha256:2788e3201cd34a07e3172128adcd8b3090168a8e3bcc40d7c032b9dda1df7d1c" "/opt/rustwide/cargo-home/bin/cargo" "+1.75.0" "build" "--frozen" "--message-format=json", kill_on_drop: false }`
[INFO] [stdout] bb3188a0ae21d7464a9b65735d5502987bf9cbf31fec3b113f6335283b1216a3
[INFO] running `Command { std: "docker" "start" "-a" "bb3188a0ae21d7464a9b65735d5502987bf9cbf31fec3b113f6335283b1216a3", kill_on_drop: false }`
[INFO] [stderr]    Compiling libc v0.2.147
[INFO] [stderr]    Compiling proc-macro2 v1.0.66
[INFO] [stderr]    Compiling unicode-ident v1.0.11
[INFO] [stderr]    Compiling getrandom v0.1.16
[INFO] [stderr]    Compiling memchr v2.6.2
[INFO] [stderr]    Compiling syn v1.0.109
[INFO] [stderr]    Compiling rustix v0.38.11
[INFO] [stderr]    Compiling thiserror v1.0.47
[INFO] [stderr]    Compiling same-file v1.0.6
[INFO] [stderr]    Compiling regex-syntax v0.7.5
[INFO] [stderr]    Compiling memoffset v0.7.1
[INFO] [stderr]    Compiling lock_api v0.4.10
[INFO] [stderr]    Compiling ahash v0.8.3
[INFO] [stderr]    Compiling bitflags v2.4.0
[INFO] [stderr]    Compiling linux-raw-sys v0.4.5
[INFO] [stderr]    Compiling serde v1.0.188
[INFO] [stderr]    Compiling rayon-core v1.11.0
[INFO] [stderr]    Compiling parking_lot_core v0.9.8
[INFO] [stderr]    Compiling walkdir v2.3.3
[INFO] [stderr]    Compiling crossbeam-channel v0.5.8
[INFO] [stderr]    Compiling num-traits v0.2.16
[INFO] [stderr]    Compiling once_cell v1.18.0
[INFO] [stderr]    Compiling bytes v1.4.0
[INFO] [stderr]    Compiling smallvec v1.11.0
[INFO] [stderr]    Compiling byteorder v1.4.3
[INFO] [stderr]    Compiling aho-corasick v1.0.5
[INFO] [stderr]    Compiling termcolor v1.2.0
[INFO] [stderr]    Compiling allocator-api2 v0.2.16
[INFO] [stderr]    Compiling quote v1.0.33
[INFO] [stderr]    Compiling syn v2.0.29
[INFO] [stderr]    Compiling hashbrown v0.14.0
[INFO] [stderr]    Compiling combine v4.6.6
[INFO] [stderr]    Compiling getrandom v0.2.10
[INFO] [stderr]    Compiling num_cpus v1.16.0
[INFO] [stderr]    Compiling is-terminal v0.4.9
[INFO] [stderr]    Compiling nix v0.26.4
[INFO] [stderr]    Compiling rand_core v0.5.1
[INFO] [stderr]    Compiling rand_core v0.6.4
[INFO] [stderr]    Compiling rand_chacha v0.2.2
[INFO] [stderr]    Compiling rand_pcg v0.2.1
[INFO] [stderr]    Compiling regex-automata v0.3.7
[INFO] [stderr]    Compiling parking_lot v0.12.1
[INFO] [stderr]    Compiling cpu-time v1.0.0
[INFO] [stderr]    Compiling rand_chacha v0.3.1
[INFO] [stderr]    Compiling rand v0.7.3
[INFO] [stderr]    Compiling rand v0.8.5
[INFO] [stderr]    Compiling rayon v1.7.0
[INFO] [stderr]    Compiling skiplist v0.3.0
[INFO] [stderr]    Compiling enum-as-inner v0.5.1
[INFO] [stderr]    Compiling thiserror-impl v1.0.47
[INFO] [stderr]    Compiling serde_derive v1.0.188
[INFO] [stderr]    Compiling regex v1.9.4
[INFO] [stderr]    Compiling env_logger v0.10.0
[INFO] [stderr]    Compiling sysctl v0.5.4
[INFO] [stderr]    Compiling mmap-rs v0.6.0
[INFO] [stderr]    Compiling bincode v1.3.3
[INFO] [stderr]    Compiling hnsw_rs v0.2.0 (/opt/rustwide/workdir)
[INFO] [stdout] warning: unused doc comment
[INFO] [stdout]     --> src/hnswio.rs:1063:16
[INFO] [stdout]      |
[INFO] [stdout] 1063 |                ///  value is 1 for Full 0 for Light
[INFO] [stdout]      |                ^^^^^^^^^^^^^^^^^^^^^^^^^^^^^^^^^^^^
[INFO] [stdout] 1064 |             dumpmode : dumpmode,
[INFO] [stdout]      |             ------------------- rustdoc does not generate documentation for expression fields
[INFO] [stdout]      |
[INFO] [stdout]      = help: use `//` for a plain comment
[INFO] [stdout]      = note: `#[warn(unused_doc_comments)]` on by default
[INFO] [stdout] 
[INFO] [stdout] 
[INFO] [stdout] warning: unused import: `crate::filter::*`
[INFO] [stdout]  --> src/prelude.rs:6:9
[INFO] [stdout]   |
[INFO] [stdout] 6 | pub use crate::filter::*;
[INFO] [stdout]   |         ^^^^^^^^^^^^^^^^
[INFO] [stdout]   |
[INFO] [stdout]   = note: `#[warn(unused_imports)]` on by default
[INFO] [stdout] 
[INFO] [stdout] 
[INFO] [stdout] warning: 2 warnings emitted
[INFO] [stdout] 
[INFO] [stdout] 
[INFO] [stderr]     Finished dev [unoptimized + debuginfo] target(s) in 20.76s
[INFO] running `Command { std: "docker" "inspect" "bb3188a0ae21d7464a9b65735d5502987bf9cbf31fec3b113f6335283b1216a3", kill_on_drop: false }`
[INFO] running `Command { std: "docker" "rm" "-f" "bb3188a0ae21d7464a9b65735d5502987bf9cbf31fec3b113f6335283b1216a3", kill_on_drop: false }`
[INFO] [stdout] bb3188a0ae21d7464a9b65735d5502987bf9cbf31fec3b113f6335283b1216a3
[INFO] running `Command { std: "docker" "create" "-v" "/var/lib/crater-agent-workspace/builds/worker-4-tc1/target:/opt/rustwide/target:rw,Z" "-v" "/var/lib/crater-agent-workspace/builds/worker-4-tc1/source:/opt/rustwide/workdir:ro,Z" "-v" "/var/lib/crater-agent-workspace/cargo-home:/opt/rustwide/cargo-home:ro,Z" "-v" "/var/lib/crater-agent-workspace/rustup-home:/opt/rustwide/rustup-home:ro,Z" "-e" "SOURCE_DIR=/opt/rustwide/workdir" "-e" "CARGO_TARGET_DIR=/opt/rustwide/target" "-e" "CARGO_INCREMENTAL=0" "-e" "RUST_BACKTRACE=full" "-e" "RUSTFLAGS=--cap-lints=warn" "-e" "RUSTDOCFLAGS=--cap-lints=warn" "-e" "CARGO_HOME=/opt/rustwide/cargo-home" "-e" "RUSTUP_HOME=/opt/rustwide/rustup-home" "-w" "/opt/rustwide/workdir" "-m" "1610612736" "--user" "0:0" "--network" "none" "ghcr.io/rust-lang/crates-build-env/linux@sha256:2788e3201cd34a07e3172128adcd8b3090168a8e3bcc40d7c032b9dda1df7d1c" "/opt/rustwide/cargo-home/bin/cargo" "+1.75.0" "test" "--frozen" "--no-run" "--message-format=json", kill_on_drop: false }`
[INFO] [stdout] b262dbd4fc0194d6aca158c91fbd8a045925424b2b4e85e4e2f9c65ce2fc3559
[INFO] running `Command { std: "docker" "start" "-a" "b262dbd4fc0194d6aca158c91fbd8a045925424b2b4e85e4e2f9c65ce2fc3559", kill_on_drop: false }`
[INFO] [stderr]    Compiling regex-syntax v0.7.5
[INFO] [stderr]    Compiling syn v1.0.109
[INFO] [stderr]    Compiling libloading v0.7.4
[INFO] [stderr]    Compiling pkg-config v0.3.27
[INFO] [stderr]    Compiling num-traits v0.2.16
[INFO] [stderr]    Compiling matrixmultiply v0.3.7
[INFO] [stderr]    Compiling parking_lot_core v0.8.6
[INFO] [stderr]    Compiling instant v0.1.12
[INFO] [stderr]    Compiling rawpointer v0.2.1
[INFO] [stderr]    Compiling hdf5-types v0.8.1
[INFO] [stderr]    Compiling paste v1.0.14
[INFO] [stderr]    Compiling hdf5 v0.8.1
[INFO] [stderr]    Compiling ascii v1.1.0
[INFO] [stderr]    Compiling parking_lot v0.11.2
[INFO] [stderr]    Compiling num-integer v0.1.45
[INFO] [stderr]    Compiling num-complex v0.4.4
[INFO] [stderr]    Compiling ndarray v0.15.6
[INFO] [stderr]    Compiling regex-automata v0.3.7
[INFO] [stderr]    Compiling enum-as-inner v0.5.1
[INFO] [stderr]    Compiling hdf5-derive v0.8.1
[INFO] [stderr]    Compiling sysctl v0.5.4
[INFO] [stderr]    Compiling mmap-rs v0.6.0
[INFO] [stderr]    Compiling hnsw_rs v0.2.0 (/opt/rustwide/workdir)
[INFO] [stderr]    Compiling regex v1.9.4
[INFO] [stdout] warning: unused doc comment
[INFO] [stdout]     --> src/hnswio.rs:1063:16
[INFO] [stdout]      |
[INFO] [stdout] 1063 |                ///  value is 1 for Full 0 for Light
[INFO] [stdout]      |                ^^^^^^^^^^^^^^^^^^^^^^^^^^^^^^^^^^^^
[INFO] [stdout] 1064 |             dumpmode : dumpmode,
[INFO] [stdout]      |             ------------------- rustdoc does not generate documentation for expression fields
[INFO] [stdout]      |
[INFO] [stdout]      = help: use `//` for a plain comment
[INFO] [stdout]      = note: `#[warn(unused_doc_comments)]` on by default
[INFO] [stdout] 
[INFO] [stdout] 
[INFO] [stdout] warning: unused import: `crate::filter::*`
[INFO] [stdout]  --> src/prelude.rs:6:9
[INFO] [stdout]   |
[INFO] [stdout] 6 | pub use crate::filter::*;
[INFO] [stdout]   |         ^^^^^^^^^^^^^^^^
[INFO] [stdout]   |
[INFO] [stdout]   = note: `#[warn(unused_imports)]` on by default
[INFO] [stdout] 
[INFO] [stdout] 
[INFO] [stderr]    Compiling hdf5-sys v0.8.1
[INFO] [stdout] warning: 2 warnings emitted
[INFO] [stdout] 
[INFO] [stdout] 
[INFO] [stdout] warning: unused doc comment
[INFO] [stdout]     --> src/hnswio.rs:1063:16
[INFO] [stdout]      |
[INFO] [stdout] 1063 |                ///  value is 1 for Full 0 for Light
[INFO] [stdout]      |                ^^^^^^^^^^^^^^^^^^^^^^^^^^^^^^^^^^^^
[INFO] [stdout] 1064 |             dumpmode : dumpmode,
[INFO] [stdout]      |             ------------------- rustdoc does not generate documentation for expression fields
[INFO] [stdout]      |
[INFO] [stdout]      = help: use `//` for a plain comment
[INFO] [stdout]      = note: `#[warn(unused_doc_comments)]` on by default
[INFO] [stdout] 
[INFO] [stdout] 
[INFO] [stdout] warning: unused import: `crate::filter::*`
[INFO] [stdout]  --> src/prelude.rs:6:9
[INFO] [stdout]   |
[INFO] [stdout] 6 | pub use crate::filter::*;
[INFO] [stdout]   |         ^^^^^^^^^^^^^^^^
[INFO] [stdout]   |
[INFO] [stdout]   = note: `#[warn(unused_imports)]` on by default
[INFO] [stdout] 
[INFO] [stdout] 
[INFO] [stderr] error: could not compile `hnsw_rs` (lib test); 2 warnings emitted
[INFO] [stderr] 
[INFO] [stderr] Caused by:
[INFO] [stderr]   process didn't exit successfully: `/opt/rustwide/rustup-home/toolchains/1.75.0-x86_64-unknown-linux-gnu/bin/rustc --crate-name hnsw_rs --edition=2021 src/lib.rs --error-format=json --json=diagnostic-rendered-ansi,artifacts,future-incompat --emit=dep-info,link -C embed-bitcode=no -C debuginfo=2 --test --cfg 'feature="default"' -C metadata=d90c19f373ebacb3 -C extra-filename=-d90c19f373ebacb3 --out-dir /opt/rustwide/target/debug/deps -L dependency=/opt/rustwide/target/debug/deps --extern anyhow=/opt/rustwide/target/debug/deps/libanyhow-477edb6dbb409be2.rlib --extern bincode=/opt/rustwide/target/debug/deps/libbincode-4987eee69fa971fa.rlib --extern cpu_time=/opt/rustwide/target/debug/deps/libcpu_time-cd7589ed01c9e76a.rlib --extern env_logger=/opt/rustwide/target/debug/deps/libenv_logger-44498530bd064348.rlib --extern hashbrown=/opt/rustwide/target/debug/deps/libhashbrown-92d52fee72309d03.rlib --extern hdf5=/opt/rustwide/target/debug/deps/libhdf5-c9da49f6ec2dc4b3.rlib --extern lazy_static=/opt/rustwide/target/debug/deps/liblazy_static-591486ebcb9a7ead.rlib --extern log=/opt/rustwide/target/debug/deps/liblog-e491f2c1d0b13538.rlib --extern mmap_rs=/opt/rustwide/target/debug/deps/libmmap_rs-c9c87234bbf573bc.rlib --extern ndarray=/opt/rustwide/target/debug/deps/libndarray-7b00bba406f96f42.rlib --extern num_traits=/opt/rustwide/target/debug/deps/libnum_traits-7e9d88b0dd43991d.rlib --extern num_cpus=/opt/rustwide/target/debug/deps/libnum_cpus-1ee7f52348815e16.rlib --extern parking_lot=/opt/rustwide/target/debug/deps/libparking_lot-74f7b81d562399e8.rlib --extern rand=/opt/rustwide/target/debug/deps/librand-b774bf376dc0d516.rlib --extern rayon=/opt/rustwide/target/debug/deps/librayon-3ca20aa103b94b16.rlib --extern serde=/opt/rustwide/target/debug/deps/libserde-09d3e0f1430afba9.rlib --extern skiplist=/opt/rustwide/target/debug/deps/libskiplist-fda091da66cb7e98.rlib --cap-lints=warn -L native=/usr/lib/x86_64-linux-gnu/hdf5/serial` (signal: 9, SIGKILL: kill)
[INFO] [stderr] warning: build failed, waiting for other jobs to finish...
[INFO] [stdout] error: linking with `cc` failed: exit status: 1
[INFO] [stdout]   |
[INFO] [stdout]   = note: LC_ALL="C" PATH="/opt/rustwide/rustup-home/toolchains/1.75.0-x86_64-unknown-linux-gnu/lib/rustlib/x86_64-unknown-linux-gnu/bin:/opt/rustwide/cargo-home/bin:/usr/local/sbin:/usr/local/bin:/usr/sbin:/usr/bin:/sbin:/bin" VSLANG="1033" "cc" "-m64" "/tmp/rustc53E4P5/symbols.o" "/opt/rustwide/target/debug/examples/ann_sift1m-06ab164a3ccd3a72.ann_sift1m.765b46eb3a24500c-cgu.0.rcgu.o" "/opt/rustwide/target/debug/examples/ann_sift1m-06ab164a3ccd3a72.ann_sift1m.765b46eb3a24500c-cgu.1.rcgu.o" "/opt/rustwide/target/debug/examples/ann_sift1m-06ab164a3ccd3a72.ann_sift1m.765b46eb3a24500c-cgu.2.rcgu.o" "/opt/rustwide/target/debug/examples/ann_sift1m-06ab164a3ccd3a72.ann_sift1m.765b46eb3a24500c-cgu.3.rcgu.o" "/opt/rustwide/target/debug/examples/ann_sift1m-06ab164a3ccd3a72.ann_sift1m.765b46eb3a24500c-cgu.4.rcgu.o" "/opt/rustwide/target/debug/examples/ann_sift1m-06ab164a3ccd3a72.z9vpmypvu28aw5d.rcgu.o" "-Wl,--as-needed" "-L" "/opt/rustwide/target/debug/deps" "-L" "/usr/lib/x86_64-linux-gnu/hdf5/serial" "-L" "/opt/rustwide/rustup-home/toolchains/1.75.0-x86_64-unknown-linux-gnu/lib/rustlib/x86_64-unknown-linux-gnu/lib" "-Wl,-Bstatic" "/opt/rustwide/target/debug/deps/libhdf5-c9da49f6ec2dc4b3.rlib" "/opt/rustwide/target/debug/deps/libparking_lot-87c852bfc142d719.rlib" "/opt/rustwide/target/debug/deps/libparking_lot_core-f7f7cd35573aa539.rlib" "/opt/rustwide/target/debug/deps/libinstant-65b44248b363c7fa.rlib" "/opt/rustwide/target/debug/deps/libhdf5_sys-ff02d0400c2723cb.rlib" "/opt/rustwide/target/debug/deps/libhdf5_types-989e34964c2b7a28.rlib" "/opt/rustwide/target/debug/deps/libascii-c2e86e0443a404ab.rlib" "/opt/rustwide/target/debug/deps/libndarray-7b00bba406f96f42.rlib" "/opt/rustwide/target/debug/deps/libmatrixmultiply-bb2a06cb9c85e9b0.rlib" "/opt/rustwide/target/debug/deps/libnum_complex-46a94857a74b1507.rlib" "/opt/rustwide/target/debug/deps/libnum_integer-4741b71f7451f7a4.rlib" "/opt/rustwide/target/debug/deps/librawpointer-fd99f7762ca119b4.rlib" "/opt/rustwide/target/debug/deps/libhnsw_rs-fb2007a618be4e83.rlib" "/opt/rustwide/target/debug/deps/libbincode-4987eee69fa971fa.rlib" "/opt/rustwide/target/debug/deps/libmmap_rs-c9c87234bbf573bc.rlib" "/opt/rustwide/target/debug/deps/libsysctl-333ef4086ef8da4e.rlib" "/opt/rustwide/target/debug/deps/libwalkdir-1e1e3f79bb01416f.rlib" "/opt/rustwide/target/debug/deps/libsame_file-06a4c01142053b65.rlib" "/opt/rustwide/target/debug/deps/libbyteorder-b7588b59c1d17615.rlib" "/opt/rustwide/target/debug/deps/libcombine-70b3894dd7d22811.rlib" "/opt/rustwide/target/debug/deps/libbytes-3fc98b508f6e4a28.rlib" "/opt/rustwide/target/debug/deps/libnix-c6e19fac92b69d67.rlib" "/opt/rustwide/target/debug/deps/libmemoffset-f02e326318b611eb.rlib" "/opt/rustwide/target/debug/deps/libpin_utils-741f7d9d160e4a16.rlib" "/opt/rustwide/target/debug/deps/libthiserror-294da154f44c93fe.rlib" "/opt/rustwide/target/debug/deps/libbitflags-b7cee2ca4fb438d0.rlib" "/opt/rustwide/target/debug/deps/libanyhow-477edb6dbb409be2.rlib" "/opt/rustwide/target/debug/deps/libnum_traits-7e9d88b0dd43991d.rlib" "/opt/rustwide/target/debug/deps/librand-b774bf376dc0d516.rlib" "/opt/rustwide/target/debug/deps/librand_chacha-d17c2c6ce6707a00.rlib" "/opt/rustwide/target/debug/deps/libppv_lite86-9f808eb911999ef2.rlib" "/opt/rustwide/target/debug/deps/librand_core-7a5ec661fff38ee5.rlib" "/opt/rustwide/target/debug/deps/libgetrandom-48f05dc085dd925d.rlib" "/opt/rustwide/target/debug/deps/libhashbrown-92d52fee72309d03.rlib" "/opt/rustwide/target/debug/deps/libahash-4ed5c3a9b3063d1e.rlib" "/opt/rustwide/target/debug/deps/libonce_cell-6049e131b9e3eb6d.rlib" "/opt/rustwide/target/debug/deps/liballocator_api2-87ab9ac2a3ea53c5.rlib" "/opt/rustwide/target/debug/deps/librayon-3ca20aa103b94b16.rlib" "/opt/rustwide/target/debug/deps/librayon_core-670139d375d877a1.rlib" "/opt/rustwide/target/debug/deps/libnum_cpus-1ee7f52348815e16.rlib" "/opt/rustwide/target/debug/deps/libcrossbeam_deque-3c30e5c2dd729e94.rlib" "/opt/rustwide/target/debug/deps/libcrossbeam_epoch-198626cf7ff8295f.rlib" "/opt/rustwide/target/debug/deps/libmemoffset-77b9fc6eaa51883f.rlib" "/opt/rustwide/target/debug/deps/libcrossbeam_channel-2239c0b69ce2d6a7.rlib" "/opt/rustwide/target/debug/deps/libcrossbeam_utils-c927984e5b3dbee5.rlib" "/opt/rustwide/target/debug/deps/libeither-02329136bf214899.rlib" "/opt/rustwide/target/debug/deps/libparking_lot-74f7b81d562399e8.rlib" "/opt/rustwide/target/debug/deps/libparking_lot_core-24da644042b44a8b.rlib" "/opt/rustwide/target/debug/deps/libcfg_if-61dc7a6799e72b18.rlib" "/opt/rustwide/target/debug/deps/libsmallvec-33da69ee6a49df81.rlib" "/opt/rustwide/target/debug/deps/liblock_api-6d695fe916f3ef34.rlib" "/opt/rustwide/target/debug/deps/libscopeguard-012e5ed929fc2fe6.rlib" "/opt/rustwide/target/debug/deps/libserde-09d3e0f1430afba9.rlib" "/opt/rustwide/target/debug/deps/liblazy_static-591486ebcb9a7ead.rlib" "/opt/rustwide/target/debug/deps/libenv_logger-44498530bd064348.rlib" "/opt/rustwide/target/debug/deps/libtermcolor-c45be6d4018c8de7.rlib" "/opt/rustwide/target/debug/deps/libis_terminal-0887e0196520db60.rlib" "/opt/rustwide/target/debug/deps/librustix-abc536c64a681792.rlib" "/opt/rustwide/target/debug/deps/libbitflags-78da337a9db99d1b.rlib" "/opt/rustwide/target/debug/deps/liblinux_raw_sys-0e58d797574ec608.rlib" "/opt/rustwide/target/debug/deps/libhumantime-e2a10e0b2bfa2002.rlib" "/opt/rustwide/target/debug/deps/liblog-e491f2c1d0b13538.rlib" "/opt/rustwide/target/debug/deps/libregex-6142f9a36c384d0b.rlib" "/opt/rustwide/target/debug/deps/libregex_automata-86506b5c2a83cc1f.rlib" "/opt/rustwide/target/debug/deps/libaho_corasick-27b3261d4cfcef20.rlib" "/opt/rustwide/target/debug/deps/libmemchr-b4adf77f2878ad35.rlib" "/opt/rustwide/target/debug/deps/libregex_syntax-053947a594b97337.rlib" "/opt/rustwide/target/debug/deps/libcpu_time-cd7589ed01c9e76a.rlib" "/opt/rustwide/target/debug/deps/liblibc-eb440e55dfb137ff.rlib" "/opt/rustwide/rustup-home/toolchains/1.75.0-x86_64-unknown-linux-gnu/lib/rustlib/x86_64-unknown-linux-gnu/lib/libstd-90f6ddbf82de36ec.rlib" "/opt/rustwide/rustup-home/toolchains/1.75.0-x86_64-unknown-linux-gnu/lib/rustlib/x86_64-unknown-linux-gnu/lib/libpanic_unwind-480c41e9d4e1f677.rlib" "/opt/rustwide/rustup-home/toolchains/1.75.0-x86_64-unknown-linux-gnu/lib/rustlib/x86_64-unknown-linux-gnu/lib/libobject-db744c0ca03eed1d.rlib" "/opt/rustwide/rustup-home/toolchains/1.75.0-x86_64-unknown-linux-gnu/lib/rustlib/x86_64-unknown-linux-gnu/lib/libmemchr-8ba652dc7d4b285a.rlib" "/opt/rustwide/rustup-home/toolchains/1.75.0-x86_64-unknown-linux-gnu/lib/rustlib/x86_64-unknown-linux-gnu/lib/libaddr2line-d5f4520a9ebc0d58.rlib" "/opt/rustwide/rustup-home/toolchains/1.75.0-x86_64-unknown-linux-gnu/lib/rustlib/x86_64-unknown-linux-gnu/lib/libgimli-4ad84de58f0cb463.rlib" "/opt/rustwide/rustup-home/toolchains/1.75.0-x86_64-unknown-linux-gnu/lib/rustlib/x86_64-unknown-linux-gnu/lib/librustc_demangle-0d10aae2e0f38735.rlib" "/opt/rustwide/rustup-home/toolchains/1.75.0-x86_64-unknown-linux-gnu/lib/rustlib/x86_64-unknown-linux-gnu/lib/libstd_detect-0c17cff739e6745b.rlib" "/opt/rustwide/rustup-home/toolchains/1.75.0-x86_64-unknown-linux-gnu/lib/rustlib/x86_64-unknown-linux-gnu/lib/libhashbrown-b29e17139dde1aa8.rlib" "/opt/rustwide/rustup-home/toolchains/1.75.0-x86_64-unknown-linux-gnu/lib/rustlib/x86_64-unknown-linux-gnu/lib/librustc_std_workspace_alloc-1f975299829cc7bd.rlib" "/opt/rustwide/rustup-home/toolchains/1.75.0-x86_64-unknown-linux-gnu/lib/rustlib/x86_64-unknown-linux-gnu/lib/libminiz_oxide-86bae3bc3079f89b.rlib" "/opt/rustwide/rustup-home/toolchains/1.75.0-x86_64-unknown-linux-gnu/lib/rustlib/x86_64-unknown-linux-gnu/lib/libadler-321b82c30dffdf5f.rlib" "/opt/rustwide/rustup-home/toolchains/1.75.0-x86_64-unknown-linux-gnu/lib/rustlib/x86_64-unknown-linux-gnu/lib/libunwind-3dd8a6810a0bdfef.rlib" "/opt/rustwide/rustup-home/toolchains/1.75.0-x86_64-unknown-linux-gnu/lib/rustlib/x86_64-unknown-linux-gnu/lib/libcfg_if-eb39a61c0c879984.rlib" "/opt/rustwide/rustup-home/toolchains/1.75.0-x86_64-unknown-linux-gnu/lib/rustlib/x86_64-unknown-linux-gnu/lib/liblibc-aa769569f91c3548.rlib" "/opt/rustwide/rustup-home/toolchains/1.75.0-x86_64-unknown-linux-gnu/lib/rustlib/x86_64-unknown-linux-gnu/lib/liballoc-510a192a50a983ed.rlib" "/opt/rustwide/rustup-home/toolchains/1.75.0-x86_64-unknown-linux-gnu/lib/rustlib/x86_64-unknown-linux-gnu/lib/librustc_std_workspace_core-0577018320f99037.rlib" "/opt/rustwide/rustup-home/toolchains/1.75.0-x86_64-unknown-linux-gnu/lib/rustlib/x86_64-unknown-linux-gnu/lib/libcore-193cf992125ccd4c.rlib" "/opt/rustwide/rustup-home/toolchains/1.75.0-x86_64-unknown-linux-gnu/lib/rustlib/x86_64-unknown-linux-gnu/lib/libcompiler_builtins-8e138eaf26ebb4a8.rlib" "-Wl,-Bdynamic" "-lhdf5" "-lgcc_s" "-lutil" "-lrt" "-lpthread" "-lm" "-ldl" "-lc" "-Wl,--eh-frame-hdr" "-Wl,-z,noexecstack" "-L" "/opt/rustwide/rustup-home/toolchains/1.75.0-x86_64-unknown-linux-gnu/lib/rustlib/x86_64-unknown-linux-gnu/lib" "-o" "/opt/rustwide/target/debug/examples/ann_sift1m-06ab164a3ccd3a72" "-Wl,--gc-sections" "-pie" "-Wl,-z,relro,-z,now" "-nodefaultlibs"
[INFO] [stdout]   = note: collect2: fatal error: ld terminated with signal 9 [Killed]
[INFO] [stdout]           compilation terminated.
[INFO] [stdout]           
[INFO] [stdout] 
[INFO] [stdout] 
[INFO] [stdout] error: aborting due to previous error
[INFO] [stdout] 
[INFO] [stdout] 
[INFO] [stderr] error: could not compile `hnsw_rs` (example "ann-sift1m") due to 2 previous errors
[INFO] [stdout] error: linking with `cc` failed: exit status: 1
[INFO] [stdout]   |
[INFO] [stdout]   = note: LC_ALL="C" PATH="/opt/rustwide/rustup-home/toolchains/1.75.0-x86_64-unknown-linux-gnu/lib/rustlib/x86_64-unknown-linux-gnu/bin:/opt/rustwide/cargo-home/bin:/usr/local/sbin:/usr/local/bin:/usr/sbin:/usr/bin:/sbin:/bin" VSLANG="1033" "cc" "-m64" "/tmp/rustc4XFTDA/symbols.o" "/opt/rustwide/target/debug/deps/serpar-769f7a36782f393c.serpar.5050432456896670-cgu.0.rcgu.o" "/opt/rustwide/target/debug/deps/serpar-769f7a36782f393c.serpar.5050432456896670-cgu.1.rcgu.o" "/opt/rustwide/target/debug/deps/serpar-769f7a36782f393c.serpar.5050432456896670-cgu.2.rcgu.o" "/opt/rustwide/target/debug/deps/serpar-769f7a36782f393c.serpar.5050432456896670-cgu.3.rcgu.o" "/opt/rustwide/target/debug/deps/serpar-769f7a36782f393c.serpar.5050432456896670-cgu.4.rcgu.o" "/opt/rustwide/target/debug/deps/serpar-769f7a36782f393c.4kb2vkdfh8q50y1f.rcgu.o" "-Wl,--as-needed" "-L" "/opt/rustwide/target/debug/deps" "-L" "/usr/lib/x86_64-linux-gnu/hdf5/serial" "-L" "/opt/rustwide/rustup-home/toolchains/1.75.0-x86_64-unknown-linux-gnu/lib/rustlib/x86_64-unknown-linux-gnu/lib" "-Wl,-Bstatic" "/opt/rustwide/rustup-home/toolchains/1.75.0-x86_64-unknown-linux-gnu/lib/rustlib/x86_64-unknown-linux-gnu/lib/libtest-3df1bed8075ce1de.rlib" "/opt/rustwide/rustup-home/toolchains/1.75.0-x86_64-unknown-linux-gnu/lib/rustlib/x86_64-unknown-linux-gnu/lib/libgetopts-2076fd86b325cb5d.rlib" "/opt/rustwide/rustup-home/toolchains/1.75.0-x86_64-unknown-linux-gnu/lib/rustlib/x86_64-unknown-linux-gnu/lib/libunicode_width-caa7152ee70c190f.rlib" "/opt/rustwide/rustup-home/toolchains/1.75.0-x86_64-unknown-linux-gnu/lib/rustlib/x86_64-unknown-linux-gnu/lib/librustc_std_workspace_std-04e6425e07f02a3c.rlib" "/opt/rustwide/target/debug/deps/libhnsw_rs-fb2007a618be4e83.rlib" "/opt/rustwide/target/debug/deps/libbincode-4987eee69fa971fa.rlib" "/opt/rustwide/target/debug/deps/libmmap_rs-c9c87234bbf573bc.rlib" "/opt/rustwide/target/debug/deps/libsysctl-333ef4086ef8da4e.rlib" "/opt/rustwide/target/debug/deps/libwalkdir-1e1e3f79bb01416f.rlib" "/opt/rustwide/target/debug/deps/libsame_file-06a4c01142053b65.rlib" "/opt/rustwide/target/debug/deps/libbyteorder-b7588b59c1d17615.rlib" "/opt/rustwide/target/debug/deps/libcombine-70b3894dd7d22811.rlib" "/opt/rustwide/target/debug/deps/libbytes-3fc98b508f6e4a28.rlib" "/opt/rustwide/target/debug/deps/libnix-c6e19fac92b69d67.rlib" "/opt/rustwide/target/debug/deps/libmemoffset-f02e326318b611eb.rlib" "/opt/rustwide/target/debug/deps/libpin_utils-741f7d9d160e4a16.rlib" "/opt/rustwide/target/debug/deps/libthiserror-294da154f44c93fe.rlib" "/opt/rustwide/target/debug/deps/libbitflags-b7cee2ca4fb438d0.rlib" "/opt/rustwide/target/debug/deps/libanyhow-477edb6dbb409be2.rlib" "/opt/rustwide/target/debug/deps/libnum_traits-7e9d88b0dd43991d.rlib" "/opt/rustwide/target/debug/deps/libhashbrown-92d52fee72309d03.rlib" "/opt/rustwide/target/debug/deps/libahash-4ed5c3a9b3063d1e.rlib" "/opt/rustwide/target/debug/deps/libonce_cell-6049e131b9e3eb6d.rlib" "/opt/rustwide/target/debug/deps/liballocator_api2-87ab9ac2a3ea53c5.rlib" "/opt/rustwide/target/debug/deps/librayon-3ca20aa103b94b16.rlib" "/opt/rustwide/target/debug/deps/librayon_core-670139d375d877a1.rlib" "/opt/rustwide/target/debug/deps/libnum_cpus-1ee7f52348815e16.rlib" "/opt/rustwide/target/debug/deps/libcrossbeam_deque-3c30e5c2dd729e94.rlib" "/opt/rustwide/target/debug/deps/libcrossbeam_epoch-198626cf7ff8295f.rlib" "/opt/rustwide/target/debug/deps/libmemoffset-77b9fc6eaa51883f.rlib" "/opt/rustwide/target/debug/deps/libcrossbeam_channel-2239c0b69ce2d6a7.rlib" "/opt/rustwide/target/debug/deps/libcrossbeam_utils-c927984e5b3dbee5.rlib" "/opt/rustwide/target/debug/deps/libeither-02329136bf214899.rlib" "/opt/rustwide/target/debug/deps/libparking_lot-74f7b81d562399e8.rlib" "/opt/rustwide/target/debug/deps/libparking_lot_core-24da644042b44a8b.rlib" "/opt/rustwide/target/debug/deps/libsmallvec-33da69ee6a49df81.rlib" "/opt/rustwide/target/debug/deps/liblock_api-6d695fe916f3ef34.rlib" "/opt/rustwide/target/debug/deps/libscopeguard-012e5ed929fc2fe6.rlib" "/opt/rustwide/target/debug/deps/libcpu_time-cd7589ed01c9e76a.rlib" "/opt/rustwide/target/debug/deps/libenv_logger-44498530bd064348.rlib" "/opt/rustwide/target/debug/deps/libtermcolor-c45be6d4018c8de7.rlib" "/opt/rustwide/target/debug/deps/libis_terminal-0887e0196520db60.rlib" "/opt/rustwide/target/debug/deps/librustix-abc536c64a681792.rlib" "/opt/rustwide/target/debug/deps/libbitflags-78da337a9db99d1b.rlib" "/opt/rustwide/target/debug/deps/liblinux_raw_sys-0e58d797574ec608.rlib" "/opt/rustwide/target/debug/deps/libhumantime-e2a10e0b2bfa2002.rlib" "/opt/rustwide/target/debug/deps/liblog-e491f2c1d0b13538.rlib" "/opt/rustwide/target/debug/deps/libregex-6142f9a36c384d0b.rlib" "/opt/rustwide/target/debug/deps/libregex_automata-86506b5c2a83cc1f.rlib" "/opt/rustwide/target/debug/deps/libaho_corasick-27b3261d4cfcef20.rlib" "/opt/rustwide/target/debug/deps/libmemchr-b4adf77f2878ad35.rlib" "/opt/rustwide/target/debug/deps/libregex_syntax-053947a594b97337.rlib" "/opt/rustwide/target/debug/deps/liblazy_static-591486ebcb9a7ead.rlib" "/opt/rustwide/target/debug/deps/libserde-09d3e0f1430afba9.rlib" "/opt/rustwide/target/debug/deps/libskiplist-fda091da66cb7e98.rlib" "/opt/rustwide/target/debug/deps/librand-011c04113151e57e.rlib" "/opt/rustwide/target/debug/deps/librand_pcg-51eb9cf7afe1c227.rlib" "/opt/rustwide/target/debug/deps/librand_chacha-c8f94874d95f3af5.rlib" "/opt/rustwide/target/debug/deps/librand_core-fdd9fcb0c3ba6a90.rlib" "/opt/rustwide/target/debug/deps/libgetrandom-c4ae115a83d05187.rlib" "/opt/rustwide/target/debug/deps/librand-b774bf376dc0d516.rlib" "/opt/rustwide/target/debug/deps/librand_chacha-d17c2c6ce6707a00.rlib" "/opt/rustwide/target/debug/deps/libppv_lite86-9f808eb911999ef2.rlib" "/opt/rustwide/target/debug/deps/librand_core-7a5ec661fff38ee5.rlib" "/opt/rustwide/target/debug/deps/libgetrandom-48f05dc085dd925d.rlib" "/opt/rustwide/target/debug/deps/liblibc-eb440e55dfb137ff.rlib" "/opt/rustwide/target/debug/deps/libcfg_if-61dc7a6799e72b18.rlib" "/opt/rustwide/rustup-home/toolchains/1.75.0-x86_64-unknown-linux-gnu/lib/rustlib/x86_64-unknown-linux-gnu/lib/libstd-90f6ddbf82de36ec.rlib" "/opt/rustwide/rustup-home/toolchains/1.75.0-x86_64-unknown-linux-gnu/lib/rustlib/x86_64-unknown-linux-gnu/lib/libpanic_unwind-480c41e9d4e1f677.rlib" "/opt/rustwide/rustup-home/toolchains/1.75.0-x86_64-unknown-linux-gnu/lib/rustlib/x86_64-unknown-linux-gnu/lib/libobject-db744c0ca03eed1d.rlib" "/opt/rustwide/rustup-home/toolchains/1.75.0-x86_64-unknown-linux-gnu/lib/rustlib/x86_64-unknown-linux-gnu/lib/libmemchr-8ba652dc7d4b285a.rlib" "/opt/rustwide/rustup-home/toolchains/1.75.0-x86_64-unknown-linux-gnu/lib/rustlib/x86_64-unknown-linux-gnu/lib/libaddr2line-d5f4520a9ebc0d58.rlib" "/opt/rustwide/rustup-home/toolchains/1.75.0-x86_64-unknown-linux-gnu/lib/rustlib/x86_64-unknown-linux-gnu/lib/libgimli-4ad84de58f0cb463.rlib" "/opt/rustwide/rustup-home/toolchains/1.75.0-x86_64-unknown-linux-gnu/lib/rustlib/x86_64-unknown-linux-gnu/lib/librustc_demangle-0d10aae2e0f38735.rlib" "/opt/rustwide/rustup-home/toolchains/1.75.0-x86_64-unknown-linux-gnu/lib/rustlib/x86_64-unknown-linux-gnu/lib/libstd_detect-0c17cff739e6745b.rlib" "/opt/rustwide/rustup-home/toolchains/1.75.0-x86_64-unknown-linux-gnu/lib/rustlib/x86_64-unknown-linux-gnu/lib/libhashbrown-b29e17139dde1aa8.rlib" "/opt/rustwide/rustup-home/toolchains/1.75.0-x86_64-unknown-linux-gnu/lib/rustlib/x86_64-unknown-linux-gnu/lib/librustc_std_workspace_alloc-1f975299829cc7bd.rlib" "/opt/rustwide/rustup-home/toolchains/1.75.0-x86_64-unknown-linux-gnu/lib/rustlib/x86_64-unknown-linux-gnu/lib/libminiz_oxide-86bae3bc3079f89b.rlib" "/opt/rustwide/rustup-home/toolchains/1.75.0-x86_64-unknown-linux-gnu/lib/rustlib/x86_64-unknown-linux-gnu/lib/libadler-321b82c30dffdf5f.rlib" "/opt/rustwide/rustup-home/toolchains/1.75.0-x86_64-unknown-linux-gnu/lib/rustlib/x86_64-unknown-linux-gnu/lib/libunwind-3dd8a6810a0bdfef.rlib" "/opt/rustwide/rustup-home/toolchains/1.75.0-x86_64-unknown-linux-gnu/lib/rustlib/x86_64-unknown-linux-gnu/lib/libcfg_if-eb39a61c0c879984.rlib" "/opt/rustwide/rustup-home/toolchains/1.75.0-x86_64-unknown-linux-gnu/lib/rustlib/x86_64-unknown-linux-gnu/lib/liblibc-aa769569f91c3548.rlib" "/opt/rustwide/rustup-home/toolchains/1.75.0-x86_64-unknown-linux-gnu/lib/rustlib/x86_64-unknown-linux-gnu/lib/liballoc-510a192a50a983ed.rlib" "/opt/rustwide/rustup-home/toolchains/1.75.0-x86_64-unknown-linux-gnu/lib/rustlib/x86_64-unknown-linux-gnu/lib/librustc_std_workspace_core-0577018320f99037.rlib" "/opt/rustwide/rustup-home/toolchains/1.75.0-x86_64-unknown-linux-gnu/lib/rustlib/x86_64-unknown-linux-gnu/lib/libcore-193cf992125ccd4c.rlib" "/opt/rustwide/rustup-home/toolchains/1.75.0-x86_64-unknown-linux-gnu/lib/rustlib/x86_64-unknown-linux-gnu/lib/libcompiler_builtins-8e138eaf26ebb4a8.rlib" "-Wl,-Bdynamic" "-lgcc_s" "-lutil" "-lrt" "-lpthread" "-lm" "-ldl" "-lc" "-Wl,--eh-frame-hdr" "-Wl,-z,noexecstack" "-L" "/opt/rustwide/rustup-home/toolchains/1.75.0-x86_64-unknown-linux-gnu/lib/rustlib/x86_64-unknown-linux-gnu/lib" "-o" "/opt/rustwide/target/debug/deps/serpar-769f7a36782f393c" "-Wl,--gc-sections" "-pie" "-Wl,-z,relro,-z,now" "-nodefaultlibs"
[INFO] [stdout]   = note: collect2: fatal error: ld terminated with signal 9 [Killed]
[INFO] [stdout]           compilation terminated.
[INFO] [stdout]           
[INFO] [stdout] 
[INFO] [stdout] 
[INFO] [stdout] error: aborting due to previous error
[INFO] [stdout] 
[INFO] [stdout] 
[INFO] [stderr] error: could not compile `hnsw_rs` (test "serpar") due to 2 previous errors
[INFO] running `Command { std: "docker" "inspect" "b262dbd4fc0194d6aca158c91fbd8a045925424b2b4e85e4e2f9c65ce2fc3559", kill_on_drop: false }`
[INFO] running `Command { std: "docker" "rm" "-f" "b262dbd4fc0194d6aca158c91fbd8a045925424b2b4e85e4e2f9c65ce2fc3559", kill_on_drop: false }`
[INFO] [stdout] b262dbd4fc0194d6aca158c91fbd8a045925424b2b4e85e4e2f9c65ce2fc3559
[INFO] testing hnsw_rs-0.2.0 against beta-2023-12-22 for beta-1.76-1
[INFO] extracting crate hnsw_rs 0.2.0 into /workspace/builds/worker-4-tc2/source
[INFO] validating manifest of crates.io crate hnsw_rs 0.2.0 on toolchain beta-2023-12-22
[INFO] running `Command { std: CARGO_HOME="/workspace/cargo-home" RUSTUP_HOME="/workspace/rustup-home" "/workspace/cargo-home/bin/cargo" "+beta-2023-12-22" "metadata" "--manifest-path" "Cargo.toml" "--no-deps", kill_on_drop: false }`
[INFO] started tweaking crates.io crate hnsw_rs 0.2.0
[INFO] removed 0 missing examples
[INFO] finished tweaking crates.io crate hnsw_rs 0.2.0
[INFO] tweaked toml for crates.io crate hnsw_rs 0.2.0 written to /workspace/builds/worker-4-tc2/source/Cargo.toml
[INFO] crate crates.io crate hnsw_rs 0.2.0 already has a lockfile, it will not be regenerated
[INFO] running `Command { std: CARGO_HOME="/workspace/cargo-home" RUSTUP_HOME="/workspace/rustup-home" "/workspace/cargo-home/bin/cargo" "+beta-2023-12-22" "fetch" "--manifest-path" "Cargo.toml", kill_on_drop: false }`
[INFO] running `Command { std: "docker" "create" "-v" "/var/lib/crater-agent-workspace/builds/worker-4-tc2/target:/opt/rustwide/target:rw,Z" "-v" "/var/lib/crater-agent-workspace/builds/worker-4-tc2/source:/opt/rustwide/workdir:ro,Z" "-v" "/var/lib/crater-agent-workspace/cargo-home:/opt/rustwide/cargo-home:ro,Z" "-v" "/var/lib/crater-agent-workspace/rustup-home:/opt/rustwide/rustup-home:ro,Z" "-e" "SOURCE_DIR=/opt/rustwide/workdir" "-e" "CARGO_TARGET_DIR=/opt/rustwide/target" "-e" "CARGO_HOME=/opt/rustwide/cargo-home" "-e" "RUSTUP_HOME=/opt/rustwide/rustup-home" "-w" "/opt/rustwide/workdir" "-m" "1610612736" "--user" "0:0" "--network" "none" "ghcr.io/rust-lang/crates-build-env/linux@sha256:2788e3201cd34a07e3172128adcd8b3090168a8e3bcc40d7c032b9dda1df7d1c" "/opt/rustwide/cargo-home/bin/cargo" "+beta-2023-12-22" "metadata" "--no-deps" "--format-version=1", kill_on_drop: false }`
[INFO] [stdout] 8625d3685c681c5a99a2fddbf0dab208700d93f91556e4407727e6e716ba167b
[INFO] running `Command { std: "docker" "start" "-a" "8625d3685c681c5a99a2fddbf0dab208700d93f91556e4407727e6e716ba167b", kill_on_drop: false }`
[INFO] running `Command { std: "docker" "inspect" "8625d3685c681c5a99a2fddbf0dab208700d93f91556e4407727e6e716ba167b", kill_on_drop: false }`
[INFO] running `Command { std: "docker" "rm" "-f" "8625d3685c681c5a99a2fddbf0dab208700d93f91556e4407727e6e716ba167b", kill_on_drop: false }`
[INFO] [stdout] 8625d3685c681c5a99a2fddbf0dab208700d93f91556e4407727e6e716ba167b
[INFO] running `Command { std: "docker" "create" "-v" "/var/lib/crater-agent-workspace/builds/worker-4-tc2/target:/opt/rustwide/target:rw,Z" "-v" "/var/lib/crater-agent-workspace/builds/worker-4-tc2/source:/opt/rustwide/workdir:ro,Z" "-v" "/var/lib/crater-agent-workspace/cargo-home:/opt/rustwide/cargo-home:ro,Z" "-v" "/var/lib/crater-agent-workspace/rustup-home:/opt/rustwide/rustup-home:ro,Z" "-e" "SOURCE_DIR=/opt/rustwide/workdir" "-e" "CARGO_TARGET_DIR=/opt/rustwide/target" "-e" "CARGO_INCREMENTAL=0" "-e" "RUST_BACKTRACE=full" "-e" "RUSTFLAGS=--cap-lints=warn" "-e" "RUSTDOCFLAGS=--cap-lints=warn" "-e" "CARGO_HOME=/opt/rustwide/cargo-home" "-e" "RUSTUP_HOME=/opt/rustwide/rustup-home" "-w" "/opt/rustwide/workdir" "-m" "1610612736" "--user" "0:0" "--network" "none" "ghcr.io/rust-lang/crates-build-env/linux@sha256:2788e3201cd34a07e3172128adcd8b3090168a8e3bcc40d7c032b9dda1df7d1c" "/opt/rustwide/cargo-home/bin/cargo" "+beta-2023-12-22" "build" "--frozen" "--message-format=json", kill_on_drop: false }`
[INFO] [stdout] 452a2c7bf7f7948117e73178209252d47ca770e39eb34ef8acc7bfae6d34c8d8
[INFO] running `Command { std: "docker" "start" "-a" "452a2c7bf7f7948117e73178209252d47ca770e39eb34ef8acc7bfae6d34c8d8", kill_on_drop: false }`
[INFO] [stderr]    Compiling libc v0.2.147
[INFO] [stderr]    Compiling proc-macro2 v1.0.66
[INFO] [stderr]    Compiling unicode-ident v1.0.11
[INFO] [stderr]    Compiling getrandom v0.1.16
[INFO] [stderr]    Compiling memchr v2.6.2
[INFO] [stderr]    Compiling syn v1.0.109
[INFO] [stderr]    Compiling thiserror v1.0.47
[INFO] [stderr]    Compiling rustix v0.38.11
[INFO] [stderr]    Compiling same-file v1.0.6
[INFO] [stderr]    Compiling parking_lot_core v0.9.8
[INFO] [stderr]    Compiling memoffset v0.7.1
[INFO] [stderr]    Compiling ahash v0.8.3
[INFO] [stderr]    Compiling lock_api v0.4.10
[INFO] [stderr]    Compiling rayon-core v1.11.0
[INFO] [stderr]    Compiling serde v1.0.188
[INFO] [stderr]    Compiling regex-syntax v0.7.5
[INFO] [stderr]    Compiling linux-raw-sys v0.4.5
[INFO] [stderr]    Compiling bitflags v2.4.0
[INFO] [stderr]    Compiling walkdir v2.3.3
[INFO] [stderr]    Compiling crossbeam-channel v0.5.8
[INFO] [stderr]    Compiling num-traits v0.2.16
[INFO] [stderr]    Compiling once_cell v1.18.0
[INFO] [stderr]    Compiling aho-corasick v1.0.5
[INFO] [stderr]    Compiling byteorder v1.4.3
[INFO] [stderr]    Compiling smallvec v1.11.0
[INFO] [stderr]    Compiling bytes v1.4.0
[INFO] [stderr]    Compiling allocator-api2 v0.2.16
[INFO] [stderr]    Compiling termcolor v1.2.0
[INFO] [stderr]    Compiling hashbrown v0.14.0
[INFO] [stderr]    Compiling combine v4.6.6
[INFO] [stderr]    Compiling quote v1.0.33
[INFO] [stderr]    Compiling syn v2.0.29
[INFO] [stderr]    Compiling is-terminal v0.4.9
[INFO] [stderr]    Compiling regex-automata v0.3.7
[INFO] [stderr]    Compiling getrandom v0.2.10
[INFO] [stderr]    Compiling num_cpus v1.16.0
[INFO] [stderr]    Compiling nix v0.26.4
[INFO] [stderr]    Compiling cpu-time v1.0.0
[INFO] [stderr]    Compiling rand_core v0.6.4
[INFO] [stderr]    Compiling rand_core v0.5.1
[INFO] [stderr]    Compiling parking_lot v0.12.1
[INFO] [stderr]    Compiling rand_chacha v0.2.2
[INFO] [stderr]    Compiling rand_pcg v0.2.1
[INFO] [stderr]    Compiling rand_chacha v0.3.1
[INFO] [stderr]    Compiling rand v0.7.3
[INFO] [stderr]    Compiling rand v0.8.5
[INFO] [stderr]    Compiling skiplist v0.3.0
[INFO] [stderr]    Compiling rayon v1.7.0
[INFO] [stderr]    Compiling thiserror-impl v1.0.47
[INFO] [stderr]    Compiling serde_derive v1.0.188
[INFO] [stderr]    Compiling regex v1.9.4
[INFO] [stderr]    Compiling env_logger v0.10.0
[INFO] [stderr]    Compiling enum-as-inner v0.5.1
[INFO] [stderr]    Compiling sysctl v0.5.4
[INFO] [stderr]    Compiling mmap-rs v0.6.0
[INFO] [stderr]    Compiling bincode v1.3.3
[INFO] [stderr]    Compiling hnsw_rs v0.2.0 (/opt/rustwide/workdir)
[INFO] [stdout] warning: unused doc comment
[INFO] [stdout]     --> src/hnswio.rs:1063:16
[INFO] [stdout]      |
[INFO] [stdout] 1063 |                ///  value is 1 for Full 0 for Light
[INFO] [stdout]      |                ^^^^^^^^^^^^^^^^^^^^^^^^^^^^^^^^^^^^
[INFO] [stdout] 1064 |             dumpmode : dumpmode,
[INFO] [stdout]      |             ------------------- rustdoc does not generate documentation for expression fields
[INFO] [stdout]      |
[INFO] [stdout]      = help: use `//` for a plain comment
[INFO] [stdout]      = note: `#[warn(unused_doc_comments)]` on by default
[INFO] [stdout] 
[INFO] [stdout] 
[INFO] [stdout] warning: unused import: `crate::filter::*`
[INFO] [stdout]  --> src/prelude.rs:6:9
[INFO] [stdout]   |
[INFO] [stdout] 6 | pub use crate::filter::*;
[INFO] [stdout]   |         ^^^^^^^^^^^^^^^^
[INFO] [stdout]   |
[INFO] [stdout]   = note: `#[warn(unused_imports)]` on by default
[INFO] [stdout] 
[INFO] [stdout] 
[INFO] [stdout] warning: 2 warnings emitted
[INFO] [stdout] 
[INFO] [stdout] 
[INFO] [stderr]     Finished dev [unoptimized + debuginfo] target(s) in 29.22s
[INFO] running `Command { std: "docker" "inspect" "452a2c7bf7f7948117e73178209252d47ca770e39eb34ef8acc7bfae6d34c8d8", kill_on_drop: false }`
[INFO] running `Command { std: "docker" "rm" "-f" "452a2c7bf7f7948117e73178209252d47ca770e39eb34ef8acc7bfae6d34c8d8", kill_on_drop: false }`
[INFO] [stdout] 452a2c7bf7f7948117e73178209252d47ca770e39eb34ef8acc7bfae6d34c8d8
[INFO] running `Command { std: "docker" "create" "-v" "/var/lib/crater-agent-workspace/builds/worker-4-tc2/target:/opt/rustwide/target:rw,Z" "-v" "/var/lib/crater-agent-workspace/builds/worker-4-tc2/source:/opt/rustwide/workdir:ro,Z" "-v" "/var/lib/crater-agent-workspace/cargo-home:/opt/rustwide/cargo-home:ro,Z" "-v" "/var/lib/crater-agent-workspace/rustup-home:/opt/rustwide/rustup-home:ro,Z" "-e" "SOURCE_DIR=/opt/rustwide/workdir" "-e" "CARGO_TARGET_DIR=/opt/rustwide/target" "-e" "CARGO_INCREMENTAL=0" "-e" "RUST_BACKTRACE=full" "-e" "RUSTFLAGS=--cap-lints=warn" "-e" "RUSTDOCFLAGS=--cap-lints=warn" "-e" "CARGO_HOME=/opt/rustwide/cargo-home" "-e" "RUSTUP_HOME=/opt/rustwide/rustup-home" "-w" "/opt/rustwide/workdir" "-m" "1610612736" "--user" "0:0" "--network" "none" "ghcr.io/rust-lang/crates-build-env/linux@sha256:2788e3201cd34a07e3172128adcd8b3090168a8e3bcc40d7c032b9dda1df7d1c" "/opt/rustwide/cargo-home/bin/cargo" "+beta-2023-12-22" "test" "--frozen" "--no-run" "--message-format=json", kill_on_drop: false }`
[INFO] [stdout] ebd008ac47224dedfc7895f6f2102bfc33d2bfbf009efc502ef2149044064c58
[INFO] running `Command { std: "docker" "start" "-a" "ebd008ac47224dedfc7895f6f2102bfc33d2bfbf009efc502ef2149044064c58", kill_on_drop: false }`
[INFO] [stderr]    Compiling regex-syntax v0.7.5
[INFO] [stderr]    Compiling syn v1.0.109
[INFO] [stderr]    Compiling libloading v0.7.4
[INFO] [stderr]    Compiling pkg-config v0.3.27
[INFO] [stderr]    Compiling num-traits v0.2.16
[INFO] [stderr]    Compiling matrixmultiply v0.3.7
[INFO] [stderr]    Compiling parking_lot_core v0.8.6
[INFO] [stderr]    Compiling instant v0.1.12
[INFO] [stderr]    Compiling paste v1.0.14
[INFO] [stderr]    Compiling rawpointer v0.2.1
[INFO] [stderr]    Compiling hdf5-types v0.8.1
[INFO] [stderr]    Compiling ascii v1.1.0
[INFO] [stderr]    Compiling hdf5 v0.8.1
[INFO] [stderr]    Compiling parking_lot v0.11.2
[INFO] [stderr]    Compiling num-integer v0.1.45
[INFO] [stderr]    Compiling num-complex v0.4.4
[INFO] [stderr]    Compiling regex-automata v0.3.7
[INFO] [stderr]    Compiling ndarray v0.15.6
[INFO] [stderr]    Compiling enum-as-inner v0.5.1
[INFO] [stderr]    Compiling hdf5-derive v0.8.1
[INFO] [stderr]    Compiling sysctl v0.5.4
[INFO] [stderr]    Compiling mmap-rs v0.6.0
[INFO] [stderr]    Compiling regex v1.9.4
[INFO] [stderr]    Compiling hnsw_rs v0.2.0 (/opt/rustwide/workdir)
[INFO] [stdout] warning: unused doc comment
[INFO] [stdout]     --> src/hnswio.rs:1063:16
[INFO] [stdout]      |
[INFO] [stdout] 1063 |                ///  value is 1 for Full 0 for Light
[INFO] [stdout]      |                ^^^^^^^^^^^^^^^^^^^^^^^^^^^^^^^^^^^^
[INFO] [stdout] 1064 |             dumpmode : dumpmode,
[INFO] [stdout]      |             ------------------- rustdoc does not generate documentation for expression fields
[INFO] [stdout]      |
[INFO] [stdout]      = help: use `//` for a plain comment
[INFO] [stdout]      = note: `#[warn(unused_doc_comments)]` on by default
[INFO] [stdout] 
[INFO] [stdout] 
[INFO] [stdout] warning: unused import: `crate::filter::*`
[INFO] [stdout]  --> src/prelude.rs:6:9
[INFO] [stdout]   |
[INFO] [stdout] 6 | pub use crate::filter::*;
[INFO] [stdout]   |         ^^^^^^^^^^^^^^^^
[INFO] [stdout]   |
[INFO] [stdout]   = note: `#[warn(unused_imports)]` on by default
[INFO] [stdout] 
[INFO] [stdout] 
[INFO] [stderr]    Compiling hdf5-sys v0.8.1
[INFO] [stdout] warning: 2 warnings emitted
[INFO] [stdout] 
[INFO] [stdout] 
[INFO] [stdout] warning: unused doc comment
[INFO] [stdout]     --> src/hnswio.rs:1063:16
[INFO] [stdout]      |
[INFO] [stdout] 1063 |                ///  value is 1 for Full 0 for Light
[INFO] [stdout]      |                ^^^^^^^^^^^^^^^^^^^^^^^^^^^^^^^^^^^^
[INFO] [stdout] 1064 |             dumpmode : dumpmode,
[INFO] [stdout]      |             ------------------- rustdoc does not generate documentation for expression fields
[INFO] [stdout]      |
[INFO] [stdout]      = help: use `//` for a plain comment
[INFO] [stdout]      = note: `#[warn(unused_doc_comments)]` on by default
[INFO] [stdout] 
[INFO] [stdout] 
[INFO] [stdout] warning: unused import: `crate::filter::*`
[INFO] [stdout]  --> src/prelude.rs:6:9
[INFO] [stdout]   |
[INFO] [stdout] 6 | pub use crate::filter::*;
[INFO] [stdout]   |         ^^^^^^^^^^^^^^^^
[INFO] [stdout]   |
[INFO] [stdout]   = note: `#[warn(unused_imports)]` on by default
[INFO] [stdout] 
[INFO] [stdout] 
[INFO] [stderr] error: could not compile `hnsw_rs` (lib test); 2 warnings emitted
[INFO] [stderr] 
[INFO] [stderr] Caused by:
[INFO] [stderr]   process didn't exit successfully: `/opt/rustwide/rustup-home/toolchains/beta-2023-12-22-x86_64-unknown-linux-gnu/bin/rustc --crate-name hnsw_rs --edition=2021 src/lib.rs --error-format=json --json=diagnostic-rendered-ansi,artifacts,future-incompat --emit=dep-info,link -C embed-bitcode=no -C debuginfo=2 --test --cfg 'feature="default"' -C metadata=2f53106704e6b535 -C extra-filename=-2f53106704e6b535 --out-dir /opt/rustwide/target/debug/deps -L dependency=/opt/rustwide/target/debug/deps --extern anyhow=/opt/rustwide/target/debug/deps/libanyhow-4ba56e5ce709e35c.rlib --extern bincode=/opt/rustwide/target/debug/deps/libbincode-51704ce4f1aa56e3.rlib --extern cpu_time=/opt/rustwide/target/debug/deps/libcpu_time-560530a769654205.rlib --extern env_logger=/opt/rustwide/target/debug/deps/libenv_logger-9a6f265fbf228a28.rlib --extern hashbrown=/opt/rustwide/target/debug/deps/libhashbrown-735fea11344b060d.rlib --extern hdf5=/opt/rustwide/target/debug/deps/libhdf5-bb4b78ab3968669f.rlib --extern lazy_static=/opt/rustwide/target/debug/deps/liblazy_static-efa3519517df6cf0.rlib --extern log=/opt/rustwide/target/debug/deps/liblog-2cf4a51dfa4e790a.rlib --extern mmap_rs=/opt/rustwide/target/debug/deps/libmmap_rs-4e0d8e5b3a681a7d.rlib --extern ndarray=/opt/rustwide/target/debug/deps/libndarray-f5f39887ff11527a.rlib --extern num_traits=/opt/rustwide/target/debug/deps/libnum_traits-409be7791791b57b.rlib --extern num_cpus=/opt/rustwide/target/debug/deps/libnum_cpus-a31d4e68c20cc774.rlib --extern parking_lot=/opt/rustwide/target/debug/deps/libparking_lot-1249227baab028e3.rlib --extern rand=/opt/rustwide/target/debug/deps/librand-4852388b83343660.rlib --extern rayon=/opt/rustwide/target/debug/deps/librayon-6882bfdb07bb5481.rlib --extern serde=/opt/rustwide/target/debug/deps/libserde-b80b5aab057dceb4.rlib --extern skiplist=/opt/rustwide/target/debug/deps/libskiplist-82180702fd8274c1.rlib --cap-lints=warn -L native=/usr/lib/x86_64-linux-gnu/hdf5/serial` (signal: 9, SIGKILL: kill)
[INFO] [stderr] warning: build failed, waiting for other jobs to finish...
[INFO] [stdout] error: linking with `cc` failed: exit status: 1
[INFO] [stdout]   |
[INFO] [stdout]   = note: LC_ALL="C" PATH="/opt/rustwide/rustup-home/toolchains/beta-2023-12-22-x86_64-unknown-linux-gnu/lib/rustlib/x86_64-unknown-linux-gnu/bin:/opt/rustwide/cargo-home/bin:/usr/local/sbin:/usr/local/bin:/usr/sbin:/usr/bin:/sbin:/bin" VSLANG="1033" "cc" "-m64" "/tmp/rustcp0VmIV/symbols.o" "/opt/rustwide/target/debug/examples/ann_sift1m-8726b776ffcdf06e.ann_sift1m.6be498e6435c0f95-cgu.0.rcgu.o" "/opt/rustwide/target/debug/examples/ann_sift1m-8726b776ffcdf06e.ann_sift1m.6be498e6435c0f95-cgu.1.rcgu.o" "/opt/rustwide/target/debug/examples/ann_sift1m-8726b776ffcdf06e.ann_sift1m.6be498e6435c0f95-cgu.2.rcgu.o" "/opt/rustwide/target/debug/examples/ann_sift1m-8726b776ffcdf06e.ann_sift1m.6be498e6435c0f95-cgu.3.rcgu.o" "/opt/rustwide/target/debug/examples/ann_sift1m-8726b776ffcdf06e.ann_sift1m.6be498e6435c0f95-cgu.4.rcgu.o" "/opt/rustwide/target/debug/examples/ann_sift1m-8726b776ffcdf06e.21ivr57i5d6bn8m7.rcgu.o" "-Wl,--as-needed" "-L" "/opt/rustwide/target/debug/deps" "-L" "/usr/lib/x86_64-linux-gnu/hdf5/serial" "-L" "/opt/rustwide/rustup-home/toolchains/beta-2023-12-22-x86_64-unknown-linux-gnu/lib/rustlib/x86_64-unknown-linux-gnu/lib" "-Wl,-Bstatic" "/opt/rustwide/target/debug/deps/libhdf5-bb4b78ab3968669f.rlib" "/opt/rustwide/target/debug/deps/libparking_lot-67b8334fab9be4f7.rlib" "/opt/rustwide/target/debug/deps/libparking_lot_core-54735a752a0e8d14.rlib" "/opt/rustwide/target/debug/deps/libinstant-3aa96c1efb8242b8.rlib" "/opt/rustwide/target/debug/deps/libhdf5_sys-6f52e023dc935b03.rlib" "/opt/rustwide/target/debug/deps/libhdf5_types-e0a73211ce70e31a.rlib" "/opt/rustwide/target/debug/deps/libascii-b44f7917d17650b9.rlib" "/opt/rustwide/target/debug/deps/libndarray-f5f39887ff11527a.rlib" "/opt/rustwide/target/debug/deps/libmatrixmultiply-a269de27715db2dd.rlib" "/opt/rustwide/target/debug/deps/libnum_complex-f9d794b6f32ad70e.rlib" "/opt/rustwide/target/debug/deps/libnum_integer-1ef07f31b3cfe541.rlib" "/opt/rustwide/target/debug/deps/librawpointer-1c56f73d51027814.rlib" "/opt/rustwide/target/debug/deps/libhnsw_rs-efe61f9938311963.rlib" "/opt/rustwide/target/debug/deps/libbincode-51704ce4f1aa56e3.rlib" "/opt/rustwide/target/debug/deps/libmmap_rs-4e0d8e5b3a681a7d.rlib" "/opt/rustwide/target/debug/deps/libsysctl-1e60cde8f1c74407.rlib" "/opt/rustwide/target/debug/deps/libwalkdir-8da1568c8d6d8a1a.rlib" "/opt/rustwide/target/debug/deps/libsame_file-5e62a1af5be346fb.rlib" "/opt/rustwide/target/debug/deps/libbyteorder-0ef92d8cf14cf0b1.rlib" "/opt/rustwide/target/debug/deps/libcombine-463381edaadfdfd8.rlib" "/opt/rustwide/target/debug/deps/libbytes-8217216c646d0e94.rlib" "/opt/rustwide/target/debug/deps/libnix-fea40efcf1977d5c.rlib" "/opt/rustwide/target/debug/deps/libmemoffset-df5843969cc9c3a9.rlib" "/opt/rustwide/target/debug/deps/libpin_utils-9c5dcf17efb91bff.rlib" "/opt/rustwide/target/debug/deps/libthiserror-3e79dd35639dbd14.rlib" "/opt/rustwide/target/debug/deps/libbitflags-85e13ed1e0c6d910.rlib" "/opt/rustwide/target/debug/deps/libanyhow-4ba56e5ce709e35c.rlib" "/opt/rustwide/target/debug/deps/libnum_traits-409be7791791b57b.rlib" "/opt/rustwide/target/debug/deps/librand-4852388b83343660.rlib" "/opt/rustwide/target/debug/deps/librand_chacha-664f6f9ba44dab1b.rlib" "/opt/rustwide/target/debug/deps/libppv_lite86-db48c90fa293bcfe.rlib" "/opt/rustwide/target/debug/deps/librand_core-5a9ed4b6b3d1b199.rlib" "/opt/rustwide/target/debug/deps/libgetrandom-8b22c2a8d664de18.rlib" "/opt/rustwide/target/debug/deps/libhashbrown-735fea11344b060d.rlib" "/opt/rustwide/target/debug/deps/libahash-5789240ae8d9b36e.rlib" "/opt/rustwide/target/debug/deps/libonce_cell-96b54d299cc4d4f6.rlib" "/opt/rustwide/target/debug/deps/liballocator_api2-6542dde21324188f.rlib" "/opt/rustwide/target/debug/deps/librayon-6882bfdb07bb5481.rlib" "/opt/rustwide/target/debug/deps/librayon_core-cbfa6a2bf21b4a5b.rlib" "/opt/rustwide/target/debug/deps/libnum_cpus-a31d4e68c20cc774.rlib" "/opt/rustwide/target/debug/deps/libcrossbeam_deque-89c9b8afef2535ab.rlib" "/opt/rustwide/target/debug/deps/libcrossbeam_epoch-19b70e65285aad9f.rlib" "/opt/rustwide/target/debug/deps/libmemoffset-70be0b3efc76ca6c.rlib" "/opt/rustwide/target/debug/deps/libcrossbeam_channel-b8b002b8a59907f8.rlib" "/opt/rustwide/target/debug/deps/libcrossbeam_utils-dd96d6909164d49d.rlib" "/opt/rustwide/target/debug/deps/libeither-53fc968d8fef4dab.rlib" "/opt/rustwide/target/debug/deps/libparking_lot-1249227baab028e3.rlib" "/opt/rustwide/target/debug/deps/libparking_lot_core-ad2d49563d597ea9.rlib" "/opt/rustwide/target/debug/deps/libcfg_if-e7002d307f97bc56.rlib" "/opt/rustwide/target/debug/deps/libsmallvec-e3d8269c0db97757.rlib" "/opt/rustwide/target/debug/deps/liblock_api-01b7e6f95550bc19.rlib" "/opt/rustwide/target/debug/deps/libscopeguard-f937485db0060aca.rlib" "/opt/rustwide/target/debug/deps/libserde-b80b5aab057dceb4.rlib" "/opt/rustwide/target/debug/deps/liblazy_static-efa3519517df6cf0.rlib" "/opt/rustwide/target/debug/deps/libenv_logger-9a6f265fbf228a28.rlib" "/opt/rustwide/target/debug/deps/libtermcolor-7065c8621f7c2ff1.rlib" "/opt/rustwide/target/debug/deps/libis_terminal-fc81b1db65dd1e4a.rlib" "/opt/rustwide/target/debug/deps/librustix-e27f4d87aba4cec0.rlib" "/opt/rustwide/target/debug/deps/libbitflags-55f80abe000d3e83.rlib" "/opt/rustwide/target/debug/deps/liblinux_raw_sys-0974f98f4368384c.rlib" "/opt/rustwide/target/debug/deps/libhumantime-ce381c4933d03978.rlib" "/opt/rustwide/target/debug/deps/liblog-2cf4a51dfa4e790a.rlib" "/opt/rustwide/target/debug/deps/libregex-d76fe266ce066f9a.rlib" "/opt/rustwide/target/debug/deps/libregex_automata-be875ef55d73a65c.rlib" "/opt/rustwide/target/debug/deps/libaho_corasick-ad84ce700a89a220.rlib" "/opt/rustwide/target/debug/deps/libmemchr-9cc83a4021d47d5a.rlib" "/opt/rustwide/target/debug/deps/libregex_syntax-bc35c130b2a3eff8.rlib" "/opt/rustwide/target/debug/deps/libcpu_time-560530a769654205.rlib" "/opt/rustwide/target/debug/deps/liblibc-28cb6a1af7d75d80.rlib" "/opt/rustwide/rustup-home/toolchains/beta-2023-12-22-x86_64-unknown-linux-gnu/lib/rustlib/x86_64-unknown-linux-gnu/lib/libstd-0672489a78b613de.rlib" "/opt/rustwide/rustup-home/toolchains/beta-2023-12-22-x86_64-unknown-linux-gnu/lib/rustlib/x86_64-unknown-linux-gnu/lib/libpanic_unwind-7eb3ffc34a49f675.rlib" "/opt/rustwide/rustup-home/toolchains/beta-2023-12-22-x86_64-unknown-linux-gnu/lib/rustlib/x86_64-unknown-linux-gnu/lib/libobject-6478a9daa4bee8e2.rlib" "/opt/rustwide/rustup-home/toolchains/beta-2023-12-22-x86_64-unknown-linux-gnu/lib/rustlib/x86_64-unknown-linux-gnu/lib/libmemchr-0c75d871a5c3923d.rlib" "/opt/rustwide/rustup-home/toolchains/beta-2023-12-22-x86_64-unknown-linux-gnu/lib/rustlib/x86_64-unknown-linux-gnu/lib/libaddr2line-d163ef63ad37bb71.rlib" "/opt/rustwide/rustup-home/toolchains/beta-2023-12-22-x86_64-unknown-linux-gnu/lib/rustlib/x86_64-unknown-linux-gnu/lib/libgimli-8a3fd810a85b9f4c.rlib" "/opt/rustwide/rustup-home/toolchains/beta-2023-12-22-x86_64-unknown-linux-gnu/lib/rustlib/x86_64-unknown-linux-gnu/lib/librustc_demangle-462a2cde8c5dfc10.rlib" "/opt/rustwide/rustup-home/toolchains/beta-2023-12-22-x86_64-unknown-linux-gnu/lib/rustlib/x86_64-unknown-linux-gnu/lib/libstd_detect-cb06ac9f54713f71.rlib" "/opt/rustwide/rustup-home/toolchains/beta-2023-12-22-x86_64-unknown-linux-gnu/lib/rustlib/x86_64-unknown-linux-gnu/lib/libhashbrown-f20bfd1f8e59b393.rlib" "/opt/rustwide/rustup-home/toolchains/beta-2023-12-22-x86_64-unknown-linux-gnu/lib/rustlib/x86_64-unknown-linux-gnu/lib/librustc_std_workspace_alloc-1ef460949b49da4b.rlib" "/opt/rustwide/rustup-home/toolchains/beta-2023-12-22-x86_64-unknown-linux-gnu/lib/rustlib/x86_64-unknown-linux-gnu/lib/libminiz_oxide-2cb0c0ffe4f87514.rlib" "/opt/rustwide/rustup-home/toolchains/beta-2023-12-22-x86_64-unknown-linux-gnu/lib/rustlib/x86_64-unknown-linux-gnu/lib/libadler-58d841eb322a11a2.rlib" "/opt/rustwide/rustup-home/toolchains/beta-2023-12-22-x86_64-unknown-linux-gnu/lib/rustlib/x86_64-unknown-linux-gnu/lib/libunwind-aa2ae0b0a9d11533.rlib" "/opt/rustwide/rustup-home/toolchains/beta-2023-12-22-x86_64-unknown-linux-gnu/lib/rustlib/x86_64-unknown-linux-gnu/lib/libcfg_if-23874e15830ed336.rlib" "/opt/rustwide/rustup-home/toolchains/beta-2023-12-22-x86_64-unknown-linux-gnu/lib/rustlib/x86_64-unknown-linux-gnu/lib/liblibc-e47cddc003bce885.rlib" "/opt/rustwide/rustup-home/toolchains/beta-2023-12-22-x86_64-unknown-linux-gnu/lib/rustlib/x86_64-unknown-linux-gnu/lib/liballoc-c22b13b48a8f128e.rlib" "/opt/rustwide/rustup-home/toolchains/beta-2023-12-22-x86_64-unknown-linux-gnu/lib/rustlib/x86_64-unknown-linux-gnu/lib/librustc_std_workspace_core-e46bc3da6d7c462f.rlib" "/opt/rustwide/rustup-home/toolchains/beta-2023-12-22-x86_64-unknown-linux-gnu/lib/rustlib/x86_64-unknown-linux-gnu/lib/libcore-8d1ac131d3cb2645.rlib" "/opt/rustwide/rustup-home/toolchains/beta-2023-12-22-x86_64-unknown-linux-gnu/lib/rustlib/x86_64-unknown-linux-gnu/lib/libcompiler_builtins-a1b43df8c6899c1f.rlib" "-Wl,-Bdynamic" "-lhdf5" "-lgcc_s" "-lutil" "-lrt" "-lpthread" "-lm" "-ldl" "-lc" "-Wl,--eh-frame-hdr" "-Wl,-z,noexecstack" "-L" "/opt/rustwide/rustup-home/toolchains/beta-2023-12-22-x86_64-unknown-linux-gnu/lib/rustlib/x86_64-unknown-linux-gnu/lib" "-o" "/opt/rustwide/target/debug/examples/ann_sift1m-8726b776ffcdf06e" "-Wl,--gc-sections" "-pie" "-Wl,-z,relro,-z,now" "-nodefaultlibs"
[INFO] [stdout]   = note: collect2: fatal error: ld terminated with signal 9 [Killed]
[INFO] [stdout]           compilation terminated.
[INFO] [stdout]           
[INFO] [stdout] 
[INFO] [stdout] 
[INFO] [stdout] error: aborting due to 1 previous error
[INFO] [stdout] 
[INFO] [stdout] 
[INFO] [stderr] error: could not compile `hnsw_rs` (example "ann-sift1m") due to 2 previous errors
[INFO] [stdout] error: linking with `cc` failed: exit status: 1
[INFO] [stdout]   |
[INFO] [stdout]   = note: LC_ALL="C" PATH="/opt/rustwide/rustup-home/toolchains/beta-2023-12-22-x86_64-unknown-linux-gnu/lib/rustlib/x86_64-unknown-linux-gnu/bin:/opt/rustwide/cargo-home/bin:/usr/local/sbin:/usr/local/bin:/usr/sbin:/usr/bin:/sbin:/bin" VSLANG="1033" "cc" "-m64" "/tmp/rustcNMmwWG/symbols.o" "/opt/rustwide/target/debug/deps/serpar-8a2c98106aff899e.serpar.d6fcf33c91e571be-cgu.0.rcgu.o" "/opt/rustwide/target/debug/deps/serpar-8a2c98106aff899e.serpar.d6fcf33c91e571be-cgu.1.rcgu.o" "/opt/rustwide/target/debug/deps/serpar-8a2c98106aff899e.serpar.d6fcf33c91e571be-cgu.2.rcgu.o" "/opt/rustwide/target/debug/deps/serpar-8a2c98106aff899e.serpar.d6fcf33c91e571be-cgu.3.rcgu.o" "/opt/rustwide/target/debug/deps/serpar-8a2c98106aff899e.serpar.d6fcf33c91e571be-cgu.4.rcgu.o" "/opt/rustwide/target/debug/deps/serpar-8a2c98106aff899e.gb50gsfgmfsh8ai.rcgu.o" "-Wl,--as-needed" "-L" "/opt/rustwide/target/debug/deps" "-L" "/usr/lib/x86_64-linux-gnu/hdf5/serial" "-L" "/opt/rustwide/rustup-home/toolchains/beta-2023-12-22-x86_64-unknown-linux-gnu/lib/rustlib/x86_64-unknown-linux-gnu/lib" "-Wl,-Bstatic" "/opt/rustwide/rustup-home/toolchains/beta-2023-12-22-x86_64-unknown-linux-gnu/lib/rustlib/x86_64-unknown-linux-gnu/lib/libtest-cbab71697df97b00.rlib" "/opt/rustwide/rustup-home/toolchains/beta-2023-12-22-x86_64-unknown-linux-gnu/lib/rustlib/x86_64-unknown-linux-gnu/lib/libgetopts-2a2cf8f16c536007.rlib" "/opt/rustwide/rustup-home/toolchains/beta-2023-12-22-x86_64-unknown-linux-gnu/lib/rustlib/x86_64-unknown-linux-gnu/lib/libunicode_width-c5f3cc3cceaf9070.rlib" "/opt/rustwide/rustup-home/toolchains/beta-2023-12-22-x86_64-unknown-linux-gnu/lib/rustlib/x86_64-unknown-linux-gnu/lib/librustc_std_workspace_std-a31324ec815b09db.rlib" "/opt/rustwide/target/debug/deps/libhnsw_rs-efe61f9938311963.rlib" "/opt/rustwide/target/debug/deps/libbincode-51704ce4f1aa56e3.rlib" "/opt/rustwide/target/debug/deps/libmmap_rs-4e0d8e5b3a681a7d.rlib" "/opt/rustwide/target/debug/deps/libsysctl-1e60cde8f1c74407.rlib" "/opt/rustwide/target/debug/deps/libwalkdir-8da1568c8d6d8a1a.rlib" "/opt/rustwide/target/debug/deps/libsame_file-5e62a1af5be346fb.rlib" "/opt/rustwide/target/debug/deps/libbyteorder-0ef92d8cf14cf0b1.rlib" "/opt/rustwide/target/debug/deps/libcombine-463381edaadfdfd8.rlib" "/opt/rustwide/target/debug/deps/libbytes-8217216c646d0e94.rlib" "/opt/rustwide/target/debug/deps/libnix-fea40efcf1977d5c.rlib" "/opt/rustwide/target/debug/deps/libmemoffset-df5843969cc9c3a9.rlib" "/opt/rustwide/target/debug/deps/libpin_utils-9c5dcf17efb91bff.rlib" "/opt/rustwide/target/debug/deps/libthiserror-3e79dd35639dbd14.rlib" "/opt/rustwide/target/debug/deps/libbitflags-85e13ed1e0c6d910.rlib" "/opt/rustwide/target/debug/deps/libanyhow-4ba56e5ce709e35c.rlib" "/opt/rustwide/target/debug/deps/libnum_traits-409be7791791b57b.rlib" "/opt/rustwide/target/debug/deps/libhashbrown-735fea11344b060d.rlib" "/opt/rustwide/target/debug/deps/libahash-5789240ae8d9b36e.rlib" "/opt/rustwide/target/debug/deps/libonce_cell-96b54d299cc4d4f6.rlib" "/opt/rustwide/target/debug/deps/liballocator_api2-6542dde21324188f.rlib" "/opt/rustwide/target/debug/deps/librayon-6882bfdb07bb5481.rlib" "/opt/rustwide/target/debug/deps/librayon_core-cbfa6a2bf21b4a5b.rlib" "/opt/rustwide/target/debug/deps/libnum_cpus-a31d4e68c20cc774.rlib" "/opt/rustwide/target/debug/deps/libcrossbeam_deque-89c9b8afef2535ab.rlib" "/opt/rustwide/target/debug/deps/libcrossbeam_epoch-19b70e65285aad9f.rlib" "/opt/rustwide/target/debug/deps/libmemoffset-70be0b3efc76ca6c.rlib" "/opt/rustwide/target/debug/deps/libcrossbeam_channel-b8b002b8a59907f8.rlib" "/opt/rustwide/target/debug/deps/libcrossbeam_utils-dd96d6909164d49d.rlib" "/opt/rustwide/target/debug/deps/libeither-53fc968d8fef4dab.rlib" "/opt/rustwide/target/debug/deps/libparking_lot-1249227baab028e3.rlib" "/opt/rustwide/target/debug/deps/libparking_lot_core-ad2d49563d597ea9.rlib" "/opt/rustwide/target/debug/deps/libsmallvec-e3d8269c0db97757.rlib" "/opt/rustwide/target/debug/deps/liblock_api-01b7e6f95550bc19.rlib" "/opt/rustwide/target/debug/deps/libscopeguard-f937485db0060aca.rlib" "/opt/rustwide/target/debug/deps/libcpu_time-560530a769654205.rlib" "/opt/rustwide/target/debug/deps/libenv_logger-9a6f265fbf228a28.rlib" "/opt/rustwide/target/debug/deps/libtermcolor-7065c8621f7c2ff1.rlib" "/opt/rustwide/target/debug/deps/libis_terminal-fc81b1db65dd1e4a.rlib" "/opt/rustwide/target/debug/deps/librustix-e27f4d87aba4cec0.rlib" "/opt/rustwide/target/debug/deps/libbitflags-55f80abe000d3e83.rlib" "/opt/rustwide/target/debug/deps/liblinux_raw_sys-0974f98f4368384c.rlib" "/opt/rustwide/target/debug/deps/libhumantime-ce381c4933d03978.rlib" "/opt/rustwide/target/debug/deps/liblog-2cf4a51dfa4e790a.rlib" "/opt/rustwide/target/debug/deps/libregex-d76fe266ce066f9a.rlib" "/opt/rustwide/target/debug/deps/libregex_automata-be875ef55d73a65c.rlib" "/opt/rustwide/target/debug/deps/libaho_corasick-ad84ce700a89a220.rlib" "/opt/rustwide/target/debug/deps/libmemchr-9cc83a4021d47d5a.rlib" "/opt/rustwide/target/debug/deps/libregex_syntax-bc35c130b2a3eff8.rlib" "/opt/rustwide/target/debug/deps/liblazy_static-efa3519517df6cf0.rlib" "/opt/rustwide/target/debug/deps/libserde-b80b5aab057dceb4.rlib" "/opt/rustwide/target/debug/deps/libskiplist-82180702fd8274c1.rlib" "/opt/rustwide/target/debug/deps/librand-6cd7adc4effa92c2.rlib" "/opt/rustwide/target/debug/deps/librand_pcg-a1694fc385b2e33a.rlib" "/opt/rustwide/target/debug/deps/librand_chacha-97c3d3196d59a9c4.rlib" "/opt/rustwide/target/debug/deps/librand_core-d9309753ab64c022.rlib" "/opt/rustwide/target/debug/deps/libgetrandom-99a15b00366551be.rlib" "/opt/rustwide/target/debug/deps/librand-4852388b83343660.rlib" "/opt/rustwide/target/debug/deps/librand_chacha-664f6f9ba44dab1b.rlib" "/opt/rustwide/target/debug/deps/libppv_lite86-db48c90fa293bcfe.rlib" "/opt/rustwide/target/debug/deps/librand_core-5a9ed4b6b3d1b199.rlib" "/opt/rustwide/target/debug/deps/libgetrandom-8b22c2a8d664de18.rlib" "/opt/rustwide/target/debug/deps/liblibc-28cb6a1af7d75d80.rlib" "/opt/rustwide/target/debug/deps/libcfg_if-e7002d307f97bc56.rlib" "/opt/rustwide/rustup-home/toolchains/beta-2023-12-22-x86_64-unknown-linux-gnu/lib/rustlib/x86_64-unknown-linux-gnu/lib/libstd-0672489a78b613de.rlib" "/opt/rustwide/rustup-home/toolchains/beta-2023-12-22-x86_64-unknown-linux-gnu/lib/rustlib/x86_64-unknown-linux-gnu/lib/libpanic_unwind-7eb3ffc34a49f675.rlib" "/opt/rustwide/rustup-home/toolchains/beta-2023-12-22-x86_64-unknown-linux-gnu/lib/rustlib/x86_64-unknown-linux-gnu/lib/libobject-6478a9daa4bee8e2.rlib" "/opt/rustwide/rustup-home/toolchains/beta-2023-12-22-x86_64-unknown-linux-gnu/lib/rustlib/x86_64-unknown-linux-gnu/lib/libmemchr-0c75d871a5c3923d.rlib" "/opt/rustwide/rustup-home/toolchains/beta-2023-12-22-x86_64-unknown-linux-gnu/lib/rustlib/x86_64-unknown-linux-gnu/lib/libaddr2line-d163ef63ad37bb71.rlib" "/opt/rustwide/rustup-home/toolchains/beta-2023-12-22-x86_64-unknown-linux-gnu/lib/rustlib/x86_64-unknown-linux-gnu/lib/libgimli-8a3fd810a85b9f4c.rlib" "/opt/rustwide/rustup-home/toolchains/beta-2023-12-22-x86_64-unknown-linux-gnu/lib/rustlib/x86_64-unknown-linux-gnu/lib/librustc_demangle-462a2cde8c5dfc10.rlib" "/opt/rustwide/rustup-home/toolchains/beta-2023-12-22-x86_64-unknown-linux-gnu/lib/rustlib/x86_64-unknown-linux-gnu/lib/libstd_detect-cb06ac9f54713f71.rlib" "/opt/rustwide/rustup-home/toolchains/beta-2023-12-22-x86_64-unknown-linux-gnu/lib/rustlib/x86_64-unknown-linux-gnu/lib/libhashbrown-f20bfd1f8e59b393.rlib" "/opt/rustwide/rustup-home/toolchains/beta-2023-12-22-x86_64-unknown-linux-gnu/lib/rustlib/x86_64-unknown-linux-gnu/lib/librustc_std_workspace_alloc-1ef460949b49da4b.rlib" "/opt/rustwide/rustup-home/toolchains/beta-2023-12-22-x86_64-unknown-linux-gnu/lib/rustlib/x86_64-unknown-linux-gnu/lib/libminiz_oxide-2cb0c0ffe4f87514.rlib" "/opt/rustwide/rustup-home/toolchains/beta-2023-12-22-x86_64-unknown-linux-gnu/lib/rustlib/x86_64-unknown-linux-gnu/lib/libadler-58d841eb322a11a2.rlib" "/opt/rustwide/rustup-home/toolchains/beta-2023-12-22-x86_64-unknown-linux-gnu/lib/rustlib/x86_64-unknown-linux-gnu/lib/libunwind-aa2ae0b0a9d11533.rlib" "/opt/rustwide/rustup-home/toolchains/beta-2023-12-22-x86_64-unknown-linux-gnu/lib/rustlib/x86_64-unknown-linux-gnu/lib/libcfg_if-23874e15830ed336.rlib" "/opt/rustwide/rustup-home/toolchains/beta-2023-12-22-x86_64-unknown-linux-gnu/lib/rustlib/x86_64-unknown-linux-gnu/lib/liblibc-e47cddc003bce885.rlib" "/opt/rustwide/rustup-home/toolchains/beta-2023-12-22-x86_64-unknown-linux-gnu/lib/rustlib/x86_64-unknown-linux-gnu/lib/liballoc-c22b13b48a8f128e.rlib" "/opt/rustwide/rustup-home/toolchains/beta-2023-12-22-x86_64-unknown-linux-gnu/lib/rustlib/x86_64-unknown-linux-gnu/lib/librustc_std_workspace_core-e46bc3da6d7c462f.rlib" "/opt/rustwide/rustup-home/toolchains/beta-2023-12-22-x86_64-unknown-linux-gnu/lib/rustlib/x86_64-unknown-linux-gnu/lib/libcore-8d1ac131d3cb2645.rlib" "/opt/rustwide/rustup-home/toolchains/beta-2023-12-22-x86_64-unknown-linux-gnu/lib/rustlib/x86_64-unknown-linux-gnu/lib/libcompiler_builtins-a1b43df8c6899c1f.rlib" "-Wl,-Bdynamic" "-lgcc_s" "-lutil" "-lrt" "-lpthread" "-lm" "-ldl" "-lc" "-Wl,--eh-frame-hdr" "-Wl,-z,noexecstack" "-L" "/opt/rustwide/rustup-home/toolchains/beta-2023-12-22-x86_64-unknown-linux-gnu/lib/rustlib/x86_64-unknown-linux-gnu/lib" "-o" "/opt/rustwide/target/debug/deps/serpar-8a2c98106aff899e" "-Wl,--gc-sections" "-pie" "-Wl,-z,relro,-z,now" "-nodefaultlibs"
[INFO] [stdout]   = note: collect2: fatal error: ld terminated with signal 9 [Killed]
[INFO] [stdout]           compilation terminated.
[INFO] [stdout]           
[INFO] [stdout] 
[INFO] [stdout] 
[INFO] [stdout] error: aborting due to 1 previous error
[INFO] [stdout] 
[INFO] [stdout] 
[INFO] [stderr] error: could not compile `hnsw_rs` (test "serpar") due to 2 previous errors
[INFO] running `Command { std: "docker" "inspect" "ebd008ac47224dedfc7895f6f2102bfc33d2bfbf009efc502ef2149044064c58", kill_on_drop: false }`
[INFO] running `Command { std: "docker" "rm" "-f" "ebd008ac47224dedfc7895f6f2102bfc33d2bfbf009efc502ef2149044064c58", kill_on_drop: false }`
[INFO] [stdout] ebd008ac47224dedfc7895f6f2102bfc33d2bfbf009efc502ef2149044064c58
