[INFO] fetching crate hmmmm_derive 0.1.0...
[INFO] testing hmmmm_derive-0.1.0 against 1.75.0 for beta-1.76-1
[INFO] extracting crate hmmmm_derive 0.1.0 into /workspace/builds/worker-1-tc1/source
[INFO] validating manifest of crates.io crate hmmmm_derive 0.1.0 on toolchain 1.75.0
[INFO] running `Command { std: CARGO_HOME="/workspace/cargo-home" RUSTUP_HOME="/workspace/rustup-home" "/workspace/cargo-home/bin/cargo" "+1.75.0" "metadata" "--manifest-path" "Cargo.toml" "--no-deps", kill_on_drop: false }`
[INFO] started tweaking crates.io crate hmmmm_derive 0.1.0
[INFO] finished tweaking crates.io crate hmmmm_derive 0.1.0
[INFO] tweaked toml for crates.io crate hmmmm_derive 0.1.0 written to /workspace/builds/worker-1-tc1/source/Cargo.toml
[INFO] running `Command { std: CARGO_HOME="/workspace/cargo-home" RUSTUP_HOME="/workspace/rustup-home" "/workspace/cargo-home/bin/cargo" "+1.75.0" "generate-lockfile" "--manifest-path" "Cargo.toml", kill_on_drop: false }`
[INFO] [stderr]     Updating crates.io index
[INFO] running `Command { std: CARGO_HOME="/workspace/cargo-home" RUSTUP_HOME="/workspace/rustup-home" "/workspace/cargo-home/bin/cargo" "+1.75.0" "fetch" "--manifest-path" "Cargo.toml", kill_on_drop: false }`
[INFO] running `Command { std: "docker" "create" "-v" "/var/lib/crater-agent-workspace/builds/worker-1-tc1/target:/opt/rustwide/target:rw,Z" "-v" "/var/lib/crater-agent-workspace/builds/worker-1-tc1/source:/opt/rustwide/workdir:ro,Z" "-v" "/var/lib/crater-agent-workspace/cargo-home:/opt/rustwide/cargo-home:ro,Z" "-v" "/var/lib/crater-agent-workspace/rustup-home:/opt/rustwide/rustup-home:ro,Z" "-e" "SOURCE_DIR=/opt/rustwide/workdir" "-e" "CARGO_TARGET_DIR=/opt/rustwide/target" "-e" "CARGO_HOME=/opt/rustwide/cargo-home" "-e" "RUSTUP_HOME=/opt/rustwide/rustup-home" "-w" "/opt/rustwide/workdir" "-m" "1610612736" "--user" "0:0" "--network" "none" "ghcr.io/rust-lang/crates-build-env/linux@sha256:2788e3201cd34a07e3172128adcd8b3090168a8e3bcc40d7c032b9dda1df7d1c" "/opt/rustwide/cargo-home/bin/cargo" "+1.75.0" "metadata" "--no-deps" "--format-version=1", kill_on_drop: false }`
[INFO] [stdout] 9c9838a9e83dda10fda199a184a88039f477fe005c32da61d7795db7cdfad7ff
[INFO] running `Command { std: "docker" "start" "-a" "9c9838a9e83dda10fda199a184a88039f477fe005c32da61d7795db7cdfad7ff", kill_on_drop: false }`
[INFO] running `Command { std: "docker" "inspect" "9c9838a9e83dda10fda199a184a88039f477fe005c32da61d7795db7cdfad7ff", kill_on_drop: false }`
[INFO] running `Command { std: "docker" "rm" "-f" "9c9838a9e83dda10fda199a184a88039f477fe005c32da61d7795db7cdfad7ff", kill_on_drop: false }`
[INFO] [stdout] 9c9838a9e83dda10fda199a184a88039f477fe005c32da61d7795db7cdfad7ff
[INFO] running `Command { std: "docker" "create" "-v" "/var/lib/crater-agent-workspace/builds/worker-1-tc1/target:/opt/rustwide/target:rw,Z" "-v" "/var/lib/crater-agent-workspace/builds/worker-1-tc1/source:/opt/rustwide/workdir:ro,Z" "-v" "/var/lib/crater-agent-workspace/cargo-home:/opt/rustwide/cargo-home:ro,Z" "-v" "/var/lib/crater-agent-workspace/rustup-home:/opt/rustwide/rustup-home:ro,Z" "-e" "SOURCE_DIR=/opt/rustwide/workdir" "-e" "CARGO_TARGET_DIR=/opt/rustwide/target" "-e" "CARGO_INCREMENTAL=0" "-e" "RUST_BACKTRACE=full" "-e" "RUSTFLAGS=--cap-lints=warn" "-e" "RUSTDOCFLAGS=--cap-lints=warn" "-e" "CARGO_HOME=/opt/rustwide/cargo-home" "-e" "RUSTUP_HOME=/opt/rustwide/rustup-home" "-w" "/opt/rustwide/workdir" "-m" "1610612736" "--user" "0:0" "--network" "none" "ghcr.io/rust-lang/crates-build-env/linux@sha256:2788e3201cd34a07e3172128adcd8b3090168a8e3bcc40d7c032b9dda1df7d1c" "/opt/rustwide/cargo-home/bin/cargo" "+1.75.0" "build" "--frozen" "--message-format=json", kill_on_drop: false }`
[INFO] [stdout] 120c95e7f55fb021fc7e2beb975b80e1b60f4caabf9f76112afd3bc4463edbd8
[INFO] running `Command { std: "docker" "start" "-a" "120c95e7f55fb021fc7e2beb975b80e1b60f4caabf9f76112afd3bc4463edbd8", kill_on_drop: false }`
[INFO] [stderr]    Compiling syn v1.0.109
[INFO] [stderr]    Compiling hmmmm_derive v0.1.0 (/opt/rustwide/workdir)
[INFO] [stderr]     Finished dev [unoptimized + debuginfo] target(s) in 2.88s
[INFO] running `Command { std: "docker" "inspect" "120c95e7f55fb021fc7e2beb975b80e1b60f4caabf9f76112afd3bc4463edbd8", kill_on_drop: false }`
[INFO] running `Command { std: "docker" "rm" "-f" "120c95e7f55fb021fc7e2beb975b80e1b60f4caabf9f76112afd3bc4463edbd8", kill_on_drop: false }`
[INFO] [stdout] 120c95e7f55fb021fc7e2beb975b80e1b60f4caabf9f76112afd3bc4463edbd8
[INFO] running `Command { std: "docker" "create" "-v" "/var/lib/crater-agent-workspace/builds/worker-1-tc1/target:/opt/rustwide/target:rw,Z" "-v" "/var/lib/crater-agent-workspace/builds/worker-1-tc1/source:/opt/rustwide/workdir:ro,Z" "-v" "/var/lib/crater-agent-workspace/cargo-home:/opt/rustwide/cargo-home:ro,Z" "-v" "/var/lib/crater-agent-workspace/rustup-home:/opt/rustwide/rustup-home:ro,Z" "-e" "SOURCE_DIR=/opt/rustwide/workdir" "-e" "CARGO_TARGET_DIR=/opt/rustwide/target" "-e" "CARGO_INCREMENTAL=0" "-e" "RUST_BACKTRACE=full" "-e" "RUSTFLAGS=--cap-lints=warn" "-e" "RUSTDOCFLAGS=--cap-lints=warn" "-e" "CARGO_HOME=/opt/rustwide/cargo-home" "-e" "RUSTUP_HOME=/opt/rustwide/rustup-home" "-w" "/opt/rustwide/workdir" "-m" "1610612736" "--user" "0:0" "--network" "none" "ghcr.io/rust-lang/crates-build-env/linux@sha256:2788e3201cd34a07e3172128adcd8b3090168a8e3bcc40d7c032b9dda1df7d1c" "/opt/rustwide/cargo-home/bin/cargo" "+1.75.0" "test" "--frozen" "--no-run" "--message-format=json", kill_on_drop: false }`
[INFO] [stdout] f7db0dbc44e5e58ea8f3e14994b23a2ec8bebaf709b3e01262473ee180881e8c
[INFO] running `Command { std: "docker" "start" "-a" "f7db0dbc44e5e58ea8f3e14994b23a2ec8bebaf709b3e01262473ee180881e8c", kill_on_drop: false }`
[INFO] [stderr]    Compiling proc-macro2 v1.0.75
[INFO] [stderr]    Compiling unicode-ident v1.0.12
[INFO] [stderr]    Compiling syn v1.0.109
[INFO] [stderr]    Compiling quote v1.0.35
[INFO] [stderr]    Compiling hmmmm_derive v0.1.0 (/opt/rustwide/workdir)
[INFO] [stdout] error[E0433]: failed to resolve: use of undeclared crate or module `hmmmm`
[INFO] [stdout]  --> tests/01.rs:1:5
[INFO] [stdout]   |
[INFO] [stdout] 1 | use hmmmm::{Hmm, algorithms::Viterbi};
[INFO] [stdout]   |     ^^^^^ use of undeclared crate or module `hmmmm`
[INFO] [stdout] 
[INFO] [stdout] 
[INFO] [stdout] error[E0432]: unresolved import `hmmmm`
[INFO] [stdout]  --> tests/01.rs:1:5
[INFO] [stdout]   |
[INFO] [stdout] 1 | use hmmmm::{Hmm, algorithms::Viterbi};
[INFO] [stdout]   |     ^^^^^ use of undeclared crate or module `hmmmm`
[INFO] [stdout] 
[INFO] [stdout] 
[INFO] [stdout] error[E0433]: failed to resolve: use of undeclared crate or module `hmmmm`
[INFO] [stdout]  --> tests/01.rs:7:30
[INFO] [stdout]   |
[INFO] [stdout] 7 |   #[derive(Debug, PartialEq, State)]
[INFO] [stdout]   |                              ^^^^^ use of undeclared crate or module `hmmmm`
[INFO] [stdout]   |
[INFO] [stdout]   = note: this error originates in the derive macro `State` (in Nightly builds, run with -Z macro-backtrace for more info)
[INFO] [stdout] 
[INFO] [stdout] 
[INFO] [stdout] error[E0433]: failed to resolve: use of undeclared crate or module `hmmmm`
[INFO] [stdout]   --> tests/01.rs:17:19
[INFO] [stdout]    |
[INFO] [stdout] 17 |   #[derive(Debug, Observation)]
[INFO] [stdout]    |                   ^^^^^^^^^^^ use of undeclared crate or module `hmmmm`
[INFO] [stdout]    |
[INFO] [stdout]    = note: this error originates in the derive macro `Observation` (in Nightly builds, run with -Z macro-backtrace for more info)
[INFO] [stdout] 
[INFO] [stdout] 
[INFO] [stdout] error: aborting due to 4 previous errors
[INFO] [stdout] 
[INFO] [stdout] 
[INFO] [stdout] Some errors have detailed explanations: E0432, E0433.
[INFO] [stdout] 
[INFO] [stdout] For more information about an error, try `rustc --explain E0432`.
[INFO] [stdout] 
[INFO] [stderr] error: could not compile `hmmmm_derive` (test "01") due to 5 previous errors
[INFO] running `Command { std: "docker" "inspect" "f7db0dbc44e5e58ea8f3e14994b23a2ec8bebaf709b3e01262473ee180881e8c", kill_on_drop: false }`
[INFO] running `Command { std: "docker" "rm" "-f" "f7db0dbc44e5e58ea8f3e14994b23a2ec8bebaf709b3e01262473ee180881e8c", kill_on_drop: false }`
[INFO] [stdout] f7db0dbc44e5e58ea8f3e14994b23a2ec8bebaf709b3e01262473ee180881e8c
