[INFO] fetching crate hmip20 0.1.1...
[INFO] testing hmip20-0.1.1 against 1.75.0 for beta-1.76-1
[INFO] extracting crate hmip20 0.1.1 into /workspace/builds/worker-3-tc1/source
[INFO] validating manifest of crates.io crate hmip20 0.1.1 on toolchain 1.75.0
[INFO] running `Command { std: CARGO_HOME="/workspace/cargo-home" RUSTUP_HOME="/workspace/rustup-home" "/workspace/cargo-home/bin/cargo" "+1.75.0" "metadata" "--manifest-path" "Cargo.toml" "--no-deps", kill_on_drop: false }`
[INFO] started tweaking crates.io crate hmip20 0.1.1
[INFO] finished tweaking crates.io crate hmip20 0.1.1
[INFO] tweaked toml for crates.io crate hmip20 0.1.1 written to /workspace/builds/worker-3-tc1/source/Cargo.toml
[INFO] crate crates.io crate hmip20 0.1.1 already has a lockfile, it will not be regenerated
[INFO] running `Command { std: CARGO_HOME="/workspace/cargo-home" RUSTUP_HOME="/workspace/rustup-home" "/workspace/cargo-home/bin/cargo" "+1.75.0" "fetch" "--manifest-path" "Cargo.toml", kill_on_drop: false }`
[INFO] [stderr]     Updating crates.io index
[INFO] [stderr]  Downloading crates ...
[INFO] [stderr]   Downloaded remain v0.2.6
[INFO] [stderr]   Downloaded ripemd160 v0.9.1
[INFO] [stderr]   Downloaded hermit-toolkit-storage v0.1.0
[INFO] [stderr]   Downloaded schemars_derive v0.7.6
[INFO] [stderr]   Downloaded secret-cosmwasm-storage v0.10.0
[INFO] [stderr]   Downloaded hermit-toolkit-permit v0.1.0
[INFO] [stderr]   Downloaded cosmwasm-schema v0.9.4
[INFO] [stderr]   Downloaded serde_derive_internals v0.25.0
[INFO] [stderr]   Downloaded hermit-toolkit-utils v0.1.0
[INFO] [stderr]   Downloaded hermit-toolkit-crypto v0.1.0
[INFO] [stderr]   Downloaded serde-json-wasm v0.2.3
[INFO] [stderr]   Downloaded secret-cosmwasm-std v0.10.1
[INFO] [stderr]   Downloaded schemars v0.7.6
[INFO] [stderr]   Downloaded object v0.30.1
[INFO] [stderr]   Downloaded gimli v0.27.0
[INFO] [stderr]   Downloaded hermit-toolkit-serialization v0.1.0
[INFO] running `Command { std: "docker" "create" "-v" "/var/lib/crater-agent-workspace/builds/worker-3-tc1/target:/opt/rustwide/target:rw,Z" "-v" "/var/lib/crater-agent-workspace/builds/worker-3-tc1/source:/opt/rustwide/workdir:ro,Z" "-v" "/var/lib/crater-agent-workspace/cargo-home:/opt/rustwide/cargo-home:ro,Z" "-v" "/var/lib/crater-agent-workspace/rustup-home:/opt/rustwide/rustup-home:ro,Z" "-e" "SOURCE_DIR=/opt/rustwide/workdir" "-e" "CARGO_TARGET_DIR=/opt/rustwide/target" "-e" "CARGO_HOME=/opt/rustwide/cargo-home" "-e" "RUSTUP_HOME=/opt/rustwide/rustup-home" "-w" "/opt/rustwide/workdir" "-m" "1610612736" "--user" "0:0" "--network" "none" "ghcr.io/rust-lang/crates-build-env/linux@sha256:2788e3201cd34a07e3172128adcd8b3090168a8e3bcc40d7c032b9dda1df7d1c" "/opt/rustwide/cargo-home/bin/cargo" "+1.75.0" "metadata" "--no-deps" "--format-version=1", kill_on_drop: false }`
[INFO] [stdout] d8d1e9126e3a5d388a9fb4b89b35a148dd572f18fb3414d9224e156578bba207
[INFO] running `Command { std: "docker" "start" "-a" "d8d1e9126e3a5d388a9fb4b89b35a148dd572f18fb3414d9224e156578bba207", kill_on_drop: false }`
[INFO] running `Command { std: "docker" "inspect" "d8d1e9126e3a5d388a9fb4b89b35a148dd572f18fb3414d9224e156578bba207", kill_on_drop: false }`
[INFO] running `Command { std: "docker" "rm" "-f" "d8d1e9126e3a5d388a9fb4b89b35a148dd572f18fb3414d9224e156578bba207", kill_on_drop: false }`
[INFO] [stdout] d8d1e9126e3a5d388a9fb4b89b35a148dd572f18fb3414d9224e156578bba207
[INFO] running `Command { std: "docker" "create" "-v" "/var/lib/crater-agent-workspace/builds/worker-3-tc1/target:/opt/rustwide/target:rw,Z" "-v" "/var/lib/crater-agent-workspace/builds/worker-3-tc1/source:/opt/rustwide/workdir:ro,Z" "-v" "/var/lib/crater-agent-workspace/cargo-home:/opt/rustwide/cargo-home:ro,Z" "-v" "/var/lib/crater-agent-workspace/rustup-home:/opt/rustwide/rustup-home:ro,Z" "-e" "SOURCE_DIR=/opt/rustwide/workdir" "-e" "CARGO_TARGET_DIR=/opt/rustwide/target" "-e" "CARGO_INCREMENTAL=0" "-e" "RUST_BACKTRACE=full" "-e" "RUSTFLAGS=--cap-lints=warn" "-e" "RUSTDOCFLAGS=--cap-lints=warn" "-e" "CARGO_HOME=/opt/rustwide/cargo-home" "-e" "RUSTUP_HOME=/opt/rustwide/rustup-home" "-w" "/opt/rustwide/workdir" "-m" "1610612736" "--user" "0:0" "--network" "none" "ghcr.io/rust-lang/crates-build-env/linux@sha256:2788e3201cd34a07e3172128adcd8b3090168a8e3bcc40d7c032b9dda1df7d1c" "/opt/rustwide/cargo-home/bin/cargo" "+1.75.0" "build" "--frozen" "--message-format=json", kill_on_drop: false }`
[INFO] [stdout] 35eb0aea9ed33144e1d1a4e70b5f9a880340d4d96f6f66cdc37c75f8274cbe13
[INFO] running `Command { std: "docker" "start" "-a" "35eb0aea9ed33144e1d1a4e70b5f9a880340d4d96f6f66cdc37c75f8274cbe13", kill_on_drop: false }`
[INFO] [stderr]    Compiling proc-macro2 v1.0.49
[INFO] [stderr]    Compiling quote v1.0.23
[INFO] [stderr]    Compiling unicode-ident v1.0.6
[INFO] [stderr]    Compiling syn v1.0.107
[INFO] [stderr]    Compiling serde_derive v1.0.152
[INFO] [stderr]    Compiling serde v1.0.152
[INFO] [stderr]    Compiling doc-comment v0.3.3
[INFO] [stderr]    Compiling serde_json v1.0.91
[INFO] [stderr]    Compiling itoa v1.0.5
[INFO] [stderr]    Compiling schemars v0.7.6
[INFO] [stderr]    Compiling ryu v1.0.12
[INFO] [stderr]    Compiling typenum v1.16.0
[INFO] [stderr]    Compiling base64 v0.11.0
[INFO] [stderr]    Compiling generic-array v0.14.6
[INFO] [stderr]    Compiling byteorder v1.4.3
[INFO] [stderr]    Compiling cpufeatures v0.2.5
[INFO] [stderr]    Compiling rand_core v0.5.1
[INFO] [stderr]    Compiling ppv-lite86 v0.2.17
[INFO] [stderr]    Compiling bech32 v0.8.1
[INFO] [stderr]    Compiling base64 v0.12.3
[INFO] [stderr]    Compiling rand_chacha v0.2.2
[INFO] [stderr]    Compiling digest v0.9.0
[INFO] [stderr]    Compiling block-buffer v0.9.0
[INFO] [stderr]    Compiling sha2 v0.9.9
[INFO] [stderr]    Compiling ripemd160 v0.9.1
[INFO] [stderr]    Compiling serde_derive_internals v0.25.0
[INFO] [stderr]    Compiling snafu-derive v0.6.10
[INFO] [stderr]    Compiling schemars_derive v0.7.6
[INFO] [stderr]    Compiling remain v0.2.6
[INFO] [stderr]    Compiling snafu v0.6.10
[INFO] [stderr]    Compiling serde-json-wasm v0.2.3
[INFO] [stderr]    Compiling bincode2 v2.0.1
[INFO] [stderr]    Compiling secret-cosmwasm-std v0.10.1
[INFO] [stderr]    Compiling secret-cosmwasm-storage v0.10.0
[INFO] [stderr]    Compiling hermit-toolkit-serialization v0.1.0
[INFO] [stderr]    Compiling hermit-toolkit-crypto v0.1.0
[INFO] [stderr]    Compiling hermit-toolkit-permit v0.1.0
[INFO] [stderr]    Compiling hermit-toolkit-storage v0.1.0
[INFO] [stderr]    Compiling hermit-toolkit-utils v0.1.0
[INFO] [stderr]    Compiling hmip20 v0.1.1 (/opt/rustwide/workdir)
[INFO] [stderr]     Finished dev [unoptimized + debuginfo] target(s) in 12.67s
[INFO] running `Command { std: "docker" "inspect" "35eb0aea9ed33144e1d1a4e70b5f9a880340d4d96f6f66cdc37c75f8274cbe13", kill_on_drop: false }`
[INFO] running `Command { std: "docker" "rm" "-f" "35eb0aea9ed33144e1d1a4e70b5f9a880340d4d96f6f66cdc37c75f8274cbe13", kill_on_drop: false }`
[INFO] [stdout] 35eb0aea9ed33144e1d1a4e70b5f9a880340d4d96f6f66cdc37c75f8274cbe13
[INFO] running `Command { std: "docker" "create" "-v" "/var/lib/crater-agent-workspace/builds/worker-3-tc1/target:/opt/rustwide/target:rw,Z" "-v" "/var/lib/crater-agent-workspace/builds/worker-3-tc1/source:/opt/rustwide/workdir:ro,Z" "-v" "/var/lib/crater-agent-workspace/cargo-home:/opt/rustwide/cargo-home:ro,Z" "-v" "/var/lib/crater-agent-workspace/rustup-home:/opt/rustwide/rustup-home:ro,Z" "-e" "SOURCE_DIR=/opt/rustwide/workdir" "-e" "CARGO_TARGET_DIR=/opt/rustwide/target" "-e" "CARGO_INCREMENTAL=0" "-e" "RUST_BACKTRACE=full" "-e" "RUSTFLAGS=--cap-lints=warn" "-e" "RUSTDOCFLAGS=--cap-lints=warn" "-e" "CARGO_HOME=/opt/rustwide/cargo-home" "-e" "RUSTUP_HOME=/opt/rustwide/rustup-home" "-w" "/opt/rustwide/workdir" "-m" "1610612736" "--user" "0:0" "--network" "none" "ghcr.io/rust-lang/crates-build-env/linux@sha256:2788e3201cd34a07e3172128adcd8b3090168a8e3bcc40d7c032b9dda1df7d1c" "/opt/rustwide/cargo-home/bin/cargo" "+1.75.0" "test" "--frozen" "--no-run" "--message-format=json", kill_on_drop: false }`
[INFO] [stdout] 5f7a962d1c8491d9b023bcbc088ca834d926e1e5758b0cdaddfaa39f1cd4f982
[INFO] running `Command { std: "docker" "start" "-a" "5f7a962d1c8491d9b023bcbc088ca834d926e1e5758b0cdaddfaa39f1cd4f982", kill_on_drop: false }`
[INFO] [stderr]    Compiling cosmwasm-schema v0.9.4
[INFO] [stderr]    Compiling hmip20 v0.1.1 (/opt/rustwide/workdir)
[INFO] [stdout] error[E0433]: failed to resolve: use of undeclared crate or module `hermit_hmip20`
[INFO] [stdout]  --> examples/schema.rs:5:5
[INFO] [stdout]   |
[INFO] [stdout] 5 | use hermit_hmip20::msg::{HandleAnswer, HandleMsg, InitMsg, QueryAnswer, QueryMsg};
[INFO] [stdout]   |     ^^^^^^^^^^^^^ use of undeclared crate or module `hermit_hmip20`
[INFO] [stdout] 
[INFO] [stdout] 
[INFO] [stdout] error: aborting due to previous error
[INFO] [stdout] 
[INFO] [stdout] 
[INFO] [stdout] For more information about this error, try `rustc --explain E0433`.
[INFO] [stdout] 
[INFO] [stderr] error: could not compile `hmip20` (example "schema") due to 2 previous errors
[INFO] [stderr] warning: build failed, waiting for other jobs to finish...
[INFO] [stdout] error[E0063]: missing field `init_hook` in initializer of `msg::InitMsg`
[INFO] [stdout]     --> src/contract.rs:1782:24
[INFO] [stdout]      |
[INFO] [stdout] 1782 |         let init_msg = InitMsg {
[INFO] [stdout]      |                        ^^^^^^^ missing `init_hook`
[INFO] [stdout] 
[INFO] [stdout] 
[INFO] [stdout] error[E0063]: missing field `init_hook` in initializer of `msg::InitMsg`
[INFO] [stdout]     --> src/contract.rs:1827:24
[INFO] [stdout]      |
[INFO] [stdout] 1827 |         let init_msg = InitMsg {
[INFO] [stdout]      |                        ^^^^^^^ missing `init_hook`
[INFO] [stdout] 
[INFO] [stdout] 
[INFO] [stdout] error[E0063]: missing field `init_hook` in initializer of `msg::InitMsg`
[INFO] [stdout]     --> src/contract.rs:3688:24
[INFO] [stdout]      |
[INFO] [stdout] 3688 |         let init_msg = InitMsg {
[INFO] [stdout]      |                        ^^^^^^^ missing `init_hook`
[INFO] [stdout] 
[INFO] [stdout] 
[INFO] [stdout] error[E0063]: missing field `init_hook` in initializer of `msg::InitMsg`
[INFO] [stdout]     --> src/contract.rs:3754:24
[INFO] [stdout]      |
[INFO] [stdout] 3754 |         let init_msg = InitMsg {
[INFO] [stdout]      |                        ^^^^^^^ missing `init_hook`
[INFO] [stdout] 
[INFO] [stdout] 
[INFO] [stdout] error[E0063]: missing field `init_hook` in initializer of `msg::InitMsg`
[INFO] [stdout]     --> src/contract.rs:3823:24
[INFO] [stdout]      |
[INFO] [stdout] 3823 |         let init_msg = InitMsg {
[INFO] [stdout]      |                        ^^^^^^^ missing `init_hook`
[INFO] [stdout] 
[INFO] [stdout] 
[INFO] [stdout] error[E0063]: missing field `init_hook` in initializer of `msg::InitMsg`
[INFO] [stdout]     --> src/contract.rs:3880:24
[INFO] [stdout]      |
[INFO] [stdout] 3880 |         let init_msg = InitMsg {
[INFO] [stdout]      |                        ^^^^^^^ missing `init_hook`
[INFO] [stdout] 
[INFO] [stdout] 
[INFO] [stdout] error[E0063]: missing field `init_hook` in initializer of `msg::InitMsg`
[INFO] [stdout]     --> src/contract.rs:3937:24
[INFO] [stdout]      |
[INFO] [stdout] 3937 |         let init_msg = InitMsg {
[INFO] [stdout]      |                        ^^^^^^^ missing `init_hook`
[INFO] [stdout] 
[INFO] [stdout] 
[INFO] [stdout] error[E0063]: missing field `init_hook` in initializer of `msg::InitMsg`
[INFO] [stdout]     --> src/contract.rs:3982:24
[INFO] [stdout]      |
[INFO] [stdout] 3982 |         let init_msg = InitMsg {
[INFO] [stdout]      |                        ^^^^^^^ missing `init_hook`
[INFO] [stdout] 
[INFO] [stdout] 
[INFO] [stdout] error: aborting due to 8 previous errors
[INFO] [stdout] 
[INFO] [stdout] 
[INFO] [stdout] For more information about this error, try `rustc --explain E0063`.
[INFO] [stdout] 
[INFO] [stderr] error: could not compile `hmip20` (lib test) due to 9 previous errors
[INFO] running `Command { std: "docker" "inspect" "5f7a962d1c8491d9b023bcbc088ca834d926e1e5758b0cdaddfaa39f1cd4f982", kill_on_drop: false }`
[INFO] running `Command { std: "docker" "rm" "-f" "5f7a962d1c8491d9b023bcbc088ca834d926e1e5758b0cdaddfaa39f1cd4f982", kill_on_drop: false }`
[INFO] [stdout] 5f7a962d1c8491d9b023bcbc088ca834d926e1e5758b0cdaddfaa39f1cd4f982
