[INFO] fetching crate hirola-macros 0.3.1...
[INFO] testing hirola-macros-0.3.1 against 1.75.0 for beta-1.76-1
[INFO] extracting crate hirola-macros 0.3.1 into /workspace/builds/worker-1-tc1/source
[INFO] validating manifest of crates.io crate hirola-macros 0.3.1 on toolchain 1.75.0
[INFO] running `Command { std: CARGO_HOME="/workspace/cargo-home" RUSTUP_HOME="/workspace/rustup-home" "/workspace/cargo-home/bin/cargo" "+1.75.0" "metadata" "--manifest-path" "Cargo.toml" "--no-deps", kill_on_drop: false }`
[INFO] started tweaking crates.io crate hirola-macros 0.3.1
[INFO] finished tweaking crates.io crate hirola-macros 0.3.1
[INFO] tweaked toml for crates.io crate hirola-macros 0.3.1 written to /workspace/builds/worker-1-tc1/source/Cargo.toml
[INFO] running `Command { std: CARGO_HOME="/workspace/cargo-home" RUSTUP_HOME="/workspace/rustup-home" "/workspace/cargo-home/bin/cargo" "+1.75.0" "generate-lockfile" "--manifest-path" "Cargo.toml", kill_on_drop: false }`
[INFO] [stderr]     Blocking waiting for file lock on package cache
[INFO] [stderr]     Updating crates.io index
[INFO] running `Command { std: CARGO_HOME="/workspace/cargo-home" RUSTUP_HOME="/workspace/rustup-home" "/workspace/cargo-home/bin/cargo" "+1.75.0" "fetch" "--manifest-path" "Cargo.toml", kill_on_drop: false }`
[INFO] [stderr]     Blocking waiting for file lock on package cache
[INFO] running `Command { std: "docker" "create" "-v" "/var/lib/crater-agent-workspace/builds/worker-1-tc1/target:/opt/rustwide/target:rw,Z" "-v" "/var/lib/crater-agent-workspace/builds/worker-1-tc1/source:/opt/rustwide/workdir:ro,Z" "-v" "/var/lib/crater-agent-workspace/cargo-home:/opt/rustwide/cargo-home:ro,Z" "-v" "/var/lib/crater-agent-workspace/rustup-home:/opt/rustwide/rustup-home:ro,Z" "-e" "SOURCE_DIR=/opt/rustwide/workdir" "-e" "CARGO_TARGET_DIR=/opt/rustwide/target" "-e" "CARGO_HOME=/opt/rustwide/cargo-home" "-e" "RUSTUP_HOME=/opt/rustwide/rustup-home" "-w" "/opt/rustwide/workdir" "-m" "1610612736" "--user" "0:0" "--network" "none" "ghcr.io/rust-lang/crates-build-env/linux@sha256:2788e3201cd34a07e3172128adcd8b3090168a8e3bcc40d7c032b9dda1df7d1c" "/opt/rustwide/cargo-home/bin/cargo" "+1.75.0" "metadata" "--no-deps" "--format-version=1", kill_on_drop: false }`
[INFO] [stdout] 8281204a07caded7a8e63850e79c5fea1b4f8b4f0bfdfc1c5b0c1339df2290ed
[INFO] running `Command { std: "docker" "start" "-a" "8281204a07caded7a8e63850e79c5fea1b4f8b4f0bfdfc1c5b0c1339df2290ed", kill_on_drop: false }`
[INFO] running `Command { std: "docker" "inspect" "8281204a07caded7a8e63850e79c5fea1b4f8b4f0bfdfc1c5b0c1339df2290ed", kill_on_drop: false }`
[INFO] running `Command { std: "docker" "rm" "-f" "8281204a07caded7a8e63850e79c5fea1b4f8b4f0bfdfc1c5b0c1339df2290ed", kill_on_drop: false }`
[INFO] [stdout] 8281204a07caded7a8e63850e79c5fea1b4f8b4f0bfdfc1c5b0c1339df2290ed
[INFO] running `Command { std: "docker" "create" "-v" "/var/lib/crater-agent-workspace/builds/worker-1-tc1/target:/opt/rustwide/target:rw,Z" "-v" "/var/lib/crater-agent-workspace/builds/worker-1-tc1/source:/opt/rustwide/workdir:ro,Z" "-v" "/var/lib/crater-agent-workspace/cargo-home:/opt/rustwide/cargo-home:ro,Z" "-v" "/var/lib/crater-agent-workspace/rustup-home:/opt/rustwide/rustup-home:ro,Z" "-e" "SOURCE_DIR=/opt/rustwide/workdir" "-e" "CARGO_TARGET_DIR=/opt/rustwide/target" "-e" "CARGO_INCREMENTAL=0" "-e" "RUST_BACKTRACE=full" "-e" "RUSTFLAGS=--cap-lints=warn" "-e" "RUSTDOCFLAGS=--cap-lints=warn" "-e" "CARGO_HOME=/opt/rustwide/cargo-home" "-e" "RUSTUP_HOME=/opt/rustwide/rustup-home" "-w" "/opt/rustwide/workdir" "-m" "1610612736" "--user" "0:0" "--network" "none" "ghcr.io/rust-lang/crates-build-env/linux@sha256:2788e3201cd34a07e3172128adcd8b3090168a8e3bcc40d7c032b9dda1df7d1c" "/opt/rustwide/cargo-home/bin/cargo" "+1.75.0" "build" "--frozen" "--message-format=json", kill_on_drop: false }`
[INFO] [stdout] 6d3e731efd94bd8a0caf136634a8488908bb265763d3e0f0f29b6e19b079cfb0
[INFO] running `Command { std: "docker" "start" "-a" "6d3e731efd94bd8a0caf136634a8488908bb265763d3e0f0f29b6e19b079cfb0", kill_on_drop: false }`
[INFO] [stderr]    Compiling syn v1.0.109
[INFO] [stderr]    Compiling proc-macro-hack v0.5.20+deprecated
[INFO] [stderr]    Compiling yansi v1.0.0-rc.1
[INFO] [stderr]    Compiling paste v1.0.14
[INFO] [stderr]    Compiling proc-macro-error-attr v1.0.4
[INFO] [stderr]    Compiling proc-macro-error v1.0.4
[INFO] [stderr]    Compiling proc-macro2-diagnostics v0.10.1
[INFO] [stderr]    Compiling syn v2.0.48
[INFO] [stderr]    Compiling thiserror v1.0.56
[INFO] [stderr]    Compiling thiserror-impl v1.0.56
[INFO] [stderr]    Compiling syn_derive v0.1.8
[INFO] [stderr]    Compiling rstml v0.10.6
[INFO] [stderr]    Compiling hirola-macros v0.3.1 (/opt/rustwide/workdir)
[INFO] [stderr]     Finished dev [unoptimized + debuginfo] target(s) in 10.61s
[INFO] running `Command { std: "docker" "inspect" "6d3e731efd94bd8a0caf136634a8488908bb265763d3e0f0f29b6e19b079cfb0", kill_on_drop: false }`
[INFO] running `Command { std: "docker" "rm" "-f" "6d3e731efd94bd8a0caf136634a8488908bb265763d3e0f0f29b6e19b079cfb0", kill_on_drop: false }`
[INFO] [stdout] 6d3e731efd94bd8a0caf136634a8488908bb265763d3e0f0f29b6e19b079cfb0
[INFO] running `Command { std: "docker" "create" "-v" "/var/lib/crater-agent-workspace/builds/worker-1-tc1/target:/opt/rustwide/target:rw,Z" "-v" "/var/lib/crater-agent-workspace/builds/worker-1-tc1/source:/opt/rustwide/workdir:ro,Z" "-v" "/var/lib/crater-agent-workspace/cargo-home:/opt/rustwide/cargo-home:ro,Z" "-v" "/var/lib/crater-agent-workspace/rustup-home:/opt/rustwide/rustup-home:ro,Z" "-e" "SOURCE_DIR=/opt/rustwide/workdir" "-e" "CARGO_TARGET_DIR=/opt/rustwide/target" "-e" "CARGO_INCREMENTAL=0" "-e" "RUST_BACKTRACE=full" "-e" "RUSTFLAGS=--cap-lints=warn" "-e" "RUSTDOCFLAGS=--cap-lints=warn" "-e" "CARGO_HOME=/opt/rustwide/cargo-home" "-e" "RUSTUP_HOME=/opt/rustwide/rustup-home" "-w" "/opt/rustwide/workdir" "-m" "1610612736" "--user" "0:0" "--network" "none" "ghcr.io/rust-lang/crates-build-env/linux@sha256:2788e3201cd34a07e3172128adcd8b3090168a8e3bcc40d7c032b9dda1df7d1c" "/opt/rustwide/cargo-home/bin/cargo" "+1.75.0" "test" "--frozen" "--no-run" "--message-format=json", kill_on_drop: false }`
[INFO] [stdout] 13bc7eea73169d493e446f499a6b7678df4c1a6840fa108008f50061ab79d6ba
[INFO] running `Command { std: "docker" "start" "-a" "13bc7eea73169d493e446f499a6b7678df4c1a6840fa108008f50061ab79d6ba", kill_on_drop: false }`
[INFO] [stderr]    Compiling proc-macro2 v1.0.75
[INFO] [stderr]    Compiling syn v1.0.109
[INFO] [stderr]    Compiling proc-macro-error v1.0.4
[INFO] [stderr]    Compiling proc-macro2-diagnostics v0.10.1
[INFO] [stderr]    Compiling yansi v1.0.0-rc.1
[INFO] [stderr]    Compiling trybuild v1.0.87
[INFO] [stderr]    Compiling basic-toml v0.1.8
[INFO] [stderr]    Compiling termcolor v1.4.0
[INFO] [stderr]    Compiling glob v0.3.1
[INFO] [stderr]    Compiling quote v1.0.35
[INFO] [stderr]    Compiling syn v2.0.48
[INFO] [stderr]    Compiling proc-macro-error-attr v1.0.4
[INFO] [stderr]    Compiling thiserror-impl v1.0.56
[INFO] [stderr]    Compiling syn_derive v0.1.8
[INFO] [stderr]    Compiling serde_derive v1.0.194
[INFO] [stderr]    Compiling thiserror v1.0.56
[INFO] [stderr]    Compiling rstml v0.10.6
[INFO] [stderr]    Compiling hirola-macros v0.3.1 (/opt/rustwide/workdir)
[INFO] [stdout] error[E0433]: failed to resolve: use of undeclared crate or module `hirola`
[INFO] [stdout]  --> tests/component.rs:1:5
[INFO] [stdout]   |
[INFO] [stdout] 1 | use hirola::prelude::*;
[INFO] [stdout]   |     ^^^^^^ use of undeclared crate or module `hirola`
[INFO] [stdout] 
[INFO] [stdout] 
[INFO] [stdout] error[E0433]: failed to resolve: use of undeclared crate or module `hirola`
[INFO] [stdout]  --> tests/lib.rs:1:5
[INFO] [stdout]   |
[INFO] [stdout] 1 | use hirola::prelude::*;
[INFO] [stdout]   |     ^^^^^^ use of undeclared crate or module `hirola`
[INFO] [stdout] 
[INFO] [stdout] 
[INFO] [stdout] error[E0433]: failed to resolve: could not find `hirola` in the list of imported crates
[INFO] [stdout]  --> tests/lib.rs:7:20
[INFO] [stdout]   |
[INFO] [stdout] 7 |       let template = html! {
[INFO] [stdout]   |  ____________________^
[INFO] [stdout] 8 | |         <p>{world}</p>
[INFO] [stdout] 9 | |     };
[INFO] [stdout]   | |_____^ could not find `hirola` in the list of imported crates
[INFO] [stdout]   |
[INFO] [stdout]   = note: this error originates in the macro `html` (in Nightly builds, run with -Z macro-backtrace for more info)
[INFO] [stdout] 
[INFO] [stdout] 
[INFO] [stdout] error: cannot find attribute `component` in this scope
[INFO] [stdout]  --> tests/component.rs:4:3
[INFO] [stdout]   |
[INFO] [stdout] 4 | #[component]
[INFO] [stdout]   |   ^^^^^^^^^
[INFO] [stdout]   |
[INFO] [stdout] help: consider importing this attribute macro
[INFO] [stdout]   |
[INFO] [stdout] 1 + use hirola_macros::component;
[INFO] [stdout]   |
[INFO] [stdout] 
[INFO] [stdout] 
[INFO] [stdout] error: cannot find attribute `component` in this scope
[INFO] [stdout]   --> tests/component.rs:12:3
[INFO] [stdout]    |
[INFO] [stdout] 12 | #[component]
[INFO] [stdout]    |   ^^^^^^^^^
[INFO] [stdout]    |
[INFO] [stdout] help: consider importing this attribute macro
[INFO] [stdout]    |
[INFO] [stdout] 1  + use hirola_macros::component;
[INFO] [stdout]    |
[INFO] [stdout] 
[INFO] [stdout] 
[INFO] [stdout] error[E0433]: failed to resolve: could not find `hirola` in the list of imported crates
[INFO] [stdout]  --> tests/component.rs:7:5
[INFO] [stdout]   |
[INFO] [stdout] 7 | /     html! {
[INFO] [stdout] 8 | |         <p>{world}</p>
[INFO] [stdout] 9 | |     }
[INFO] [stdout]   | |_____^ could not find `hirola` in the list of imported crates
[INFO] [stdout]   |
[INFO] [stdout]   = note: this error originates in the macro `html` (in Nightly builds, run with -Z macro-backtrace for more info)
[INFO] [stdout] 
[INFO] [stdout] 
[INFO] [stdout] error[E0433]: failed to resolve: could not find `hirola` in the list of imported crates
[INFO] [stdout]   --> tests/component.rs:14:5
[INFO] [stdout]    |
[INFO] [stdout] 14 | /     html! {
[INFO] [stdout] 15 | |         <p>{world}</p>
[INFO] [stdout] 16 | |     }
[INFO] [stdout]    | |_____^ could not find `hirola` in the list of imported crates
[INFO] [stdout]    |
[INFO] [stdout]    = note: this error originates in the macro `html` (in Nightly builds, run with -Z macro-backtrace for more info)
[INFO] [stdout] 
[INFO] [stdout] 
[INFO] [stdout] error[E0433]: failed to resolve: could not find `hirola` in the list of imported crates
[INFO] [stdout]   --> tests/component.rs:22:9
[INFO] [stdout]    |
[INFO] [stdout] 22 | /         html! {
[INFO] [stdout] 23 | |             <>
[INFO] [stdout] 24 | |                 <MyComponent />
[INFO] [stdout] 25 | |             </>
[INFO] [stdout] 26 | |         }
[INFO] [stdout]    | |_________^ could not find `hirola` in the list of imported crates
[INFO] [stdout]    |
[INFO] [stdout]    = note: this error originates in the macro `html` (in Nightly builds, run with -Z macro-backtrace for more info)
[INFO] [stdout] 
[INFO] [stdout] 
[INFO] [stdout] error[E0433]: failed to resolve: could not find `hirola` in the list of imported crates
[INFO] [stdout]   --> tests/component.rs:34:9
[INFO] [stdout]    |
[INFO] [stdout] 34 | /         html! {
[INFO] [stdout] 35 | |             <>
[INFO] [stdout] 36 | |                 <MyComponentWithProps world="hirola" />
[INFO] [stdout] 37 | |             </>
[INFO] [stdout] 38 | |         }
[INFO] [stdout]    | |_________^ could not find `hirola` in the list of imported crates
[INFO] [stdout]    |
[INFO] [stdout]    = note: this error originates in the macro `html` (in Nightly builds, run with -Z macro-backtrace for more info)
[INFO] [stdout] 
[INFO] [stdout] 
[INFO] [stdout] error[E0412]: cannot find type `Dom` in this scope
[INFO] [stdout]  --> tests/component.rs:5:21
[INFO] [stdout]   |
[INFO] [stdout] 5 | fn MyComponent() -> Dom {
[INFO] [stdout]   |                     ^^^ not found in this scope
[INFO] [stdout] 
[INFO] [stdout] 
[INFO] [stdout] error[E0412]: cannot find type `Dom` in this scope
[INFO] [stdout]   --> tests/component.rs:13:49
[INFO] [stdout]    |
[INFO] [stdout] 13 | fn MyComponentWithProps(world: &'static str) -> Dom {
[INFO] [stdout]    |                                                 ^^^ not found in this scope
[INFO] [stdout] 
[INFO] [stdout] 
[INFO] [stdout] error[E0574]: expected struct, variant or union type, found function `MyComponentWithProps`
[INFO] [stdout]   --> tests/component.rs:34:9
[INFO] [stdout]    |
[INFO] [stdout] 34 | /         html! {
[INFO] [stdout] 35 | |             <>
[INFO] [stdout] 36 | |                 <MyComponentWithProps world="hirola" />
[INFO] [stdout] 37 | |             </>
[INFO] [stdout] 38 | |         }
[INFO] [stdout]    | |_________^ not a struct, variant or union type
[INFO] [stdout]    |
[INFO] [stdout]    = note: this error originates in the macro `html` (in Nightly builds, run with -Z macro-backtrace for more info)
[INFO] [stdout] 
[INFO] [stdout] 
[INFO] [stdout] error[E0425]: cannot find function `render_to_string` in this scope
[INFO] [stdout]   --> tests/lib.rs:10:18
[INFO] [stdout]    |
[INFO] [stdout] 10 |     let result = render_to_string(template);
[INFO] [stdout]    |                  ^^^^^^^^^^^^^^^^ not found in this scope
[INFO] [stdout] 
[INFO] [stdout] 
[INFO] [stdout] error[E0425]: cannot find function `render_to_string` in this scope
[INFO] [stdout]   --> tests/component.rs:21:18
[INFO] [stdout]    |
[INFO] [stdout] 21 |     let result = render_to_string({
[INFO] [stdout]    |                  ^^^^^^^^^^^^^^^^ not found in this scope
[INFO] [stdout] 
[INFO] [stdout] 
[INFO] [stdout] error: aborting due to 3 previous errors
[INFO] [stdout] 
[INFO] [stdout] 
[INFO] [stdout] Some errors have detailed explanations: E0425, E0433.
[INFO] [stdout] 
[INFO] [stdout] For more information about an error, try `rustc --explain E0425`.
[INFO] [stdout] 
[INFO] [stdout] error[E0425]: cannot find function `render_to_string` in this scope
[INFO] [stdout]   --> tests/component.rs:33:18
[INFO] [stdout]    |
[INFO] [stdout] 33 |     let result = render_to_string({
[INFO] [stdout]    |                  ^^^^^^^^^^^^^^^^ not found in this scope
[INFO] [stdout] 
[INFO] [stdout] 
[INFO] [stdout] error: aborting due to 12 previous errors
[INFO] [stdout] 
[INFO] [stdout] 
[INFO] [stdout] Some errors have detailed explanations: E0412, E0425, E0433, E0574.
[INFO] [stdout] 
[INFO] [stdout] For more information about an error, try `rustc --explain E0412`.
[INFO] [stdout] 
[INFO] [stderr] error: could not compile `hirola-macros` (test "component") due to 13 previous errors
[INFO] [stderr] warning: build failed, waiting for other jobs to finish...
[INFO] [stderr] error: could not compile `hirola-macros` (test "lib") due to 4 previous errors
[INFO] running `Command { std: "docker" "inspect" "13bc7eea73169d493e446f499a6b7678df4c1a6840fa108008f50061ab79d6ba", kill_on_drop: false }`
[INFO] running `Command { std: "docker" "rm" "-f" "13bc7eea73169d493e446f499a6b7678df4c1a6840fa108008f50061ab79d6ba", kill_on_drop: false }`
[INFO] [stdout] 13bc7eea73169d493e446f499a6b7678df4c1a6840fa108008f50061ab79d6ba
[INFO] testing hirola-macros-0.3.1 against beta-2023-12-22 for beta-1.76-1
[INFO] extracting crate hirola-macros 0.3.1 into /workspace/builds/worker-1-tc2/source
[INFO] validating manifest of crates.io crate hirola-macros 0.3.1 on toolchain beta-2023-12-22
[INFO] running `Command { std: CARGO_HOME="/workspace/cargo-home" RUSTUP_HOME="/workspace/rustup-home" "/workspace/cargo-home/bin/cargo" "+beta-2023-12-22" "metadata" "--manifest-path" "Cargo.toml" "--no-deps", kill_on_drop: false }`
[INFO] started tweaking crates.io crate hirola-macros 0.3.1
[INFO] finished tweaking crates.io crate hirola-macros 0.3.1
[INFO] tweaked toml for crates.io crate hirola-macros 0.3.1 written to /workspace/builds/worker-1-tc2/source/Cargo.toml
[INFO] running `Command { std: CARGO_HOME="/workspace/cargo-home" RUSTUP_HOME="/workspace/rustup-home" "/workspace/cargo-home/bin/cargo" "+beta-2023-12-22" "generate-lockfile" "--manifest-path" "Cargo.toml", kill_on_drop: false }`
[INFO] [stderr]     Updating crates.io index
[INFO] running `Command { std: CARGO_HOME="/workspace/cargo-home" RUSTUP_HOME="/workspace/rustup-home" "/workspace/cargo-home/bin/cargo" "+beta-2023-12-22" "fetch" "--manifest-path" "Cargo.toml", kill_on_drop: false }`
[INFO] running `Command { std: "docker" "create" "-v" "/var/lib/crater-agent-workspace/builds/worker-1-tc2/target:/opt/rustwide/target:rw,Z" "-v" "/var/lib/crater-agent-workspace/builds/worker-1-tc2/source:/opt/rustwide/workdir:ro,Z" "-v" "/var/lib/crater-agent-workspace/cargo-home:/opt/rustwide/cargo-home:ro,Z" "-v" "/var/lib/crater-agent-workspace/rustup-home:/opt/rustwide/rustup-home:ro,Z" "-e" "SOURCE_DIR=/opt/rustwide/workdir" "-e" "CARGO_TARGET_DIR=/opt/rustwide/target" "-e" "CARGO_HOME=/opt/rustwide/cargo-home" "-e" "RUSTUP_HOME=/opt/rustwide/rustup-home" "-w" "/opt/rustwide/workdir" "-m" "1610612736" "--user" "0:0" "--network" "none" "ghcr.io/rust-lang/crates-build-env/linux@sha256:2788e3201cd34a07e3172128adcd8b3090168a8e3bcc40d7c032b9dda1df7d1c" "/opt/rustwide/cargo-home/bin/cargo" "+beta-2023-12-22" "metadata" "--no-deps" "--format-version=1", kill_on_drop: false }`
[INFO] [stdout] 32f78373ba18aea3694dfe1423f9b8314fec085de253f4fb9afbb2e7fcd77dc9
[INFO] running `Command { std: "docker" "start" "-a" "32f78373ba18aea3694dfe1423f9b8314fec085de253f4fb9afbb2e7fcd77dc9", kill_on_drop: false }`
[INFO] running `Command { std: "docker" "inspect" "32f78373ba18aea3694dfe1423f9b8314fec085de253f4fb9afbb2e7fcd77dc9", kill_on_drop: false }`
[INFO] running `Command { std: "docker" "rm" "-f" "32f78373ba18aea3694dfe1423f9b8314fec085de253f4fb9afbb2e7fcd77dc9", kill_on_drop: false }`
[INFO] [stdout] 32f78373ba18aea3694dfe1423f9b8314fec085de253f4fb9afbb2e7fcd77dc9
[INFO] running `Command { std: "docker" "create" "-v" "/var/lib/crater-agent-workspace/builds/worker-1-tc2/target:/opt/rustwide/target:rw,Z" "-v" "/var/lib/crater-agent-workspace/builds/worker-1-tc2/source:/opt/rustwide/workdir:ro,Z" "-v" "/var/lib/crater-agent-workspace/cargo-home:/opt/rustwide/cargo-home:ro,Z" "-v" "/var/lib/crater-agent-workspace/rustup-home:/opt/rustwide/rustup-home:ro,Z" "-e" "SOURCE_DIR=/opt/rustwide/workdir" "-e" "CARGO_TARGET_DIR=/opt/rustwide/target" "-e" "CARGO_INCREMENTAL=0" "-e" "RUST_BACKTRACE=full" "-e" "RUSTFLAGS=--cap-lints=warn" "-e" "RUSTDOCFLAGS=--cap-lints=warn" "-e" "CARGO_HOME=/opt/rustwide/cargo-home" "-e" "RUSTUP_HOME=/opt/rustwide/rustup-home" "-w" "/opt/rustwide/workdir" "-m" "1610612736" "--user" "0:0" "--network" "none" "ghcr.io/rust-lang/crates-build-env/linux@sha256:2788e3201cd34a07e3172128adcd8b3090168a8e3bcc40d7c032b9dda1df7d1c" "/opt/rustwide/cargo-home/bin/cargo" "+beta-2023-12-22" "build" "--frozen" "--message-format=json", kill_on_drop: false }`
[INFO] [stdout] 519f0453fbae8232f4e7fb79ba3f889dd666ee60105be372198461401ded93fe
[INFO] running `Command { std: "docker" "start" "-a" "519f0453fbae8232f4e7fb79ba3f889dd666ee60105be372198461401ded93fe", kill_on_drop: false }`
[INFO] [stderr]    Compiling syn v1.0.109
[INFO] [stderr]    Compiling paste v1.0.14
[INFO] [stderr]    Compiling yansi v1.0.0-rc.1
[INFO] [stderr]    Compiling proc-macro-hack v0.5.20+deprecated
[INFO] [stderr]    Compiling proc-macro-error-attr v1.0.4
[INFO] [stderr]    Compiling proc-macro-error v1.0.4
[INFO] [stderr]    Compiling proc-macro2-diagnostics v0.10.1
[INFO] [stderr]    Compiling syn v2.0.48
[INFO] [stderr]    Compiling thiserror v1.0.56
[INFO] [stderr]    Compiling thiserror-impl v1.0.56
[INFO] [stderr]    Compiling syn_derive v0.1.8
[INFO] [stderr]    Compiling rstml v0.10.6
[INFO] [stderr]    Compiling hirola-macros v0.3.1 (/opt/rustwide/workdir)
[INFO] [stderr]     Finished dev [unoptimized + debuginfo] target(s) in 9.78s
[INFO] running `Command { std: "docker" "inspect" "519f0453fbae8232f4e7fb79ba3f889dd666ee60105be372198461401ded93fe", kill_on_drop: false }`
[INFO] running `Command { std: "docker" "rm" "-f" "519f0453fbae8232f4e7fb79ba3f889dd666ee60105be372198461401ded93fe", kill_on_drop: false }`
[INFO] [stdout] 519f0453fbae8232f4e7fb79ba3f889dd666ee60105be372198461401ded93fe
[INFO] running `Command { std: "docker" "create" "-v" "/var/lib/crater-agent-workspace/builds/worker-1-tc2/target:/opt/rustwide/target:rw,Z" "-v" "/var/lib/crater-agent-workspace/builds/worker-1-tc2/source:/opt/rustwide/workdir:ro,Z" "-v" "/var/lib/crater-agent-workspace/cargo-home:/opt/rustwide/cargo-home:ro,Z" "-v" "/var/lib/crater-agent-workspace/rustup-home:/opt/rustwide/rustup-home:ro,Z" "-e" "SOURCE_DIR=/opt/rustwide/workdir" "-e" "CARGO_TARGET_DIR=/opt/rustwide/target" "-e" "CARGO_INCREMENTAL=0" "-e" "RUST_BACKTRACE=full" "-e" "RUSTFLAGS=--cap-lints=warn" "-e" "RUSTDOCFLAGS=--cap-lints=warn" "-e" "CARGO_HOME=/opt/rustwide/cargo-home" "-e" "RUSTUP_HOME=/opt/rustwide/rustup-home" "-w" "/opt/rustwide/workdir" "-m" "1610612736" "--user" "0:0" "--network" "none" "ghcr.io/rust-lang/crates-build-env/linux@sha256:2788e3201cd34a07e3172128adcd8b3090168a8e3bcc40d7c032b9dda1df7d1c" "/opt/rustwide/cargo-home/bin/cargo" "+beta-2023-12-22" "test" "--frozen" "--no-run" "--message-format=json", kill_on_drop: false }`
[INFO] [stdout] 9660c94c1c2e48983da819839748ee69c91f773f8169f17b84ec3d8ac2b2cfbd
[INFO] running `Command { std: "docker" "start" "-a" "9660c94c1c2e48983da819839748ee69c91f773f8169f17b84ec3d8ac2b2cfbd", kill_on_drop: false }`
[INFO] [stderr]    Compiling proc-macro2 v1.0.75
[INFO] [stderr]    Compiling syn v1.0.109
[INFO] [stderr]    Compiling proc-macro-error v1.0.4
[INFO] [stderr]    Compiling proc-macro2-diagnostics v0.10.1
[INFO] [stderr]    Compiling yansi v1.0.0-rc.1
[INFO] [stderr]    Compiling trybuild v1.0.87
[INFO] [stderr]    Compiling basic-toml v0.1.8
[INFO] [stderr]    Compiling glob v0.3.1
[INFO] [stderr]    Compiling termcolor v1.4.0
[INFO] [stderr]    Compiling quote v1.0.35
[INFO] [stderr]    Compiling syn v2.0.48
[INFO] [stderr]    Compiling proc-macro-error-attr v1.0.4
[INFO] [stderr]    Compiling thiserror-impl v1.0.56
[INFO] [stderr]    Compiling syn_derive v0.1.8
[INFO] [stderr]    Compiling serde_derive v1.0.194
[INFO] [stderr]    Compiling thiserror v1.0.56
[INFO] [stderr]    Compiling rstml v0.10.6
[INFO] [stderr]    Compiling hirola-macros v0.3.1 (/opt/rustwide/workdir)
[INFO] [stdout] error[E0433]: failed to resolve: use of undeclared crate or module `hirola`
[INFO] [stdout]  --> tests/lib.rs:1:5
[INFO] [stdout]   |
[INFO] [stdout] 1 | use hirola::prelude::*;
[INFO] [stdout]   |     ^^^^^^ use of undeclared crate or module `hirola`
[INFO] [stdout] 
[INFO] [stdout] 
[INFO] [stdout] error[E0433]: failed to resolve: use of undeclared crate or module `hirola`
[INFO] [stdout]  --> tests/component.rs:1:5
[INFO] [stdout]   |
[INFO] [stdout] 1 | use hirola::prelude::*;
[INFO] [stdout]   |     ^^^^^^ use of undeclared crate or module `hirola`
[INFO] [stdout] 
[INFO] [stdout] 
[INFO] [stdout] error[E0433]: failed to resolve: could not find `hirola` in the list of imported crates
[INFO] [stdout]  --> tests/lib.rs:7:20
[INFO] [stdout]   |
[INFO] [stdout] 7 |       let template = html! {
[INFO] [stdout]   |  ____________________^
[INFO] [stdout] 8 | |         <p>{world}</p>
[INFO] [stdout] 9 | |     };
[INFO] [stdout]   | |_____^ could not find `hirola` in the list of imported crates
[INFO] [stdout]   |
[INFO] [stdout]   = note: this error originates in the macro `html` (in Nightly builds, run with -Z macro-backtrace for more info)
[INFO] [stdout] 
[INFO] [stdout] 
[INFO] [stdout] error: cannot find attribute `component` in this scope
[INFO] [stdout]  --> tests/component.rs:4:3
[INFO] [stdout]   |
[INFO] [stdout] 4 | #[component]
[INFO] [stdout]   |   ^^^^^^^^^
[INFO] [stdout]   |
[INFO] [stdout] help: consider importing this attribute macro
[INFO] [stdout]   |
[INFO] [stdout] 1 + use hirola_macros::component;
[INFO] [stdout]   |
[INFO] [stdout] 
[INFO] [stdout] 
[INFO] [stdout] error: cannot find attribute `component` in this scope
[INFO] [stdout]   --> tests/component.rs:12:3
[INFO] [stdout]    |
[INFO] [stdout] 12 | #[component]
[INFO] [stdout]    |   ^^^^^^^^^
[INFO] [stdout]    |
[INFO] [stdout] help: consider importing this attribute macro
[INFO] [stdout]    |
[INFO] [stdout] 1  + use hirola_macros::component;
[INFO] [stdout]    |
[INFO] [stdout] 
[INFO] [stdout] 
[INFO] [stdout] error[E0433]: failed to resolve: could not find `hirola` in the list of imported crates
[INFO] [stdout]  --> tests/component.rs:7:5
[INFO] [stdout]   |
[INFO] [stdout] 7 | /     html! {
[INFO] [stdout] 8 | |         <p>{world}</p>
[INFO] [stdout] 9 | |     }
[INFO] [stdout]   | |_____^ could not find `hirola` in the list of imported crates
[INFO] [stdout]   |
[INFO] [stdout]   = note: this error originates in the macro `html` (in Nightly builds, run with -Z macro-backtrace for more info)
[INFO] [stdout] 
[INFO] [stdout] 
[INFO] [stdout] error[E0433]: failed to resolve: could not find `hirola` in the list of imported crates
[INFO] [stdout]   --> tests/component.rs:14:5
[INFO] [stdout]    |
[INFO] [stdout] 14 | /     html! {
[INFO] [stdout] 15 | |         <p>{world}</p>
[INFO] [stdout] 16 | |     }
[INFO] [stdout]    | |_____^ could not find `hirola` in the list of imported crates
[INFO] [stdout]    |
[INFO] [stdout]    = note: this error originates in the macro `html` (in Nightly builds, run with -Z macro-backtrace for more info)
[INFO] [stdout] 
[INFO] [stdout] 
[INFO] [stdout] error[E0433]: failed to resolve: could not find `hirola` in the list of imported crates
[INFO] [stdout]   --> tests/component.rs:22:9
[INFO] [stdout]    |
[INFO] [stdout] 22 | /         html! {
[INFO] [stdout] 23 | |             <>
[INFO] [stdout] 24 | |                 <MyComponent />
[INFO] [stdout] 25 | |             </>
[INFO] [stdout] 26 | |         }
[INFO] [stdout]    | |_________^ could not find `hirola` in the list of imported crates
[INFO] [stdout]    |
[INFO] [stdout]    = note: this error originates in the macro `html` (in Nightly builds, run with -Z macro-backtrace for more info)
[INFO] [stdout] 
[INFO] [stdout] 
[INFO] [stdout] error[E0433]: failed to resolve: could not find `hirola` in the list of imported crates
[INFO] [stdout]   --> tests/component.rs:34:9
[INFO] [stdout]    |
[INFO] [stdout] 34 | /         html! {
[INFO] [stdout] 35 | |             <>
[INFO] [stdout] 36 | |                 <MyComponentWithProps world="hirola" />
[INFO] [stdout] 37 | |             </>
[INFO] [stdout] 38 | |         }
[INFO] [stdout]    | |_________^ could not find `hirola` in the list of imported crates
[INFO] [stdout]    |
[INFO] [stdout]    = note: this error originates in the macro `html` (in Nightly builds, run with -Z macro-backtrace for more info)
[INFO] [stdout] 
[INFO] [stdout] 
[INFO] [stdout] error[E0412]: cannot find type `Dom` in this scope
[INFO] [stdout]  --> tests/component.rs:5:21
[INFO] [stdout]   |
[INFO] [stdout] 5 | fn MyComponent() -> Dom {
[INFO] [stdout]   |                     ^^^ not found in this scope
[INFO] [stdout] 
[INFO] [stdout] 
[INFO] [stdout] error[E0412]: cannot find type `Dom` in this scope
[INFO] [stdout]   --> tests/component.rs:13:49
[INFO] [stdout]    |
[INFO] [stdout] 13 | fn MyComponentWithProps(world: &'static str) -> Dom {
[INFO] [stdout]    |                                                 ^^^ not found in this scope
[INFO] [stdout] 
[INFO] [stdout] 
[INFO] [stdout] error[E0574]: expected struct, variant or union type, found function `MyComponentWithProps`
[INFO] [stdout]   --> tests/component.rs:34:9
[INFO] [stdout]    |
[INFO] [stdout] 34 | /         html! {
[INFO] [stdout] 35 | |             <>
[INFO] [stdout] 36 | |                 <MyComponentWithProps world="hirola" />
[INFO] [stdout] 37 | |             </>
[INFO] [stdout] 38 | |         }
[INFO] [stdout]    | |_________^ not a struct, variant or union type
[INFO] [stdout]    |
[INFO] [stdout]    = note: this error originates in the macro `html` (in Nightly builds, run with -Z macro-backtrace for more info)
[INFO] [stdout] 
[INFO] [stdout] 
[INFO] [stdout] error[E0425]: cannot find function `render_to_string` in this scope
[INFO] [stdout]   --> tests/lib.rs:10:18
[INFO] [stdout]    |
[INFO] [stdout] 10 |     let result = render_to_string(template);
[INFO] [stdout]    |                  ^^^^^^^^^^^^^^^^ not found in this scope
[INFO] [stdout] 
[INFO] [stdout] 
[INFO] [stdout] error: aborting due to 3 previous errors
[INFO] [stdout] 
[INFO] [stdout] 
[INFO] [stdout] Some errors have detailed explanations: E0425, E0433.
[INFO] [stdout] 
[INFO] [stdout] For more information about an error, try `rustc --explain E0425`.
[INFO] [stdout] 
[INFO] [stdout] error[E0425]: cannot find function `render_to_string` in this scope
[INFO] [stdout]   --> tests/component.rs:21:18
[INFO] [stdout]    |
[INFO] [stdout] 21 |     let result = render_to_string({
[INFO] [stdout]    |                  ^^^^^^^^^^^^^^^^ not found in this scope
[INFO] [stdout] 
[INFO] [stdout] 
[INFO] [stdout] error[E0425]: cannot find function `render_to_string` in this scope
[INFO] [stdout]   --> tests/component.rs:33:18
[INFO] [stdout]    |
[INFO] [stdout] 33 |     let result = render_to_string({
[INFO] [stdout]    |                  ^^^^^^^^^^^^^^^^ not found in this scope
[INFO] [stdout] 
[INFO] [stdout] 
[INFO] [stdout] error: aborting due to 12 previous errors
[INFO] [stdout] 
[INFO] [stdout] 
[INFO] [stdout] Some errors have detailed explanations: E0412, E0425, E0433, E0574.
[INFO] [stdout] 
[INFO] [stdout] For more information about an error, try `rustc --explain E0412`.
[INFO] [stdout] 
[INFO] [stderr] error: could not compile `hirola-macros` (test "lib") due to 4 previous errors
[INFO] [stderr] warning: build failed, waiting for other jobs to finish...
[INFO] [stderr] error: could not compile `hirola-macros` (test "component") due to 13 previous errors
[INFO] running `Command { std: "docker" "inspect" "9660c94c1c2e48983da819839748ee69c91f773f8169f17b84ec3d8ac2b2cfbd", kill_on_drop: false }`
[INFO] running `Command { std: "docker" "rm" "-f" "9660c94c1c2e48983da819839748ee69c91f773f8169f17b84ec3d8ac2b2cfbd", kill_on_drop: false }`
[INFO] [stdout] 9660c94c1c2e48983da819839748ee69c91f773f8169f17b84ec3d8ac2b2cfbd
