[INFO] fetching crate hexbytes 0.1.0...
[INFO] testing hexbytes-0.1.0 against 1.75.0 for beta-1.76-1
[INFO] extracting crate hexbytes 0.1.0 into /workspace/builds/worker-3-tc1/source
[INFO] validating manifest of crates.io crate hexbytes 0.1.0 on toolchain 1.75.0
[INFO] running `Command { std: CARGO_HOME="/workspace/cargo-home" RUSTUP_HOME="/workspace/rustup-home" "/workspace/cargo-home/bin/cargo" "+1.75.0" "metadata" "--manifest-path" "Cargo.toml" "--no-deps", kill_on_drop: false }`
[INFO] started tweaking crates.io crate hexbytes 0.1.0
[INFO] finished tweaking crates.io crate hexbytes 0.1.0
[INFO] tweaked toml for crates.io crate hexbytes 0.1.0 written to /workspace/builds/worker-3-tc1/source/Cargo.toml
[INFO] running `Command { std: CARGO_HOME="/workspace/cargo-home" RUSTUP_HOME="/workspace/rustup-home" "/workspace/cargo-home/bin/cargo" "+1.75.0" "generate-lockfile" "--manifest-path" "Cargo.toml", kill_on_drop: false }`
[INFO] running `Command { std: CARGO_HOME="/workspace/cargo-home" RUSTUP_HOME="/workspace/rustup-home" "/workspace/cargo-home/bin/cargo" "+1.75.0" "fetch" "--manifest-path" "Cargo.toml", kill_on_drop: false }`
[INFO] running `Command { std: "docker" "create" "-v" "/var/lib/crater-agent-workspace/builds/worker-3-tc1/target:/opt/rustwide/target:rw,Z" "-v" "/var/lib/crater-agent-workspace/builds/worker-3-tc1/source:/opt/rustwide/workdir:ro,Z" "-v" "/var/lib/crater-agent-workspace/cargo-home:/opt/rustwide/cargo-home:ro,Z" "-v" "/var/lib/crater-agent-workspace/rustup-home:/opt/rustwide/rustup-home:ro,Z" "-e" "SOURCE_DIR=/opt/rustwide/workdir" "-e" "CARGO_TARGET_DIR=/opt/rustwide/target" "-e" "CARGO_HOME=/opt/rustwide/cargo-home" "-e" "RUSTUP_HOME=/opt/rustwide/rustup-home" "-w" "/opt/rustwide/workdir" "-m" "1610612736" "--user" "0:0" "--network" "none" "ghcr.io/rust-lang/crates-build-env/linux@sha256:2788e3201cd34a07e3172128adcd8b3090168a8e3bcc40d7c032b9dda1df7d1c" "/opt/rustwide/cargo-home/bin/cargo" "+1.75.0" "metadata" "--no-deps" "--format-version=1", kill_on_drop: false }`
[INFO] [stdout] 93a59556f038754553451f77ab139a72de7831a382610c2d02bd86b9b0923389
[INFO] running `Command { std: "docker" "start" "-a" "93a59556f038754553451f77ab139a72de7831a382610c2d02bd86b9b0923389", kill_on_drop: false }`
[INFO] running `Command { std: "docker" "inspect" "93a59556f038754553451f77ab139a72de7831a382610c2d02bd86b9b0923389", kill_on_drop: false }`
[INFO] running `Command { std: "docker" "rm" "-f" "93a59556f038754553451f77ab139a72de7831a382610c2d02bd86b9b0923389", kill_on_drop: false }`
[INFO] [stdout] 93a59556f038754553451f77ab139a72de7831a382610c2d02bd86b9b0923389
[INFO] running `Command { std: "docker" "create" "-v" "/var/lib/crater-agent-workspace/builds/worker-3-tc1/target:/opt/rustwide/target:rw,Z" "-v" "/var/lib/crater-agent-workspace/builds/worker-3-tc1/source:/opt/rustwide/workdir:ro,Z" "-v" "/var/lib/crater-agent-workspace/cargo-home:/opt/rustwide/cargo-home:ro,Z" "-v" "/var/lib/crater-agent-workspace/rustup-home:/opt/rustwide/rustup-home:ro,Z" "-e" "SOURCE_DIR=/opt/rustwide/workdir" "-e" "CARGO_TARGET_DIR=/opt/rustwide/target" "-e" "CARGO_INCREMENTAL=0" "-e" "RUST_BACKTRACE=full" "-e" "RUSTFLAGS=--cap-lints=warn" "-e" "RUSTDOCFLAGS=--cap-lints=warn" "-e" "CARGO_HOME=/opt/rustwide/cargo-home" "-e" "RUSTUP_HOME=/opt/rustwide/rustup-home" "-w" "/opt/rustwide/workdir" "-m" "1610612736" "--user" "0:0" "--network" "none" "ghcr.io/rust-lang/crates-build-env/linux@sha256:2788e3201cd34a07e3172128adcd8b3090168a8e3bcc40d7c032b9dda1df7d1c" "/opt/rustwide/cargo-home/bin/cargo" "+1.75.0" "build" "--frozen" "--message-format=json", kill_on_drop: false }`
[INFO] [stdout] 0cf32928c159e034f3d5e60576fea5cdfb86627d7667d35013919f4ea52400b5
[INFO] running `Command { std: "docker" "start" "-a" "0cf32928c159e034f3d5e60576fea5cdfb86627d7667d35013919f4ea52400b5", kill_on_drop: false }`
[INFO] [stderr]    Compiling hexbytes v0.1.0 (/opt/rustwide/workdir)
[INFO] [stdout] error[E0432]: unresolved import `proc_macro::TokenNode`
[INFO] [stdout]   --> src/lib.rs:19:31
[INFO] [stdout]    |
[INFO] [stdout] 19 | use proc_macro::{TokenStream, TokenNode};
[INFO] [stdout]    |                               ^^^^^^^^^
[INFO] [stdout]    |                               |
[INFO] [stdout]    |                               no `TokenNode` in the root
[INFO] [stdout]    |                               help: a similar name exists in the module: `TokenTree`
[INFO] [stdout] 
[INFO] [stdout] 
[INFO] [stdout] error[E0554]: `#![feature]` may not be used on the stable release channel
[INFO] [stdout]   --> src/lib.rs:16:1
[INFO] [stdout]    |
[INFO] [stdout] 16 | #![feature(proc_macro)]
[INFO] [stdout]    | ^^^^^^^^^^^^^^^^^^^^^^^ help: remove the attribute
[INFO] [stdout]    |
[INFO] [stdout]    = help: the feature `proc_macro` has been stable since `1.29.0` and no longer requires an attribute to enable
[INFO] [stdout] 
[INFO] [stdout] 
[INFO] [stdout] warning: unnecessary trailing semicolon
[INFO] [stdout]   --> src/lib.rs:59:33
[INFO] [stdout]    |
[INFO] [stdout] 59 |     enum State { First, Second };
[INFO] [stdout]    |                                 ^ help: remove this semicolon
[INFO] [stdout]    |
[INFO] [stdout]    = note: `#[warn(redundant_semicolons)]` on by default
[INFO] [stdout] 
[INFO] [stdout] 
[INFO] [stdout] warning: the feature `proc_macro` has been stable since 1.29.0 and no longer requires an attribute to enable
[INFO] [stdout]   --> src/lib.rs:16:12
[INFO] [stdout]    |
[INFO] [stdout] 16 | #![feature(proc_macro)]
[INFO] [stdout]    |            ^^^^^^^^^^
[INFO] [stdout]    |
[INFO] [stdout]    = note: `#[warn(stable_features)]` on by default
[INFO] [stdout] 
[INFO] [stdout] 
[INFO] [stdout] error[E0609]: no field `kind` on type `proc_macro::TokenTree`
[INFO] [stdout]   --> src/lib.rs:42:37
[INFO] [stdout]    |
[INFO] [stdout] 42 |     let literal = match first_token.kind {
[INFO] [stdout]    |                                     ^^^^
[INFO] [stdout] 
[INFO] [stdout] 
[INFO] [stdout] error: aborting due to 3 previous errors; 2 warnings emitted
[INFO] [stdout] 
[INFO] [stdout] 
[INFO] [stdout] Some errors have detailed explanations: E0432, E0554, E0609.
[INFO] [stdout] 
[INFO] [stdout] For more information about an error, try `rustc --explain E0432`.
[INFO] [stdout] 
[INFO] [stderr] error: could not compile `hexbytes` (lib) due to 4 previous errors; 2 warnings emitted
[INFO] running `Command { std: "docker" "inspect" "0cf32928c159e034f3d5e60576fea5cdfb86627d7667d35013919f4ea52400b5", kill_on_drop: false }`
[INFO] running `Command { std: "docker" "rm" "-f" "0cf32928c159e034f3d5e60576fea5cdfb86627d7667d35013919f4ea52400b5", kill_on_drop: false }`
[INFO] [stdout] 0cf32928c159e034f3d5e60576fea5cdfb86627d7667d35013919f4ea52400b5
