[INFO] fetching crate hermodapi 0.1.0...
[INFO] testing hermodapi-0.1.0 against 1.75.0 for beta-1.76-1
[INFO] extracting crate hermodapi 0.1.0 into /workspace/builds/worker-3-tc1/source
[INFO] validating manifest of crates.io crate hermodapi 0.1.0 on toolchain 1.75.0
[INFO] running `Command { std: CARGO_HOME="/workspace/cargo-home" RUSTUP_HOME="/workspace/rustup-home" "/workspace/cargo-home/bin/cargo" "+1.75.0" "metadata" "--manifest-path" "Cargo.toml" "--no-deps", kill_on_drop: false }`
[INFO] started tweaking crates.io crate hermodapi 0.1.0
[INFO] finished tweaking crates.io crate hermodapi 0.1.0
[INFO] tweaked toml for crates.io crate hermodapi 0.1.0 written to /workspace/builds/worker-3-tc1/source/Cargo.toml
[INFO] crate crates.io crate hermodapi 0.1.0 already has a lockfile, it will not be regenerated
[INFO] running `Command { std: CARGO_HOME="/workspace/cargo-home" RUSTUP_HOME="/workspace/rustup-home" "/workspace/cargo-home/bin/cargo" "+1.75.0" "fetch" "--manifest-path" "Cargo.toml", kill_on_drop: false }`
[INFO] [stderr]     Updating crates.io index
[INFO] [stderr]  Downloading crates ...
[INFO] [stderr]   Downloaded tracing-core v0.1.20
[INFO] [stderr]   Downloaded tokio-stream v0.1.7
[INFO] [stderr]   Downloaded tinyvec v1.4.0
[INFO] [stderr]   Downloaded sharded-slab v0.1.3
[INFO] [stderr]   Downloaded zstd-safe v3.1.0+zstd.1.4.9
[INFO] [stderr]   Downloaded cc v1.0.70
[INFO] [stderr]   Downloaded local-waker v0.1.1
[INFO] [stderr]   Downloaded sqlx v0.5.7
[INFO] [stderr]   Downloaded crossbeam-queue v0.3.2
[INFO] [stderr]   Downloaded wasm-bindgen-macro-support v0.2.77
[INFO] [stderr]   Downloaded actix-codec v0.4.0
[INFO] [stderr]   Downloaded actix_derive v0.6.0
[INFO] [stderr]   Downloaded sqlx-rt v0.5.7
[INFO] [stderr]   Downloaded firestorm v0.4.6
[INFO] [stderr]   Downloaded sqlx-macros v0.5.7
[INFO] [stderr]   Downloaded minimal-lexical v0.1.3
[INFO] [stderr]   Downloaded sqlx-core v0.5.7
[INFO] [stderr]   Downloaded web-sys v0.3.54
[INFO] [stderr]   Downloaded tokio v1.11.0
[INFO] [stderr]   Downloaded wasm-bindgen-shared v0.2.77
[INFO] [stderr]   Downloaded zstd-sys v1.5.0+zstd.1.4.9
[INFO] [stderr]   Downloaded actix-web-codegen v0.5.0-beta.4
[INFO] [stderr]   Downloaded wasm-bindgen-macro v0.2.77
[INFO] [stderr]   Downloaded actix-macros v0.2.1
[INFO] [stderr]   Downloaded actix-session v0.5.0-beta.2
[INFO] [stderr]   Downloaded whoami v1.1.3
[INFO] [stderr]   Downloaded crc v2.0.0
[INFO] [stderr]   Downloaded wasm-bindgen-futures v0.4.27
[INFO] [stderr]   Downloaded actix-rt v2.2.0
[INFO] [stderr]   Downloaded password-hash v0.3.0
[INFO] [stderr]   Downloaded argon2 v0.3.1
[INFO] [stderr]   Downloaded actix-identity v0.4.0-beta.2
[INFO] [stderr]   Downloaded actix-tls v3.0.0-beta.5
[INFO] [stderr]   Downloaded zstd v0.7.0+zstd.1.4.9
[INFO] [stderr]   Downloaded serde-aux v1.1.0
[INFO] [stderr]   Downloaded nom v7.0.0
[INFO] [stderr]   Downloaded actix-router v0.5.0-beta.2
[INFO] [stderr]   Downloaded serde_json v1.0.67
[INFO] [stderr]   Downloaded ahash v0.7.4
[INFO] [stderr]   Downloaded wasm-bindgen-backend v0.2.77
[INFO] [stderr]   Downloaded gethostname v0.2.1
[INFO] [stderr]   Downloaded actix-server v2.0.0-beta.5
[INFO] [stderr]   Downloaded actix-service v2.0.0
[INFO] [stderr]   Downloaded js-sys v0.3.54
[INFO] [stderr]   Downloaded actix v0.11.1
[INFO] [stderr]   Downloaded actix-http v3.0.0-beta.10
[INFO] [stderr]   Downloaded wasm-bindgen v0.2.77
[INFO] [stderr]   Downloaded tracing-subscriber v0.2.22
[INFO] [stderr]   Downloaded tracing-bunyan-formatter v0.2.6
[INFO] [stderr]   Downloaded actix-web v4.0.0-beta.9
[INFO] running `Command { std: "docker" "create" "-v" "/var/lib/crater-agent-workspace/builds/worker-3-tc1/target:/opt/rustwide/target:rw,Z" "-v" "/var/lib/crater-agent-workspace/builds/worker-3-tc1/source:/opt/rustwide/workdir:ro,Z" "-v" "/var/lib/crater-agent-workspace/cargo-home:/opt/rustwide/cargo-home:ro,Z" "-v" "/var/lib/crater-agent-workspace/rustup-home:/opt/rustwide/rustup-home:ro,Z" "-e" "SOURCE_DIR=/opt/rustwide/workdir" "-e" "CARGO_TARGET_DIR=/opt/rustwide/target" "-e" "CARGO_HOME=/opt/rustwide/cargo-home" "-e" "RUSTUP_HOME=/opt/rustwide/rustup-home" "-w" "/opt/rustwide/workdir" "-m" "1610612736" "--user" "0:0" "--network" "none" "ghcr.io/rust-lang/crates-build-env/linux@sha256:2788e3201cd34a07e3172128adcd8b3090168a8e3bcc40d7c032b9dda1df7d1c" "/opt/rustwide/cargo-home/bin/cargo" "+1.75.0" "metadata" "--no-deps" "--format-version=1", kill_on_drop: false }`
[INFO] [stdout] 7ef229b05d1dcac92a6dbf39b3d552fbc6f0cd1db45da93e4f0113148016d432
[INFO] running `Command { std: "docker" "start" "-a" "7ef229b05d1dcac92a6dbf39b3d552fbc6f0cd1db45da93e4f0113148016d432", kill_on_drop: false }`
[INFO] running `Command { std: "docker" "inspect" "7ef229b05d1dcac92a6dbf39b3d552fbc6f0cd1db45da93e4f0113148016d432", kill_on_drop: false }`
[INFO] running `Command { std: "docker" "rm" "-f" "7ef229b05d1dcac92a6dbf39b3d552fbc6f0cd1db45da93e4f0113148016d432", kill_on_drop: false }`
[INFO] [stdout] 7ef229b05d1dcac92a6dbf39b3d552fbc6f0cd1db45da93e4f0113148016d432
[INFO] running `Command { std: "docker" "create" "-v" "/var/lib/crater-agent-workspace/builds/worker-3-tc1/target:/opt/rustwide/target:rw,Z" "-v" "/var/lib/crater-agent-workspace/builds/worker-3-tc1/source:/opt/rustwide/workdir:ro,Z" "-v" "/var/lib/crater-agent-workspace/cargo-home:/opt/rustwide/cargo-home:ro,Z" "-v" "/var/lib/crater-agent-workspace/rustup-home:/opt/rustwide/rustup-home:ro,Z" "-e" "SOURCE_DIR=/opt/rustwide/workdir" "-e" "CARGO_TARGET_DIR=/opt/rustwide/target" "-e" "CARGO_INCREMENTAL=0" "-e" "RUST_BACKTRACE=full" "-e" "RUSTFLAGS=--cap-lints=warn" "-e" "RUSTDOCFLAGS=--cap-lints=warn" "-e" "CARGO_HOME=/opt/rustwide/cargo-home" "-e" "RUSTUP_HOME=/opt/rustwide/rustup-home" "-w" "/opt/rustwide/workdir" "-m" "1610612736" "--user" "0:0" "--network" "none" "ghcr.io/rust-lang/crates-build-env/linux@sha256:2788e3201cd34a07e3172128adcd8b3090168a8e3bcc40d7c032b9dda1df7d1c" "/opt/rustwide/cargo-home/bin/cargo" "+1.75.0" "build" "--frozen" "--message-format=json", kill_on_drop: false }`
[INFO] [stdout] 6abc4f5c687dbac82e77623a864fa22cc8f1c44f1acbcc26db27aeffc0dd8c9b
[INFO] running `Command { std: "docker" "start" "-a" "6abc4f5c687dbac82e77623a864fa22cc8f1c44f1acbcc26db27aeffc0dd8c9b", kill_on_drop: false }`
[INFO] [stderr]    Compiling libc v0.2.101
[INFO] [stderr]    Compiling version_check v0.9.3
[INFO] [stderr]    Compiling cfg-if v1.0.0
[INFO] [stderr]    Compiling proc-macro2 v1.0.29
[INFO] [stderr]    Compiling unicode-xid v0.2.2
[INFO] [stderr]    Compiling syn v1.0.76
[INFO] [stderr]    Compiling autocfg v1.0.1
[INFO] [stderr]    Compiling memchr v2.4.1
[INFO] [stderr]    Compiling once_cell v1.8.0
[INFO] [stderr]    Compiling typenum v1.14.0
[INFO] [stderr]    Compiling log v0.4.14
[INFO] [stderr]    Compiling pin-project-lite v0.2.7
[INFO] [stderr]    Compiling futures-core v0.3.17
[INFO] [stderr]    Compiling serde_derive v1.0.130
[INFO] [stderr]    Compiling smallvec v1.6.1
[INFO] [stderr]    Compiling serde v1.0.130
[INFO] [stderr]    Compiling bytes v1.1.0
[INFO] [stderr]    Compiling parking_lot_core v0.8.5
[INFO] [stderr]    Compiling instant v0.1.10
[INFO] [stderr]    Compiling scopeguard v1.1.0
[INFO] [stderr]    Compiling lock_api v0.4.5
[INFO] [stderr]    Compiling lazy_static v1.4.0
[INFO] [stderr]    Compiling proc-macro-hack v0.5.19
[INFO] [stderr]    Compiling opaque-debug v0.3.0
[INFO] [stderr]    Compiling subtle v2.4.1
[INFO] [stderr]    Compiling futures-sink v0.3.17
[INFO] [stderr]    Compiling generic-array v0.14.4
[INFO] [stderr]    Compiling tokio v1.11.0
[INFO] [stderr]    Compiling ahash v0.7.4
[INFO] [stderr]    Compiling itoa v0.4.8
[INFO] [stderr]    Compiling ryu v1.0.5
[INFO] [stderr]    Compiling futures-macro v0.3.17
[INFO] [stderr]    Compiling futures-channel v0.3.17
[INFO] [stderr]    Compiling proc-macro-nested v0.1.7
[INFO] [stderr]    Compiling futures-task v0.3.17
[INFO] [stderr]    Compiling futures-util v0.3.17
[INFO] [stderr]    Compiling indexmap v1.7.0
[INFO] [stderr]    Compiling slab v0.4.4
[INFO] [stderr]    Compiling bitflags v1.3.2
[INFO] [stderr]    Compiling futures-io v0.3.17
[INFO] [stderr]    Compiling pin-utils v0.1.0
[INFO] [stderr]    Compiling num-traits v0.2.14
[INFO] [stderr]    Compiling percent-encoding v2.1.0
[INFO] [stderr]    Compiling tinyvec_macros v0.1.0
[INFO] [stderr]    Compiling serde_json v1.0.67
[INFO] [stderr]    Compiling base64 v0.13.0
[INFO] [stderr]    Compiling regex-syntax v0.6.25
[INFO] [stderr]    Compiling tinyvec v1.4.0
[INFO] [stderr]    Compiling standback v0.2.17
[INFO] [stderr]    Compiling quote v1.0.9
[INFO] [stderr]    Compiling tracing-core v0.1.20
[INFO] [stderr]    Compiling untrusted v0.7.1
[INFO] [stderr]    Compiling ppv-lite86 v0.2.10
[INFO] [stderr]    Compiling jobserver v0.1.24
[INFO] [stderr]    Compiling getrandom v0.2.3
[INFO] [stderr]    Compiling mio v0.7.13
[INFO] [stderr]    Compiling num_cpus v1.13.0
[INFO] [stderr]    Compiling cc v1.0.70
[INFO] [stderr]    Compiling signal-hook-registry v1.4.0
[INFO] [stderr]    Compiling rand_core v0.6.3
[INFO] [stderr]    Compiling parking_lot v0.11.2
[INFO] [stderr]    Compiling spin v0.5.2
[INFO] [stderr]    Compiling cpufeatures v0.2.1
[INFO] [stderr]    Compiling hashbrown v0.11.2
[INFO] [stderr]    Compiling matches v0.1.9
[INFO] [stderr]    Compiling rand_chacha v0.3.1
[INFO] [stderr]    Compiling aho-corasick v0.7.18
[INFO] [stderr]    Compiling num-integer v0.1.44
[INFO] [stderr]    Compiling unicode-bidi v0.3.6
[INFO] [stderr]    Compiling fnv v1.0.7
[INFO] [stderr]    Compiling http v0.2.4
[INFO] [stderr]    Compiling unicode-normalization v0.1.19
[INFO] [stderr]    Compiling rand v0.8.4
[INFO] [stderr]    Compiling form_urlencoded v1.0.1
[INFO] [stderr]    Compiling local-waker v0.1.1
[INFO] [stderr]    Compiling crossbeam-utils v0.8.5
[INFO] [stderr]    Compiling const_fn v0.4.8
[INFO] [stderr]    Compiling digest v0.9.0
[INFO] [stderr]    Compiling block-buffer v0.9.0
[INFO] [stderr]    Compiling crypto-mac v0.10.1
[INFO] [stderr]    Compiling cipher v0.2.5
[INFO] [stderr]    Compiling hmac v0.10.1
[INFO] [stderr]    Compiling sha2 v0.9.8
[INFO] [stderr]    Compiling sha-1 v0.9.8
[INFO] [stderr]    Compiling universal-hash v0.4.1
[INFO] [stderr]    Compiling time v0.1.43
[INFO] [stderr]    Compiling miniz_oxide v0.4.4
[INFO] [stderr]    Compiling time v0.2.27
[INFO] [stderr]    Compiling ring v0.16.20
[INFO] [stderr]    Compiling zstd-sys v1.5.0+zstd.1.4.9
[INFO] [stderr]    Compiling brotli-sys v0.3.2
[INFO] [stderr]    Compiling crc32fast v1.2.1
[INFO] [stderr]    Compiling idna v0.2.3
[INFO] [stderr]    Compiling paste v1.0.5
[INFO] [stderr]    Compiling regex v1.5.4
[INFO] [stderr]    Compiling cpuid-bool v0.2.0
[INFO] [stderr]    Compiling zstd-safe v3.1.0+zstd.1.4.9
[INFO] [stderr]    Compiling polyval v0.4.5
[INFO] [stderr]    Compiling aes-soft v0.6.4
[INFO] [stderr]    Compiling actix-utils v3.0.0
[INFO] [stderr]    Compiling bytestring v1.0.0
[INFO] [stderr]    Compiling nom v7.0.0
[INFO] [stderr]    Compiling url v2.2.2
[INFO] [stderr]    Compiling convert_case v0.4.0
[INFO] [stderr]    Compiling httparse v1.5.1
[INFO] [stderr]    Compiling encoding_rs v0.8.28
[INFO] [stderr]    Compiling adler v1.0.2
[INFO] [stderr]    Compiling actix-service v2.0.0
[INFO] [stderr]    Compiling aes v0.6.0
[INFO] [stderr]    Compiling ghash v0.3.1
[INFO] [stderr]    Compiling ctr v0.6.0
[INFO] [stderr]    Compiling aead v0.3.2
[INFO] [stderr]    Compiling cookie v0.15.1
[INFO] [stderr]    Compiling firestorm v0.4.6
[INFO] [stderr]    Compiling crossbeam-queue v0.3.2
[INFO] [stderr]    Compiling whoami v1.1.3
[INFO] [stderr]    Compiling minimal-lexical v0.1.3
[INFO] [stderr]    Compiling aes-gcm v0.8.0
[INFO] [stderr]    Compiling crossbeam-channel v0.5.1
[INFO] [stderr]    Compiling hkdf v0.10.0
[INFO] [stderr]    Compiling dirs-sys v0.3.6
[INFO] [stderr]    Compiling flate2 v1.0.22
[INFO] [stderr]    Compiling mime v0.3.16
[INFO] [stderr]    Compiling language-tags v0.3.2
[INFO] [stderr]    Compiling unicode_categories v0.1.1
[INFO] [stderr]    Compiling lexical-core v0.7.6
[INFO] [stderr]    Compiling crc-catalog v1.1.1
[INFO] [stderr]    Compiling dirs v3.0.2
[INFO] [stderr]    Compiling crc v2.0.0
[INFO] [stderr]    Compiling regex-automata v0.1.10
[INFO] [stderr]    Compiling stringprep v0.1.2
[INFO] [stderr]    Compiling atoi v0.4.0
[INFO] [stderr]    Compiling md-5 v0.9.1
[INFO] [stderr]    Compiling hashlink v0.7.0
[INFO] [stderr]    Compiling futures-intrusive v0.4.0
[INFO] [stderr]    Compiling socket2 v0.4.1
[INFO] [stderr]    Compiling nom v5.1.2
[INFO] [stderr]    Compiling static_assertions v1.1.0
[INFO] [stderr]    Compiling unicode-segmentation v1.8.0
[INFO] [stderr]    Compiling hex v0.4.3
[INFO] [stderr]    Compiling byteorder v1.4.3
[INFO] [stderr]    Compiling arrayvec v0.5.2
[INFO] [stderr]    Compiling heck v0.3.3
[INFO] [stderr]    Compiling crypto-mac v0.8.0
[INFO] [stderr]    Compiling tracing-log v0.1.2
[INFO] [stderr]    Compiling sharded-slab v0.1.3
[INFO] [stderr]    Compiling thread_local v1.1.3
[INFO] [stderr]    Compiling base64ct v1.0.1
[INFO] [stderr]    Compiling anyhow v1.0.44
[INFO] [stderr]    Compiling linked-hash-map v0.5.4
[INFO] [stderr]    Compiling dotenv v0.15.0
[INFO] [stderr]    Compiling matchers v0.0.1
[INFO] [stderr]    Compiling ansi_term v0.12.1
[INFO] [stderr]    Compiling tokio-util v0.6.8
[INFO] [stderr]    Compiling tokio-stream v0.1.7
[INFO] [stderr]    Compiling yaml-rust v0.4.5
[INFO] [stderr]    Compiling password-hash v0.3.0
[INFO] [stderr]    Compiling blake2 v0.9.2
[INFO] [stderr]    Compiling gethostname v0.2.1
[INFO] [stderr]    Compiling actix-codec v0.4.0
[INFO] [stderr]    Compiling argon2 v0.3.1
[INFO] [stderr]    Compiling webpki v0.21.4
[INFO] [stderr]    Compiling sct v0.6.1
[INFO] [stderr]    Compiling rustls v0.19.1
[INFO] [stderr]    Compiling webpki-roots v0.21.1
[INFO] [stderr]    Compiling actix-macros v0.2.1
[INFO] [stderr]    Compiling tracing-attributes v0.1.15
[INFO] [stderr]    Compiling time-macros-impl v0.1.2
[INFO] [stderr]    Compiling pin-project-internal v1.0.8
[INFO] [stderr]    Compiling derive_more v0.99.16
[INFO] [stderr]    Compiling thiserror-impl v1.0.29
[INFO] [stderr]    Compiling actix_derive v0.6.0
[INFO] [stderr]    Compiling actix-rt v2.2.0
[INFO] [stderr]    Compiling time-macros v0.1.1
[INFO] [stderr]    Compiling tokio-rustls v0.22.0
[INFO] [stderr]    Compiling actix-server v2.0.0-beta.5
[INFO] [stderr]    Compiling tracing v0.1.26
[INFO] [stderr]    Compiling sqlx-rt v0.5.7
[INFO] [stderr]    Compiling pin-project v1.0.8
[INFO] [stderr]    Compiling thiserror v1.0.29
[INFO] [stderr]    Compiling brotli2 v0.3.2
[INFO] [stderr]    Compiling actix-tls v3.0.0-beta.5
[INFO] [stderr]    Compiling h2 v0.3.4
[INFO] [stderr]    Compiling local-channel v0.1.2
[INFO] [stderr]    Compiling futures-executor v0.3.17
[INFO] [stderr]    Compiling actix v0.11.1
[INFO] [stderr]    Compiling futures v0.3.17
[INFO] [stderr]    Compiling either v1.6.1
[INFO] [stderr]    Compiling chrono v0.4.19
[INFO] [stderr]    Compiling actix-router v0.5.0-beta.2
[INFO] [stderr]    Compiling serde_urlencoded v0.7.0
[INFO] [stderr]    Compiling uuid v0.8.2
[INFO] [stderr]    Compiling tracing-serde v0.1.2
[INFO] [stderr]    Compiling config v0.10.1
[INFO] [stderr]    Compiling itertools v0.10.1
[INFO] [stderr]    Compiling actix-web-codegen v0.5.0-beta.4
[INFO] [stderr]    Compiling tracing-subscriber v0.2.22
[INFO] [stderr]    Compiling serde-aux v1.1.0
[INFO] [stderr]    Compiling sqlformat v0.1.8
[INFO] [stderr]    Compiling tracing-bunyan-formatter v0.2.6
[INFO] [stderr]    Compiling sqlx-core v0.5.7
[INFO] [stderr]    Compiling sqlx-macros v0.5.7
[INFO] [stderr]    Compiling zstd v0.7.0+zstd.1.4.9
[INFO] [stderr]    Compiling actix-http v3.0.0-beta.10
[INFO] [stderr]    Compiling actix-web v4.0.0-beta.9
[INFO] [stderr]    Compiling sqlx v0.5.7
[INFO] [stderr]    Compiling actix-session v0.5.0-beta.2
[INFO] [stderr]    Compiling actix-identity v0.4.0-beta.2
[INFO] [stderr]    Compiling hermodapi v0.1.0 (/opt/rustwide/workdir)
[INFO] [stdout] error: error communicating with the server: Cannot assign requested address (os error 99)
[INFO] [stdout]   --> src/auth.rs:16:16
[INFO] [stdout]    |
[INFO] [stdout] 16 |     let user = sqlx::query_as!(User, "SELECT * FROM account WHERE id=$1", user_id)
[INFO] [stdout]    |                ^^^^^^^^^^^^^^^^^^^^^^^^^^^^^^^^^^^^^^^^^^^^^^^^^^^^^^^^^^^^^^^^^^^
[INFO] [stdout]    |
[INFO] [stdout]    = note: this error originates in the macro `$crate::sqlx_macros::expand_query` which comes from the expansion of the macro `sqlx::query_as` (in Nightly builds, run with -Z macro-backtrace for more info)
[INFO] [stdout] 
[INFO] [stdout] 
[INFO] [stdout] error: error communicating with the server: Cannot assign requested address (os error 99)
[INFO] [stdout]   --> src/auth.rs:71:15
[INFO] [stdout]    |
[INFO] [stdout] 71 |       let row = sqlx::query_as!(
[INFO] [stdout]    |  _______________^
[INFO] [stdout] 72 | |         User,
[INFO] [stdout] 73 | |         r#"
[INFO] [stdout] 74 | |         SELECT *
[INFO] [stdout] ...  |
[INFO] [stdout] 78 | |         username,
[INFO] [stdout] 79 | |     )
[INFO] [stdout]    | |_____^
[INFO] [stdout]    |
[INFO] [stdout]    = note: this error originates in the macro `$crate::sqlx_macros::expand_query` which comes from the expansion of the macro `sqlx::query_as` (in Nightly builds, run with -Z macro-backtrace for more info)
[INFO] [stdout] 
[INFO] [stdout] 
[INFO] [stdout] error: error communicating with the server: Cannot assign requested address (os error 99)
[INFO] [stdout]   --> src/db/user.rs:60:9
[INFO] [stdout]    |
[INFO] [stdout] 60 | /         sqlx::query!(
[INFO] [stdout] 61 | |             "INSERT INTO account (id, username, password)
[INFO] [stdout] 62 | |             VALUES ($1, $2, $3)",
[INFO] [stdout] 63 | |             self.id,
[INFO] [stdout] 64 | |             self.username,
[INFO] [stdout] 65 | |             password_hash,
[INFO] [stdout] 66 | |         )
[INFO] [stdout]    | |_________^
[INFO] [stdout]    |
[INFO] [stdout]    = note: this error originates in the macro `$crate::sqlx_macros::expand_query` which comes from the expansion of the macro `sqlx::query` (in Nightly builds, run with -Z macro-backtrace for more info)
[INFO] [stdout] 
[INFO] [stdout] 
[INFO] [stdout] error: error communicating with the server: Cannot assign requested address (os error 99)
[INFO] [stdout]   --> src/handlers/qr_code.rs:22:28
[INFO] [stdout]    |
[INFO] [stdout] 22 |     if let Some(qr_code) = sqlx::query!("SELECT * FROM qr_code WHERE slug=$1", &query.slug)
[INFO] [stdout]    |                            ^^^^^^^^^^^^^^^^^^^^^^^^^^^^^^^^^^^^^^^^^^^^^^^^^^^^^^^^^^^^^^^^
[INFO] [stdout]    |
[INFO] [stdout]    = note: this error originates in the macro `$crate::sqlx_macros::expand_query` which comes from the expansion of the macro `sqlx::query` (in Nightly builds, run with -Z macro-backtrace for more info)
[INFO] [stdout] 
[INFO] [stdout] 
[INFO] [stdout] error: error communicating with the server: Cannot assign requested address (os error 99)
[INFO] [stdout]   --> src/handlers/qr_code.rs:52:9
[INFO] [stdout]    |
[INFO] [stdout] 52 | /         sqlx::query!(
[INFO] [stdout] 53 | |             r#"
[INFO] [stdout] 54 | |             INSERT INTO qr_code (id, account_id, slug, generation_data)
[INFO] [stdout] 55 | |             VALUES ($1, $2, $3, $4)"#,
[INFO] [stdout] ...  |
[INFO] [stdout] 59 | |             query.generation_data
[INFO] [stdout] 60 | |         )
[INFO] [stdout]    | |_________^
[INFO] [stdout]    |
[INFO] [stdout]    = note: this error originates in the macro `$crate::sqlx_macros::expand_query` which comes from the expansion of the macro `sqlx::query` (in Nightly builds, run with -Z macro-backtrace for more info)
[INFO] [stdout] 
[INFO] [stdout] 
[INFO] [stdout] warning: unused import: `uuid::Uuid`
[INFO] [stdout]  --> src/handlers/qr_code.rs:4:5
[INFO] [stdout]   |
[INFO] [stdout] 4 | use uuid::Uuid;
[INFO] [stdout]   |     ^^^^^^^^^^
[INFO] [stdout]   |
[INFO] [stdout]   = note: `#[warn(unused_imports)]` on by default
[INFO] [stdout] 
[INFO] [stdout] 
[INFO] [stdout] error[E0282]: type annotations needed
[INFO] [stdout]   --> src/handlers/qr_code.rs:25:19
[INFO] [stdout]    |
[INFO] [stdout] 25 |         .map_err(|e| ApplicationError::UnexpectedError(anyhow::anyhow!(e)))?
[INFO] [stdout]    |                   ^                                    ------------------ type must be known at this point
[INFO] [stdout]    |
[INFO] [stdout] help: consider giving this closure parameter an explicit type
[INFO] [stdout]    |
[INFO] [stdout] 25 |         .map_err(|e: /* Type */| ApplicationError::UnexpectedError(anyhow::anyhow!(e)))?
[INFO] [stdout]    |                    ++++++++++++
[INFO] [stdout] 
[INFO] [stdout] 
[INFO] [stdout] error[E0282]: type annotations needed
[INFO] [stdout]   --> src/handlers/qr_code.rs:63:19
[INFO] [stdout]    |
[INFO] [stdout] 63 |         .map_err(|e| ApplicationError::UnexpectedError(anyhow::anyhow!(e)))?;
[INFO] [stdout]    |                   ^                                    ------------------ type must be known at this point
[INFO] [stdout]    |
[INFO] [stdout] help: consider giving this closure parameter an explicit type
[INFO] [stdout]    |
[INFO] [stdout] 63 |         .map_err(|e: /* Type */| ApplicationError::UnexpectedError(anyhow::anyhow!(e)))?;
[INFO] [stdout]    |                    ++++++++++++
[INFO] [stdout] 
[INFO] [stdout] 
[INFO] [stdout] error: aborting due to 7 previous errors; 1 warning emitted
[INFO] [stdout] 
[INFO] [stdout] 
[INFO] [stdout] For more information about this error, try `rustc --explain E0282`.
[INFO] [stdout] 
[INFO] [stderr] error: could not compile `hermodapi` (lib) due to 8 previous errors; 1 warning emitted
[INFO] [stderr] warning: build failed, waiting for other jobs to finish...
[INFO] running `Command { std: "docker" "inspect" "6abc4f5c687dbac82e77623a864fa22cc8f1c44f1acbcc26db27aeffc0dd8c9b", kill_on_drop: false }`
[INFO] running `Command { std: "docker" "rm" "-f" "6abc4f5c687dbac82e77623a864fa22cc8f1c44f1acbcc26db27aeffc0dd8c9b", kill_on_drop: false }`
[INFO] [stdout] 6abc4f5c687dbac82e77623a864fa22cc8f1c44f1acbcc26db27aeffc0dd8c9b
[INFO] testing hermodapi-0.1.0 against beta-2023-12-22 for beta-1.76-1
[INFO] extracting crate hermodapi 0.1.0 into /workspace/builds/worker-3-tc2/source
[INFO] validating manifest of crates.io crate hermodapi 0.1.0 on toolchain beta-2023-12-22
[INFO] running `Command { std: CARGO_HOME="/workspace/cargo-home" RUSTUP_HOME="/workspace/rustup-home" "/workspace/cargo-home/bin/cargo" "+beta-2023-12-22" "metadata" "--manifest-path" "Cargo.toml" "--no-deps", kill_on_drop: false }`
[INFO] started tweaking crates.io crate hermodapi 0.1.0
[INFO] finished tweaking crates.io crate hermodapi 0.1.0
[INFO] tweaked toml for crates.io crate hermodapi 0.1.0 written to /workspace/builds/worker-3-tc2/source/Cargo.toml
[INFO] crate crates.io crate hermodapi 0.1.0 already has a lockfile, it will not be regenerated
[INFO] running `Command { std: CARGO_HOME="/workspace/cargo-home" RUSTUP_HOME="/workspace/rustup-home" "/workspace/cargo-home/bin/cargo" "+beta-2023-12-22" "fetch" "--manifest-path" "Cargo.toml", kill_on_drop: false }`
[INFO] running `Command { std: "docker" "create" "-v" "/var/lib/crater-agent-workspace/builds/worker-3-tc2/target:/opt/rustwide/target:rw,Z" "-v" "/var/lib/crater-agent-workspace/builds/worker-3-tc2/source:/opt/rustwide/workdir:ro,Z" "-v" "/var/lib/crater-agent-workspace/cargo-home:/opt/rustwide/cargo-home:ro,Z" "-v" "/var/lib/crater-agent-workspace/rustup-home:/opt/rustwide/rustup-home:ro,Z" "-e" "SOURCE_DIR=/opt/rustwide/workdir" "-e" "CARGO_TARGET_DIR=/opt/rustwide/target" "-e" "CARGO_HOME=/opt/rustwide/cargo-home" "-e" "RUSTUP_HOME=/opt/rustwide/rustup-home" "-w" "/opt/rustwide/workdir" "-m" "1610612736" "--user" "0:0" "--network" "none" "ghcr.io/rust-lang/crates-build-env/linux@sha256:2788e3201cd34a07e3172128adcd8b3090168a8e3bcc40d7c032b9dda1df7d1c" "/opt/rustwide/cargo-home/bin/cargo" "+beta-2023-12-22" "metadata" "--no-deps" "--format-version=1", kill_on_drop: false }`
[INFO] [stdout] a177a6790cc43e016da1793548eeb6061307a076a6afa9e3780b9aa2f092b416
[INFO] running `Command { std: "docker" "start" "-a" "a177a6790cc43e016da1793548eeb6061307a076a6afa9e3780b9aa2f092b416", kill_on_drop: false }`
[INFO] running `Command { std: "docker" "inspect" "a177a6790cc43e016da1793548eeb6061307a076a6afa9e3780b9aa2f092b416", kill_on_drop: false }`
[INFO] running `Command { std: "docker" "rm" "-f" "a177a6790cc43e016da1793548eeb6061307a076a6afa9e3780b9aa2f092b416", kill_on_drop: false }`
[INFO] [stdout] a177a6790cc43e016da1793548eeb6061307a076a6afa9e3780b9aa2f092b416
[INFO] running `Command { std: "docker" "create" "-v" "/var/lib/crater-agent-workspace/builds/worker-3-tc2/target:/opt/rustwide/target:rw,Z" "-v" "/var/lib/crater-agent-workspace/builds/worker-3-tc2/source:/opt/rustwide/workdir:ro,Z" "-v" "/var/lib/crater-agent-workspace/cargo-home:/opt/rustwide/cargo-home:ro,Z" "-v" "/var/lib/crater-agent-workspace/rustup-home:/opt/rustwide/rustup-home:ro,Z" "-e" "SOURCE_DIR=/opt/rustwide/workdir" "-e" "CARGO_TARGET_DIR=/opt/rustwide/target" "-e" "CARGO_INCREMENTAL=0" "-e" "RUST_BACKTRACE=full" "-e" "RUSTFLAGS=--cap-lints=warn" "-e" "RUSTDOCFLAGS=--cap-lints=warn" "-e" "CARGO_HOME=/opt/rustwide/cargo-home" "-e" "RUSTUP_HOME=/opt/rustwide/rustup-home" "-w" "/opt/rustwide/workdir" "-m" "1610612736" "--user" "0:0" "--network" "none" "ghcr.io/rust-lang/crates-build-env/linux@sha256:2788e3201cd34a07e3172128adcd8b3090168a8e3bcc40d7c032b9dda1df7d1c" "/opt/rustwide/cargo-home/bin/cargo" "+beta-2023-12-22" "build" "--frozen" "--message-format=json", kill_on_drop: false }`
[INFO] [stdout] 84769195376f2883c812ad26b115c847cf2d2fe473544026385cb6ce0126244d
[INFO] running `Command { std: "docker" "start" "-a" "84769195376f2883c812ad26b115c847cf2d2fe473544026385cb6ce0126244d", kill_on_drop: false }`
[INFO] [stderr]    Compiling libc v0.2.101
[INFO] [stderr]    Compiling version_check v0.9.3
[INFO] [stderr]    Compiling cfg-if v1.0.0
[INFO] [stderr]    Compiling proc-macro2 v1.0.29
[INFO] [stderr]    Compiling unicode-xid v0.2.2
[INFO] [stderr]    Compiling syn v1.0.76
[INFO] [stderr]    Compiling autocfg v1.0.1
[INFO] [stderr]    Compiling memchr v2.4.1
[INFO] [stderr]    Compiling once_cell v1.8.0
[INFO] [stderr]    Compiling typenum v1.14.0
[INFO] [stderr]    Compiling log v0.4.14
[INFO] [stderr]    Compiling pin-project-lite v0.2.7
[INFO] [stderr]    Compiling futures-core v0.3.17
[INFO] [stderr]    Compiling serde_derive v1.0.130
[INFO] [stderr]    Compiling smallvec v1.6.1
[INFO] [stderr]    Compiling serde v1.0.130
[INFO] [stderr]    Compiling bytes v1.1.0
[INFO] [stderr]    Compiling parking_lot_core v0.8.5
[INFO] [stderr]    Compiling instant v0.1.10
[INFO] [stderr]    Compiling scopeguard v1.1.0
[INFO] [stderr]    Compiling lock_api v0.4.5
[INFO] [stderr]    Compiling proc-macro-hack v0.5.19
[INFO] [stderr]    Compiling lazy_static v1.4.0
[INFO] [stderr]    Compiling opaque-debug v0.3.0
[INFO] [stderr]    Compiling generic-array v0.14.4
[INFO] [stderr]    Compiling subtle v2.4.1
[INFO] [stderr]    Compiling ahash v0.7.4
[INFO] [stderr]    Compiling itoa v0.4.8
[INFO] [stderr]    Compiling futures-sink v0.3.17
[INFO] [stderr]    Compiling ryu v1.0.5
[INFO] [stderr]    Compiling futures-channel v0.3.17
[INFO] [stderr]    Compiling futures-task v0.3.17
[INFO] [stderr]    Compiling tokio v1.11.0
[INFO] [stderr]    Compiling futures-macro v0.3.17
[INFO] [stderr]    Compiling proc-macro-nested v0.1.7
[INFO] [stderr]    Compiling futures-util v0.3.17
[INFO] [stderr]    Compiling indexmap v1.7.0
[INFO] [stderr]    Compiling slab v0.4.4
[INFO] [stderr]    Compiling bitflags v1.3.2
[INFO] [stderr]    Compiling futures-io v0.3.17
[INFO] [stderr]    Compiling pin-utils v0.1.0
[INFO] [stderr]    Compiling num-traits v0.2.14
[INFO] [stderr]    Compiling tinyvec_macros v0.1.0
[INFO] [stderr]    Compiling percent-encoding v2.1.0
[INFO] [stderr]    Compiling regex-syntax v0.6.25
[INFO] [stderr]    Compiling serde_json v1.0.67
[INFO] [stderr]    Compiling base64 v0.13.0
[INFO] [stderr]    Compiling tinyvec v1.4.0
[INFO] [stderr]    Compiling standback v0.2.17
[INFO] [stderr]    Compiling tracing-core v0.1.20
[INFO] [stderr]    Compiling ppv-lite86 v0.2.10
[INFO] [stderr]    Compiling quote v1.0.9
[INFO] [stderr]    Compiling matches v0.1.9
[INFO] [stderr]    Compiling untrusted v0.7.1
[INFO] [stderr]    Compiling cpufeatures v0.2.1
[INFO] [stderr]    Compiling jobserver v0.1.24
[INFO] [stderr]    Compiling getrandom v0.2.3
[INFO] [stderr]    Compiling signal-hook-registry v1.4.0
[INFO] [stderr]    Compiling num_cpus v1.13.0
[INFO] [stderr]    Compiling cc v1.0.70
[INFO] [stderr]    Compiling mio v0.7.13
[INFO] [stderr]    Compiling parking_lot v0.11.2
[INFO] [stderr]    Compiling rand_core v0.6.3
[INFO] [stderr]    Compiling spin v0.5.2
[INFO] [stderr]    Compiling rand_chacha v0.3.1
[INFO] [stderr]    Compiling hashbrown v0.11.2
[INFO] [stderr]    Compiling aho-corasick v0.7.18
[INFO] [stderr]    Compiling num-integer v0.1.44
[INFO] [stderr]    Compiling unicode-bidi v0.3.6
[INFO] [stderr]    Compiling fnv v1.0.7
[INFO] [stderr]    Compiling rand v0.8.4
[INFO] [stderr]    Compiling http v0.2.4
[INFO] [stderr]    Compiling unicode-normalization v0.1.19
[INFO] [stderr]    Compiling form_urlencoded v1.0.1
[INFO] [stderr]    Compiling local-waker v0.1.1
[INFO] [stderr]    Compiling const_fn v0.4.8
[INFO] [stderr]    Compiling crossbeam-utils v0.8.5
[INFO] [stderr]    Compiling time v0.1.43
[INFO] [stderr]    Compiling digest v0.9.0
[INFO] [stderr]    Compiling block-buffer v0.9.0
[INFO] [stderr]    Compiling crypto-mac v0.10.1
[INFO] [stderr]    Compiling cipher v0.2.5
[INFO] [stderr]    Compiling hmac v0.10.1
[INFO] [stderr]    Compiling sha2 v0.9.8
[INFO] [stderr]    Compiling sha-1 v0.9.8
[INFO] [stderr]    Compiling universal-hash v0.4.1
[INFO] [stderr]    Compiling miniz_oxide v0.4.4
[INFO] [stderr]    Compiling time v0.2.27
[INFO] [stderr]    Compiling ring v0.16.20
[INFO] [stderr]    Compiling zstd-sys v1.5.0+zstd.1.4.9
[INFO] [stderr]    Compiling brotli-sys v0.3.2
[INFO] [stderr]    Compiling crc32fast v1.2.1
[INFO] [stderr]    Compiling idna v0.2.3
[INFO] [stderr]    Compiling cpuid-bool v0.2.0
[INFO] [stderr]    Compiling zstd-safe v3.1.0+zstd.1.4.9
[INFO] [stderr]    Compiling paste v1.0.5
[INFO] [stderr]    Compiling polyval v0.4.5
[INFO] [stderr]    Compiling regex v1.5.4
[INFO] [stderr]    Compiling aes-soft v0.6.4
[INFO] [stderr]    Compiling actix-utils v3.0.0
[INFO] [stderr]    Compiling bytestring v1.0.0
[INFO] [stderr]    Compiling nom v7.0.0
[INFO] [stderr]    Compiling convert_case v0.4.0
[INFO] [stderr]    Compiling adler v1.0.2
[INFO] [stderr]    Compiling url v2.2.2
[INFO] [stderr]    Compiling httparse v1.5.1
[INFO] [stderr]    Compiling encoding_rs v0.8.28
[INFO] [stderr]    Compiling aes v0.6.0
[INFO] [stderr]    Compiling ghash v0.3.1
[INFO] [stderr]    Compiling actix-service v2.0.0
[INFO] [stderr]    Compiling ctr v0.6.0
[INFO] [stderr]    Compiling aead v0.3.2
[INFO] [stderr]    Compiling cookie v0.15.1
[INFO] [stderr]    Compiling crossbeam-queue v0.3.2
[INFO] [stderr]    Compiling minimal-lexical v0.1.3
[INFO] [stderr]    Compiling firestorm v0.4.6
[INFO] [stderr]    Compiling whoami v1.1.3
[INFO] [stderr]    Compiling aes-gcm v0.8.0
[INFO] [stderr]    Compiling crossbeam-channel v0.5.1
[INFO] [stderr]    Compiling hkdf v0.10.0
[INFO] [stderr]    Compiling dirs-sys v0.3.6
[INFO] [stderr]    Compiling flate2 v1.0.22
[INFO] [stderr]    Compiling crc-catalog v1.1.1
[INFO] [stderr]    Compiling unicode_categories v0.1.1
[INFO] [stderr]    Compiling mime v0.3.16
[INFO] [stderr]    Compiling language-tags v0.3.2
[INFO] [stderr]    Compiling lexical-core v0.7.6
[INFO] [stderr]    Compiling crc v2.0.0
[INFO] [stderr]    Compiling dirs v3.0.2
[INFO] [stderr]    Compiling regex-automata v0.1.10
[INFO] [stderr]    Compiling stringprep v0.1.2
[INFO] [stderr]    Compiling atoi v0.4.0
[INFO] [stderr]    Compiling md-5 v0.9.1
[INFO] [stderr]    Compiling hashlink v0.7.0
[INFO] [stderr]    Compiling futures-intrusive v0.4.0
[INFO] [stderr]    Compiling socket2 v0.4.1
[INFO] [stderr]    Compiling nom v5.1.2
[INFO] [stderr]    Compiling arrayvec v0.5.2
[INFO] [stderr]    Compiling unicode-segmentation v1.8.0
[INFO] [stderr]    Compiling byteorder v1.4.3
[INFO] [stderr]    Compiling static_assertions v1.1.0
[INFO] [stderr]    Compiling hex v0.4.3
[INFO] [stderr]    Compiling crypto-mac v0.8.0
[INFO] [stderr]    Compiling tracing-log v0.1.2
[INFO] [stderr]    Compiling sharded-slab v0.1.3
[INFO] [stderr]    Compiling matchers v0.0.1
[INFO] [stderr]    Compiling thread_local v1.1.3
[INFO] [stderr]    Compiling heck v0.3.3
[INFO] [stderr]    Compiling dotenv v0.15.0
[INFO] [stderr]    Compiling ansi_term v0.12.1
[INFO] [stderr]    Compiling anyhow v1.0.44
[INFO] [stderr]    Compiling linked-hash-map v0.5.4
[INFO] [stderr]    Compiling base64ct v1.0.1
[INFO] [stderr]    Compiling yaml-rust v0.4.5
[INFO] [stderr]    Compiling password-hash v0.3.0
[INFO] [stderr]    Compiling blake2 v0.9.2
[INFO] [stderr]    Compiling gethostname v0.2.1
[INFO] [stderr]    Compiling tokio-util v0.6.8
[INFO] [stderr]    Compiling tokio-stream v0.1.7
[INFO] [stderr]    Compiling argon2 v0.3.1
[INFO] [stderr]    Compiling actix-codec v0.4.0
[INFO] [stderr]    Compiling webpki v0.21.4
[INFO] [stderr]    Compiling sct v0.6.1
[INFO] [stderr]    Compiling rustls v0.19.1
[INFO] [stderr]    Compiling webpki-roots v0.21.1
[INFO] [stderr]    Compiling actix-macros v0.2.1
[INFO] [stderr]    Compiling tracing-attributes v0.1.15
[INFO] [stderr]    Compiling time-macros-impl v0.1.2
[INFO] [stderr]    Compiling pin-project-internal v1.0.8
[INFO] [stderr]    Compiling derive_more v0.99.16
[INFO] [stderr]    Compiling thiserror-impl v1.0.29
[INFO] [stderr]    Compiling actix_derive v0.6.0
[INFO] [stderr]    Compiling actix-rt v2.2.0
[INFO] [stderr]    Compiling time-macros v0.1.1
[INFO] [stderr]    Compiling actix-server v2.0.0-beta.5
[INFO] [stderr]    Compiling tracing v0.1.26
[INFO] [stderr]    Compiling tokio-rustls v0.22.0
[INFO] [stderr]    Compiling pin-project v1.0.8
[INFO] [stderr]    Compiling sqlx-rt v0.5.7
[INFO] [stderr]    Compiling thiserror v1.0.29
[INFO] [stderr]    Compiling brotli2 v0.3.2
[INFO] [stderr]    Compiling h2 v0.3.4
[INFO] [stderr]    Compiling local-channel v0.1.2
[INFO] [stderr]    Compiling actix-tls v3.0.0-beta.5
[INFO] [stderr]    Compiling futures-executor v0.3.17
[INFO] [stderr]    Compiling futures v0.3.17
[INFO] [stderr]    Compiling actix v0.11.1
[INFO] [stderr]    Compiling either v1.6.1
[INFO] [stderr]    Compiling chrono v0.4.19
[INFO] [stderr]    Compiling actix-router v0.5.0-beta.2
[INFO] [stderr]    Compiling uuid v0.8.2
[INFO] [stderr]    Compiling serde_urlencoded v0.7.0
[INFO] [stderr]    Compiling tracing-serde v0.1.2
[INFO] [stderr]    Compiling config v0.10.1
[INFO] [stderr]    Compiling itertools v0.10.1
[INFO] [stderr]    Compiling actix-web-codegen v0.5.0-beta.4
[INFO] [stderr]    Compiling tracing-subscriber v0.2.22
[INFO] [stderr]    Compiling serde-aux v1.1.0
[INFO] [stderr]    Compiling sqlformat v0.1.8
[INFO] [stderr]    Compiling tracing-bunyan-formatter v0.2.6
[INFO] [stderr]    Compiling sqlx-core v0.5.7
[INFO] [stderr]    Compiling sqlx-macros v0.5.7
[INFO] [stderr]    Compiling zstd v0.7.0+zstd.1.4.9
[INFO] [stderr]    Compiling actix-http v3.0.0-beta.10
[INFO] [stderr]    Compiling actix-web v4.0.0-beta.9
[INFO] [stderr]    Compiling sqlx v0.5.7
[INFO] [stderr]    Compiling actix-session v0.5.0-beta.2
[INFO] [stderr]    Compiling actix-identity v0.4.0-beta.2
[INFO] [stderr]    Compiling hermodapi v0.1.0 (/opt/rustwide/workdir)
[INFO] [stdout] error: error communicating with the server: Cannot assign requested address (os error 99)
[INFO] [stdout]   --> src/auth.rs:16:16
[INFO] [stdout]    |
[INFO] [stdout] 16 |     let user = sqlx::query_as!(User, "SELECT * FROM account WHERE id=$1", user_id)
[INFO] [stdout]    |                ^^^^^^^^^^^^^^^^^^^^^^^^^^^^^^^^^^^^^^^^^^^^^^^^^^^^^^^^^^^^^^^^^^^
[INFO] [stdout]    |
[INFO] [stdout]    = note: this error originates in the macro `$crate::sqlx_macros::expand_query` which comes from the expansion of the macro `sqlx::query_as` (in Nightly builds, run with -Z macro-backtrace for more info)
[INFO] [stdout] 
[INFO] [stdout] 
[INFO] [stdout] error: error communicating with the server: Cannot assign requested address (os error 99)
[INFO] [stdout]   --> src/auth.rs:71:15
[INFO] [stdout]    |
[INFO] [stdout] 71 |       let row = sqlx::query_as!(
[INFO] [stdout]    |  _______________^
[INFO] [stdout] 72 | |         User,
[INFO] [stdout] 73 | |         r#"
[INFO] [stdout] 74 | |         SELECT *
[INFO] [stdout] ...  |
[INFO] [stdout] 78 | |         username,
[INFO] [stdout] 79 | |     )
[INFO] [stdout]    | |_____^
[INFO] [stdout]    |
[INFO] [stdout]    = note: this error originates in the macro `$crate::sqlx_macros::expand_query` which comes from the expansion of the macro `sqlx::query_as` (in Nightly builds, run with -Z macro-backtrace for more info)
[INFO] [stdout] 
[INFO] [stdout] 
[INFO] [stdout] error: error communicating with the server: Cannot assign requested address (os error 99)
[INFO] [stdout]   --> src/db/user.rs:60:9
[INFO] [stdout]    |
[INFO] [stdout] 60 | /         sqlx::query!(
[INFO] [stdout] 61 | |             "INSERT INTO account (id, username, password)
[INFO] [stdout] 62 | |             VALUES ($1, $2, $3)",
[INFO] [stdout] 63 | |             self.id,
[INFO] [stdout] 64 | |             self.username,
[INFO] [stdout] 65 | |             password_hash,
[INFO] [stdout] 66 | |         )
[INFO] [stdout]    | |_________^
[INFO] [stdout]    |
[INFO] [stdout]    = note: this error originates in the macro `$crate::sqlx_macros::expand_query` which comes from the expansion of the macro `sqlx::query` (in Nightly builds, run with -Z macro-backtrace for more info)
[INFO] [stdout] 
[INFO] [stdout] 
[INFO] [stdout] error: error communicating with the server: Cannot assign requested address (os error 99)
[INFO] [stdout]   --> src/handlers/qr_code.rs:22:28
[INFO] [stdout]    |
[INFO] [stdout] 22 |     if let Some(qr_code) = sqlx::query!("SELECT * FROM qr_code WHERE slug=$1", &query.slug)
[INFO] [stdout]    |                            ^^^^^^^^^^^^^^^^^^^^^^^^^^^^^^^^^^^^^^^^^^^^^^^^^^^^^^^^^^^^^^^^
[INFO] [stdout]    |
[INFO] [stdout]    = note: this error originates in the macro `$crate::sqlx_macros::expand_query` which comes from the expansion of the macro `sqlx::query` (in Nightly builds, run with -Z macro-backtrace for more info)
[INFO] [stdout] 
[INFO] [stdout] 
[INFO] [stdout] error: error communicating with the server: Cannot assign requested address (os error 99)
[INFO] [stdout]   --> src/handlers/qr_code.rs:52:9
[INFO] [stdout]    |
[INFO] [stdout] 52 | /         sqlx::query!(
[INFO] [stdout] 53 | |             r#"
[INFO] [stdout] 54 | |             INSERT INTO qr_code (id, account_id, slug, generation_data)
[INFO] [stdout] 55 | |             VALUES ($1, $2, $3, $4)"#,
[INFO] [stdout] ...  |
[INFO] [stdout] 59 | |             query.generation_data
[INFO] [stdout] 60 | |         )
[INFO] [stdout]    | |_________^
[INFO] [stdout]    |
[INFO] [stdout]    = note: this error originates in the macro `$crate::sqlx_macros::expand_query` which comes from the expansion of the macro `sqlx::query` (in Nightly builds, run with -Z macro-backtrace for more info)
[INFO] [stdout] 
[INFO] [stdout] 
[INFO] [stdout] warning: unused import: `uuid::Uuid`
[INFO] [stdout]  --> src/handlers/qr_code.rs:4:5
[INFO] [stdout]   |
[INFO] [stdout] 4 | use uuid::Uuid;
[INFO] [stdout]   |     ^^^^^^^^^^
[INFO] [stdout]   |
[INFO] [stdout]   = note: `#[warn(unused_imports)]` on by default
[INFO] [stdout] 
[INFO] [stdout] 
[INFO] [stdout] error[E0282]: type annotations needed
[INFO] [stdout]   --> src/handlers/qr_code.rs:25:19
[INFO] [stdout]    |
[INFO] [stdout] 25 |         .map_err(|e| ApplicationError::UnexpectedError(anyhow::anyhow!(e)))?
[INFO] [stdout]    |                   ^                                    ------------------ type must be known at this point
[INFO] [stdout]    |
[INFO] [stdout] help: consider giving this closure parameter an explicit type
[INFO] [stdout]    |
[INFO] [stdout] 25 |         .map_err(|e: /* Type */| ApplicationError::UnexpectedError(anyhow::anyhow!(e)))?
[INFO] [stdout]    |                    ++++++++++++
[INFO] [stdout] 
[INFO] [stdout] 
[INFO] [stdout] error[E0282]: type annotations needed
[INFO] [stdout]   --> src/handlers/qr_code.rs:63:19
[INFO] [stdout]    |
[INFO] [stdout] 63 |         .map_err(|e| ApplicationError::UnexpectedError(anyhow::anyhow!(e)))?;
[INFO] [stdout]    |                   ^                                    ------------------ type must be known at this point
[INFO] [stdout]    |
[INFO] [stdout] help: consider giving this closure parameter an explicit type
[INFO] [stdout]    |
[INFO] [stdout] 63 |         .map_err(|e: /* Type */| ApplicationError::UnexpectedError(anyhow::anyhow!(e)))?;
[INFO] [stdout]    |                    ++++++++++++
[INFO] [stdout] 
[INFO] [stdout] 
[INFO] [stdout] error: aborting due to 7 previous errors; 1 warning emitted
[INFO] [stdout] 
[INFO] [stdout] 
[INFO] [stdout] For more information about this error, try `rustc --explain E0282`.
[INFO] [stdout] 
[INFO] [stderr] error: could not compile `hermodapi` (lib) due to 8 previous errors; 1 warning emitted
[INFO] [stderr] warning: build failed, waiting for other jobs to finish...
[INFO] running `Command { std: "docker" "inspect" "84769195376f2883c812ad26b115c847cf2d2fe473544026385cb6ce0126244d", kill_on_drop: false }`
[INFO] running `Command { std: "docker" "rm" "-f" "84769195376f2883c812ad26b115c847cf2d2fe473544026385cb6ce0126244d", kill_on_drop: false }`
[INFO] [stdout] 84769195376f2883c812ad26b115c847cf2d2fe473544026385cb6ce0126244d
