[INFO] fetching crate hello-world-roger 0.1.0...
[INFO] testing hello-world-roger-0.1.0 against 1.75.0 for beta-1.76-1
[INFO] extracting crate hello-world-roger 0.1.0 into /workspace/builds/worker-6-tc1/source
[INFO] validating manifest of crates.io crate hello-world-roger 0.1.0 on toolchain 1.75.0
[INFO] running `Command { std: CARGO_HOME="/workspace/cargo-home" RUSTUP_HOME="/workspace/rustup-home" "/workspace/cargo-home/bin/cargo" "+1.75.0" "metadata" "--manifest-path" "Cargo.toml" "--no-deps", kill_on_drop: false }`
[INFO] removed /workspace/builds/worker-6-tc1/source/.cargo/config
[INFO] started tweaking crates.io crate hello-world-roger 0.1.0
[INFO] finished tweaking crates.io crate hello-world-roger 0.1.0
[INFO] tweaked toml for crates.io crate hello-world-roger 0.1.0 written to /workspace/builds/worker-6-tc1/source/Cargo.toml
[INFO] crate crates.io crate hello-world-roger 0.1.0 already has a lockfile, it will not be regenerated
[INFO] running `Command { std: CARGO_HOME="/workspace/cargo-home" RUSTUP_HOME="/workspace/rustup-home" "/workspace/cargo-home/bin/cargo" "+1.75.0" "fetch" "--manifest-path" "Cargo.toml", kill_on_drop: false }`
[INFO] [stderr]  Downloading crates ...
[INFO] [stderr]   Downloaded serde_derive v1.0.127
[INFO] [stderr]   Downloaded cosmwasm-schema v1.0.0-beta7
[INFO] [stderr]   Downloaded cosmwasm-derive v1.0.0-beta7
[INFO] [stderr]   Downloaded dyn-clone v1.0.4
[INFO] [stderr]   Downloaded cosmwasm-crypto v1.0.0-beta7
[INFO] [stderr]   Downloaded ff v0.10.0
[INFO] [stderr]   Downloaded spki v0.4.0
[INFO] [stderr]   Downloaded zeroize v1.4.1
[INFO] [stderr]   Downloaded ed25519-zebra v3.0.0
[INFO] [stderr]   Downloaded serde v1.0.127
[INFO] [stderr]   Downloaded libc v0.2.99
[INFO] [stderr]   Downloaded der v0.4.1
[INFO] [stderr]   Downloaded cw-storage-plus v0.13.1
[INFO] [stderr]   Downloaded pkcs8 v0.7.5
[INFO] [stderr]   Downloaded ecdsa v0.12.3
[INFO] [stderr]   Downloaded const-oid v0.6.0
[INFO] [stderr]   Downloaded signature v1.3.1
[INFO] [stderr]   Downloaded elliptic-curve v0.10.5
[INFO] [stderr]   Downloaded crypto-bigint v0.2.2
[INFO] [stderr]   Downloaded cosmwasm-storage v1.0.0-beta7
[INFO] [stderr]   Downloaded schemars v0.8.3
[INFO] [stderr]   Downloaded serde_json v1.0.66
[INFO] [stderr]   Downloaded schemars_derive v0.8.3
[INFO] [stderr]   Downloaded cw2 v0.13.1
[INFO] [stderr]   Downloaded cw-utils v0.13.1
[INFO] [stderr]   Downloaded cw-multi-test v0.13.1
[INFO] [stderr]   Downloaded cosmwasm-std v1.0.0-beta7
[INFO] running `Command { std: "docker" "create" "-v" "/var/lib/crater-agent-workspace/builds/worker-6-tc1/target:/opt/rustwide/target:rw,Z" "-v" "/var/lib/crater-agent-workspace/builds/worker-6-tc1/source:/opt/rustwide/workdir:ro,Z" "-v" "/var/lib/crater-agent-workspace/cargo-home:/opt/rustwide/cargo-home:ro,Z" "-v" "/var/lib/crater-agent-workspace/rustup-home:/opt/rustwide/rustup-home:ro,Z" "-e" "SOURCE_DIR=/opt/rustwide/workdir" "-e" "CARGO_TARGET_DIR=/opt/rustwide/target" "-e" "CARGO_HOME=/opt/rustwide/cargo-home" "-e" "RUSTUP_HOME=/opt/rustwide/rustup-home" "-w" "/opt/rustwide/workdir" "-m" "1610612736" "--user" "0:0" "--network" "none" "ghcr.io/rust-lang/crates-build-env/linux@sha256:2788e3201cd34a07e3172128adcd8b3090168a8e3bcc40d7c032b9dda1df7d1c" "/opt/rustwide/cargo-home/bin/cargo" "+1.75.0" "metadata" "--no-deps" "--format-version=1", kill_on_drop: false }`
[INFO] [stdout] 033744d7f6722c16ad2d08e81a3bc7c595aa76faf6199f1268501e592e45c4c5
[INFO] running `Command { std: "docker" "start" "-a" "033744d7f6722c16ad2d08e81a3bc7c595aa76faf6199f1268501e592e45c4c5", kill_on_drop: false }`
[INFO] running `Command { std: "docker" "inspect" "033744d7f6722c16ad2d08e81a3bc7c595aa76faf6199f1268501e592e45c4c5", kill_on_drop: false }`
[INFO] running `Command { std: "docker" "rm" "-f" "033744d7f6722c16ad2d08e81a3bc7c595aa76faf6199f1268501e592e45c4c5", kill_on_drop: false }`
[INFO] [stdout] 033744d7f6722c16ad2d08e81a3bc7c595aa76faf6199f1268501e592e45c4c5
[INFO] running `Command { std: "docker" "create" "-v" "/var/lib/crater-agent-workspace/builds/worker-6-tc1/target:/opt/rustwide/target:rw,Z" "-v" "/var/lib/crater-agent-workspace/builds/worker-6-tc1/source:/opt/rustwide/workdir:ro,Z" "-v" "/var/lib/crater-agent-workspace/cargo-home:/opt/rustwide/cargo-home:ro,Z" "-v" "/var/lib/crater-agent-workspace/rustup-home:/opt/rustwide/rustup-home:ro,Z" "-e" "SOURCE_DIR=/opt/rustwide/workdir" "-e" "CARGO_TARGET_DIR=/opt/rustwide/target" "-e" "CARGO_INCREMENTAL=0" "-e" "RUST_BACKTRACE=full" "-e" "RUSTFLAGS=--cap-lints=warn" "-e" "RUSTDOCFLAGS=--cap-lints=warn" "-e" "CARGO_HOME=/opt/rustwide/cargo-home" "-e" "RUSTUP_HOME=/opt/rustwide/rustup-home" "-w" "/opt/rustwide/workdir" "-m" "1610612736" "--user" "0:0" "--network" "none" "ghcr.io/rust-lang/crates-build-env/linux@sha256:2788e3201cd34a07e3172128adcd8b3090168a8e3bcc40d7c032b9dda1df7d1c" "/opt/rustwide/cargo-home/bin/cargo" "+1.75.0" "build" "--frozen" "--message-format=json", kill_on_drop: false }`
[INFO] [stdout] c580d00ac2f86ecf7a6e48ce6b97e5c6f7fbd490481c785e89960277f0f45bd0
[INFO] running `Command { std: "docker" "start" "-a" "c580d00ac2f86ecf7a6e48ce6b97e5c6f7fbd490481c785e89960277f0f45bd0", kill_on_drop: false }`
[INFO] [stderr]    Compiling typenum v1.13.0
[INFO] [stderr]    Compiling libc v0.2.99
[INFO] [stderr]    Compiling proc-macro2 v1.0.28
[INFO] [stderr]    Compiling generic-array v0.14.4
[INFO] [stderr]    Compiling syn v1.0.74
[INFO] [stderr]    Compiling subtle v2.4.1
[INFO] [stderr]    Compiling serde_derive v1.0.127
[INFO] [stderr]    Compiling zeroize v1.4.1
[INFO] [stderr]    Compiling serde v1.0.127
[INFO] [stderr]    Compiling const-oid v0.6.0
[INFO] [stderr]    Compiling getrandom v0.1.16
[INFO] [stderr]    Compiling cpufeatures v0.1.5
[INFO] [stderr]    Compiling ryu v1.0.5
[INFO] [stderr]    Compiling opaque-debug v0.3.0
[INFO] [stderr]    Compiling byteorder v1.4.3
[INFO] [stderr]    Compiling serde_json v1.0.66
[INFO] [stderr]    Compiling hex v0.4.3
[INFO] [stderr]    Compiling crunchy v0.2.2
[INFO] [stderr]    Compiling der v0.4.1
[INFO] [stderr]    Compiling schemars v0.8.3
[INFO] [stderr]    Compiling itoa v0.4.7
[INFO] [stderr]    Compiling static_assertions v1.1.0
[INFO] [stderr]    Compiling dyn-clone v1.0.4
[INFO] [stderr]    Compiling forward_ref v1.0.0
[INFO] [stderr]    Compiling uint v0.9.1
[INFO] [stderr]    Compiling spki v0.4.0
[INFO] [stderr]    Compiling pkcs8 v0.7.5
[INFO] [stderr]    Compiling quote v1.0.9
[INFO] [stderr]    Compiling getrandom v0.2.3
[INFO] [stderr]    Compiling rand_core v0.6.3
[INFO] [stderr]    Compiling rand_core v0.5.1
[INFO] [stderr]    Compiling ff v0.10.0
[INFO] [stderr]    Compiling group v0.10.0
[INFO] [stderr]    Compiling digest v0.9.0
[INFO] [stderr]    Compiling crypto-mac v0.11.1
[INFO] [stderr]    Compiling crypto-bigint v0.2.2
[INFO] [stderr]    Compiling block-buffer v0.9.0
[INFO] [stderr]    Compiling sha2 v0.9.5
[INFO] [stderr]    Compiling signature v1.3.1
[INFO] [stderr]    Compiling hmac v0.11.0
[INFO] [stderr]    Compiling curve25519-dalek v3.2.0
[INFO] [stderr]    Compiling elliptic-curve v0.10.5
[INFO] [stderr]    Compiling ecdsa v0.12.3
[INFO] [stderr]    Compiling k256 v0.9.6
[INFO] [stderr]    Compiling serde_derive_internals v0.25.0
[INFO] [stderr]    Compiling thiserror-impl v1.0.26
[INFO] [stderr]    Compiling schemars_derive v0.8.3
[INFO] [stderr]    Compiling cosmwasm-derive v1.0.0-beta7
[INFO] [stderr]    Compiling thiserror v1.0.26
[INFO] [stderr]    Compiling ed25519-zebra v3.0.0
[INFO] [stderr]    Compiling serde-json-wasm v0.3.2
[INFO] [stderr]    Compiling cosmwasm-crypto v1.0.0-beta7
[INFO] [stderr]    Compiling cosmwasm-std v1.0.0-beta7
[INFO] [stderr]    Compiling cw-storage-plus v0.13.1
[INFO] [stderr]    Compiling cosmwasm-storage v1.0.0-beta7
[INFO] [stderr]    Compiling cw2 v0.13.1
[INFO] [stderr]    Compiling hello-world-roger v0.1.0 (/opt/rustwide/workdir)
[INFO] [stderr]     Finished dev [unoptimized + debuginfo] target(s) in 13.09s
[INFO] running `Command { std: "docker" "inspect" "c580d00ac2f86ecf7a6e48ce6b97e5c6f7fbd490481c785e89960277f0f45bd0", kill_on_drop: false }`
[INFO] running `Command { std: "docker" "rm" "-f" "c580d00ac2f86ecf7a6e48ce6b97e5c6f7fbd490481c785e89960277f0f45bd0", kill_on_drop: false }`
[INFO] [stdout] c580d00ac2f86ecf7a6e48ce6b97e5c6f7fbd490481c785e89960277f0f45bd0
[INFO] running `Command { std: "docker" "create" "-v" "/var/lib/crater-agent-workspace/builds/worker-6-tc1/target:/opt/rustwide/target:rw,Z" "-v" "/var/lib/crater-agent-workspace/builds/worker-6-tc1/source:/opt/rustwide/workdir:ro,Z" "-v" "/var/lib/crater-agent-workspace/cargo-home:/opt/rustwide/cargo-home:ro,Z" "-v" "/var/lib/crater-agent-workspace/rustup-home:/opt/rustwide/rustup-home:ro,Z" "-e" "SOURCE_DIR=/opt/rustwide/workdir" "-e" "CARGO_TARGET_DIR=/opt/rustwide/target" "-e" "CARGO_INCREMENTAL=0" "-e" "RUST_BACKTRACE=full" "-e" "RUSTFLAGS=--cap-lints=warn" "-e" "RUSTDOCFLAGS=--cap-lints=warn" "-e" "CARGO_HOME=/opt/rustwide/cargo-home" "-e" "RUSTUP_HOME=/opt/rustwide/rustup-home" "-w" "/opt/rustwide/workdir" "-m" "1610612736" "--user" "0:0" "--network" "none" "ghcr.io/rust-lang/crates-build-env/linux@sha256:2788e3201cd34a07e3172128adcd8b3090168a8e3bcc40d7c032b9dda1df7d1c" "/opt/rustwide/cargo-home/bin/cargo" "+1.75.0" "test" "--frozen" "--no-run" "--message-format=json", kill_on_drop: false }`
[INFO] [stdout] 7fd4e113c19da487d491f2e0fbeac78820dd71e6414e25953a3ddfd9ca7dd215
[INFO] running `Command { std: "docker" "start" "-a" "7fd4e113c19da487d491f2e0fbeac78820dd71e6414e25953a3ddfd9ca7dd215", kill_on_drop: false }`
[INFO] [stderr]    Compiling anyhow v1.0.56
[INFO] [stderr]    Compiling bytes v1.1.0
[INFO] [stderr]    Compiling derivative v2.2.0
[INFO] [stderr]    Compiling cosmwasm-schema v1.0.0-beta7
[INFO] [stderr]    Compiling cw-utils v0.13.1
[INFO] [stderr]    Compiling prost-derive v0.9.0
[INFO] [stderr]    Compiling prost v0.9.0
[INFO] [stderr]    Compiling cw-multi-test v0.13.1
[INFO] [stderr]    Compiling hello-world-roger v0.1.0 (/opt/rustwide/workdir)
[INFO] [stdout] error[E0433]: failed to resolve: use of undeclared crate or module `hello_world`
[INFO] [stdout]  --> examples/schema.rs:6:5
[INFO] [stdout]   |
[INFO] [stdout] 6 | use hello_world::msg::{CountResponse, ExecuteMsg, InstantiateMsg, QueryMsg};
[INFO] [stdout]   |     ^^^^^^^^^^^ use of undeclared crate or module `hello_world`
[INFO] [stdout] 
[INFO] [stdout] 
[INFO] [stdout] error[E0433]: failed to resolve: use of undeclared crate or module `hello_world`
[INFO] [stdout]  --> examples/schema.rs:7:5
[INFO] [stdout]   |
[INFO] [stdout] 7 | use hello_world::state::State;
[INFO] [stdout]   |     ^^^^^^^^^^^ use of undeclared crate or module `hello_world`
[INFO] [stdout] 
[INFO] [stdout] 
[INFO] [stdout] error: aborting due to 2 previous errors
[INFO] [stdout] 
[INFO] [stdout] 
[INFO] [stdout] For more information about this error, try `rustc --explain E0433`.
[INFO] [stdout] 
[INFO] [stderr] error: could not compile `hello-world-roger` (example "schema") due to 3 previous errors
[INFO] [stderr] warning: build failed, waiting for other jobs to finish...
[INFO] running `Command { std: "docker" "inspect" "7fd4e113c19da487d491f2e0fbeac78820dd71e6414e25953a3ddfd9ca7dd215", kill_on_drop: false }`
[INFO] running `Command { std: "docker" "rm" "-f" "7fd4e113c19da487d491f2e0fbeac78820dd71e6414e25953a3ddfd9ca7dd215", kill_on_drop: false }`
[INFO] [stdout] 7fd4e113c19da487d491f2e0fbeac78820dd71e6414e25953a3ddfd9ca7dd215
[INFO] testing hello-world-roger-0.1.0 against beta-2023-12-22 for beta-1.76-1
[INFO] extracting crate hello-world-roger 0.1.0 into /workspace/builds/worker-6-tc2/source
[INFO] validating manifest of crates.io crate hello-world-roger 0.1.0 on toolchain beta-2023-12-22
[INFO] running `Command { std: CARGO_HOME="/workspace/cargo-home" RUSTUP_HOME="/workspace/rustup-home" "/workspace/cargo-home/bin/cargo" "+beta-2023-12-22" "metadata" "--manifest-path" "Cargo.toml" "--no-deps", kill_on_drop: false }`
[INFO] removed /workspace/builds/worker-6-tc2/source/.cargo/config
[INFO] started tweaking crates.io crate hello-world-roger 0.1.0
[INFO] finished tweaking crates.io crate hello-world-roger 0.1.0
[INFO] tweaked toml for crates.io crate hello-world-roger 0.1.0 written to /workspace/builds/worker-6-tc2/source/Cargo.toml
[INFO] crate crates.io crate hello-world-roger 0.1.0 already has a lockfile, it will not be regenerated
[INFO] running `Command { std: CARGO_HOME="/workspace/cargo-home" RUSTUP_HOME="/workspace/rustup-home" "/workspace/cargo-home/bin/cargo" "+beta-2023-12-22" "fetch" "--manifest-path" "Cargo.toml", kill_on_drop: false }`
[INFO] [stderr]     Blocking waiting for file lock on package cache
[INFO] running `Command { std: "docker" "create" "-v" "/var/lib/crater-agent-workspace/builds/worker-6-tc2/target:/opt/rustwide/target:rw,Z" "-v" "/var/lib/crater-agent-workspace/builds/worker-6-tc2/source:/opt/rustwide/workdir:ro,Z" "-v" "/var/lib/crater-agent-workspace/cargo-home:/opt/rustwide/cargo-home:ro,Z" "-v" "/var/lib/crater-agent-workspace/rustup-home:/opt/rustwide/rustup-home:ro,Z" "-e" "SOURCE_DIR=/opt/rustwide/workdir" "-e" "CARGO_TARGET_DIR=/opt/rustwide/target" "-e" "CARGO_HOME=/opt/rustwide/cargo-home" "-e" "RUSTUP_HOME=/opt/rustwide/rustup-home" "-w" "/opt/rustwide/workdir" "-m" "1610612736" "--user" "0:0" "--network" "none" "ghcr.io/rust-lang/crates-build-env/linux@sha256:2788e3201cd34a07e3172128adcd8b3090168a8e3bcc40d7c032b9dda1df7d1c" "/opt/rustwide/cargo-home/bin/cargo" "+beta-2023-12-22" "metadata" "--no-deps" "--format-version=1", kill_on_drop: false }`
[INFO] [stdout] 0c453d5666f6e140e2e60baea5f53f4c481c5300ee0dc206bbf902ca8339f08b
[INFO] running `Command { std: "docker" "start" "-a" "0c453d5666f6e140e2e60baea5f53f4c481c5300ee0dc206bbf902ca8339f08b", kill_on_drop: false }`
[INFO] running `Command { std: "docker" "inspect" "0c453d5666f6e140e2e60baea5f53f4c481c5300ee0dc206bbf902ca8339f08b", kill_on_drop: false }`
[INFO] running `Command { std: "docker" "rm" "-f" "0c453d5666f6e140e2e60baea5f53f4c481c5300ee0dc206bbf902ca8339f08b", kill_on_drop: false }`
[INFO] [stdout] 0c453d5666f6e140e2e60baea5f53f4c481c5300ee0dc206bbf902ca8339f08b
[INFO] running `Command { std: "docker" "create" "-v" "/var/lib/crater-agent-workspace/builds/worker-6-tc2/target:/opt/rustwide/target:rw,Z" "-v" "/var/lib/crater-agent-workspace/builds/worker-6-tc2/source:/opt/rustwide/workdir:ro,Z" "-v" "/var/lib/crater-agent-workspace/cargo-home:/opt/rustwide/cargo-home:ro,Z" "-v" "/var/lib/crater-agent-workspace/rustup-home:/opt/rustwide/rustup-home:ro,Z" "-e" "SOURCE_DIR=/opt/rustwide/workdir" "-e" "CARGO_TARGET_DIR=/opt/rustwide/target" "-e" "CARGO_INCREMENTAL=0" "-e" "RUST_BACKTRACE=full" "-e" "RUSTFLAGS=--cap-lints=warn" "-e" "RUSTDOCFLAGS=--cap-lints=warn" "-e" "CARGO_HOME=/opt/rustwide/cargo-home" "-e" "RUSTUP_HOME=/opt/rustwide/rustup-home" "-w" "/opt/rustwide/workdir" "-m" "1610612736" "--user" "0:0" "--network" "none" "ghcr.io/rust-lang/crates-build-env/linux@sha256:2788e3201cd34a07e3172128adcd8b3090168a8e3bcc40d7c032b9dda1df7d1c" "/opt/rustwide/cargo-home/bin/cargo" "+beta-2023-12-22" "build" "--frozen" "--message-format=json", kill_on_drop: false }`
[INFO] [stdout] cd394c2f41786ef6e1179c725f3fdedb04764e455bb4a2df2b5a1ea551b010ff
[INFO] running `Command { std: "docker" "start" "-a" "cd394c2f41786ef6e1179c725f3fdedb04764e455bb4a2df2b5a1ea551b010ff", kill_on_drop: false }`
[INFO] [stderr]    Compiling libc v0.2.99
[INFO] [stderr]    Compiling typenum v1.13.0
[INFO] [stderr]    Compiling proc-macro2 v1.0.28
[INFO] [stderr]    Compiling syn v1.0.74
[INFO] [stderr]    Compiling subtle v2.4.1
[INFO] [stderr]    Compiling serde_derive v1.0.127
[INFO] [stderr]    Compiling zeroize v1.4.1
[INFO] [stderr]    Compiling const-oid v0.6.0
[INFO] [stderr]    Compiling serde v1.0.127
[INFO] [stderr]    Compiling getrandom v0.1.16
[INFO] [stderr]    Compiling ryu v1.0.5
[INFO] [stderr]    Compiling cpufeatures v0.1.5
[INFO] [stderr]    Compiling byteorder v1.4.3
[INFO] [stderr]    Compiling generic-array v0.14.4
[INFO] [stderr]    Compiling opaque-debug v0.3.0
[INFO] [stderr]    Compiling hex v0.4.3
[INFO] [stderr]    Compiling crunchy v0.2.2
[INFO] [stderr]    Compiling serde_json v1.0.66
[INFO] [stderr]    Compiling schemars v0.8.3
[INFO] [stderr]    Compiling der v0.4.1
[INFO] [stderr]    Compiling itoa v0.4.7
[INFO] [stderr]    Compiling dyn-clone v1.0.4
[INFO] [stderr]    Compiling static_assertions v1.1.0
[INFO] [stderr]    Compiling forward_ref v1.0.0
[INFO] [stderr]    Compiling uint v0.9.1
[INFO] [stderr]    Compiling spki v0.4.0
[INFO] [stderr]    Compiling pkcs8 v0.7.5
[INFO] [stderr]    Compiling quote v1.0.9
[INFO] [stderr]    Compiling getrandom v0.2.3
[INFO] [stderr]    Compiling rand_core v0.6.3
[INFO] [stderr]    Compiling rand_core v0.5.1
[INFO] [stderr]    Compiling ff v0.10.0
[INFO] [stderr]    Compiling group v0.10.0
[INFO] [stderr]    Compiling digest v0.9.0
[INFO] [stderr]    Compiling crypto-bigint v0.2.2
[INFO] [stderr]    Compiling block-buffer v0.9.0
[INFO] [stderr]    Compiling crypto-mac v0.11.1
[INFO] [stderr]    Compiling hmac v0.11.0
[INFO] [stderr]    Compiling sha2 v0.9.5
[INFO] [stderr]    Compiling signature v1.3.1
[INFO] [stderr]    Compiling curve25519-dalek v3.2.0
[INFO] [stderr]    Compiling elliptic-curve v0.10.5
[INFO] [stderr]    Compiling ecdsa v0.12.3
[INFO] [stderr]    Compiling k256 v0.9.6
[INFO] [stderr]    Compiling serde_derive_internals v0.25.0
[INFO] [stderr]    Compiling thiserror-impl v1.0.26
[INFO] [stderr]    Compiling schemars_derive v0.8.3
[INFO] [stderr]    Compiling cosmwasm-derive v1.0.0-beta7
[INFO] [stderr]    Compiling thiserror v1.0.26
[INFO] [stderr]    Compiling ed25519-zebra v3.0.0
[INFO] [stderr]    Compiling serde-json-wasm v0.3.2
[INFO] [stderr]    Compiling cosmwasm-crypto v1.0.0-beta7
[INFO] [stderr]    Compiling cosmwasm-std v1.0.0-beta7
[INFO] [stderr]    Compiling cw-storage-plus v0.13.1
[INFO] [stderr]    Compiling cosmwasm-storage v1.0.0-beta7
[INFO] [stderr]    Compiling cw2 v0.13.1
[INFO] [stderr]    Compiling hello-world-roger v0.1.0 (/opt/rustwide/workdir)
[INFO] [stderr]     Finished dev [unoptimized + debuginfo] target(s) in 18.92s
[INFO] running `Command { std: "docker" "inspect" "cd394c2f41786ef6e1179c725f3fdedb04764e455bb4a2df2b5a1ea551b010ff", kill_on_drop: false }`
[INFO] running `Command { std: "docker" "rm" "-f" "cd394c2f41786ef6e1179c725f3fdedb04764e455bb4a2df2b5a1ea551b010ff", kill_on_drop: false }`
[INFO] [stdout] cd394c2f41786ef6e1179c725f3fdedb04764e455bb4a2df2b5a1ea551b010ff
[INFO] running `Command { std: "docker" "create" "-v" "/var/lib/crater-agent-workspace/builds/worker-6-tc2/target:/opt/rustwide/target:rw,Z" "-v" "/var/lib/crater-agent-workspace/builds/worker-6-tc2/source:/opt/rustwide/workdir:ro,Z" "-v" "/var/lib/crater-agent-workspace/cargo-home:/opt/rustwide/cargo-home:ro,Z" "-v" "/var/lib/crater-agent-workspace/rustup-home:/opt/rustwide/rustup-home:ro,Z" "-e" "SOURCE_DIR=/opt/rustwide/workdir" "-e" "CARGO_TARGET_DIR=/opt/rustwide/target" "-e" "CARGO_INCREMENTAL=0" "-e" "RUST_BACKTRACE=full" "-e" "RUSTFLAGS=--cap-lints=warn" "-e" "RUSTDOCFLAGS=--cap-lints=warn" "-e" "CARGO_HOME=/opt/rustwide/cargo-home" "-e" "RUSTUP_HOME=/opt/rustwide/rustup-home" "-w" "/opt/rustwide/workdir" "-m" "1610612736" "--user" "0:0" "--network" "none" "ghcr.io/rust-lang/crates-build-env/linux@sha256:2788e3201cd34a07e3172128adcd8b3090168a8e3bcc40d7c032b9dda1df7d1c" "/opt/rustwide/cargo-home/bin/cargo" "+beta-2023-12-22" "test" "--frozen" "--no-run" "--message-format=json", kill_on_drop: false }`
[INFO] [stdout] f0202068cfbfa33ddcf598ca3c3142929f39a38eeb23f0953e75288281f6d051
[INFO] running `Command { std: "docker" "start" "-a" "f0202068cfbfa33ddcf598ca3c3142929f39a38eeb23f0953e75288281f6d051", kill_on_drop: false }`
[INFO] [stderr]    Compiling anyhow v1.0.56
[INFO] [stderr]    Compiling bytes v1.1.0
[INFO] [stderr]    Compiling derivative v2.2.0
[INFO] [stderr]    Compiling cosmwasm-schema v1.0.0-beta7
[INFO] [stderr]    Compiling cw-utils v0.13.1
[INFO] [stderr]    Compiling prost-derive v0.9.0
[INFO] [stderr]    Compiling prost v0.9.0
[INFO] [stderr]    Compiling cw-multi-test v0.13.1
[INFO] [stderr]    Compiling hello-world-roger v0.1.0 (/opt/rustwide/workdir)
[INFO] [stdout] error[E0433]: failed to resolve: use of undeclared crate or module `hello_world`
[INFO] [stdout]  --> examples/schema.rs:6:5
[INFO] [stdout]   |
[INFO] [stdout] 6 | use hello_world::msg::{CountResponse, ExecuteMsg, InstantiateMsg, QueryMsg};
[INFO] [stdout]   |     ^^^^^^^^^^^ use of undeclared crate or module `hello_world`
[INFO] [stdout] 
[INFO] [stdout] 
[INFO] [stdout] error[E0433]: failed to resolve: use of undeclared crate or module `hello_world`
[INFO] [stdout]  --> examples/schema.rs:7:5
[INFO] [stdout]   |
[INFO] [stdout] 7 | use hello_world::state::State;
[INFO] [stdout]   |     ^^^^^^^^^^^ use of undeclared crate or module `hello_world`
[INFO] [stdout] 
[INFO] [stdout] 
[INFO] [stdout] error: aborting due to 2 previous errors
[INFO] [stdout] 
[INFO] [stdout] 
[INFO] [stdout] For more information about this error, try `rustc --explain E0433`.
[INFO] [stdout] 
[INFO] [stderr] error: could not compile `hello-world-roger` (example "schema") due to 3 previous errors
[INFO] [stderr] warning: build failed, waiting for other jobs to finish...
[INFO] running `Command { std: "docker" "inspect" "f0202068cfbfa33ddcf598ca3c3142929f39a38eeb23f0953e75288281f6d051", kill_on_drop: false }`
[INFO] running `Command { std: "docker" "rm" "-f" "f0202068cfbfa33ddcf598ca3c3142929f39a38eeb23f0953e75288281f6d051", kill_on_drop: false }`
[INFO] [stdout] f0202068cfbfa33ddcf598ca3c3142929f39a38eeb23f0953e75288281f6d051
