[INFO] fetching crate helium-api 3.3.1...
[INFO] testing helium-api-3.3.1 against 1.75.0 for beta-1.76-1
[INFO] extracting crate helium-api 3.3.1 into /workspace/builds/worker-7-tc1/source
[INFO] validating manifest of crates.io crate helium-api 3.3.1 on toolchain 1.75.0
[INFO] running `Command { std: CARGO_HOME="/workspace/cargo-home" RUSTUP_HOME="/workspace/rustup-home" "/workspace/cargo-home/bin/cargo" "+1.75.0" "metadata" "--manifest-path" "Cargo.toml" "--no-deps", kill_on_drop: false }`
[INFO] started tweaking crates.io crate helium-api 3.3.1
[INFO] finished tweaking crates.io crate helium-api 3.3.1
[INFO] tweaked toml for crates.io crate helium-api 3.3.1 written to /workspace/builds/worker-7-tc1/source/Cargo.toml
[INFO] crate crates.io crate helium-api 3.3.1 already has a lockfile, it will not be regenerated
[INFO] running `Command { std: CARGO_HOME="/workspace/cargo-home" RUSTUP_HOME="/workspace/rustup-home" "/workspace/cargo-home/bin/cargo" "+1.75.0" "fetch" "--manifest-path" "Cargo.toml", kill_on_drop: false }`
[INFO] [stderr]  Downloading crates ...
[INFO] [stderr]   Downloaded wasm-bindgen-shared v0.2.76
[INFO] [stderr]   Downloaded wasm-bindgen-futures v0.4.26
[INFO] [stderr]   Downloaded wasm-bindgen-backend v0.2.76
[INFO] [stderr]   Downloaded thiserror-impl v1.0.26
[INFO] [stderr]   Downloaded wasm-bindgen-macro v0.2.76
[INFO] [stderr]   Downloaded serde_test v1.0.136
[INFO] [stderr]   Downloaded wasm-bindgen-macro-support v0.2.76
[INFO] [stderr]   Downloaded async-compression v0.3.8
[INFO] [stderr]   Downloaded js-sys v0.3.53
[INFO] [stderr]   Downloaded web-sys v0.3.53
[INFO] [stderr]   Downloaded hyper v0.14.12
[INFO] [stderr]   Downloaded libc v0.2.100
[INFO] [stderr]   Downloaded tokio v1.10.1
[INFO] [stderr]   Downloaded wasm-bindgen v0.2.76
[INFO] [stderr]   Downloaded serde_derive v1.0.129
[INFO] [stderr]   Downloaded serde v1.0.129
[INFO] [stderr]   Downloaded rust_decimal v1.15.0
[INFO] [stderr]   Downloaded h2 v0.3.4
[INFO] [stderr]   Downloaded syn v1.0.75
[INFO] [stderr]   Downloaded thiserror v1.0.26
[INFO] running `Command { std: "docker" "create" "-v" "/var/lib/crater-agent-workspace/builds/worker-7-tc1/target:/opt/rustwide/target:rw,Z" "-v" "/var/lib/crater-agent-workspace/builds/worker-7-tc1/source:/opt/rustwide/workdir:ro,Z" "-v" "/var/lib/crater-agent-workspace/cargo-home:/opt/rustwide/cargo-home:ro,Z" "-v" "/var/lib/crater-agent-workspace/rustup-home:/opt/rustwide/rustup-home:ro,Z" "-e" "SOURCE_DIR=/opt/rustwide/workdir" "-e" "CARGO_TARGET_DIR=/opt/rustwide/target" "-e" "CARGO_HOME=/opt/rustwide/cargo-home" "-e" "RUSTUP_HOME=/opt/rustwide/rustup-home" "-w" "/opt/rustwide/workdir" "-m" "1610612736" "--user" "0:0" "--network" "none" "ghcr.io/rust-lang/crates-build-env/linux@sha256:2788e3201cd34a07e3172128adcd8b3090168a8e3bcc40d7c032b9dda1df7d1c" "/opt/rustwide/cargo-home/bin/cargo" "+1.75.0" "metadata" "--no-deps" "--format-version=1", kill_on_drop: false }`
[INFO] [stdout] c96ad3ecf7d2b2bca97da3bd28c4b2a44ce5d7449afbd4147325e9b6f7dfe497
[INFO] running `Command { std: "docker" "start" "-a" "c96ad3ecf7d2b2bca97da3bd28c4b2a44ce5d7449afbd4147325e9b6f7dfe497", kill_on_drop: false }`
[INFO] running `Command { std: "docker" "inspect" "c96ad3ecf7d2b2bca97da3bd28c4b2a44ce5d7449afbd4147325e9b6f7dfe497", kill_on_drop: false }`
[INFO] running `Command { std: "docker" "rm" "-f" "c96ad3ecf7d2b2bca97da3bd28c4b2a44ce5d7449afbd4147325e9b6f7dfe497", kill_on_drop: false }`
[INFO] [stdout] c96ad3ecf7d2b2bca97da3bd28c4b2a44ce5d7449afbd4147325e9b6f7dfe497
[INFO] running `Command { std: "docker" "create" "-v" "/var/lib/crater-agent-workspace/builds/worker-7-tc1/target:/opt/rustwide/target:rw,Z" "-v" "/var/lib/crater-agent-workspace/builds/worker-7-tc1/source:/opt/rustwide/workdir:ro,Z" "-v" "/var/lib/crater-agent-workspace/cargo-home:/opt/rustwide/cargo-home:ro,Z" "-v" "/var/lib/crater-agent-workspace/rustup-home:/opt/rustwide/rustup-home:ro,Z" "-e" "SOURCE_DIR=/opt/rustwide/workdir" "-e" "CARGO_TARGET_DIR=/opt/rustwide/target" "-e" "CARGO_INCREMENTAL=0" "-e" "RUST_BACKTRACE=full" "-e" "RUSTFLAGS=--cap-lints=warn" "-e" "RUSTDOCFLAGS=--cap-lints=warn" "-e" "CARGO_HOME=/opt/rustwide/cargo-home" "-e" "RUSTUP_HOME=/opt/rustwide/rustup-home" "-w" "/opt/rustwide/workdir" "-m" "1610612736" "--user" "0:0" "--network" "none" "ghcr.io/rust-lang/crates-build-env/linux@sha256:2788e3201cd34a07e3172128adcd8b3090168a8e3bcc40d7c032b9dda1df7d1c" "/opt/rustwide/cargo-home/bin/cargo" "+1.75.0" "build" "--frozen" "--message-format=json", kill_on_drop: false }`
[INFO] [stdout] ec8129cb1b80386aacacdc3a49ca6f7fba5f63f2e8dad772ab0ae6cd98cf1dc8
[INFO] running `Command { std: "docker" "start" "-a" "ec8129cb1b80386aacacdc3a49ca6f7fba5f63f2e8dad772ab0ae6cd98cf1dc8", kill_on_drop: false }`
[INFO] [stderr]    Compiling autocfg v1.0.1
[INFO] [stderr]    Compiling proc-macro2 v1.0.28
[INFO] [stderr]    Compiling unicode-xid v0.2.2
[INFO] [stderr]    Compiling syn v1.0.75
[INFO] [stderr]    Compiling libc v0.2.100
[INFO] [stderr]    Compiling once_cell v1.8.0
[INFO] [stderr]    Compiling log v0.4.14
[INFO] [stderr]    Compiling pin-project-lite v0.2.7
[INFO] [stderr]    Compiling memchr v2.4.1
[INFO] [stderr]    Compiling futures-core v0.3.16
[INFO] [stderr]    Compiling instant v0.1.10
[INFO] [stderr]    Compiling proc-macro-hack v0.5.19
[INFO] [stderr]    Compiling cc v1.0.69
[INFO] [stderr]    Compiling smallvec v1.6.1
[INFO] [stderr]    Compiling bytes v1.0.1
[INFO] [stderr]    Compiling lock_api v0.4.4
[INFO] [stderr]    Compiling futures-macro v0.3.16
[INFO] [stderr]    Compiling tokio v1.10.1
[INFO] [stderr]    Compiling proc-macro-nested v0.1.7
[INFO] [stderr]    Compiling futures-channel v0.3.16
[INFO] [stderr]    Compiling quote v1.0.9
[INFO] [stderr]    Compiling futures-task v0.3.16
[INFO] [stderr]    Compiling futures-sink v0.3.16
[INFO] [stderr]    Compiling parking_lot_core v0.8.3
[INFO] [stderr]    Compiling signal-hook-registry v1.4.0
[INFO] [stderr]    Compiling num_cpus v1.13.0
[INFO] [stderr]    Compiling mio v0.7.13
[INFO] [stderr]    Compiling parking_lot v0.11.1
[INFO] [stderr]    Compiling futures-util v0.3.16
[INFO] [stderr]    Compiling serde_derive v1.0.129
[INFO] [stderr]    Compiling ring v0.16.20
[INFO] [stderr]    Compiling slab v0.4.4
[INFO] [stderr]    Compiling futures-io v0.3.16
[INFO] [stderr]    Compiling serde v1.0.129
[INFO] [stderr]    Compiling indexmap v1.7.0
[INFO] [stderr]    Compiling http v0.2.4
[INFO] [stderr]    Compiling tracing-core v0.1.19
[INFO] [stderr]    Compiling miniz_oxide v0.4.4
[INFO] [stderr]    Compiling num-traits v0.2.14
[INFO] [stderr]    Compiling crc32fast v1.2.1
[INFO] [stderr]    Compiling hashbrown v0.11.2
[INFO] [stderr]    Compiling matches v0.1.9
[INFO] [stderr]    Compiling tinyvec_macros v0.1.0
[INFO] [stderr]    Compiling httparse v1.5.1
[INFO] [stderr]    Compiling ryu v1.0.5
[INFO] [stderr]    Compiling tinyvec v1.3.1
[INFO] [stderr]    Compiling tracing v0.1.26
[INFO] [stderr]    Compiling percent-encoding v2.1.0
[INFO] [stderr]    Compiling try-lock v0.2.3
[INFO] [stderr]    Compiling base64 v0.13.0
[INFO] [stderr]    Compiling form_urlencoded v1.0.1
[INFO] [stderr]    Compiling want v0.3.0
[INFO] [stderr]    Compiling unicode-normalization v0.1.19
[INFO] [stderr]    Compiling socket2 v0.4.1
[INFO] [stderr]    Compiling num-integer v0.1.44
[INFO] [stderr]    Compiling http-body v0.4.3
[INFO] [stderr]    Compiling tower-service v0.3.1
[INFO] [stderr]    Compiling encoding_rs v0.8.28
[INFO] [stderr]    Compiling serde_json v1.0.66
[INFO] [stderr]    Compiling unicode-bidi v0.3.6
[INFO] [stderr]    Compiling httpdate v1.0.1
[INFO] [stderr]    Compiling flate2 v1.0.20
[INFO] [stderr]    Compiling idna v0.2.3
[INFO] [stderr]    Compiling async-trait v0.1.51
[INFO] [stderr]    Compiling time v0.1.44
[INFO] [stderr]    Compiling url v2.2.2
[INFO] [stderr]    Compiling arrayvec v0.5.2
[INFO] [stderr]    Compiling webpki v0.21.4
[INFO] [stderr]    Compiling sct v0.6.1
[INFO] [stderr]    Compiling mime v0.3.16
[INFO] [stderr]    Compiling rustls v0.19.1
[INFO] [stderr]    Compiling webpki-roots v0.21.1
[INFO] [stderr]    Compiling ipnet v2.3.1
[INFO] [stderr]    Compiling tokio-macros v1.3.0
[INFO] [stderr]    Compiling thiserror-impl v1.0.26
[INFO] [stderr]    Compiling thiserror v1.0.26
[INFO] [stderr]    Compiling futures-executor v0.3.16
[INFO] [stderr]    Compiling futures v0.3.16
[INFO] [stderr]    Compiling tokio-util v0.6.7
[INFO] [stderr]    Compiling tokio-rustls v0.22.0
[INFO] [stderr]    Compiling async-compression v0.3.8
[INFO] [stderr]    Compiling h2 v0.3.4
[INFO] [stderr]    Compiling serde_urlencoded v0.7.0
[INFO] [stderr]    Compiling chrono v0.4.19
[INFO] [stderr]    Compiling rust_decimal v1.15.0
[INFO] [stderr]    Compiling hyper v0.14.12
[INFO] [stderr]    Compiling hyper-rustls v0.22.1
[INFO] [stderr]    Compiling reqwest v0.11.4
[INFO] [stderr]    Compiling helium-api v3.3.1 (/opt/rustwide/workdir)
[INFO] [stdout] warning: ambiguous glob re-exports
[INFO] [stdout]   --> src/models/transactions/mod.rs:52:9
[INFO] [stdout]    |
[INFO] [stdout] 52 | pub use poc_receipts_v1::*;
[INFO] [stdout]    |         ^^^^^^^^^^^^^^^^^^ the name `PathElement` in the type namespace is first re-exported here
[INFO] [stdout] 53 | pub use poc_receipts_v2::*;
[INFO] [stdout]    |         ------------------ but the name `PathElement` in the type namespace is also re-exported here
[INFO] [stdout]    |
[INFO] [stdout]    = note: `#[warn(ambiguous_glob_reexports)]` on by default
[INFO] [stdout] 
[INFO] [stdout] 
[INFO] [stdout] warning: ambiguous glob re-exports
[INFO] [stdout]   --> src/models/transactions/mod.rs:52:9
[INFO] [stdout]    |
[INFO] [stdout] 52 | pub use poc_receipts_v1::*;
[INFO] [stdout]    |         ^^^^^^^^^^^^^^^^^^ the name `Receipt` in the type namespace is first re-exported here
[INFO] [stdout] 53 | pub use poc_receipts_v2::*;
[INFO] [stdout]    |         ------------------ but the name `Receipt` in the type namespace is also re-exported here
[INFO] [stdout] 
[INFO] [stdout] 
[INFO] [stdout] warning: ambiguous glob re-exports
[INFO] [stdout]   --> src/models/transactions/mod.rs:52:9
[INFO] [stdout]    |
[INFO] [stdout] 52 | pub use poc_receipts_v1::*;
[INFO] [stdout]    |         ^^^^^^^^^^^^^^^^^^ the name `Witness` in the type namespace is first re-exported here
[INFO] [stdout] 53 | pub use poc_receipts_v2::*;
[INFO] [stdout]    |         ------------------ but the name `Witness` in the type namespace is also re-exported here
[INFO] [stdout] 
[INFO] [stdout] 
[INFO] [stdout] warning: 3 warnings emitted
[INFO] [stdout] 
[INFO] [stdout] 
[INFO] [stderr]     Finished dev [unoptimized + debuginfo] target(s) in 50.67s
[INFO] running `Command { std: "docker" "inspect" "ec8129cb1b80386aacacdc3a49ca6f7fba5f63f2e8dad772ab0ae6cd98cf1dc8", kill_on_drop: false }`
[INFO] running `Command { std: "docker" "rm" "-f" "ec8129cb1b80386aacacdc3a49ca6f7fba5f63f2e8dad772ab0ae6cd98cf1dc8", kill_on_drop: false }`
[INFO] [stdout] ec8129cb1b80386aacacdc3a49ca6f7fba5f63f2e8dad772ab0ae6cd98cf1dc8
[INFO] running `Command { std: "docker" "create" "-v" "/var/lib/crater-agent-workspace/builds/worker-7-tc1/target:/opt/rustwide/target:rw,Z" "-v" "/var/lib/crater-agent-workspace/builds/worker-7-tc1/source:/opt/rustwide/workdir:ro,Z" "-v" "/var/lib/crater-agent-workspace/cargo-home:/opt/rustwide/cargo-home:ro,Z" "-v" "/var/lib/crater-agent-workspace/rustup-home:/opt/rustwide/rustup-home:ro,Z" "-e" "SOURCE_DIR=/opt/rustwide/workdir" "-e" "CARGO_TARGET_DIR=/opt/rustwide/target" "-e" "CARGO_INCREMENTAL=0" "-e" "RUST_BACKTRACE=full" "-e" "RUSTFLAGS=--cap-lints=warn" "-e" "RUSTDOCFLAGS=--cap-lints=warn" "-e" "CARGO_HOME=/opt/rustwide/cargo-home" "-e" "RUSTUP_HOME=/opt/rustwide/rustup-home" "-w" "/opt/rustwide/workdir" "-m" "1610612736" "--user" "0:0" "--network" "none" "ghcr.io/rust-lang/crates-build-env/linux@sha256:2788e3201cd34a07e3172128adcd8b3090168a8e3bcc40d7c032b9dda1df7d1c" "/opt/rustwide/cargo-home/bin/cargo" "+1.75.0" "test" "--frozen" "--no-run" "--message-format=json", kill_on_drop: false }`
[INFO] [stdout] 1d29c4d636affcf3529403c578e02dd476b2b9a991bcfa030c5cabf73340b096
[INFO] running `Command { std: "docker" "start" "-a" "1d29c4d636affcf3529403c578e02dd476b2b9a991bcfa030c5cabf73340b096", kill_on_drop: false }`
[INFO] [stderr]    Compiling serde_test v1.0.136
[INFO] [stdout] warning: ambiguous glob re-exports
[INFO] [stdout]   --> src/models/transactions/mod.rs:52:9
[INFO] [stdout]    |
[INFO] [stdout] 52 | pub use poc_receipts_v1::*;
[INFO] [stdout]    |         ^^^^^^^^^^^^^^^^^^ the name `PathElement` in the type namespace is first re-exported here
[INFO] [stdout] 53 | pub use poc_receipts_v2::*;
[INFO] [stdout]    |         ------------------ but the name `PathElement` in the type namespace is also re-exported here
[INFO] [stdout]    |
[INFO] [stdout]    = note: `#[warn(ambiguous_glob_reexports)]` on by default
[INFO] [stdout] 
[INFO] [stdout] 
[INFO] [stdout] warning: ambiguous glob re-exports
[INFO] [stdout]   --> src/models/transactions/mod.rs:52:9
[INFO] [stdout]    |
[INFO] [stdout] 52 | pub use poc_receipts_v1::*;
[INFO] [stdout]    |         ^^^^^^^^^^^^^^^^^^ the name `Receipt` in the type namespace is first re-exported here
[INFO] [stdout] 53 | pub use poc_receipts_v2::*;
[INFO] [stdout]    |         ------------------ but the name `Receipt` in the type namespace is also re-exported here
[INFO] [stdout] 
[INFO] [stdout] 
[INFO] [stdout] warning: ambiguous glob re-exports
[INFO] [stdout]   --> src/models/transactions/mod.rs:52:9
[INFO] [stdout]    |
[INFO] [stdout] 52 | pub use poc_receipts_v1::*;
[INFO] [stdout]    |         ^^^^^^^^^^^^^^^^^^ the name `Witness` in the type namespace is first re-exported here
[INFO] [stdout] 53 | pub use poc_receipts_v2::*;
[INFO] [stdout]    |         ------------------ but the name `Witness` in the type namespace is also re-exported here
[INFO] [stdout] 
[INFO] [stdout] 
[INFO] [stdout] warning: 3 warnings emitted
[INFO] [stdout] 
[INFO] [stdout] 
[INFO] [stderr]    Compiling helium-api v3.3.1 (/opt/rustwide/workdir)
[INFO] [stdout] warning: ambiguous glob re-exports
[INFO] [stdout]   --> src/models/transactions/mod.rs:52:9
[INFO] [stdout]    |
[INFO] [stdout] 52 | pub use poc_receipts_v1::*;
[INFO] [stdout]    |         ^^^^^^^^^^^^^^^^^^ the name `PathElement` in the type namespace is first re-exported here
[INFO] [stdout] 53 | pub use poc_receipts_v2::*;
[INFO] [stdout]    |         ------------------ but the name `PathElement` in the type namespace is also re-exported here
[INFO] [stdout]    |
[INFO] [stdout]    = note: `#[warn(ambiguous_glob_reexports)]` on by default
[INFO] [stdout] 
[INFO] [stdout] 
[INFO] [stdout] warning: ambiguous glob re-exports
[INFO] [stdout]   --> src/models/transactions/mod.rs:52:9
[INFO] [stdout]    |
[INFO] [stdout] 52 | pub use poc_receipts_v1::*;
[INFO] [stdout]    |         ^^^^^^^^^^^^^^^^^^ the name `Receipt` in the type namespace is first re-exported here
[INFO] [stdout] 53 | pub use poc_receipts_v2::*;
[INFO] [stdout]    |         ------------------ but the name `Receipt` in the type namespace is also re-exported here
[INFO] [stdout] 
[INFO] [stdout] 
[INFO] [stdout] warning: ambiguous glob re-exports
[INFO] [stdout]   --> src/models/transactions/mod.rs:52:9
[INFO] [stdout]    |
[INFO] [stdout] 52 | pub use poc_receipts_v1::*;
[INFO] [stdout]    |         ^^^^^^^^^^^^^^^^^^ the name `Witness` in the type namespace is first re-exported here
[INFO] [stdout] 53 | pub use poc_receipts_v2::*;
[INFO] [stdout]    |         ------------------ but the name `Witness` in the type namespace is also re-exported here
[INFO] [stdout] 
[INFO] [stdout] 
[INFO] [stdout] error: linking with `cc` failed: exit status: 1
[INFO] [stdout]   |
[INFO] [stdout]   = note: LC_ALL="C" PATH="/opt/rustwide/rustup-home/toolchains/1.75.0-x86_64-unknown-linux-gnu/lib/rustlib/x86_64-unknown-linux-gnu/bin:/opt/rustwide/cargo-home/bin:/usr/local/sbin:/usr/local/bin:/usr/sbin:/usr/bin:/sbin:/bin" VSLANG="1033" "cc" "-m64" "/tmp/rustctLCDgV/symbols.o" "/opt/rustwide/target/debug/examples/oracle_price-cd7748df667881ed.oracle_price.ccc9efe7d65f511d-cgu.0.rcgu.o" "/opt/rustwide/target/debug/examples/oracle_price-cd7748df667881ed.45fjeaq2dlwxr0ag.rcgu.o" "-Wl,--as-needed" "-L" "/opt/rustwide/target/debug/deps" "-L" "/opt/rustwide/target/debug/build/ring-8a5c761c60d40f8e/out" "-L" "/opt/rustwide/rustup-home/toolchains/1.75.0-x86_64-unknown-linux-gnu/lib/rustlib/x86_64-unknown-linux-gnu/lib" "-Wl,-Bstatic" "/opt/rustwide/target/debug/deps/libhelium_api-77e74ca7c7285c74.rlib" "/opt/rustwide/target/debug/deps/libreqwest-7c8acc315ace5274.rlib" "/opt/rustwide/target/debug/deps/libhyper_rustls-2f95cbc5c09a0ff8.rlib" "/opt/rustwide/target/debug/deps/libserde_urlencoded-b4f4fff65d7d3dc9.rlib" "/opt/rustwide/target/debug/deps/libwebpki_roots-110f0b1287dcf476.rlib" "/opt/rustwide/target/debug/deps/libipnet-6f7e696fa040902e.rlib" "/opt/rustwide/target/debug/deps/libtokio_rustls-04e73f501afd4087.rlib" "/opt/rustwide/target/debug/deps/librustls-ece051ee7bbf60c0.rlib" "/opt/rustwide/target/debug/deps/libsct-2bf4059dfc5bea52.rlib" "/opt/rustwide/target/debug/deps/libwebpki-fcab28039ffa8308.rlib" "/opt/rustwide/target/debug/deps/libring-1a36f2ed5635d661.rlib" "/opt/rustwide/target/debug/deps/libspin-c4098cd951aef6c9.rlib" "/opt/rustwide/target/debug/deps/libuntrusted-5ec0aa78ed8cda5c.rlib" "/opt/rustwide/target/debug/deps/libmime-450b243d21db2a61.rlib" "/opt/rustwide/target/debug/deps/libencoding_rs-19bfb36fe48a6005.rlib" "/opt/rustwide/target/debug/deps/libbase64-8ea64d3566a9d67e.rlib" "/opt/rustwide/target/debug/deps/libasync_compression-73256713b01dbe5c.rlib" "/opt/rustwide/target/debug/deps/libflate2-df2ce0c0ec83166d.rlib" "/opt/rustwide/target/debug/deps/libminiz_oxide-5f8041ef7f4066db.rlib" "/opt/rustwide/target/debug/deps/libadler-c8f2240c56a0abca.rlib" "/opt/rustwide/target/debug/deps/libcrc32fast-5c588ff8779a69e8.rlib" "/opt/rustwide/target/debug/deps/libhyper-10745a3232a01208.rlib" "/opt/rustwide/target/debug/deps/libwant-6ac5d33a641fd6b2.rlib" "/opt/rustwide/target/debug/deps/libtry_lock-6573df21d991c823.rlib" "/opt/rustwide/target/debug/deps/libsocket2-18f55b5047ce7085.rlib" "/opt/rustwide/target/debug/deps/libh2-93618abfa2ad1dd6.rlib" "/opt/rustwide/target/debug/deps/libindexmap-733665de8c613715.rlib" "/opt/rustwide/target/debug/deps/libhashbrown-60eca540826c5d5d.rlib" "/opt/rustwide/target/debug/deps/libtokio_util-66c683a3bd7dd37e.rlib" "/opt/rustwide/target/debug/deps/libhttparse-c45cf483b346e59b.rlib" "/opt/rustwide/target/debug/deps/libtower_service-9991ae2cafd1f41b.rlib" "/opt/rustwide/target/debug/deps/libtracing-9a0f822732d7bab0.rlib" "/opt/rustwide/target/debug/deps/libtracing_core-5e2c7b9ecdc543fd.rlib" "/opt/rustwide/target/debug/deps/libtokio-5ecffaa712c731f6.rlib" "/opt/rustwide/target/debug/deps/libsignal_hook_registry-0322cda7bd68702a.rlib" "/opt/rustwide/target/debug/deps/libnum_cpus-5dddad1a10b50c1d.rlib" "/opt/rustwide/target/debug/deps/libonce_cell-5e1d6083c59d0e91.rlib" "/opt/rustwide/target/debug/deps/libmio-283bb4337cfeabc4.rlib" "/opt/rustwide/target/debug/deps/libparking_lot-43d3123aac2ef589.rlib" "/opt/rustwide/target/debug/deps/libparking_lot_core-4de46fd0d352277e.rlib" "/opt/rustwide/target/debug/deps/libsmallvec-1430197a5a2f37e2.rlib" "/opt/rustwide/target/debug/deps/liblock_api-8584b7e78cda1071.rlib" "/opt/rustwide/target/debug/deps/libscopeguard-b35f5c652940acc2.rlib" "/opt/rustwide/target/debug/deps/libinstant-080b81e9fbd1fdcf.rlib" "/opt/rustwide/target/debug/deps/libhttp_body-acf9e9bb10abe0b5.rlib" "/opt/rustwide/target/debug/deps/liblog-0a8665efbc1725c2.rlib" "/opt/rustwide/target/debug/deps/libcfg_if-61dc7a6799e72b18.rlib" "/opt/rustwide/target/debug/deps/liblazy_static-591486ebcb9a7ead.rlib" "/opt/rustwide/target/debug/deps/liburl-7102e836dcf85639.rlib" "/opt/rustwide/target/debug/deps/libidna-92c4440ba4f2c7ff.rlib" "/opt/rustwide/target/debug/deps/libunicode_normalization-bdae8b9a224bfbb6.rlib" "/opt/rustwide/target/debug/deps/libtinyvec-886bdf9b7829a43e.rlib" "/opt/rustwide/target/debug/deps/libtinyvec_macros-bfeb7a087f0273ce.rlib" "/opt/rustwide/target/debug/deps/libunicode_bidi-ddbca739d4c20ca3.rlib" "/opt/rustwide/target/debug/deps/libform_urlencoded-74b1dcad9e8d80e6.rlib" "/opt/rustwide/target/debug/deps/libpercent_encoding-526c9d71c02fb5bb.rlib" "/opt/rustwide/target/debug/deps/libmatches-e0861c3f10bd1789.rlib" "/opt/rustwide/target/debug/deps/libhttp-73c5850a013699a1.rlib" "/opt/rustwide/target/debug/deps/libbytes-5e138d6842c3c4cd.rlib" "/opt/rustwide/target/debug/deps/libfnv-18bf5144d055e772.rlib" "/opt/rustwide/target/debug/deps/libserde_json-59393773318f2b57.rlib" "/opt/rustwide/target/debug/deps/libryu-aa04a306730705ee.rlib" "/opt/rustwide/target/debug/deps/libitoa-88dc5e7d606068cc.rlib" "/opt/rustwide/target/debug/deps/librust_decimal-10986dac9afe8e8d.rlib" "/opt/rustwide/target/debug/deps/libarrayvec-8fabf213a9737297.rlib" "/opt/rustwide/target/debug/deps/libchrono-98f3933d4056ca74.rlib" "/opt/rustwide/target/debug/deps/libnum_integer-b0e136130cf1646f.rlib" "/opt/rustwide/target/debug/deps/libnum_traits-db1db3f65e4c5016.rlib" "/opt/rustwide/target/debug/deps/libtime-48543b31e92b7cea.rlib" "/opt/rustwide/target/debug/deps/liblibc-346d68af69cc87c3.rlib" "/opt/rustwide/target/debug/deps/libthiserror-c119c6211b57d68e.rlib" "/opt/rustwide/target/debug/deps/libserde-4dddb58976e74ee2.rlib" "/opt/rustwide/target/debug/deps/libfutures-7389256df50772fd.rlib" "/opt/rustwide/target/debug/deps/libfutures_executor-e1f2c4ae7cfef35f.rlib" "/opt/rustwide/target/debug/deps/libfutures_util-6e8f706b11bf288e.rlib" "/opt/rustwide/target/debug/deps/libmemchr-651b9a52835bc194.rlib" "/opt/rustwide/target/debug/deps/libfutures_io-bc478564d5f210b7.rlib" "/opt/rustwide/target/debug/deps/libslab-d7449a951fced4b3.rlib" "/opt/rustwide/target/debug/deps/libfutures_channel-1632c042e2f0cb75.rlib" "/opt/rustwide/target/debug/deps/libpin_project_lite-c675bd61a64207ec.rlib" "/opt/rustwide/target/debug/deps/libfutures_sink-1b014858a696cd1c.rlib" "/opt/rustwide/target/debug/deps/libfutures_task-bd30a4b0b44987dd.rlib" "/opt/rustwide/target/debug/deps/libpin_utils-741f7d9d160e4a16.rlib" "/opt/rustwide/target/debug/deps/libfutures_core-21829d15277db016.rlib" "/opt/rustwide/rustup-home/toolchains/1.75.0-x86_64-unknown-linux-gnu/lib/rustlib/x86_64-unknown-linux-gnu/lib/libstd-90f6ddbf82de36ec.rlib" "/opt/rustwide/rustup-home/toolchains/1.75.0-x86_64-unknown-linux-gnu/lib/rustlib/x86_64-unknown-linux-gnu/lib/libpanic_unwind-480c41e9d4e1f677.rlib" "/opt/rustwide/rustup-home/toolchains/1.75.0-x86_64-unknown-linux-gnu/lib/rustlib/x86_64-unknown-linux-gnu/lib/libobject-db744c0ca03eed1d.rlib" "/opt/rustwide/rustup-home/toolchains/1.75.0-x86_64-unknown-linux-gnu/lib/rustlib/x86_64-unknown-linux-gnu/lib/libmemchr-8ba652dc7d4b285a.rlib" "/opt/rustwide/rustup-home/toolchains/1.75.0-x86_64-unknown-linux-gnu/lib/rustlib/x86_64-unknown-linux-gnu/lib/libaddr2line-d5f4520a9ebc0d58.rlib" "/opt/rustwide/rustup-home/toolchains/1.75.0-x86_64-unknown-linux-gnu/lib/rustlib/x86_64-unknown-linux-gnu/lib/libgimli-4ad84de58f0cb463.rlib" "/opt/rustwide/rustup-home/toolchains/1.75.0-x86_64-unknown-linux-gnu/lib/rustlib/x86_64-unknown-linux-gnu/lib/librustc_demangle-0d10aae2e0f38735.rlib" "/opt/rustwide/rustup-home/toolchains/1.75.0-x86_64-unknown-linux-gnu/lib/rustlib/x86_64-unknown-linux-gnu/lib/libstd_detect-0c17cff739e6745b.rlib" "/opt/rustwide/rustup-home/toolchains/1.75.0-x86_64-unknown-linux-gnu/lib/rustlib/x86_64-unknown-linux-gnu/lib/libhashbrown-b29e17139dde1aa8.rlib" "/opt/rustwide/rustup-home/toolchains/1.75.0-x86_64-unknown-linux-gnu/lib/rustlib/x86_64-unknown-linux-gnu/lib/librustc_std_workspace_alloc-1f975299829cc7bd.rlib" "/opt/rustwide/rustup-home/toolchains/1.75.0-x86_64-unknown-linux-gnu/lib/rustlib/x86_64-unknown-linux-gnu/lib/libminiz_oxide-86bae3bc3079f89b.rlib" "/opt/rustwide/rustup-home/toolchains/1.75.0-x86_64-unknown-linux-gnu/lib/rustlib/x86_64-unknown-linux-gnu/lib/libadler-321b82c30dffdf5f.rlib" "/opt/rustwide/rustup-home/toolchains/1.75.0-x86_64-unknown-linux-gnu/lib/rustlib/x86_64-unknown-linux-gnu/lib/libunwind-3dd8a6810a0bdfef.rlib" "/opt/rustwide/rustup-home/toolchains/1.75.0-x86_64-unknown-linux-gnu/lib/rustlib/x86_64-unknown-linux-gnu/lib/libcfg_if-eb39a61c0c879984.rlib" "/opt/rustwide/rustup-home/toolchains/1.75.0-x86_64-unknown-linux-gnu/lib/rustlib/x86_64-unknown-linux-gnu/lib/liblibc-aa769569f91c3548.rlib" "/opt/rustwide/rustup-home/toolchains/1.75.0-x86_64-unknown-linux-gnu/lib/rustlib/x86_64-unknown-linux-gnu/lib/liballoc-510a192a50a983ed.rlib" "/opt/rustwide/rustup-home/toolchains/1.75.0-x86_64-unknown-linux-gnu/lib/rustlib/x86_64-unknown-linux-gnu/lib/librustc_std_workspace_core-0577018320f99037.rlib" "/opt/rustwide/rustup-home/toolchains/1.75.0-x86_64-unknown-linux-gnu/lib/rustlib/x86_64-unknown-linux-gnu/lib/libcore-193cf992125ccd4c.rlib" "/opt/rustwide/rustup-home/toolchains/1.75.0-x86_64-unknown-linux-gnu/lib/rustlib/x86_64-unknown-linux-gnu/lib/libcompiler_builtins-8e138eaf26ebb4a8.rlib" "-Wl,-Bdynamic" "-lgcc_s" "-lutil" "-lrt" "-lpthread" "-lm" "-ldl" "-lc" "-Wl,--eh-frame-hdr" "-Wl,-z,noexecstack" "-L" "/opt/rustwide/rustup-home/toolchains/1.75.0-x86_64-unknown-linux-gnu/lib/rustlib/x86_64-unknown-linux-gnu/lib" "-o" "/opt/rustwide/target/debug/examples/oracle_price-cd7748df667881ed" "-Wl,--gc-sections" "-pie" "-Wl,-z,relro,-z,now" "-nodefaultlibs"
[INFO] [stdout]   = note: collect2: fatal error: ld terminated with signal 9 [Killed]
[INFO] [stdout]           compilation terminated.
[INFO] [stdout]           
[INFO] [stdout] 
[INFO] [stdout] 
[INFO] [stdout] error: aborting due to previous error
[INFO] [stdout] 
[INFO] [stdout] 
[INFO] [stderr] error: could not compile `helium-api` (example "oracle_price") due to 2 previous errors
[INFO] [stderr] warning: build failed, waiting for other jobs to finish...
[INFO] [stdout] error: linking with `cc` failed: exit status: 1
[INFO] [stdout]   |
[INFO] [stdout]   = note: LC_ALL="C" PATH="/opt/rustwide/rustup-home/toolchains/1.75.0-x86_64-unknown-linux-gnu/lib/rustlib/x86_64-unknown-linux-gnu/bin:/opt/rustwide/cargo-home/bin:/usr/local/sbin:/usr/local/bin:/usr/sbin:/usr/bin:/sbin:/bin" VSLANG="1033" "cc" "-m64" "/tmp/rustcXVJ6rW/symbols.o" "/opt/rustwide/target/debug/examples/hotspot-31826b355685d6a9.hotspot.91a5bcdcf6add29e-cgu.0.rcgu.o" "/opt/rustwide/target/debug/examples/hotspot-31826b355685d6a9.hotspot.91a5bcdcf6add29e-cgu.1.rcgu.o" "/opt/rustwide/target/debug/examples/hotspot-31826b355685d6a9.2u0wbt2sy4tntg2q.rcgu.o" "-Wl,--as-needed" "-L" "/opt/rustwide/target/debug/deps" "-L" "/opt/rustwide/target/debug/build/ring-8a5c761c60d40f8e/out" "-L" "/opt/rustwide/rustup-home/toolchains/1.75.0-x86_64-unknown-linux-gnu/lib/rustlib/x86_64-unknown-linux-gnu/lib" "-Wl,-Bstatic" "/opt/rustwide/target/debug/deps/libhelium_api-77e74ca7c7285c74.rlib" "/opt/rustwide/target/debug/deps/libreqwest-7c8acc315ace5274.rlib" "/opt/rustwide/target/debug/deps/libhyper_rustls-2f95cbc5c09a0ff8.rlib" "/opt/rustwide/target/debug/deps/libserde_urlencoded-b4f4fff65d7d3dc9.rlib" "/opt/rustwide/target/debug/deps/libwebpki_roots-110f0b1287dcf476.rlib" "/opt/rustwide/target/debug/deps/libipnet-6f7e696fa040902e.rlib" "/opt/rustwide/target/debug/deps/libtokio_rustls-04e73f501afd4087.rlib" "/opt/rustwide/target/debug/deps/librustls-ece051ee7bbf60c0.rlib" "/opt/rustwide/target/debug/deps/libsct-2bf4059dfc5bea52.rlib" "/opt/rustwide/target/debug/deps/libwebpki-fcab28039ffa8308.rlib" "/opt/rustwide/target/debug/deps/libring-1a36f2ed5635d661.rlib" "/opt/rustwide/target/debug/deps/libspin-c4098cd951aef6c9.rlib" "/opt/rustwide/target/debug/deps/libuntrusted-5ec0aa78ed8cda5c.rlib" "/opt/rustwide/target/debug/deps/libmime-450b243d21db2a61.rlib" "/opt/rustwide/target/debug/deps/libencoding_rs-19bfb36fe48a6005.rlib" "/opt/rustwide/target/debug/deps/libbase64-8ea64d3566a9d67e.rlib" "/opt/rustwide/target/debug/deps/libasync_compression-73256713b01dbe5c.rlib" "/opt/rustwide/target/debug/deps/libflate2-df2ce0c0ec83166d.rlib" "/opt/rustwide/target/debug/deps/libminiz_oxide-5f8041ef7f4066db.rlib" "/opt/rustwide/target/debug/deps/libadler-c8f2240c56a0abca.rlib" "/opt/rustwide/target/debug/deps/libcrc32fast-5c588ff8779a69e8.rlib" "/opt/rustwide/target/debug/deps/libhyper-10745a3232a01208.rlib" "/opt/rustwide/target/debug/deps/libwant-6ac5d33a641fd6b2.rlib" "/opt/rustwide/target/debug/deps/libtry_lock-6573df21d991c823.rlib" "/opt/rustwide/target/debug/deps/libsocket2-18f55b5047ce7085.rlib" "/opt/rustwide/target/debug/deps/libh2-93618abfa2ad1dd6.rlib" "/opt/rustwide/target/debug/deps/libindexmap-733665de8c613715.rlib" "/opt/rustwide/target/debug/deps/libhashbrown-60eca540826c5d5d.rlib" "/opt/rustwide/target/debug/deps/libtokio_util-66c683a3bd7dd37e.rlib" "/opt/rustwide/target/debug/deps/libhttparse-c45cf483b346e59b.rlib" "/opt/rustwide/target/debug/deps/libtower_service-9991ae2cafd1f41b.rlib" "/opt/rustwide/target/debug/deps/libtracing-9a0f822732d7bab0.rlib" "/opt/rustwide/target/debug/deps/libtracing_core-5e2c7b9ecdc543fd.rlib" "/opt/rustwide/target/debug/deps/libtokio-5ecffaa712c731f6.rlib" "/opt/rustwide/target/debug/deps/libsignal_hook_registry-0322cda7bd68702a.rlib" "/opt/rustwide/target/debug/deps/libnum_cpus-5dddad1a10b50c1d.rlib" "/opt/rustwide/target/debug/deps/libonce_cell-5e1d6083c59d0e91.rlib" "/opt/rustwide/target/debug/deps/libmio-283bb4337cfeabc4.rlib" "/opt/rustwide/target/debug/deps/libparking_lot-43d3123aac2ef589.rlib" "/opt/rustwide/target/debug/deps/libparking_lot_core-4de46fd0d352277e.rlib" "/opt/rustwide/target/debug/deps/libsmallvec-1430197a5a2f37e2.rlib" "/opt/rustwide/target/debug/deps/liblock_api-8584b7e78cda1071.rlib" "/opt/rustwide/target/debug/deps/libscopeguard-b35f5c652940acc2.rlib" "/opt/rustwide/target/debug/deps/libinstant-080b81e9fbd1fdcf.rlib" "/opt/rustwide/target/debug/deps/libhttp_body-acf9e9bb10abe0b5.rlib" "/opt/rustwide/target/debug/deps/liblog-0a8665efbc1725c2.rlib" "/opt/rustwide/target/debug/deps/libcfg_if-61dc7a6799e72b18.rlib" "/opt/rustwide/target/debug/deps/liblazy_static-591486ebcb9a7ead.rlib" "/opt/rustwide/target/debug/deps/liburl-7102e836dcf85639.rlib" "/opt/rustwide/target/debug/deps/libidna-92c4440ba4f2c7ff.rlib" "/opt/rustwide/target/debug/deps/libunicode_normalization-bdae8b9a224bfbb6.rlib" "/opt/rustwide/target/debug/deps/libtinyvec-886bdf9b7829a43e.rlib" "/opt/rustwide/target/debug/deps/libtinyvec_macros-bfeb7a087f0273ce.rlib" "/opt/rustwide/target/debug/deps/libunicode_bidi-ddbca739d4c20ca3.rlib" "/opt/rustwide/target/debug/deps/libform_urlencoded-74b1dcad9e8d80e6.rlib" "/opt/rustwide/target/debug/deps/libpercent_encoding-526c9d71c02fb5bb.rlib" "/opt/rustwide/target/debug/deps/libmatches-e0861c3f10bd1789.rlib" "/opt/rustwide/target/debug/deps/libhttp-73c5850a013699a1.rlib" "/opt/rustwide/target/debug/deps/libbytes-5e138d6842c3c4cd.rlib" "/opt/rustwide/target/debug/deps/libfnv-18bf5144d055e772.rlib" "/opt/rustwide/target/debug/deps/libserde_json-59393773318f2b57.rlib" "/opt/rustwide/target/debug/deps/libryu-aa04a306730705ee.rlib" "/opt/rustwide/target/debug/deps/libitoa-88dc5e7d606068cc.rlib" "/opt/rustwide/target/debug/deps/librust_decimal-10986dac9afe8e8d.rlib" "/opt/rustwide/target/debug/deps/libarrayvec-8fabf213a9737297.rlib" "/opt/rustwide/target/debug/deps/libchrono-98f3933d4056ca74.rlib" "/opt/rustwide/target/debug/deps/libnum_integer-b0e136130cf1646f.rlib" "/opt/rustwide/target/debug/deps/libnum_traits-db1db3f65e4c5016.rlib" "/opt/rustwide/target/debug/deps/libtime-48543b31e92b7cea.rlib" "/opt/rustwide/target/debug/deps/liblibc-346d68af69cc87c3.rlib" "/opt/rustwide/target/debug/deps/libthiserror-c119c6211b57d68e.rlib" "/opt/rustwide/target/debug/deps/libserde-4dddb58976e74ee2.rlib" "/opt/rustwide/target/debug/deps/libfutures-7389256df50772fd.rlib" "/opt/rustwide/target/debug/deps/libfutures_executor-e1f2c4ae7cfef35f.rlib" "/opt/rustwide/target/debug/deps/libfutures_util-6e8f706b11bf288e.rlib" "/opt/rustwide/target/debug/deps/libmemchr-651b9a52835bc194.rlib" "/opt/rustwide/target/debug/deps/libfutures_io-bc478564d5f210b7.rlib" "/opt/rustwide/target/debug/deps/libslab-d7449a951fced4b3.rlib" "/opt/rustwide/target/debug/deps/libfutures_channel-1632c042e2f0cb75.rlib" "/opt/rustwide/target/debug/deps/libpin_project_lite-c675bd61a64207ec.rlib" "/opt/rustwide/target/debug/deps/libfutures_sink-1b014858a696cd1c.rlib" "/opt/rustwide/target/debug/deps/libfutures_task-bd30a4b0b44987dd.rlib" "/opt/rustwide/target/debug/deps/libpin_utils-741f7d9d160e4a16.rlib" "/opt/rustwide/target/debug/deps/libfutures_core-21829d15277db016.rlib" "/opt/rustwide/rustup-home/toolchains/1.75.0-x86_64-unknown-linux-gnu/lib/rustlib/x86_64-unknown-linux-gnu/lib/libstd-90f6ddbf82de36ec.rlib" "/opt/rustwide/rustup-home/toolchains/1.75.0-x86_64-unknown-linux-gnu/lib/rustlib/x86_64-unknown-linux-gnu/lib/libpanic_unwind-480c41e9d4e1f677.rlib" "/opt/rustwide/rustup-home/toolchains/1.75.0-x86_64-unknown-linux-gnu/lib/rustlib/x86_64-unknown-linux-gnu/lib/libobject-db744c0ca03eed1d.rlib" "/opt/rustwide/rustup-home/toolchains/1.75.0-x86_64-unknown-linux-gnu/lib/rustlib/x86_64-unknown-linux-gnu/lib/libmemchr-8ba652dc7d4b285a.rlib" "/opt/rustwide/rustup-home/toolchains/1.75.0-x86_64-unknown-linux-gnu/lib/rustlib/x86_64-unknown-linux-gnu/lib/libaddr2line-d5f4520a9ebc0d58.rlib" "/opt/rustwide/rustup-home/toolchains/1.75.0-x86_64-unknown-linux-gnu/lib/rustlib/x86_64-unknown-linux-gnu/lib/libgimli-4ad84de58f0cb463.rlib" "/opt/rustwide/rustup-home/toolchains/1.75.0-x86_64-unknown-linux-gnu/lib/rustlib/x86_64-unknown-linux-gnu/lib/librustc_demangle-0d10aae2e0f38735.rlib" "/opt/rustwide/rustup-home/toolchains/1.75.0-x86_64-unknown-linux-gnu/lib/rustlib/x86_64-unknown-linux-gnu/lib/libstd_detect-0c17cff739e6745b.rlib" "/opt/rustwide/rustup-home/toolchains/1.75.0-x86_64-unknown-linux-gnu/lib/rustlib/x86_64-unknown-linux-gnu/lib/libhashbrown-b29e17139dde1aa8.rlib" "/opt/rustwide/rustup-home/toolchains/1.75.0-x86_64-unknown-linux-gnu/lib/rustlib/x86_64-unknown-linux-gnu/lib/librustc_std_workspace_alloc-1f975299829cc7bd.rlib" "/opt/rustwide/rustup-home/toolchains/1.75.0-x86_64-unknown-linux-gnu/lib/rustlib/x86_64-unknown-linux-gnu/lib/libminiz_oxide-86bae3bc3079f89b.rlib" "/opt/rustwide/rustup-home/toolchains/1.75.0-x86_64-unknown-linux-gnu/lib/rustlib/x86_64-unknown-linux-gnu/lib/libadler-321b82c30dffdf5f.rlib" "/opt/rustwide/rustup-home/toolchains/1.75.0-x86_64-unknown-linux-gnu/lib/rustlib/x86_64-unknown-linux-gnu/lib/libunwind-3dd8a6810a0bdfef.rlib" "/opt/rustwide/rustup-home/toolchains/1.75.0-x86_64-unknown-linux-gnu/lib/rustlib/x86_64-unknown-linux-gnu/lib/libcfg_if-eb39a61c0c879984.rlib" "/opt/rustwide/rustup-home/toolchains/1.75.0-x86_64-unknown-linux-gnu/lib/rustlib/x86_64-unknown-linux-gnu/lib/liblibc-aa769569f91c3548.rlib" "/opt/rustwide/rustup-home/toolchains/1.75.0-x86_64-unknown-linux-gnu/lib/rustlib/x86_64-unknown-linux-gnu/lib/liballoc-510a192a50a983ed.rlib" "/opt/rustwide/rustup-home/toolchains/1.75.0-x86_64-unknown-linux-gnu/lib/rustlib/x86_64-unknown-linux-gnu/lib/librustc_std_workspace_core-0577018320f99037.rlib" "/opt/rustwide/rustup-home/toolchains/1.75.0-x86_64-unknown-linux-gnu/lib/rustlib/x86_64-unknown-linux-gnu/lib/libcore-193cf992125ccd4c.rlib" "/opt/rustwide/rustup-home/toolchains/1.75.0-x86_64-unknown-linux-gnu/lib/rustlib/x86_64-unknown-linux-gnu/lib/libcompiler_builtins-8e138eaf26ebb4a8.rlib" "-Wl,-Bdynamic" "-lgcc_s" "-lutil" "-lrt" "-lpthread" "-lm" "-ldl" "-lc" "-Wl,--eh-frame-hdr" "-Wl,-z,noexecstack" "-L" "/opt/rustwide/rustup-home/toolchains/1.75.0-x86_64-unknown-linux-gnu/lib/rustlib/x86_64-unknown-linux-gnu/lib" "-o" "/opt/rustwide/target/debug/examples/hotspot-31826b355685d6a9" "-Wl,--gc-sections" "-pie" "-Wl,-z,relro,-z,now" "-nodefaultlibs"
[INFO] [stdout]   = note: collect2: fatal error: ld terminated with signal 9 [Killed]
[INFO] [stdout]           compilation terminated.
[INFO] [stdout]           
[INFO] [stdout] 
[INFO] [stdout] 
[INFO] [stderr] error: could not compile `helium-api` (example "hotspot") due to 2 previous errors
[INFO] [stdout] error: aborting due to previous error
[INFO] [stdout] 
[INFO] [stdout] 
[INFO] [stderr] error: could not compile `helium-api` (lib test); 3 warnings emitted
[INFO] [stderr] 
[INFO] [stderr] Caused by:
[INFO] [stderr]   process didn't exit successfully: `/opt/rustwide/rustup-home/toolchains/1.75.0-x86_64-unknown-linux-gnu/bin/rustc --crate-name helium_api --edition=2018 src/lib.rs --error-format=json --json=diagnostic-rendered-ansi,artifacts,future-incompat --emit=dep-info,link -C embed-bitcode=no -C debuginfo=2 --test -C metadata=aaa96da87d501302 -C extra-filename=-aaa96da87d501302 --out-dir /opt/rustwide/target/debug/deps -L dependency=/opt/rustwide/target/debug/deps --extern async_trait=/opt/rustwide/target/debug/deps/libasync_trait-d34bb6531c396e7b.so --extern base64=/opt/rustwide/target/debug/deps/libbase64-8ea64d3566a9d67e.rlib --extern chrono=/opt/rustwide/target/debug/deps/libchrono-98f3933d4056ca74.rlib --extern futures=/opt/rustwide/target/debug/deps/libfutures-7389256df50772fd.rlib --extern futures_util=/opt/rustwide/target/debug/deps/libfutures_util-6e8f706b11bf288e.rlib --extern num_traits=/opt/rustwide/target/debug/deps/libnum_traits-db1db3f65e4c5016.rlib --extern reqwest=/opt/rustwide/target/debug/deps/libreqwest-7c8acc315ace5274.rlib --extern rust_decimal=/opt/rustwide/target/debug/deps/librust_decimal-10986dac9afe8e8d.rlib --extern serde=/opt/rustwide/target/debug/deps/libserde-4dddb58976e74ee2.rlib --extern serde_json=/opt/rustwide/target/debug/deps/libserde_json-59393773318f2b57.rlib --extern serde_test=/opt/rustwide/target/debug/deps/libserde_test-a1f225aa4ca67bc1.rlib --extern thiserror=/opt/rustwide/target/debug/deps/libthiserror-c119c6211b57d68e.rlib --extern tokio=/opt/rustwide/target/debug/deps/libtokio-5ecffaa712c731f6.rlib --cap-lints=warn -L native=/opt/rustwide/target/debug/build/ring-8a5c761c60d40f8e/out` (signal: 9, SIGKILL: kill)
[INFO] running `Command { std: "docker" "inspect" "1d29c4d636affcf3529403c578e02dd476b2b9a991bcfa030c5cabf73340b096", kill_on_drop: false }`
[INFO] running `Command { std: "docker" "rm" "-f" "1d29c4d636affcf3529403c578e02dd476b2b9a991bcfa030c5cabf73340b096", kill_on_drop: false }`
[INFO] [stdout] 1d29c4d636affcf3529403c578e02dd476b2b9a991bcfa030c5cabf73340b096
[INFO] testing helium-api-3.3.1 against beta-2023-12-22 for beta-1.76-1
[INFO] extracting crate helium-api 3.3.1 into /workspace/builds/worker-7-tc2/source
[INFO] validating manifest of crates.io crate helium-api 3.3.1 on toolchain beta-2023-12-22
[INFO] running `Command { std: CARGO_HOME="/workspace/cargo-home" RUSTUP_HOME="/workspace/rustup-home" "/workspace/cargo-home/bin/cargo" "+beta-2023-12-22" "metadata" "--manifest-path" "Cargo.toml" "--no-deps", kill_on_drop: false }`
[INFO] started tweaking crates.io crate helium-api 3.3.1
[INFO] finished tweaking crates.io crate helium-api 3.3.1
[INFO] tweaked toml for crates.io crate helium-api 3.3.1 written to /workspace/builds/worker-7-tc2/source/Cargo.toml
[INFO] crate crates.io crate helium-api 3.3.1 already has a lockfile, it will not be regenerated
[INFO] running `Command { std: CARGO_HOME="/workspace/cargo-home" RUSTUP_HOME="/workspace/rustup-home" "/workspace/cargo-home/bin/cargo" "+beta-2023-12-22" "fetch" "--manifest-path" "Cargo.toml", kill_on_drop: false }`
[INFO] [stderr]     Blocking waiting for file lock on package cache
[INFO] running `Command { std: "docker" "create" "-v" "/var/lib/crater-agent-workspace/builds/worker-7-tc2/target:/opt/rustwide/target:rw,Z" "-v" "/var/lib/crater-agent-workspace/builds/worker-7-tc2/source:/opt/rustwide/workdir:ro,Z" "-v" "/var/lib/crater-agent-workspace/cargo-home:/opt/rustwide/cargo-home:ro,Z" "-v" "/var/lib/crater-agent-workspace/rustup-home:/opt/rustwide/rustup-home:ro,Z" "-e" "SOURCE_DIR=/opt/rustwide/workdir" "-e" "CARGO_TARGET_DIR=/opt/rustwide/target" "-e" "CARGO_HOME=/opt/rustwide/cargo-home" "-e" "RUSTUP_HOME=/opt/rustwide/rustup-home" "-w" "/opt/rustwide/workdir" "-m" "1610612736" "--user" "0:0" "--network" "none" "ghcr.io/rust-lang/crates-build-env/linux@sha256:2788e3201cd34a07e3172128adcd8b3090168a8e3bcc40d7c032b9dda1df7d1c" "/opt/rustwide/cargo-home/bin/cargo" "+beta-2023-12-22" "metadata" "--no-deps" "--format-version=1", kill_on_drop: false }`
[INFO] [stdout] 8f598b8e308de560aeed001733422b553c2933c3856b3520e8326c690aef889e
[INFO] running `Command { std: "docker" "start" "-a" "8f598b8e308de560aeed001733422b553c2933c3856b3520e8326c690aef889e", kill_on_drop: false }`
[INFO] running `Command { std: "docker" "inspect" "8f598b8e308de560aeed001733422b553c2933c3856b3520e8326c690aef889e", kill_on_drop: false }`
[INFO] running `Command { std: "docker" "rm" "-f" "8f598b8e308de560aeed001733422b553c2933c3856b3520e8326c690aef889e", kill_on_drop: false }`
[INFO] [stdout] 8f598b8e308de560aeed001733422b553c2933c3856b3520e8326c690aef889e
[INFO] running `Command { std: "docker" "create" "-v" "/var/lib/crater-agent-workspace/builds/worker-7-tc2/target:/opt/rustwide/target:rw,Z" "-v" "/var/lib/crater-agent-workspace/builds/worker-7-tc2/source:/opt/rustwide/workdir:ro,Z" "-v" "/var/lib/crater-agent-workspace/cargo-home:/opt/rustwide/cargo-home:ro,Z" "-v" "/var/lib/crater-agent-workspace/rustup-home:/opt/rustwide/rustup-home:ro,Z" "-e" "SOURCE_DIR=/opt/rustwide/workdir" "-e" "CARGO_TARGET_DIR=/opt/rustwide/target" "-e" "CARGO_INCREMENTAL=0" "-e" "RUST_BACKTRACE=full" "-e" "RUSTFLAGS=--cap-lints=warn" "-e" "RUSTDOCFLAGS=--cap-lints=warn" "-e" "CARGO_HOME=/opt/rustwide/cargo-home" "-e" "RUSTUP_HOME=/opt/rustwide/rustup-home" "-w" "/opt/rustwide/workdir" "-m" "1610612736" "--user" "0:0" "--network" "none" "ghcr.io/rust-lang/crates-build-env/linux@sha256:2788e3201cd34a07e3172128adcd8b3090168a8e3bcc40d7c032b9dda1df7d1c" "/opt/rustwide/cargo-home/bin/cargo" "+beta-2023-12-22" "build" "--frozen" "--message-format=json", kill_on_drop: false }`
[INFO] [stdout] 43edd524adce0c546bb1602f97cb9fe211a7003de6f1815d640b2cb4baf7e3d6
[INFO] running `Command { std: "docker" "start" "-a" "43edd524adce0c546bb1602f97cb9fe211a7003de6f1815d640b2cb4baf7e3d6", kill_on_drop: false }`
[INFO] [stderr]    Compiling autocfg v1.0.1
[INFO] [stderr]    Compiling proc-macro2 v1.0.28
[INFO] [stderr]    Compiling unicode-xid v0.2.2
[INFO] [stderr]    Compiling syn v1.0.75
[INFO] [stderr]    Compiling libc v0.2.100
[INFO] [stderr]    Compiling pin-project-lite v0.2.7
[INFO] [stderr]    Compiling once_cell v1.8.0
[INFO] [stderr]    Compiling log v0.4.14
[INFO] [stderr]    Compiling memchr v2.4.1
[INFO] [stderr]    Compiling futures-core v0.3.16
[INFO] [stderr]    Compiling instant v0.1.10
[INFO] [stderr]    Compiling proc-macro-hack v0.5.19
[INFO] [stderr]    Compiling cc v1.0.69
[INFO] [stderr]    Compiling bytes v1.0.1
[INFO] [stderr]    Compiling smallvec v1.6.1
[INFO] [stderr]    Compiling lock_api v0.4.4
[INFO] [stderr]    Compiling tokio v1.10.1
[INFO] [stderr]    Compiling futures-macro v0.3.16
[INFO] [stderr]    Compiling futures-task v0.3.16
[INFO] [stderr]    Compiling proc-macro-nested v0.1.7
[INFO] [stderr]    Compiling futures-channel v0.3.16
[INFO] [stderr]    Compiling quote v1.0.9
[INFO] [stderr]    Compiling parking_lot_core v0.8.3
[INFO] [stderr]    Compiling futures-sink v0.3.16
[INFO] [stderr]    Compiling num_cpus v1.13.0
[INFO] [stderr]    Compiling signal-hook-registry v1.4.0
[INFO] [stderr]    Compiling mio v0.7.13
[INFO] [stderr]    Compiling parking_lot v0.11.1
[INFO] [stderr]    Compiling futures-util v0.3.16
[INFO] [stderr]    Compiling serde_derive v1.0.129
[INFO] [stderr]    Compiling ring v0.16.20
[INFO] [stderr]    Compiling slab v0.4.4
[INFO] [stderr]    Compiling futures-io v0.3.16
[INFO] [stderr]    Compiling serde v1.0.129
[INFO] [stderr]    Compiling indexmap v1.7.0
[INFO] [stderr]    Compiling http v0.2.4
[INFO] [stderr]    Compiling tracing-core v0.1.19
[INFO] [stderr]    Compiling num-traits v0.2.14
[INFO] [stderr]    Compiling miniz_oxide v0.4.4
[INFO] [stderr]    Compiling httparse v1.5.1
[INFO] [stderr]    Compiling crc32fast v1.2.1
[INFO] [stderr]    Compiling matches v0.1.9
[INFO] [stderr]    Compiling ryu v1.0.5
[INFO] [stderr]    Compiling hashbrown v0.11.2
[INFO] [stderr]    Compiling tinyvec_macros v0.1.0
[INFO] [stderr]    Compiling tinyvec v1.3.1
[INFO] [stderr]    Compiling tracing v0.1.26
[INFO] [stderr]    Compiling try-lock v0.2.3
[INFO] [stderr]    Compiling percent-encoding v2.1.0
[INFO] [stderr]    Compiling base64 v0.13.0
[INFO] [stderr]    Compiling form_urlencoded v1.0.1
[INFO] [stderr]    Compiling want v0.3.0
[INFO] [stderr]    Compiling socket2 v0.4.1
[INFO] [stderr]    Compiling unicode-normalization v0.1.19
[INFO] [stderr]    Compiling http-body v0.4.3
[INFO] [stderr]    Compiling num-integer v0.1.44
[INFO] [stderr]    Compiling unicode-bidi v0.3.6
[INFO] [stderr]    Compiling httpdate v1.0.1
[INFO] [stderr]    Compiling serde_json v1.0.66
[INFO] [stderr]    Compiling encoding_rs v0.8.28
[INFO] [stderr]    Compiling tower-service v0.3.1
[INFO] [stderr]    Compiling flate2 v1.0.20
[INFO] [stderr]    Compiling async-trait v0.1.51
[INFO] [stderr]    Compiling idna v0.2.3
[INFO] [stderr]    Compiling time v0.1.44
[INFO] [stderr]    Compiling ipnet v2.3.1
[INFO] [stderr]    Compiling mime v0.3.16
[INFO] [stderr]    Compiling url v2.2.2
[INFO] [stderr]    Compiling arrayvec v0.5.2
[INFO] [stderr]    Compiling webpki v0.21.4
[INFO] [stderr]    Compiling sct v0.6.1
[INFO] [stderr]    Compiling rustls v0.19.1
[INFO] [stderr]    Compiling webpki-roots v0.21.1
[INFO] [stderr]    Compiling tokio-macros v1.3.0
[INFO] [stderr]    Compiling thiserror-impl v1.0.26
[INFO] [stderr]    Compiling thiserror v1.0.26
[INFO] [stderr]    Compiling futures-executor v0.3.16
[INFO] [stderr]    Compiling futures v0.3.16
[INFO] [stderr]    Compiling tokio-util v0.6.7
[INFO] [stderr]    Compiling tokio-rustls v0.22.0
[INFO] [stderr]    Compiling async-compression v0.3.8
[INFO] [stderr]    Compiling h2 v0.3.4
[INFO] [stderr]    Compiling serde_urlencoded v0.7.0
[INFO] [stderr]    Compiling rust_decimal v1.15.0
[INFO] [stderr]    Compiling chrono v0.4.19
[INFO] [stderr]    Compiling hyper v0.14.12
[INFO] [stderr]    Compiling hyper-rustls v0.22.1
[INFO] [stderr]    Compiling reqwest v0.11.4
[INFO] [stderr]    Compiling helium-api v3.3.1 (/opt/rustwide/workdir)
[INFO] [stdout] warning: ambiguous glob re-exports
[INFO] [stdout]   --> src/models/transactions/mod.rs:52:9
[INFO] [stdout]    |
[INFO] [stdout] 52 | pub use poc_receipts_v1::*;
[INFO] [stdout]    |         ^^^^^^^^^^^^^^^^^^ the name `PathElement` in the type namespace is first re-exported here
[INFO] [stdout] 53 | pub use poc_receipts_v2::*;
[INFO] [stdout]    |         ------------------ but the name `PathElement` in the type namespace is also re-exported here
[INFO] [stdout]    |
[INFO] [stdout]    = note: `#[warn(ambiguous_glob_reexports)]` on by default
[INFO] [stdout] 
[INFO] [stdout] 
[INFO] [stdout] warning: ambiguous glob re-exports
[INFO] [stdout]   --> src/models/transactions/mod.rs:52:9
[INFO] [stdout]    |
[INFO] [stdout] 52 | pub use poc_receipts_v1::*;
[INFO] [stdout]    |         ^^^^^^^^^^^^^^^^^^ the name `Receipt` in the type namespace is first re-exported here
[INFO] [stdout] 53 | pub use poc_receipts_v2::*;
[INFO] [stdout]    |         ------------------ but the name `Receipt` in the type namespace is also re-exported here
[INFO] [stdout] 
[INFO] [stdout] 
[INFO] [stdout] warning: ambiguous glob re-exports
[INFO] [stdout]   --> src/models/transactions/mod.rs:52:9
[INFO] [stdout]    |
[INFO] [stdout] 52 | pub use poc_receipts_v1::*;
[INFO] [stdout]    |         ^^^^^^^^^^^^^^^^^^ the name `Witness` in the type namespace is first re-exported here
[INFO] [stdout] 53 | pub use poc_receipts_v2::*;
[INFO] [stdout]    |         ------------------ but the name `Witness` in the type namespace is also re-exported here
[INFO] [stdout] 
[INFO] [stdout] 
[INFO] [stdout] warning: 3 warnings emitted
[INFO] [stdout] 
[INFO] [stdout] 
[INFO] [stderr]     Finished dev [unoptimized + debuginfo] target(s) in 45.04s
[INFO] running `Command { std: "docker" "inspect" "43edd524adce0c546bb1602f97cb9fe211a7003de6f1815d640b2cb4baf7e3d6", kill_on_drop: false }`
[INFO] running `Command { std: "docker" "rm" "-f" "43edd524adce0c546bb1602f97cb9fe211a7003de6f1815d640b2cb4baf7e3d6", kill_on_drop: false }`
[INFO] [stdout] 43edd524adce0c546bb1602f97cb9fe211a7003de6f1815d640b2cb4baf7e3d6
[INFO] running `Command { std: "docker" "create" "-v" "/var/lib/crater-agent-workspace/builds/worker-7-tc2/target:/opt/rustwide/target:rw,Z" "-v" "/var/lib/crater-agent-workspace/builds/worker-7-tc2/source:/opt/rustwide/workdir:ro,Z" "-v" "/var/lib/crater-agent-workspace/cargo-home:/opt/rustwide/cargo-home:ro,Z" "-v" "/var/lib/crater-agent-workspace/rustup-home:/opt/rustwide/rustup-home:ro,Z" "-e" "SOURCE_DIR=/opt/rustwide/workdir" "-e" "CARGO_TARGET_DIR=/opt/rustwide/target" "-e" "CARGO_INCREMENTAL=0" "-e" "RUST_BACKTRACE=full" "-e" "RUSTFLAGS=--cap-lints=warn" "-e" "RUSTDOCFLAGS=--cap-lints=warn" "-e" "CARGO_HOME=/opt/rustwide/cargo-home" "-e" "RUSTUP_HOME=/opt/rustwide/rustup-home" "-w" "/opt/rustwide/workdir" "-m" "1610612736" "--user" "0:0" "--network" "none" "ghcr.io/rust-lang/crates-build-env/linux@sha256:2788e3201cd34a07e3172128adcd8b3090168a8e3bcc40d7c032b9dda1df7d1c" "/opt/rustwide/cargo-home/bin/cargo" "+beta-2023-12-22" "test" "--frozen" "--no-run" "--message-format=json", kill_on_drop: false }`
[INFO] [stdout] c3dc1f8f9d6a48c952507dfcfd2958049adece8383d04d4c139e079a30f6454d
[INFO] running `Command { std: "docker" "start" "-a" "c3dc1f8f9d6a48c952507dfcfd2958049adece8383d04d4c139e079a30f6454d", kill_on_drop: false }`
[INFO] [stderr]    Compiling serde_test v1.0.136
[INFO] [stdout] warning: ambiguous glob re-exports
[INFO] [stdout]   --> src/models/transactions/mod.rs:52:9
[INFO] [stdout]    |
[INFO] [stdout] 52 | pub use poc_receipts_v1::*;
[INFO] [stdout]    |         ^^^^^^^^^^^^^^^^^^ the name `PathElement` in the type namespace is first re-exported here
[INFO] [stdout] 53 | pub use poc_receipts_v2::*;
[INFO] [stdout]    |         ------------------ but the name `PathElement` in the type namespace is also re-exported here
[INFO] [stdout]    |
[INFO] [stdout]    = note: `#[warn(ambiguous_glob_reexports)]` on by default
[INFO] [stdout] 
[INFO] [stdout] 
[INFO] [stdout] warning: ambiguous glob re-exports
[INFO] [stdout]   --> src/models/transactions/mod.rs:52:9
[INFO] [stdout]    |
[INFO] [stdout] 52 | pub use poc_receipts_v1::*;
[INFO] [stdout]    |         ^^^^^^^^^^^^^^^^^^ the name `Receipt` in the type namespace is first re-exported here
[INFO] [stdout] 53 | pub use poc_receipts_v2::*;
[INFO] [stdout]    |         ------------------ but the name `Receipt` in the type namespace is also re-exported here
[INFO] [stdout] 
[INFO] [stdout] 
[INFO] [stdout] warning: ambiguous glob re-exports
[INFO] [stdout]   --> src/models/transactions/mod.rs:52:9
[INFO] [stdout]    |
[INFO] [stdout] 52 | pub use poc_receipts_v1::*;
[INFO] [stdout]    |         ^^^^^^^^^^^^^^^^^^ the name `Witness` in the type namespace is first re-exported here
[INFO] [stdout] 53 | pub use poc_receipts_v2::*;
[INFO] [stdout]    |         ------------------ but the name `Witness` in the type namespace is also re-exported here
[INFO] [stdout] 
[INFO] [stdout] 
[INFO] [stdout] warning: 3 warnings emitted
[INFO] [stdout] 
[INFO] [stdout] 
[INFO] [stderr]    Compiling helium-api v3.3.1 (/opt/rustwide/workdir)
[INFO] [stdout] warning: ambiguous glob re-exports
[INFO] [stdout]   --> src/models/transactions/mod.rs:52:9
[INFO] [stdout]    |
[INFO] [stdout] 52 | pub use poc_receipts_v1::*;
[INFO] [stdout]    |         ^^^^^^^^^^^^^^^^^^ the name `PathElement` in the type namespace is first re-exported here
[INFO] [stdout] 53 | pub use poc_receipts_v2::*;
[INFO] [stdout]    |         ------------------ but the name `PathElement` in the type namespace is also re-exported here
[INFO] [stdout]    |
[INFO] [stdout]    = note: `#[warn(ambiguous_glob_reexports)]` on by default
[INFO] [stdout] 
[INFO] [stdout] 
[INFO] [stdout] warning: ambiguous glob re-exports
[INFO] [stdout]   --> src/models/transactions/mod.rs:52:9
[INFO] [stdout]    |
[INFO] [stdout] 52 | pub use poc_receipts_v1::*;
[INFO] [stdout]    |         ^^^^^^^^^^^^^^^^^^ the name `Receipt` in the type namespace is first re-exported here
[INFO] [stdout] 53 | pub use poc_receipts_v2::*;
[INFO] [stdout]    |         ------------------ but the name `Receipt` in the type namespace is also re-exported here
[INFO] [stdout] 
[INFO] [stdout] 
[INFO] [stdout] warning: ambiguous glob re-exports
[INFO] [stdout]   --> src/models/transactions/mod.rs:52:9
[INFO] [stdout]    |
[INFO] [stdout] 52 | pub use poc_receipts_v1::*;
[INFO] [stdout]    |         ^^^^^^^^^^^^^^^^^^ the name `Witness` in the type namespace is first re-exported here
[INFO] [stdout] 53 | pub use poc_receipts_v2::*;
[INFO] [stdout]    |         ------------------ but the name `Witness` in the type namespace is also re-exported here
[INFO] [stdout] 
[INFO] [stdout] 
[INFO] [stdout] error: linking with `cc` failed: exit status: 1
[INFO] [stdout]   |
[INFO] [stdout]   = note: LC_ALL="C" PATH="/opt/rustwide/rustup-home/toolchains/beta-2023-12-22-x86_64-unknown-linux-gnu/lib/rustlib/x86_64-unknown-linux-gnu/bin:/opt/rustwide/cargo-home/bin:/usr/local/sbin:/usr/local/bin:/usr/sbin:/usr/bin:/sbin:/bin" VSLANG="1033" "cc" "-m64" "/tmp/rustceeOomY/symbols.o" "/opt/rustwide/target/debug/examples/hotspot-2cf8c7a712109fd7.hotspot.270dc58a79c9b7dd-cgu.0.rcgu.o" "/opt/rustwide/target/debug/examples/hotspot-2cf8c7a712109fd7.hotspot.270dc58a79c9b7dd-cgu.1.rcgu.o" "/opt/rustwide/target/debug/examples/hotspot-2cf8c7a712109fd7.1q10ddj3bymq2g92.rcgu.o" "-Wl,--as-needed" "-L" "/opt/rustwide/target/debug/deps" "-L" "/opt/rustwide/target/debug/build/ring-a9ad492bd6c65f10/out" "-L" "/opt/rustwide/rustup-home/toolchains/beta-2023-12-22-x86_64-unknown-linux-gnu/lib/rustlib/x86_64-unknown-linux-gnu/lib" "-Wl,-Bstatic" "/opt/rustwide/target/debug/deps/libhelium_api-5782adbcc2c9d74d.rlib" "/opt/rustwide/target/debug/deps/libreqwest-bbf943d12d8d810a.rlib" "/opt/rustwide/target/debug/deps/libhyper_rustls-9717f00aa6e85a80.rlib" "/opt/rustwide/target/debug/deps/libserde_urlencoded-029621f095640d23.rlib" "/opt/rustwide/target/debug/deps/libwebpki_roots-4705a0ec3833da5b.rlib" "/opt/rustwide/target/debug/deps/libipnet-dff482cb7b80ee87.rlib" "/opt/rustwide/target/debug/deps/libtokio_rustls-e82f5acc2b9ea6d3.rlib" "/opt/rustwide/target/debug/deps/librustls-30e77a3f053ea6d6.rlib" "/opt/rustwide/target/debug/deps/libsct-d13ba3173f661d5e.rlib" "/opt/rustwide/target/debug/deps/libwebpki-04c74652ae4cbb65.rlib" "/opt/rustwide/target/debug/deps/libring-24f4dc1178da6bf4.rlib" "/opt/rustwide/target/debug/deps/libspin-e858d3468b8e3abd.rlib" "/opt/rustwide/target/debug/deps/libuntrusted-6cf40e3a64622ff0.rlib" "/opt/rustwide/target/debug/deps/libmime-d5b83fc07afe1071.rlib" "/opt/rustwide/target/debug/deps/libencoding_rs-9d882c5ae880d49c.rlib" "/opt/rustwide/target/debug/deps/libbase64-450a6d9dcba13b9b.rlib" "/opt/rustwide/target/debug/deps/libasync_compression-61aad1e67623369c.rlib" "/opt/rustwide/target/debug/deps/libflate2-ea7a2df64a4c1b13.rlib" "/opt/rustwide/target/debug/deps/libminiz_oxide-6a7ff52e3756c8c9.rlib" "/opt/rustwide/target/debug/deps/libadler-eba61f23bb3cdb48.rlib" "/opt/rustwide/target/debug/deps/libcrc32fast-2574467a0cc456e9.rlib" "/opt/rustwide/target/debug/deps/libhyper-64a7378a788ea02b.rlib" "/opt/rustwide/target/debug/deps/libwant-f6ac176db4cc6e4f.rlib" "/opt/rustwide/target/debug/deps/libtry_lock-da79cbb67b0e5d22.rlib" "/opt/rustwide/target/debug/deps/libsocket2-05c25f6937f33b56.rlib" "/opt/rustwide/target/debug/deps/libh2-1c046cf76ada9af5.rlib" "/opt/rustwide/target/debug/deps/libindexmap-d56697f0621dd746.rlib" "/opt/rustwide/target/debug/deps/libhashbrown-d5b24f3d513fb86b.rlib" "/opt/rustwide/target/debug/deps/libtokio_util-7f002703f53a3419.rlib" "/opt/rustwide/target/debug/deps/libhttparse-34e081384930e2cc.rlib" "/opt/rustwide/target/debug/deps/libtower_service-a49ed9f68e393719.rlib" "/opt/rustwide/target/debug/deps/libtracing-ffcf4a8d972b58e1.rlib" "/opt/rustwide/target/debug/deps/libtracing_core-b6d856b8ce2bf643.rlib" "/opt/rustwide/target/debug/deps/libtokio-90cd90cdc3886fa7.rlib" "/opt/rustwide/target/debug/deps/libsignal_hook_registry-82d932a4811b5478.rlib" "/opt/rustwide/target/debug/deps/libnum_cpus-98d6f7d5da0246cd.rlib" "/opt/rustwide/target/debug/deps/libonce_cell-1fc356a87167a13f.rlib" "/opt/rustwide/target/debug/deps/libmio-f177bdc5d027da6d.rlib" "/opt/rustwide/target/debug/deps/libparking_lot-2dbc77c2e1a9474e.rlib" "/opt/rustwide/target/debug/deps/libparking_lot_core-be445e41dd46687f.rlib" "/opt/rustwide/target/debug/deps/libsmallvec-8d5f09032d4e896f.rlib" "/opt/rustwide/target/debug/deps/liblock_api-e279f0d233f9b00c.rlib" "/opt/rustwide/target/debug/deps/libscopeguard-31f1b56a39f2a372.rlib" "/opt/rustwide/target/debug/deps/libinstant-3bb7cc27197b113a.rlib" "/opt/rustwide/target/debug/deps/libhttp_body-b70e8ffe20942a40.rlib" "/opt/rustwide/target/debug/deps/liblog-08c38375a0b41cf0.rlib" "/opt/rustwide/target/debug/deps/libcfg_if-e7002d307f97bc56.rlib" "/opt/rustwide/target/debug/deps/liblazy_static-efa3519517df6cf0.rlib" "/opt/rustwide/target/debug/deps/liburl-e40f51433c9c76ab.rlib" "/opt/rustwide/target/debug/deps/libidna-3b83807c52208965.rlib" "/opt/rustwide/target/debug/deps/libunicode_normalization-71de6763708f6e91.rlib" "/opt/rustwide/target/debug/deps/libtinyvec-be61de421a582d87.rlib" "/opt/rustwide/target/debug/deps/libtinyvec_macros-2b90caf71be257df.rlib" "/opt/rustwide/target/debug/deps/libunicode_bidi-2247b3c29f3cfdf5.rlib" "/opt/rustwide/target/debug/deps/libform_urlencoded-ae8f37993c92f9fc.rlib" "/opt/rustwide/target/debug/deps/libpercent_encoding-3da2a87a41f86eb7.rlib" "/opt/rustwide/target/debug/deps/libmatches-7dacc739f2471d9d.rlib" "/opt/rustwide/target/debug/deps/libhttp-e5814ceee70e217d.rlib" "/opt/rustwide/target/debug/deps/libbytes-3630a6d6f500bb07.rlib" "/opt/rustwide/target/debug/deps/libfnv-953831fe314029b4.rlib" "/opt/rustwide/target/debug/deps/libserde_json-238ca4a921b30add.rlib" "/opt/rustwide/target/debug/deps/libryu-98249992139dd95c.rlib" "/opt/rustwide/target/debug/deps/libitoa-a2832f2392deebad.rlib" "/opt/rustwide/target/debug/deps/librust_decimal-a89e597bb0386f1a.rlib" "/opt/rustwide/target/debug/deps/libarrayvec-c75e5f032d6759fd.rlib" "/opt/rustwide/target/debug/deps/libchrono-3f681f5a689782e4.rlib" "/opt/rustwide/target/debug/deps/libnum_integer-b8d1aa5b73b69349.rlib" "/opt/rustwide/target/debug/deps/libnum_traits-1a2252364216d481.rlib" "/opt/rustwide/target/debug/deps/libtime-9822c27d39519185.rlib" "/opt/rustwide/target/debug/deps/liblibc-5af294eabe85c92e.rlib" "/opt/rustwide/target/debug/deps/libthiserror-4adb16a5dbda7c95.rlib" "/opt/rustwide/target/debug/deps/libserde-3f1c91a481c25cc3.rlib" "/opt/rustwide/target/debug/deps/libfutures-58b0ae92d839f7a5.rlib" "/opt/rustwide/target/debug/deps/libfutures_executor-e08066bb05d6c1fd.rlib" "/opt/rustwide/target/debug/deps/libfutures_util-8c068148e514a7dc.rlib" "/opt/rustwide/target/debug/deps/libmemchr-6f62f415054b7720.rlib" "/opt/rustwide/target/debug/deps/libfutures_io-1a8d19edffddd701.rlib" "/opt/rustwide/target/debug/deps/libslab-762c730f795346c4.rlib" "/opt/rustwide/target/debug/deps/libfutures_channel-67984d8c4944171d.rlib" "/opt/rustwide/target/debug/deps/libpin_project_lite-255ea0676d5807d3.rlib" "/opt/rustwide/target/debug/deps/libfutures_sink-3e172ed198918cf9.rlib" "/opt/rustwide/target/debug/deps/libfutures_task-528fc7247a5c8542.rlib" "/opt/rustwide/target/debug/deps/libpin_utils-9c5dcf17efb91bff.rlib" "/opt/rustwide/target/debug/deps/libfutures_core-f2b6ef7fc76ceb8b.rlib" "/opt/rustwide/rustup-home/toolchains/beta-2023-12-22-x86_64-unknown-linux-gnu/lib/rustlib/x86_64-unknown-linux-gnu/lib/libstd-0672489a78b613de.rlib" "/opt/rustwide/rustup-home/toolchains/beta-2023-12-22-x86_64-unknown-linux-gnu/lib/rustlib/x86_64-unknown-linux-gnu/lib/libpanic_unwind-7eb3ffc34a49f675.rlib" "/opt/rustwide/rustup-home/toolchains/beta-2023-12-22-x86_64-unknown-linux-gnu/lib/rustlib/x86_64-unknown-linux-gnu/lib/libobject-6478a9daa4bee8e2.rlib" "/opt/rustwide/rustup-home/toolchains/beta-2023-12-22-x86_64-unknown-linux-gnu/lib/rustlib/x86_64-unknown-linux-gnu/lib/libmemchr-0c75d871a5c3923d.rlib" "/opt/rustwide/rustup-home/toolchains/beta-2023-12-22-x86_64-unknown-linux-gnu/lib/rustlib/x86_64-unknown-linux-gnu/lib/libaddr2line-d163ef63ad37bb71.rlib" "/opt/rustwide/rustup-home/toolchains/beta-2023-12-22-x86_64-unknown-linux-gnu/lib/rustlib/x86_64-unknown-linux-gnu/lib/libgimli-8a3fd810a85b9f4c.rlib" "/opt/rustwide/rustup-home/toolchains/beta-2023-12-22-x86_64-unknown-linux-gnu/lib/rustlib/x86_64-unknown-linux-gnu/lib/librustc_demangle-462a2cde8c5dfc10.rlib" "/opt/rustwide/rustup-home/toolchains/beta-2023-12-22-x86_64-unknown-linux-gnu/lib/rustlib/x86_64-unknown-linux-gnu/lib/libstd_detect-cb06ac9f54713f71.rlib" "/opt/rustwide/rustup-home/toolchains/beta-2023-12-22-x86_64-unknown-linux-gnu/lib/rustlib/x86_64-unknown-linux-gnu/lib/libhashbrown-f20bfd1f8e59b393.rlib" "/opt/rustwide/rustup-home/toolchains/beta-2023-12-22-x86_64-unknown-linux-gnu/lib/rustlib/x86_64-unknown-linux-gnu/lib/librustc_std_workspace_alloc-1ef460949b49da4b.rlib" "/opt/rustwide/rustup-home/toolchains/beta-2023-12-22-x86_64-unknown-linux-gnu/lib/rustlib/x86_64-unknown-linux-gnu/lib/libminiz_oxide-2cb0c0ffe4f87514.rlib" "/opt/rustwide/rustup-home/toolchains/beta-2023-12-22-x86_64-unknown-linux-gnu/lib/rustlib/x86_64-unknown-linux-gnu/lib/libadler-58d841eb322a11a2.rlib" "/opt/rustwide/rustup-home/toolchains/beta-2023-12-22-x86_64-unknown-linux-gnu/lib/rustlib/x86_64-unknown-linux-gnu/lib/libunwind-aa2ae0b0a9d11533.rlib" "/opt/rustwide/rustup-home/toolchains/beta-2023-12-22-x86_64-unknown-linux-gnu/lib/rustlib/x86_64-unknown-linux-gnu/lib/libcfg_if-23874e15830ed336.rlib" "/opt/rustwide/rustup-home/toolchains/beta-2023-12-22-x86_64-unknown-linux-gnu/lib/rustlib/x86_64-unknown-linux-gnu/lib/liblibc-e47cddc003bce885.rlib" "/opt/rustwide/rustup-home/toolchains/beta-2023-12-22-x86_64-unknown-linux-gnu/lib/rustlib/x86_64-unknown-linux-gnu/lib/liballoc-c22b13b48a8f128e.rlib" "/opt/rustwide/rustup-home/toolchains/beta-2023-12-22-x86_64-unknown-linux-gnu/lib/rustlib/x86_64-unknown-linux-gnu/lib/librustc_std_workspace_core-e46bc3da6d7c462f.rlib" "/opt/rustwide/rustup-home/toolchains/beta-2023-12-22-x86_64-unknown-linux-gnu/lib/rustlib/x86_64-unknown-linux-gnu/lib/libcore-8d1ac131d3cb2645.rlib" "/opt/rustwide/rustup-home/toolchains/beta-2023-12-22-x86_64-unknown-linux-gnu/lib/rustlib/x86_64-unknown-linux-gnu/lib/libcompiler_builtins-a1b43df8c6899c1f.rlib" "-Wl,-Bdynamic" "-lgcc_s" "-lutil" "-lrt" "-lpthread" "-lm" "-ldl" "-lc" "-Wl,--eh-frame-hdr" "-Wl,-z,noexecstack" "-L" "/opt/rustwide/rustup-home/toolchains/beta-2023-12-22-x86_64-unknown-linux-gnu/lib/rustlib/x86_64-unknown-linux-gnu/lib" "-o" "/opt/rustwide/target/debug/examples/hotspot-2cf8c7a712109fd7" "-Wl,--gc-sections" "-pie" "-Wl,-z,relro,-z,now" "-nodefaultlibs"
[INFO] [stdout]   = note: collect2: fatal error: ld terminated with signal 9 [Killed]
[INFO] [stdout]           compilation terminated.
[INFO] [stdout]           
[INFO] [stdout] 
[INFO] [stdout] 
[INFO] [stdout] error: aborting due to 1 previous error
[INFO] [stdout] 
[INFO] [stdout] 
[INFO] [stderr] error: could not compile `helium-api` (example "hotspot") due to 2 previous errors
[INFO] [stderr] warning: build failed, waiting for other jobs to finish...
[INFO] [stdout] error: linking with `cc` failed: exit status: 1
[INFO] [stdout]   |
[INFO] [stdout]   = note: LC_ALL="C" PATH="/opt/rustwide/rustup-home/toolchains/beta-2023-12-22-x86_64-unknown-linux-gnu/lib/rustlib/x86_64-unknown-linux-gnu/bin:/opt/rustwide/cargo-home/bin:/usr/local/sbin:/usr/local/bin:/usr/sbin:/usr/bin:/sbin:/bin" VSLANG="1033" "cc" "-m64" "/tmp/rustcKrppba/symbols.o" "/opt/rustwide/target/debug/examples/oui-8517038d27d27199.oui.a538dc64b8d35469-cgu.0.rcgu.o" "/opt/rustwide/target/debug/examples/oui-8517038d27d27199.oui.a538dc64b8d35469-cgu.1.rcgu.o" "/opt/rustwide/target/debug/examples/oui-8517038d27d27199.14j37ka24zdw4oum.rcgu.o" "-Wl,--as-needed" "-L" "/opt/rustwide/target/debug/deps" "-L" "/opt/rustwide/target/debug/build/ring-a9ad492bd6c65f10/out" "-L" "/opt/rustwide/rustup-home/toolchains/beta-2023-12-22-x86_64-unknown-linux-gnu/lib/rustlib/x86_64-unknown-linux-gnu/lib" "-Wl,-Bstatic" "/opt/rustwide/target/debug/deps/libhelium_api-5782adbcc2c9d74d.rlib" "/opt/rustwide/target/debug/deps/libreqwest-bbf943d12d8d810a.rlib" "/opt/rustwide/target/debug/deps/libhyper_rustls-9717f00aa6e85a80.rlib" "/opt/rustwide/target/debug/deps/libserde_urlencoded-029621f095640d23.rlib" "/opt/rustwide/target/debug/deps/libwebpki_roots-4705a0ec3833da5b.rlib" "/opt/rustwide/target/debug/deps/libipnet-dff482cb7b80ee87.rlib" "/opt/rustwide/target/debug/deps/libtokio_rustls-e82f5acc2b9ea6d3.rlib" "/opt/rustwide/target/debug/deps/librustls-30e77a3f053ea6d6.rlib" "/opt/rustwide/target/debug/deps/libsct-d13ba3173f661d5e.rlib" "/opt/rustwide/target/debug/deps/libwebpki-04c74652ae4cbb65.rlib" "/opt/rustwide/target/debug/deps/libring-24f4dc1178da6bf4.rlib" "/opt/rustwide/target/debug/deps/libspin-e858d3468b8e3abd.rlib" "/opt/rustwide/target/debug/deps/libuntrusted-6cf40e3a64622ff0.rlib" "/opt/rustwide/target/debug/deps/libmime-d5b83fc07afe1071.rlib" "/opt/rustwide/target/debug/deps/libencoding_rs-9d882c5ae880d49c.rlib" "/opt/rustwide/target/debug/deps/libbase64-450a6d9dcba13b9b.rlib" "/opt/rustwide/target/debug/deps/libasync_compression-61aad1e67623369c.rlib" "/opt/rustwide/target/debug/deps/libflate2-ea7a2df64a4c1b13.rlib" "/opt/rustwide/target/debug/deps/libminiz_oxide-6a7ff52e3756c8c9.rlib" "/opt/rustwide/target/debug/deps/libadler-eba61f23bb3cdb48.rlib" "/opt/rustwide/target/debug/deps/libcrc32fast-2574467a0cc456e9.rlib" "/opt/rustwide/target/debug/deps/libhyper-64a7378a788ea02b.rlib" "/opt/rustwide/target/debug/deps/libwant-f6ac176db4cc6e4f.rlib" "/opt/rustwide/target/debug/deps/libtry_lock-da79cbb67b0e5d22.rlib" "/opt/rustwide/target/debug/deps/libsocket2-05c25f6937f33b56.rlib" "/opt/rustwide/target/debug/deps/libh2-1c046cf76ada9af5.rlib" "/opt/rustwide/target/debug/deps/libindexmap-d56697f0621dd746.rlib" "/opt/rustwide/target/debug/deps/libhashbrown-d5b24f3d513fb86b.rlib" "/opt/rustwide/target/debug/deps/libtokio_util-7f002703f53a3419.rlib" "/opt/rustwide/target/debug/deps/libhttparse-34e081384930e2cc.rlib" "/opt/rustwide/target/debug/deps/libtower_service-a49ed9f68e393719.rlib" "/opt/rustwide/target/debug/deps/libtracing-ffcf4a8d972b58e1.rlib" "/opt/rustwide/target/debug/deps/libtracing_core-b6d856b8ce2bf643.rlib" "/opt/rustwide/target/debug/deps/libtokio-90cd90cdc3886fa7.rlib" "/opt/rustwide/target/debug/deps/libsignal_hook_registry-82d932a4811b5478.rlib" "/opt/rustwide/target/debug/deps/libnum_cpus-98d6f7d5da0246cd.rlib" "/opt/rustwide/target/debug/deps/libonce_cell-1fc356a87167a13f.rlib" "/opt/rustwide/target/debug/deps/libmio-f177bdc5d027da6d.rlib" "/opt/rustwide/target/debug/deps/libparking_lot-2dbc77c2e1a9474e.rlib" "/opt/rustwide/target/debug/deps/libparking_lot_core-be445e41dd46687f.rlib" "/opt/rustwide/target/debug/deps/libsmallvec-8d5f09032d4e896f.rlib" "/opt/rustwide/target/debug/deps/liblock_api-e279f0d233f9b00c.rlib" "/opt/rustwide/target/debug/deps/libscopeguard-31f1b56a39f2a372.rlib" "/opt/rustwide/target/debug/deps/libinstant-3bb7cc27197b113a.rlib" "/opt/rustwide/target/debug/deps/libhttp_body-b70e8ffe20942a40.rlib" "/opt/rustwide/target/debug/deps/liblog-08c38375a0b41cf0.rlib" "/opt/rustwide/target/debug/deps/libcfg_if-e7002d307f97bc56.rlib" "/opt/rustwide/target/debug/deps/liblazy_static-efa3519517df6cf0.rlib" "/opt/rustwide/target/debug/deps/liburl-e40f51433c9c76ab.rlib" "/opt/rustwide/target/debug/deps/libidna-3b83807c52208965.rlib" "/opt/rustwide/target/debug/deps/libunicode_normalization-71de6763708f6e91.rlib" "/opt/rustwide/target/debug/deps/libtinyvec-be61de421a582d87.rlib" "/opt/rustwide/target/debug/deps/libtinyvec_macros-2b90caf71be257df.rlib" "/opt/rustwide/target/debug/deps/libunicode_bidi-2247b3c29f3cfdf5.rlib" "/opt/rustwide/target/debug/deps/libform_urlencoded-ae8f37993c92f9fc.rlib" "/opt/rustwide/target/debug/deps/libpercent_encoding-3da2a87a41f86eb7.rlib" "/opt/rustwide/target/debug/deps/libmatches-7dacc739f2471d9d.rlib" "/opt/rustwide/target/debug/deps/libhttp-e5814ceee70e217d.rlib" "/opt/rustwide/target/debug/deps/libbytes-3630a6d6f500bb07.rlib" "/opt/rustwide/target/debug/deps/libfnv-953831fe314029b4.rlib" "/opt/rustwide/target/debug/deps/libserde_json-238ca4a921b30add.rlib" "/opt/rustwide/target/debug/deps/libryu-98249992139dd95c.rlib" "/opt/rustwide/target/debug/deps/libitoa-a2832f2392deebad.rlib" "/opt/rustwide/target/debug/deps/librust_decimal-a89e597bb0386f1a.rlib" "/opt/rustwide/target/debug/deps/libarrayvec-c75e5f032d6759fd.rlib" "/opt/rustwide/target/debug/deps/libchrono-3f681f5a689782e4.rlib" "/opt/rustwide/target/debug/deps/libnum_integer-b8d1aa5b73b69349.rlib" "/opt/rustwide/target/debug/deps/libnum_traits-1a2252364216d481.rlib" "/opt/rustwide/target/debug/deps/libtime-9822c27d39519185.rlib" "/opt/rustwide/target/debug/deps/liblibc-5af294eabe85c92e.rlib" "/opt/rustwide/target/debug/deps/libthiserror-4adb16a5dbda7c95.rlib" "/opt/rustwide/target/debug/deps/libserde-3f1c91a481c25cc3.rlib" "/opt/rustwide/target/debug/deps/libfutures-58b0ae92d839f7a5.rlib" "/opt/rustwide/target/debug/deps/libfutures_executor-e08066bb05d6c1fd.rlib" "/opt/rustwide/target/debug/deps/libfutures_util-8c068148e514a7dc.rlib" "/opt/rustwide/target/debug/deps/libmemchr-6f62f415054b7720.rlib" "/opt/rustwide/target/debug/deps/libfutures_io-1a8d19edffddd701.rlib" "/opt/rustwide/target/debug/deps/libslab-762c730f795346c4.rlib" "/opt/rustwide/target/debug/deps/libfutures_channel-67984d8c4944171d.rlib" "/opt/rustwide/target/debug/deps/libpin_project_lite-255ea0676d5807d3.rlib" "/opt/rustwide/target/debug/deps/libfutures_sink-3e172ed198918cf9.rlib" "/opt/rustwide/target/debug/deps/libfutures_task-528fc7247a5c8542.rlib" "/opt/rustwide/target/debug/deps/libpin_utils-9c5dcf17efb91bff.rlib" "/opt/rustwide/target/debug/deps/libfutures_core-f2b6ef7fc76ceb8b.rlib" "/opt/rustwide/rustup-home/toolchains/beta-2023-12-22-x86_64-unknown-linux-gnu/lib/rustlib/x86_64-unknown-linux-gnu/lib/libstd-0672489a78b613de.rlib" "/opt/rustwide/rustup-home/toolchains/beta-2023-12-22-x86_64-unknown-linux-gnu/lib/rustlib/x86_64-unknown-linux-gnu/lib/libpanic_unwind-7eb3ffc34a49f675.rlib" "/opt/rustwide/rustup-home/toolchains/beta-2023-12-22-x86_64-unknown-linux-gnu/lib/rustlib/x86_64-unknown-linux-gnu/lib/libobject-6478a9daa4bee8e2.rlib" "/opt/rustwide/rustup-home/toolchains/beta-2023-12-22-x86_64-unknown-linux-gnu/lib/rustlib/x86_64-unknown-linux-gnu/lib/libmemchr-0c75d871a5c3923d.rlib" "/opt/rustwide/rustup-home/toolchains/beta-2023-12-22-x86_64-unknown-linux-gnu/lib/rustlib/x86_64-unknown-linux-gnu/lib/libaddr2line-d163ef63ad37bb71.rlib" "/opt/rustwide/rustup-home/toolchains/beta-2023-12-22-x86_64-unknown-linux-gnu/lib/rustlib/x86_64-unknown-linux-gnu/lib/libgimli-8a3fd810a85b9f4c.rlib" "/opt/rustwide/rustup-home/toolchains/beta-2023-12-22-x86_64-unknown-linux-gnu/lib/rustlib/x86_64-unknown-linux-gnu/lib/librustc_demangle-462a2cde8c5dfc10.rlib" "/opt/rustwide/rustup-home/toolchains/beta-2023-12-22-x86_64-unknown-linux-gnu/lib/rustlib/x86_64-unknown-linux-gnu/lib/libstd_detect-cb06ac9f54713f71.rlib" "/opt/rustwide/rustup-home/toolchains/beta-2023-12-22-x86_64-unknown-linux-gnu/lib/rustlib/x86_64-unknown-linux-gnu/lib/libhashbrown-f20bfd1f8e59b393.rlib" "/opt/rustwide/rustup-home/toolchains/beta-2023-12-22-x86_64-unknown-linux-gnu/lib/rustlib/x86_64-unknown-linux-gnu/lib/librustc_std_workspace_alloc-1ef460949b49da4b.rlib" "/opt/rustwide/rustup-home/toolchains/beta-2023-12-22-x86_64-unknown-linux-gnu/lib/rustlib/x86_64-unknown-linux-gnu/lib/libminiz_oxide-2cb0c0ffe4f87514.rlib" "/opt/rustwide/rustup-home/toolchains/beta-2023-12-22-x86_64-unknown-linux-gnu/lib/rustlib/x86_64-unknown-linux-gnu/lib/libadler-58d841eb322a11a2.rlib" "/opt/rustwide/rustup-home/toolchains/beta-2023-12-22-x86_64-unknown-linux-gnu/lib/rustlib/x86_64-unknown-linux-gnu/lib/libunwind-aa2ae0b0a9d11533.rlib" "/opt/rustwide/rustup-home/toolchains/beta-2023-12-22-x86_64-unknown-linux-gnu/lib/rustlib/x86_64-unknown-linux-gnu/lib/libcfg_if-23874e15830ed336.rlib" "/opt/rustwide/rustup-home/toolchains/beta-2023-12-22-x86_64-unknown-linux-gnu/lib/rustlib/x86_64-unknown-linux-gnu/lib/liblibc-e47cddc003bce885.rlib" "/opt/rustwide/rustup-home/toolchains/beta-2023-12-22-x86_64-unknown-linux-gnu/lib/rustlib/x86_64-unknown-linux-gnu/lib/liballoc-c22b13b48a8f128e.rlib" "/opt/rustwide/rustup-home/toolchains/beta-2023-12-22-x86_64-unknown-linux-gnu/lib/rustlib/x86_64-unknown-linux-gnu/lib/librustc_std_workspace_core-e46bc3da6d7c462f.rlib" "/opt/rustwide/rustup-home/toolchains/beta-2023-12-22-x86_64-unknown-linux-gnu/lib/rustlib/x86_64-unknown-linux-gnu/lib/libcore-8d1ac131d3cb2645.rlib" "/opt/rustwide/rustup-home/toolchains/beta-2023-12-22-x86_64-unknown-linux-gnu/lib/rustlib/x86_64-unknown-linux-gnu/lib/libcompiler_builtins-a1b43df8c6899c1f.rlib" "-Wl,-Bdynamic" "-lgcc_s" "-lutil" "-lrt" "-lpthread" "-lm" "-ldl" "-lc" "-Wl,--eh-frame-hdr" "-Wl,-z,noexecstack" "-L" "/opt/rustwide/rustup-home/toolchains/beta-2023-12-22-x86_64-unknown-linux-gnu/lib/rustlib/x86_64-unknown-linux-gnu/lib" "-o" "/opt/rustwide/target/debug/examples/oui-8517038d27d27199" "-Wl,--gc-sections" "-pie" "-Wl,-z,relro,-z,now" "-nodefaultlibs"
[INFO] [stdout]   = note: collect2: fatal error: ld terminated with signal 9 [Killed]
[INFO] [stdout]           compilation terminated.
[INFO] [stdout]           
[INFO] [stdout] 
[INFO] [stdout] 
[INFO] [stdout] error: aborting due to 1 previous error
[INFO] [stdout] 
[INFO] [stdout] 
[INFO] [stderr] error: could not compile `helium-api` (example "oui") due to 2 previous errors
[INFO] [stdout] warning: 3 warnings emitted
[INFO] [stdout] 
[INFO] [stdout] 
[INFO] running `Command { std: "docker" "inspect" "c3dc1f8f9d6a48c952507dfcfd2958049adece8383d04d4c139e079a30f6454d", kill_on_drop: false }`
[INFO] running `Command { std: "docker" "rm" "-f" "c3dc1f8f9d6a48c952507dfcfd2958049adece8383d04d4c139e079a30f6454d", kill_on_drop: false }`
[INFO] [stdout] c3dc1f8f9d6a48c952507dfcfd2958049adece8383d04d4c139e079a30f6454d
