[INFO] fetching crate heatflow 0.0.0...
[INFO] testing heatflow-0.0.0 against 1.75.0 for beta-1.76-1
[INFO] extracting crate heatflow 0.0.0 into /workspace/builds/worker-1-tc1/source
[INFO] validating manifest of crates.io crate heatflow 0.0.0 on toolchain 1.75.0
[INFO] running `Command { std: CARGO_HOME="/workspace/cargo-home" RUSTUP_HOME="/workspace/rustup-home" "/workspace/cargo-home/bin/cargo" "+1.75.0" "metadata" "--manifest-path" "Cargo.toml" "--no-deps", kill_on_drop: false }`
[INFO] started tweaking crates.io crate heatflow 0.0.0
[INFO] finished tweaking crates.io crate heatflow 0.0.0
[INFO] tweaked toml for crates.io crate heatflow 0.0.0 written to /workspace/builds/worker-1-tc1/source/Cargo.toml
[INFO] running `Command { std: CARGO_HOME="/workspace/cargo-home" RUSTUP_HOME="/workspace/rustup-home" "/workspace/cargo-home/bin/cargo" "+1.75.0" "generate-lockfile" "--manifest-path" "Cargo.toml", kill_on_drop: false }`
[INFO] [stderr]     Updating crates.io index
[INFO] running `Command { std: CARGO_HOME="/workspace/cargo-home" RUSTUP_HOME="/workspace/rustup-home" "/workspace/cargo-home/bin/cargo" "+1.75.0" "fetch" "--manifest-path" "Cargo.toml", kill_on_drop: false }`
[INFO] [stderr]  Downloading crates ...
[INFO] [stderr]   Downloaded distantia v0.0.0
[INFO] [stderr]   Downloaded shape-core v0.1.17
[INFO] [stderr]   Downloaded color-core v0.1.6
[INFO] [stderr]   Downloaded projective v0.3.0
[INFO] running `Command { std: "docker" "create" "-v" "/var/lib/crater-agent-workspace/builds/worker-1-tc1/target:/opt/rustwide/target:rw,Z" "-v" "/var/lib/crater-agent-workspace/builds/worker-1-tc1/source:/opt/rustwide/workdir:ro,Z" "-v" "/var/lib/crater-agent-workspace/cargo-home:/opt/rustwide/cargo-home:ro,Z" "-v" "/var/lib/crater-agent-workspace/rustup-home:/opt/rustwide/rustup-home:ro,Z" "-e" "SOURCE_DIR=/opt/rustwide/workdir" "-e" "CARGO_TARGET_DIR=/opt/rustwide/target" "-e" "CARGO_HOME=/opt/rustwide/cargo-home" "-e" "RUSTUP_HOME=/opt/rustwide/rustup-home" "-w" "/opt/rustwide/workdir" "-m" "1610612736" "--user" "0:0" "--network" "none" "ghcr.io/rust-lang/crates-build-env/linux@sha256:2788e3201cd34a07e3172128adcd8b3090168a8e3bcc40d7c032b9dda1df7d1c" "/opt/rustwide/cargo-home/bin/cargo" "+1.75.0" "metadata" "--no-deps" "--format-version=1", kill_on_drop: false }`
[INFO] [stdout] dfe53c2ac9d0e34840f16b33d98aee4c0e7137ccafe9a27fb061e4b0433ec138
[INFO] running `Command { std: "docker" "start" "-a" "dfe53c2ac9d0e34840f16b33d98aee4c0e7137ccafe9a27fb061e4b0433ec138", kill_on_drop: false }`
[INFO] running `Command { std: "docker" "inspect" "dfe53c2ac9d0e34840f16b33d98aee4c0e7137ccafe9a27fb061e4b0433ec138", kill_on_drop: false }`
[INFO] running `Command { std: "docker" "rm" "-f" "dfe53c2ac9d0e34840f16b33d98aee4c0e7137ccafe9a27fb061e4b0433ec138", kill_on_drop: false }`
[INFO] [stdout] dfe53c2ac9d0e34840f16b33d98aee4c0e7137ccafe9a27fb061e4b0433ec138
[INFO] running `Command { std: "docker" "create" "-v" "/var/lib/crater-agent-workspace/builds/worker-1-tc1/target:/opt/rustwide/target:rw,Z" "-v" "/var/lib/crater-agent-workspace/builds/worker-1-tc1/source:/opt/rustwide/workdir:ro,Z" "-v" "/var/lib/crater-agent-workspace/cargo-home:/opt/rustwide/cargo-home:ro,Z" "-v" "/var/lib/crater-agent-workspace/rustup-home:/opt/rustwide/rustup-home:ro,Z" "-e" "SOURCE_DIR=/opt/rustwide/workdir" "-e" "CARGO_TARGET_DIR=/opt/rustwide/target" "-e" "CARGO_INCREMENTAL=0" "-e" "RUST_BACKTRACE=full" "-e" "RUSTFLAGS=--cap-lints=warn" "-e" "RUSTDOCFLAGS=--cap-lints=warn" "-e" "CARGO_HOME=/opt/rustwide/cargo-home" "-e" "RUSTUP_HOME=/opt/rustwide/rustup-home" "-w" "/opt/rustwide/workdir" "-m" "1610612736" "--user" "0:0" "--network" "none" "ghcr.io/rust-lang/crates-build-env/linux@sha256:2788e3201cd34a07e3172128adcd8b3090168a8e3bcc40d7c032b9dda1df7d1c" "/opt/rustwide/cargo-home/bin/cargo" "+1.75.0" "build" "--frozen" "--message-format=json", kill_on_drop: false }`
[INFO] [stdout] 8b7e0c20fab503324900e72c62d7243e41cdad68cf8f3e5e0b29705ff1be661d
[INFO] running `Command { std: "docker" "start" "-a" "8b7e0c20fab503324900e72c62d7243e41cdad68cf8f3e5e0b29705ff1be661d", kill_on_drop: false }`
[INFO] [stderr]    Compiling num-traits v0.2.17
[INFO] [stderr]    Compiling matrixmultiply v0.3.8
[INFO] [stderr]    Compiling num-integer v0.1.45
[INFO] [stderr]    Compiling rawpointer v0.2.1
[INFO] [stderr]    Compiling either v1.9.0
[INFO] [stderr]    Compiling color-core v0.1.6
[INFO] [stderr]    Compiling distantia v0.0.0
[INFO] [stderr]    Compiling itertools v0.12.0
[INFO] [stderr]    Compiling projective v0.3.0
[INFO] [stderr]    Compiling num-complex v0.4.4
[INFO] [stderr]    Compiling shape-core v0.1.17
[INFO] [stderr]    Compiling ndarray v0.15.6
[INFO] [stderr]    Compiling heatflow v0.0.0 (/opt/rustwide/workdir)
[INFO] [stdout] error[E0609]: no field `anchor` on type `shape_core::Rectangle<f32>`
[INFO] [stdout]   --> src/heat_flow/display.rs:43:34
[INFO] [stdout]    |
[INFO] [stdout] 43 |                 start: self.area.anchor.x,
[INFO] [stdout]    |                                  ^^^^^^ unknown field
[INFO] [stdout]    |
[INFO] [stdout]    = note: available fields are: `min`, `max`
[INFO] [stdout] 
[INFO] [stdout] 
[INFO] [stdout] error[E0609]: no field `anchor` on type `shape_core::Rectangle<f32>`
[INFO] [stdout]   --> src/heat_flow/display.rs:44:32
[INFO] [stdout]    |
[INFO] [stdout] 44 |                 end: self.area.anchor.x + self.area.side.0,
[INFO] [stdout]    |                                ^^^^^^ unknown field
[INFO] [stdout]    |
[INFO] [stdout]    = note: available fields are: `min`, `max`
[INFO] [stdout] 
[INFO] [stdout] 
[INFO] [stdout] error[E0609]: no field `side` on type `shape_core::Rectangle<f32>`
[INFO] [stdout]   --> src/heat_flow/display.rs:44:53
[INFO] [stdout]    |
[INFO] [stdout] 44 |                 end: self.area.anchor.x + self.area.side.0,
[INFO] [stdout]    |                                                     ^^^^ unknown field
[INFO] [stdout]    |
[INFO] [stdout]    = note: available fields are: `min`, `max`
[INFO] [stdout] 
[INFO] [stdout] 
[INFO] [stdout] error[E0609]: no field `anchor` on type `shape_core::Rectangle<f32>`
[INFO] [stdout]   --> src/heat_flow/display.rs:47:34
[INFO] [stdout]    |
[INFO] [stdout] 47 |                 start: self.area.anchor.y,
[INFO] [stdout]    |                                  ^^^^^^ unknown field
[INFO] [stdout]    |
[INFO] [stdout]    = note: available fields are: `min`, `max`
[INFO] [stdout] 
[INFO] [stdout] 
[INFO] [stdout] error[E0609]: no field `anchor` on type `shape_core::Rectangle<f32>`
[INFO] [stdout]   --> src/heat_flow/display.rs:48:32
[INFO] [stdout]    |
[INFO] [stdout] 48 |                 end: self.area.anchor.y + self.area.side.1,
[INFO] [stdout]    |                                ^^^^^^ unknown field
[INFO] [stdout]    |
[INFO] [stdout]    = note: available fields are: `min`, `max`
[INFO] [stdout] 
[INFO] [stdout] 
[INFO] [stdout] error[E0609]: no field `side` on type `shape_core::Rectangle<f32>`
[INFO] [stdout]   --> src/heat_flow/display.rs:48:53
[INFO] [stdout]    |
[INFO] [stdout] 48 |                 end: self.area.anchor.y + self.area.side.1,
[INFO] [stdout]    |                                                     ^^^^ unknown field
[INFO] [stdout]    |
[INFO] [stdout]    = note: available fields are: `min`, `max`
[INFO] [stdout] 
[INFO] [stdout] 
[INFO] [stdout] error[E0609]: no field `side` on type `shape_core::Rectangle<f32>`
[INFO] [stdout]   --> src/heat_flow/flow.rs:13:23
[INFO] [stdout]    |
[INFO] [stdout] 13 |         let w = (area.side.0 / resolution).ceil() as usize;
[INFO] [stdout]    |                       ^^^^ unknown field
[INFO] [stdout]    |
[INFO] [stdout]    = note: available fields are: `min`, `max`
[INFO] [stdout] 
[INFO] [stdout] 
[INFO] [stdout] error[E0609]: no field `side` on type `shape_core::Rectangle<f32>`
[INFO] [stdout]   --> src/heat_flow/flow.rs:14:23
[INFO] [stdout]    |
[INFO] [stdout] 14 |         let h = (area.side.1 / resolution).ceil() as usize;
[INFO] [stdout]    |                       ^^^^ unknown field
[INFO] [stdout]    |
[INFO] [stdout]    = note: available fields are: `min`, `max`
[INFO] [stdout] 
[INFO] [stdout] 
[INFO] [stdout] error[E0609]: no field `anchor` on type `shape_core::Rectangle<f32>`
[INFO] [stdout]   --> src/heat_flow/flow.rs:44:39
[INFO] [stdout]    |
[INFO] [stdout] 44 |         let x = ((point.x - self.area.anchor.x) / self.area.side.0 * self.get_w() as f32).floor() as usize;
[INFO] [stdout]    |                                       ^^^^^^ unknown field
[INFO] [stdout]    |
[INFO] [stdout]    = note: available fields are: `min`, `max`
[INFO] [stdout] 
[INFO] [stdout] 
[INFO] [stdout] error[E0609]: no field `side` on type `shape_core::Rectangle<f32>`
[INFO] [stdout]   --> src/heat_flow/flow.rs:44:61
[INFO] [stdout]    |
[INFO] [stdout] 44 |         let x = ((point.x - self.area.anchor.x) / self.area.side.0 * self.get_w() as f32).floor() as usize;
[INFO] [stdout]    |                                                             ^^^^ unknown field
[INFO] [stdout]    |
[INFO] [stdout]    = note: available fields are: `min`, `max`
[INFO] [stdout] 
[INFO] [stdout] 
[INFO] [stdout] error[E0609]: no field `anchor` on type `shape_core::Rectangle<f32>`
[INFO] [stdout]   --> src/heat_flow/flow.rs:45:39
[INFO] [stdout]    |
[INFO] [stdout] 45 |         let y = ((point.y - self.area.anchor.y) / self.area.side.1 * self.get_h() as f32).floor() as usize;
[INFO] [stdout]    |                                       ^^^^^^ unknown field
[INFO] [stdout]    |
[INFO] [stdout]    = note: available fields are: `min`, `max`
[INFO] [stdout] 
[INFO] [stdout] 
[INFO] [stdout] error[E0609]: no field `side` on type `shape_core::Rectangle<f32>`
[INFO] [stdout]   --> src/heat_flow/flow.rs:45:61
[INFO] [stdout]    |
[INFO] [stdout] 45 |         let y = ((point.y - self.area.anchor.y) / self.area.side.1 * self.get_h() as f32).floor() as usize;
[INFO] [stdout]    |                                                             ^^^^ unknown field
[INFO] [stdout]    |
[INFO] [stdout]    = note: available fields are: `min`, `max`
[INFO] [stdout] 
[INFO] [stdout] 
[INFO] [stdout] error: aborting due to 12 previous errors
[INFO] [stdout] 
[INFO] [stdout] 
[INFO] [stdout] For more information about this error, try `rustc --explain E0609`.
[INFO] [stdout] 
[INFO] [stderr] error: could not compile `heatflow` (lib) due to 13 previous errors
[INFO] running `Command { std: "docker" "inspect" "8b7e0c20fab503324900e72c62d7243e41cdad68cf8f3e5e0b29705ff1be661d", kill_on_drop: false }`
[INFO] running `Command { std: "docker" "rm" "-f" "8b7e0c20fab503324900e72c62d7243e41cdad68cf8f3e5e0b29705ff1be661d", kill_on_drop: false }`
[INFO] [stdout] 8b7e0c20fab503324900e72c62d7243e41cdad68cf8f3e5e0b29705ff1be661d
