[INFO] fetching crate hazelcast_rest 0.1.0...
[INFO] testing hazelcast_rest-0.1.0 against 1.75.0 for beta-1.76-1
[INFO] extracting crate hazelcast_rest 0.1.0 into /workspace/builds/worker-5-tc1/source
[INFO] validating manifest of crates.io crate hazelcast_rest 0.1.0 on toolchain 1.75.0
[INFO] running `Command { std: CARGO_HOME="/workspace/cargo-home" RUSTUP_HOME="/workspace/rustup-home" "/workspace/cargo-home/bin/cargo" "+1.75.0" "metadata" "--manifest-path" "Cargo.toml" "--no-deps", kill_on_drop: false }`
[INFO] started tweaking crates.io crate hazelcast_rest 0.1.0
[INFO] finished tweaking crates.io crate hazelcast_rest 0.1.0
[INFO] tweaked toml for crates.io crate hazelcast_rest 0.1.0 written to /workspace/builds/worker-5-tc1/source/Cargo.toml
[INFO] running `Command { std: CARGO_HOME="/workspace/cargo-home" RUSTUP_HOME="/workspace/rustup-home" "/workspace/cargo-home/bin/cargo" "+1.75.0" "generate-lockfile" "--manifest-path" "Cargo.toml", kill_on_drop: false }`
[INFO] [stderr]     Updating crates.io index
[INFO] running `Command { std: CARGO_HOME="/workspace/cargo-home" RUSTUP_HOME="/workspace/rustup-home" "/workspace/cargo-home/bin/cargo" "+1.75.0" "fetch" "--manifest-path" "Cargo.toml", kill_on_drop: false }`
[INFO] [stderr]  Downloading crates ...
[INFO] [stderr]   Downloaded http-body v1.0.0
[INFO] [stderr]   Downloaded http v1.0.0
[INFO] [stderr]   Downloaded hyper v1.1.0
[INFO] running `Command { std: "docker" "create" "-v" "/var/lib/crater-agent-workspace/builds/worker-5-tc1/target:/opt/rustwide/target:rw,Z" "-v" "/var/lib/crater-agent-workspace/builds/worker-5-tc1/source:/opt/rustwide/workdir:ro,Z" "-v" "/var/lib/crater-agent-workspace/cargo-home:/opt/rustwide/cargo-home:ro,Z" "-v" "/var/lib/crater-agent-workspace/rustup-home:/opt/rustwide/rustup-home:ro,Z" "-e" "SOURCE_DIR=/opt/rustwide/workdir" "-e" "CARGO_TARGET_DIR=/opt/rustwide/target" "-e" "CARGO_HOME=/opt/rustwide/cargo-home" "-e" "RUSTUP_HOME=/opt/rustwide/rustup-home" "-w" "/opt/rustwide/workdir" "-m" "1610612736" "--user" "0:0" "--network" "none" "ghcr.io/rust-lang/crates-build-env/linux@sha256:2788e3201cd34a07e3172128adcd8b3090168a8e3bcc40d7c032b9dda1df7d1c" "/opt/rustwide/cargo-home/bin/cargo" "+1.75.0" "metadata" "--no-deps" "--format-version=1", kill_on_drop: false }`
[INFO] [stdout] 3a42b882191c936703125b82d7191c7db714ff49ec1f6d21538c983c97b2a4ee
[INFO] running `Command { std: "docker" "start" "-a" "3a42b882191c936703125b82d7191c7db714ff49ec1f6d21538c983c97b2a4ee", kill_on_drop: false }`
[INFO] running `Command { std: "docker" "inspect" "3a42b882191c936703125b82d7191c7db714ff49ec1f6d21538c983c97b2a4ee", kill_on_drop: false }`
[INFO] running `Command { std: "docker" "rm" "-f" "3a42b882191c936703125b82d7191c7db714ff49ec1f6d21538c983c97b2a4ee", kill_on_drop: false }`
[INFO] [stdout] 3a42b882191c936703125b82d7191c7db714ff49ec1f6d21538c983c97b2a4ee
[INFO] running `Command { std: "docker" "create" "-v" "/var/lib/crater-agent-workspace/builds/worker-5-tc1/target:/opt/rustwide/target:rw,Z" "-v" "/var/lib/crater-agent-workspace/builds/worker-5-tc1/source:/opt/rustwide/workdir:ro,Z" "-v" "/var/lib/crater-agent-workspace/cargo-home:/opt/rustwide/cargo-home:ro,Z" "-v" "/var/lib/crater-agent-workspace/rustup-home:/opt/rustwide/rustup-home:ro,Z" "-e" "SOURCE_DIR=/opt/rustwide/workdir" "-e" "CARGO_TARGET_DIR=/opt/rustwide/target" "-e" "CARGO_INCREMENTAL=0" "-e" "RUST_BACKTRACE=full" "-e" "RUSTFLAGS=--cap-lints=warn" "-e" "RUSTDOCFLAGS=--cap-lints=warn" "-e" "CARGO_HOME=/opt/rustwide/cargo-home" "-e" "RUSTUP_HOME=/opt/rustwide/rustup-home" "-w" "/opt/rustwide/workdir" "-m" "1610612736" "--user" "0:0" "--network" "none" "ghcr.io/rust-lang/crates-build-env/linux@sha256:2788e3201cd34a07e3172128adcd8b3090168a8e3bcc40d7c032b9dda1df7d1c" "/opt/rustwide/cargo-home/bin/cargo" "+1.75.0" "build" "--frozen" "--message-format=json", kill_on_drop: false }`
[INFO] [stdout] 876cecadf92d7b55331b2306761000b2f6cda50c023705c0c7137e31a121d6ef
[INFO] running `Command { std: "docker" "start" "-a" "876cecadf92d7b55331b2306761000b2f6cda50c023705c0c7137e31a121d6ef", kill_on_drop: false }`
[INFO] [stderr]    Compiling http v1.0.0
[INFO] [stderr]    Compiling tokio v1.35.1
[INFO] [stderr]    Compiling http-body v1.0.0
[INFO] [stderr]    Compiling hyper v1.1.0
[INFO] [stderr]    Compiling hazelcast_rest v0.1.0 (/opt/rustwide/workdir)
[INFO] [stdout] error[E0412]: cannot find type `Client` in this scope
[INFO] [stdout]   --> src/lib.rs:43:18
[INFO] [stdout]    |
[INFO] [stdout] 43 |     http_client: Client,
[INFO] [stdout]    |                  ^^^^^^ not found in this scope
[INFO] [stdout] 
[INFO] [stdout] 
[INFO] [stdout] error[E0433]: failed to resolve: use of undeclared type `Client`
[INFO] [stdout]   --> src/lib.rs:53:26
[INFO] [stdout]    |
[INFO] [stdout] 53 |             http_client: Client::new(),
[INFO] [stdout]    |                          ^^^^^^ use of undeclared type `Client`
[INFO] [stdout] 
[INFO] [stdout] 
[INFO] [stdout] warning: unused import: `std::io::Read`
[INFO] [stdout]   --> src/lib.rs:36:5
[INFO] [stdout]    |
[INFO] [stdout] 36 | use std::io::Read;
[INFO] [stdout]    |     ^^^^^^^^^^^^^
[INFO] [stdout]    |
[INFO] [stdout]    = note: `#[warn(unused_imports)]` on by default
[INFO] [stdout] 
[INFO] [stdout] 
[INFO] [stdout] error: aborting due to 2 previous errors; 1 warning emitted
[INFO] [stdout] 
[INFO] [stdout] 
[INFO] [stdout] Some errors have detailed explanations: E0412, E0433.
[INFO] [stdout] 
[INFO] [stdout] For more information about an error, try `rustc --explain E0412`.
[INFO] [stdout] 
[INFO] [stderr] error: could not compile `hazelcast_rest` (lib) due to 3 previous errors; 1 warning emitted
[INFO] [stderr] warning: build failed, waiting for other jobs to finish...
[INFO] running `Command { std: "docker" "inspect" "876cecadf92d7b55331b2306761000b2f6cda50c023705c0c7137e31a121d6ef", kill_on_drop: false }`
[INFO] running `Command { std: "docker" "rm" "-f" "876cecadf92d7b55331b2306761000b2f6cda50c023705c0c7137e31a121d6ef", kill_on_drop: false }`
[INFO] [stdout] 876cecadf92d7b55331b2306761000b2f6cda50c023705c0c7137e31a121d6ef
[INFO] testing hazelcast_rest-0.1.0 against beta-2023-12-22 for beta-1.76-1
[INFO] extracting crate hazelcast_rest 0.1.0 into /workspace/builds/worker-5-tc2/source
[INFO] validating manifest of crates.io crate hazelcast_rest 0.1.0 on toolchain beta-2023-12-22
[INFO] running `Command { std: CARGO_HOME="/workspace/cargo-home" RUSTUP_HOME="/workspace/rustup-home" "/workspace/cargo-home/bin/cargo" "+beta-2023-12-22" "metadata" "--manifest-path" "Cargo.toml" "--no-deps", kill_on_drop: false }`
[INFO] started tweaking crates.io crate hazelcast_rest 0.1.0
[INFO] finished tweaking crates.io crate hazelcast_rest 0.1.0
[INFO] tweaked toml for crates.io crate hazelcast_rest 0.1.0 written to /workspace/builds/worker-5-tc2/source/Cargo.toml
[INFO] running `Command { std: CARGO_HOME="/workspace/cargo-home" RUSTUP_HOME="/workspace/rustup-home" "/workspace/cargo-home/bin/cargo" "+beta-2023-12-22" "generate-lockfile" "--manifest-path" "Cargo.toml", kill_on_drop: false }`
[INFO] [stderr]     Blocking waiting for file lock on package cache
[INFO] [stderr]     Updating crates.io index
[INFO] running `Command { std: CARGO_HOME="/workspace/cargo-home" RUSTUP_HOME="/workspace/rustup-home" "/workspace/cargo-home/bin/cargo" "+beta-2023-12-22" "fetch" "--manifest-path" "Cargo.toml", kill_on_drop: false }`
[INFO] running `Command { std: "docker" "create" "-v" "/var/lib/crater-agent-workspace/builds/worker-5-tc2/target:/opt/rustwide/target:rw,Z" "-v" "/var/lib/crater-agent-workspace/builds/worker-5-tc2/source:/opt/rustwide/workdir:ro,Z" "-v" "/var/lib/crater-agent-workspace/cargo-home:/opt/rustwide/cargo-home:ro,Z" "-v" "/var/lib/crater-agent-workspace/rustup-home:/opt/rustwide/rustup-home:ro,Z" "-e" "SOURCE_DIR=/opt/rustwide/workdir" "-e" "CARGO_TARGET_DIR=/opt/rustwide/target" "-e" "CARGO_HOME=/opt/rustwide/cargo-home" "-e" "RUSTUP_HOME=/opt/rustwide/rustup-home" "-w" "/opt/rustwide/workdir" "-m" "1610612736" "--user" "0:0" "--network" "none" "ghcr.io/rust-lang/crates-build-env/linux@sha256:2788e3201cd34a07e3172128adcd8b3090168a8e3bcc40d7c032b9dda1df7d1c" "/opt/rustwide/cargo-home/bin/cargo" "+beta-2023-12-22" "metadata" "--no-deps" "--format-version=1", kill_on_drop: false }`
[INFO] [stdout] 973fd507f464ed9f805063010733306fec4f26f33a6c43ed88f07b644cc70913
[INFO] running `Command { std: "docker" "start" "-a" "973fd507f464ed9f805063010733306fec4f26f33a6c43ed88f07b644cc70913", kill_on_drop: false }`
[INFO] running `Command { std: "docker" "inspect" "973fd507f464ed9f805063010733306fec4f26f33a6c43ed88f07b644cc70913", kill_on_drop: false }`
[INFO] running `Command { std: "docker" "rm" "-f" "973fd507f464ed9f805063010733306fec4f26f33a6c43ed88f07b644cc70913", kill_on_drop: false }`
[INFO] [stdout] 973fd507f464ed9f805063010733306fec4f26f33a6c43ed88f07b644cc70913
[INFO] running `Command { std: "docker" "create" "-v" "/var/lib/crater-agent-workspace/builds/worker-5-tc2/target:/opt/rustwide/target:rw,Z" "-v" "/var/lib/crater-agent-workspace/builds/worker-5-tc2/source:/opt/rustwide/workdir:ro,Z" "-v" "/var/lib/crater-agent-workspace/cargo-home:/opt/rustwide/cargo-home:ro,Z" "-v" "/var/lib/crater-agent-workspace/rustup-home:/opt/rustwide/rustup-home:ro,Z" "-e" "SOURCE_DIR=/opt/rustwide/workdir" "-e" "CARGO_TARGET_DIR=/opt/rustwide/target" "-e" "CARGO_INCREMENTAL=0" "-e" "RUST_BACKTRACE=full" "-e" "RUSTFLAGS=--cap-lints=warn" "-e" "RUSTDOCFLAGS=--cap-lints=warn" "-e" "CARGO_HOME=/opt/rustwide/cargo-home" "-e" "RUSTUP_HOME=/opt/rustwide/rustup-home" "-w" "/opt/rustwide/workdir" "-m" "1610612736" "--user" "0:0" "--network" "none" "ghcr.io/rust-lang/crates-build-env/linux@sha256:2788e3201cd34a07e3172128adcd8b3090168a8e3bcc40d7c032b9dda1df7d1c" "/opt/rustwide/cargo-home/bin/cargo" "+beta-2023-12-22" "build" "--frozen" "--message-format=json", kill_on_drop: false }`
[INFO] [stdout] 14b745a1c183709934018dc989fa28173d30a5d62c911ec967684efb6d86d850
[INFO] running `Command { std: "docker" "start" "-a" "14b745a1c183709934018dc989fa28173d30a5d62c911ec967684efb6d86d850", kill_on_drop: false }`
[INFO] [stderr]    Compiling http v1.0.0
[INFO] [stderr]    Compiling tokio v1.35.1
[INFO] [stderr]    Compiling http-body v1.0.0
[INFO] [stderr]    Compiling hyper v1.1.0
[INFO] [stderr]    Compiling hazelcast_rest v0.1.0 (/opt/rustwide/workdir)
[INFO] [stdout] error[E0412]: cannot find type `Client` in this scope
[INFO] [stdout]   --> src/lib.rs:43:18
[INFO] [stdout]    |
[INFO] [stdout] 43 |     http_client: Client,
[INFO] [stdout]    |                  ^^^^^^ not found in this scope
[INFO] [stdout] 
[INFO] [stdout] 
[INFO] [stdout] error[E0433]: failed to resolve: use of undeclared type `Client`
[INFO] [stdout]   --> src/lib.rs:53:26
[INFO] [stdout]    |
[INFO] [stdout] 53 |             http_client: Client::new(),
[INFO] [stdout]    |                          ^^^^^^ use of undeclared type `Client`
[INFO] [stdout] 
[INFO] [stdout] 
[INFO] [stdout] warning: unused import: `std::io::Read`
[INFO] [stdout]   --> src/lib.rs:36:5
[INFO] [stdout]    |
[INFO] [stdout] 36 | use std::io::Read;
[INFO] [stdout]    |     ^^^^^^^^^^^^^
[INFO] [stdout]    |
[INFO] [stdout]    = note: `#[warn(unused_imports)]` on by default
[INFO] [stdout] 
[INFO] [stdout] 
[INFO] [stdout] error: aborting due to 2 previous errors; 1 warning emitted
[INFO] [stdout] 
[INFO] [stdout] 
[INFO] [stdout] Some errors have detailed explanations: E0412, E0433.
[INFO] [stdout] 
[INFO] [stdout] For more information about an error, try `rustc --explain E0412`.
[INFO] [stdout] 
[INFO] [stderr] error: could not compile `hazelcast_rest` (lib) due to 3 previous errors; 1 warning emitted
[INFO] [stderr] warning: build failed, waiting for other jobs to finish...
[INFO] running `Command { std: "docker" "inspect" "14b745a1c183709934018dc989fa28173d30a5d62c911ec967684efb6d86d850", kill_on_drop: false }`
[INFO] running `Command { std: "docker" "rm" "-f" "14b745a1c183709934018dc989fa28173d30a5d62c911ec967684efb6d86d850", kill_on_drop: false }`
[INFO] [stdout] 14b745a1c183709934018dc989fa28173d30a5d62c911ec967684efb6d86d850
