[INFO] fetching crate hailstorm 0.1.2...
[INFO] testing hailstorm-0.1.2 against 1.75.0 for beta-1.76-1
[INFO] extracting crate hailstorm 0.1.2 into /workspace/builds/worker-7-tc1/source
[INFO] validating manifest of crates.io crate hailstorm 0.1.2 on toolchain 1.75.0
[INFO] running `Command { std: CARGO_HOME="/workspace/cargo-home" RUSTUP_HOME="/workspace/rustup-home" "/workspace/cargo-home/bin/cargo" "+1.75.0" "metadata" "--manifest-path" "Cargo.toml" "--no-deps", kill_on_drop: false }`
[INFO] started tweaking crates.io crate hailstorm 0.1.2
[INFO] finished tweaking crates.io crate hailstorm 0.1.2
[INFO] tweaked toml for crates.io crate hailstorm 0.1.2 written to /workspace/builds/worker-7-tc1/source/Cargo.toml
[INFO] crate crates.io crate hailstorm 0.1.2 already has a lockfile, it will not be regenerated
[INFO] running `Command { std: CARGO_HOME="/workspace/cargo-home" RUSTUP_HOME="/workspace/rustup-home" "/workspace/cargo-home/bin/cargo" "+1.75.0" "fetch" "--manifest-path" "Cargo.toml", kill_on_drop: false }`
[INFO] [stderr]     Updating crates.io index
[INFO] [stderr]  Downloading crates ...
[INFO] [stderr]   Downloaded flate2 v1.0.23
[INFO] [stderr]   Downloaded meval v0.2.0
[INFO] [stderr]   Downloaded async-stream-impl v0.3.3
[INFO] [stderr]   Downloaded async-stream v0.3.3
[INFO] [stderr]   Downloaded cmake v0.1.48
[INFO] [stderr]   Downloaded prost v0.10.3
[INFO] [stderr]   Downloaded prettyplease v0.1.10
[INFO] [stderr]   Downloaded axum v0.5.6
[INFO] [stderr]   Downloaded tower v0.4.12
[INFO] [stderr]   Downloaded petgraph v0.6.0
[INFO] [stderr]   Downloaded webpki-roots v0.22.3
[INFO] [stderr]   Downloaded prost-build v0.10.3
[INFO] [stderr]   Downloaded rune v0.10.3
[INFO] [stderr]   Downloaded rune-macros v0.10.3
[INFO] [stderr]   Downloaded tower-http v0.3.3
[INFO] [stderr]   Downloaded once_cell v1.11.0
[INFO] [stderr]   Downloaded actix v0.13.0
[INFO] [stderr]   Downloaded axum-core v0.2.4
[INFO] [stderr]   Downloaded fixedbitset v0.4.1
[INFO] [stderr]   Downloaded actix_derive v0.6.0
[INFO] [stderr]   Downloaded actix-rt v2.7.0
[INFO] [stderr]   Downloaded rune-modules v0.10.3
[INFO] running `Command { std: "docker" "create" "-v" "/var/lib/crater-agent-workspace/builds/worker-7-tc1/target:/opt/rustwide/target:rw,Z" "-v" "/var/lib/crater-agent-workspace/builds/worker-7-tc1/source:/opt/rustwide/workdir:ro,Z" "-v" "/var/lib/crater-agent-workspace/cargo-home:/opt/rustwide/cargo-home:ro,Z" "-v" "/var/lib/crater-agent-workspace/rustup-home:/opt/rustwide/rustup-home:ro,Z" "-e" "SOURCE_DIR=/opt/rustwide/workdir" "-e" "CARGO_TARGET_DIR=/opt/rustwide/target" "-e" "CARGO_HOME=/opt/rustwide/cargo-home" "-e" "RUSTUP_HOME=/opt/rustwide/rustup-home" "-w" "/opt/rustwide/workdir" "-m" "1610612736" "--user" "0:0" "--network" "none" "ghcr.io/rust-lang/crates-build-env/linux@sha256:2788e3201cd34a07e3172128adcd8b3090168a8e3bcc40d7c032b9dda1df7d1c" "/opt/rustwide/cargo-home/bin/cargo" "+1.75.0" "metadata" "--no-deps" "--format-version=1", kill_on_drop: false }`
[INFO] [stdout] 9b580bb475da0eb5cc441fabe52f382fa7aa73f10df7295d6d112a7b9a5247c8
[INFO] running `Command { std: "docker" "start" "-a" "9b580bb475da0eb5cc441fabe52f382fa7aa73f10df7295d6d112a7b9a5247c8", kill_on_drop: false }`
[INFO] running `Command { std: "docker" "inspect" "9b580bb475da0eb5cc441fabe52f382fa7aa73f10df7295d6d112a7b9a5247c8", kill_on_drop: false }`
[INFO] running `Command { std: "docker" "rm" "-f" "9b580bb475da0eb5cc441fabe52f382fa7aa73f10df7295d6d112a7b9a5247c8", kill_on_drop: false }`
[INFO] [stdout] 9b580bb475da0eb5cc441fabe52f382fa7aa73f10df7295d6d112a7b9a5247c8
[INFO] running `Command { std: "docker" "create" "-v" "/var/lib/crater-agent-workspace/builds/worker-7-tc1/target:/opt/rustwide/target:rw,Z" "-v" "/var/lib/crater-agent-workspace/builds/worker-7-tc1/source:/opt/rustwide/workdir:ro,Z" "-v" "/var/lib/crater-agent-workspace/cargo-home:/opt/rustwide/cargo-home:ro,Z" "-v" "/var/lib/crater-agent-workspace/rustup-home:/opt/rustwide/rustup-home:ro,Z" "-e" "SOURCE_DIR=/opt/rustwide/workdir" "-e" "CARGO_TARGET_DIR=/opt/rustwide/target" "-e" "CARGO_INCREMENTAL=0" "-e" "RUST_BACKTRACE=full" "-e" "RUSTFLAGS=--cap-lints=warn" "-e" "RUSTDOCFLAGS=--cap-lints=warn" "-e" "CARGO_HOME=/opt/rustwide/cargo-home" "-e" "RUSTUP_HOME=/opt/rustwide/rustup-home" "-w" "/opt/rustwide/workdir" "-m" "1610612736" "--user" "0:0" "--network" "none" "ghcr.io/rust-lang/crates-build-env/linux@sha256:2788e3201cd34a07e3172128adcd8b3090168a8e3bcc40d7c032b9dda1df7d1c" "/opt/rustwide/cargo-home/bin/cargo" "+1.75.0" "build" "--frozen" "--message-format=json", kill_on_drop: false }`
[INFO] [stdout] 68b849d97528397526bc0c6ab625de4898d4d534b8b840ee6f9f99dbd3aee358
[INFO] running `Command { std: "docker" "start" "-a" "68b849d97528397526bc0c6ab625de4898d4d534b8b840ee6f9f99dbd3aee358", kill_on_drop: false }`
[INFO] [stderr]    Compiling proc-macro2 v1.0.39
[INFO] [stderr]    Compiling unicode-ident v1.0.0
[INFO] [stderr]    Compiling syn v1.0.95
[INFO] [stderr]    Compiling libc v0.2.126
[INFO] [stderr]    Compiling serde_derive v1.0.137
[INFO] [stderr]    Compiling log v0.4.17
[INFO] [stderr]    Compiling serde v1.0.137
[INFO] [stderr]    Compiling once_cell v1.11.0
[INFO] [stderr]    Compiling pin-project-lite v0.2.9
[INFO] [stderr]    Compiling memchr v2.5.0
[INFO] [stderr]    Compiling futures-core v0.3.21
[INFO] [stderr]    Compiling bytes v1.1.0
[INFO] [stderr]    Compiling parking_lot_core v0.9.3
[INFO] [stderr]    Compiling scopeguard v1.1.0
[INFO] [stderr]    Compiling lock_api v0.4.7
[INFO] [stderr]    Compiling futures-sink v0.3.21
[INFO] [stderr]    Compiling cc v1.0.73
[INFO] [stderr]    Compiling futures-channel v0.3.21
[INFO] [stderr]    Compiling futures-task v0.3.21
[INFO] [stderr]    Compiling futures-util v0.3.21
[INFO] [stderr]    Compiling slab v0.4.6
[INFO] [stderr]    Compiling futures-io v0.3.21
[INFO] [stderr]    Compiling ahash v0.7.6
[INFO] [stderr]    Compiling tracing-core v0.1.26
[INFO] [stderr]    Compiling anyhow v1.0.57
[INFO] [stderr]    Compiling either v1.6.1
[INFO] [stderr]    Compiling itoa v1.0.2
[INFO] [stderr]    Compiling num-traits v0.2.15
[INFO] [stderr]    Compiling httparse v1.7.1
[INFO] [stderr]    Compiling http v0.2.7
[INFO] [stderr]    Compiling itertools v0.10.3
[INFO] [stderr]    Compiling num-integer v0.1.45
[INFO] [stderr]    Compiling want v0.3.0
[INFO] [stderr]    Compiling indexmap v1.8.1
[INFO] [stderr]    Compiling httpdate v1.0.2
[INFO] [stderr]    Compiling cmake v0.1.48
[INFO] [stderr]    Compiling quote v1.0.18
[INFO] [stderr]    Compiling num-bigint v0.4.3
[INFO] [stderr]    Compiling ppv-lite86 v0.2.16
[INFO] [stderr]    Compiling hashbrown v0.11.2
[INFO] [stderr]    Compiling mio v0.8.3
[INFO] [stderr]    Compiling socket2 v0.4.4
[INFO] [stderr]    Compiling signal-hook-registry v1.4.0
[INFO] [stderr]    Compiling getrandom v0.2.6
[INFO] [stderr]    Compiling which v4.2.5
[INFO] [stderr]    Compiling matches v0.1.9
[INFO] [stderr]    Compiling rustls v0.20.6
[INFO] [stderr]    Compiling crc32fast v1.3.2
[INFO] [stderr]    Compiling tinyvec_macros v0.1.0
[INFO] [stderr]    Compiling http-body v0.4.5
[INFO] [stderr]    Compiling rand_core v0.6.3
[INFO] [stderr]    Compiling ring v0.16.20
[INFO] [stderr]    Compiling tinyvec v1.6.0
[INFO] [stderr]    Compiling prost-build v0.10.3
[INFO] [stderr]    Compiling num-iter v0.1.43
[INFO] [stderr]    Compiling rand_chacha v0.3.1
[INFO] [stderr]    Compiling num-rational v0.4.0
[INFO] [stderr]    Compiling fastrand v1.7.0
[INFO] [stderr]    Compiling regex-syntax v0.6.26
[INFO] [stderr]    Compiling fixedbitset v0.4.1
[INFO] [stderr]    Compiling async-trait v0.1.53
[INFO] [stderr]    Compiling adler v1.0.2
[INFO] [stderr]    Compiling remove_dir_all v0.5.3
[INFO] [stderr]    Compiling ryu v1.0.10
[INFO] [stderr]    Compiling petgraph v0.6.0
[INFO] [stderr]    Compiling miniz_oxide v0.5.1
[INFO] [stderr]    Compiling tempfile v3.3.0
[INFO] [stderr]    Compiling rand v0.8.5
[INFO] [stderr]    Compiling form_urlencoded v1.0.1
[INFO] [stderr]    Compiling unicode-bidi v0.3.8
[INFO] [stderr]    Compiling crossbeam-utils v0.8.8
[INFO] [stderr]    Compiling encoding_rs v0.8.31
[INFO] [stderr]    Compiling serde_json v1.0.81
[INFO] [stderr]    Compiling tower-layer v0.3.1
[INFO] [stderr]    Compiling unicode-normalization v0.1.19
[INFO] [stderr]    Compiling multimap v0.8.3
[INFO] [stderr]    Compiling num-complex v0.4.1
[INFO] [stderr]    Compiling unicode-width v0.1.9
[INFO] [stderr]    Compiling http-range-header v0.3.0
[INFO] [stderr]    Compiling static_assertions v1.1.0
[INFO] [stderr]    Compiling codespan-reporting v0.11.1
[INFO] [stderr]    Compiling flate2 v1.0.23
[INFO] [stderr]    Compiling twox-hash v1.6.3
[INFO] [stderr]    Compiling rustls-pemfile v0.3.0
[INFO] [stderr]    Compiling ipnet v2.5.0
[INFO] [stderr]    Compiling itoa v0.4.8
[INFO] [stderr]    Compiling idna v0.2.3
[INFO] [stderr]    Compiling sync_wrapper v0.1.1
[INFO] [stderr]    Compiling matchit v0.5.0
[INFO] [stderr]    Compiling regex v1.5.6
[INFO] [stderr]    Compiling crossbeam-channel v0.5.4
[INFO] [stderr]    Compiling nom v1.2.4
[INFO] [stderr]    Compiling url v2.2.2
[INFO] [stderr]    Compiling meval v0.2.0
[INFO] [stderr]    Compiling num v0.4.0
[INFO] [stderr]    Compiling prettyplease v0.1.10
[INFO] [stderr]    Compiling tokio-macros v1.7.0
[INFO] [stderr]    Compiling futures-macro v0.3.21
[INFO] [stderr]    Compiling tracing-attributes v0.1.21
[INFO] [stderr]    Compiling prost-derive v0.10.1
[INFO] [stderr]    Compiling pin-project-internal v1.0.10
[INFO] [stderr]    Compiling thiserror-impl v1.0.31
[INFO] [stderr]    Compiling rune-macros v0.10.3
[INFO] [stderr]    Compiling async-stream-impl v0.3.3
[INFO] [stderr]    Compiling actix_derive v0.6.0
[INFO] [stderr]    Compiling webpki v0.22.0
[INFO] [stderr]    Compiling sct v0.7.0
[INFO] [stderr]    Compiling webpki-roots v0.22.3
[INFO] [stderr]    Compiling async-stream v0.3.3
[INFO] [stderr]    Compiling tracing v0.1.34
[INFO] [stderr]    Compiling pin-project v1.0.10
[INFO] [stderr]    Compiling thiserror v1.0.31
[INFO] [stderr]    Compiling prost v0.10.3
[INFO] [stderr]    Compiling tracing-futures v0.2.5
[INFO] [stderr]    Compiling prost-types v0.10.1
[INFO] [stderr]    Compiling tonic-build v0.7.2
[INFO] [stderr]    Compiling hailstorm v0.1.2 (/opt/rustwide/workdir)
[INFO] [stderr]    Compiling axum-core v0.2.4
[INFO] [stderr]    Compiling futures-executor v0.3.21
[INFO] [stderr]    Compiling futures v0.3.21
[INFO] [stderr]    Compiling smallvec v1.8.0
[INFO] [stderr]    Compiling serde_bytes v0.11.6
[INFO] [stderr]    Compiling serde_urlencoded v0.7.1
[INFO] [stderr]    Compiling parking_lot v0.12.0
[INFO] [stderr]    Compiling rune v0.10.3
[INFO] [stderr]    Compiling tokio v1.18.2
[INFO] [stderr]    Compiling tokio-util v0.7.2
[INFO] [stderr]    Compiling tokio-rustls v0.23.4
[INFO] [stderr]    Compiling tokio-util v0.6.10
[INFO] [stderr]    Compiling async-compression v0.3.14
[INFO] [stderr]    Compiling tokio-io-timeout v1.2.0
[INFO] [stderr]    Compiling tokio-stream v0.1.8
[INFO] [stderr]    Compiling actix-rt v2.7.0
[INFO] [stderr]    Compiling h2 v0.3.13
[INFO] [stderr]    Compiling tower v0.4.12
[INFO] [stderr]    Compiling actix v0.13.0
[INFO] [stdout] error[E0512]: cannot transmute between types of different sizes, or dependently-sized types
[INFO] [stdout]   --> /opt/rustwide/cargo-home/registry/src/index.crates.io-6f17d22bba15001f/rune-0.10.3/src/hash.rs:57:18
[INFO] [stdout]    |
[INFO] [stdout] 57 |         unsafe { mem::transmute(type_id) }
[INFO] [stdout]    |                  ^^^^^^^^^^^^^^
[INFO] [stdout]    |
[INFO] [stdout]    = note: source type: `std::any::TypeId` (128 bits)
[INFO] [stdout]    = note: target type: `hash::Hash` (64 bits)
[INFO] [stdout] 
[INFO] [stdout] 
[INFO] [stdout] error[E0512]: cannot transmute between types of different sizes, or dependently-sized types
[INFO] [stdout]   --> /opt/rustwide/cargo-home/registry/src/index.crates.io-6f17d22bba15001f/rune-0.10.3/src/modules/any.rs:15:14
[INFO] [stdout]    |
[INFO] [stdout] 15 |     unsafe { std::mem::transmute(item.type_hash().expect("no type known for item!")) }
[INFO] [stdout]    |              ^^^^^^^^^^^^^^^^^^^
[INFO] [stdout]    |
[INFO] [stdout]    = note: source type: `hash::Hash` (64 bits)
[INFO] [stdout]    = note: target type: `modules::any::TypeId` (128 bits)
[INFO] [stdout] 
[INFO] [stdout] 
[INFO] [stderr]    Compiling tower-http v0.3.3
[INFO] [stdout] error: aborting due to 2 previous errors
[INFO] [stdout] 
[INFO] [stdout] 
[INFO] [stdout] For more information about this error, try `rustc --explain E0512`.
[INFO] [stdout] 
[INFO] [stderr] error: could not compile `rune` (lib) due to 3 previous errors
[INFO] [stderr] warning: build failed, waiting for other jobs to finish...
[INFO] running `Command { std: "docker" "inspect" "68b849d97528397526bc0c6ab625de4898d4d534b8b840ee6f9f99dbd3aee358", kill_on_drop: false }`
[INFO] running `Command { std: "docker" "rm" "-f" "68b849d97528397526bc0c6ab625de4898d4d534b8b840ee6f9f99dbd3aee358", kill_on_drop: false }`
[INFO] [stdout] 68b849d97528397526bc0c6ab625de4898d4d534b8b840ee6f9f99dbd3aee358
[INFO] testing hailstorm-0.1.2 against beta-2023-12-22 for beta-1.76-1
[INFO] extracting crate hailstorm 0.1.2 into /workspace/builds/worker-7-tc2/source
[INFO] validating manifest of crates.io crate hailstorm 0.1.2 on toolchain beta-2023-12-22
[INFO] running `Command { std: CARGO_HOME="/workspace/cargo-home" RUSTUP_HOME="/workspace/rustup-home" "/workspace/cargo-home/bin/cargo" "+beta-2023-12-22" "metadata" "--manifest-path" "Cargo.toml" "--no-deps", kill_on_drop: false }`
[INFO] started tweaking crates.io crate hailstorm 0.1.2
[INFO] finished tweaking crates.io crate hailstorm 0.1.2
[INFO] tweaked toml for crates.io crate hailstorm 0.1.2 written to /workspace/builds/worker-7-tc2/source/Cargo.toml
[INFO] crate crates.io crate hailstorm 0.1.2 already has a lockfile, it will not be regenerated
[INFO] running `Command { std: CARGO_HOME="/workspace/cargo-home" RUSTUP_HOME="/workspace/rustup-home" "/workspace/cargo-home/bin/cargo" "+beta-2023-12-22" "fetch" "--manifest-path" "Cargo.toml", kill_on_drop: false }`
[INFO] running `Command { std: "docker" "create" "-v" "/var/lib/crater-agent-workspace/builds/worker-7-tc2/target:/opt/rustwide/target:rw,Z" "-v" "/var/lib/crater-agent-workspace/builds/worker-7-tc2/source:/opt/rustwide/workdir:ro,Z" "-v" "/var/lib/crater-agent-workspace/cargo-home:/opt/rustwide/cargo-home:ro,Z" "-v" "/var/lib/crater-agent-workspace/rustup-home:/opt/rustwide/rustup-home:ro,Z" "-e" "SOURCE_DIR=/opt/rustwide/workdir" "-e" "CARGO_TARGET_DIR=/opt/rustwide/target" "-e" "CARGO_HOME=/opt/rustwide/cargo-home" "-e" "RUSTUP_HOME=/opt/rustwide/rustup-home" "-w" "/opt/rustwide/workdir" "-m" "1610612736" "--user" "0:0" "--network" "none" "ghcr.io/rust-lang/crates-build-env/linux@sha256:2788e3201cd34a07e3172128adcd8b3090168a8e3bcc40d7c032b9dda1df7d1c" "/opt/rustwide/cargo-home/bin/cargo" "+beta-2023-12-22" "metadata" "--no-deps" "--format-version=1", kill_on_drop: false }`
[INFO] [stdout] dae6be723bb6951774cdfc76030decd478e6f3e5462bb3f899fb32451d6d0082
[INFO] running `Command { std: "docker" "start" "-a" "dae6be723bb6951774cdfc76030decd478e6f3e5462bb3f899fb32451d6d0082", kill_on_drop: false }`
[INFO] running `Command { std: "docker" "inspect" "dae6be723bb6951774cdfc76030decd478e6f3e5462bb3f899fb32451d6d0082", kill_on_drop: false }`
[INFO] running `Command { std: "docker" "rm" "-f" "dae6be723bb6951774cdfc76030decd478e6f3e5462bb3f899fb32451d6d0082", kill_on_drop: false }`
[INFO] [stdout] dae6be723bb6951774cdfc76030decd478e6f3e5462bb3f899fb32451d6d0082
[INFO] running `Command { std: "docker" "create" "-v" "/var/lib/crater-agent-workspace/builds/worker-7-tc2/target:/opt/rustwide/target:rw,Z" "-v" "/var/lib/crater-agent-workspace/builds/worker-7-tc2/source:/opt/rustwide/workdir:ro,Z" "-v" "/var/lib/crater-agent-workspace/cargo-home:/opt/rustwide/cargo-home:ro,Z" "-v" "/var/lib/crater-agent-workspace/rustup-home:/opt/rustwide/rustup-home:ro,Z" "-e" "SOURCE_DIR=/opt/rustwide/workdir" "-e" "CARGO_TARGET_DIR=/opt/rustwide/target" "-e" "CARGO_INCREMENTAL=0" "-e" "RUST_BACKTRACE=full" "-e" "RUSTFLAGS=--cap-lints=warn" "-e" "RUSTDOCFLAGS=--cap-lints=warn" "-e" "CARGO_HOME=/opt/rustwide/cargo-home" "-e" "RUSTUP_HOME=/opt/rustwide/rustup-home" "-w" "/opt/rustwide/workdir" "-m" "1610612736" "--user" "0:0" "--network" "none" "ghcr.io/rust-lang/crates-build-env/linux@sha256:2788e3201cd34a07e3172128adcd8b3090168a8e3bcc40d7c032b9dda1df7d1c" "/opt/rustwide/cargo-home/bin/cargo" "+beta-2023-12-22" "build" "--frozen" "--message-format=json", kill_on_drop: false }`
[INFO] [stdout] 15882c86fd27e10e3094ea4e11586b9a29ff0c4794bfd719d48d3d41c13aa015
[INFO] running `Command { std: "docker" "start" "-a" "15882c86fd27e10e3094ea4e11586b9a29ff0c4794bfd719d48d3d41c13aa015", kill_on_drop: false }`
[INFO] [stderr]    Compiling proc-macro2 v1.0.39
[INFO] [stderr]    Compiling unicode-ident v1.0.0
[INFO] [stderr]    Compiling syn v1.0.95
[INFO] [stderr]    Compiling libc v0.2.126
[INFO] [stderr]    Compiling log v0.4.17
[INFO] [stderr]    Compiling serde_derive v1.0.137
[INFO] [stderr]    Compiling serde v1.0.137
[INFO] [stderr]    Compiling once_cell v1.11.0
[INFO] [stderr]    Compiling pin-project-lite v0.2.9
[INFO] [stderr]    Compiling memchr v2.5.0
[INFO] [stderr]    Compiling futures-core v0.3.21
[INFO] [stderr]    Compiling bytes v1.1.0
[INFO] [stderr]    Compiling parking_lot_core v0.9.3
[INFO] [stderr]    Compiling scopeguard v1.1.0
[INFO] [stderr]    Compiling lock_api v0.4.7
[INFO] [stderr]    Compiling futures-sink v0.3.21
[INFO] [stderr]    Compiling cc v1.0.73
[INFO] [stderr]    Compiling futures-task v0.3.21
[INFO] [stderr]    Compiling futures-channel v0.3.21
[INFO] [stderr]    Compiling futures-util v0.3.21
[INFO] [stderr]    Compiling futures-io v0.3.21
[INFO] [stderr]    Compiling slab v0.4.6
[INFO] [stderr]    Compiling ahash v0.7.6
[INFO] [stderr]    Compiling tracing-core v0.1.26
[INFO] [stderr]    Compiling anyhow v1.0.57
[INFO] [stderr]    Compiling either v1.6.1
[INFO] [stderr]    Compiling itoa v1.0.2
[INFO] [stderr]    Compiling num-traits v0.2.15
[INFO] [stderr]    Compiling httparse v1.7.1
[INFO] [stderr]    Compiling num-integer v0.1.45
[INFO] [stderr]    Compiling itertools v0.10.3
[INFO] [stderr]    Compiling http v0.2.7
[INFO] [stderr]    Compiling want v0.3.0
[INFO] [stderr]    Compiling indexmap v1.8.1
[INFO] [stderr]    Compiling httpdate v1.0.2
[INFO] [stderr]    Compiling cmake v0.1.48
[INFO] [stderr]    Compiling num-bigint v0.4.3
[INFO] [stderr]    Compiling ppv-lite86 v0.2.16
[INFO] [stderr]    Compiling rustls v0.20.6
[INFO] [stderr]    Compiling quote v1.0.18
[INFO] [stderr]    Compiling signal-hook-registry v1.4.0
[INFO] [stderr]    Compiling socket2 v0.4.4
[INFO] [stderr]    Compiling mio v0.8.3
[INFO] [stderr]    Compiling getrandom v0.2.6
[INFO] [stderr]    Compiling which v4.2.5
[INFO] [stderr]    Compiling hashbrown v0.11.2
[INFO] [stderr]    Compiling tinyvec_macros v0.1.0
[INFO] [stderr]    Compiling rand_core v0.6.3
[INFO] [stderr]    Compiling crc32fast v1.3.2
[INFO] [stderr]    Compiling matches v0.1.9
[INFO] [stderr]    Compiling tinyvec v1.6.0
[INFO] [stderr]    Compiling http-body v0.4.5
[INFO] [stderr]    Compiling rand_chacha v0.3.1
[INFO] [stderr]    Compiling ring v0.16.20
[INFO] [stderr]    Compiling prost-build v0.10.3
[INFO] [stderr]    Compiling num-rational v0.4.0
[INFO] [stderr]    Compiling num-iter v0.1.43
[INFO] [stderr]    Compiling regex-syntax v0.6.26
[INFO] [stderr]    Compiling adler v1.0.2
[INFO] [stderr]    Compiling remove_dir_all v0.5.3
[INFO] [stderr]    Compiling fastrand v1.7.0
[INFO] [stderr]    Compiling ryu v1.0.10
[INFO] [stderr]    Compiling async-trait v0.1.53
[INFO] [stderr]    Compiling fixedbitset v0.4.1
[INFO] [stderr]    Compiling miniz_oxide v0.5.1
[INFO] [stderr]    Compiling rand v0.8.5
[INFO] [stderr]    Compiling tempfile v3.3.0
[INFO] [stderr]    Compiling petgraph v0.6.0
[INFO] [stderr]    Compiling form_urlencoded v1.0.1
[INFO] [stderr]    Compiling encoding_rs v0.8.31
[INFO] [stderr]    Compiling unicode-bidi v0.3.8
[INFO] [stderr]    Compiling tower-layer v0.3.1
[INFO] [stderr]    Compiling serde_json v1.0.81
[INFO] [stderr]    Compiling multimap v0.8.3
[INFO] [stderr]    Compiling crossbeam-utils v0.8.8
[INFO] [stderr]    Compiling num-complex v0.4.1
[INFO] [stderr]    Compiling static_assertions v1.1.0
[INFO] [stderr]    Compiling unicode-normalization v0.1.19
[INFO] [stderr]    Compiling flate2 v1.0.23
[INFO] [stderr]    Compiling http-range-header v0.3.0
[INFO] [stderr]    Compiling unicode-width v0.1.9
[INFO] [stderr]    Compiling codespan-reporting v0.11.1
[INFO] [stderr]    Compiling twox-hash v1.6.3
[INFO] [stderr]    Compiling rustls-pemfile v0.3.0
[INFO] [stderr]    Compiling itoa v0.4.8
[INFO] [stderr]    Compiling ipnet v2.5.0
[INFO] [stderr]    Compiling matchit v0.5.0
[INFO] [stderr]    Compiling sync_wrapper v0.1.1
[INFO] [stderr]    Compiling nom v1.2.4
[INFO] [stderr]    Compiling regex v1.5.6
[INFO] [stderr]    Compiling crossbeam-channel v0.5.4
[INFO] [stderr]    Compiling idna v0.2.3
[INFO] [stderr]    Compiling meval v0.2.0
[INFO] [stderr]    Compiling url v2.2.2
[INFO] [stderr]    Compiling num v0.4.0
[INFO] [stderr]    Compiling prettyplease v0.1.10
[INFO] [stderr]    Compiling webpki v0.22.0
[INFO] [stderr]    Compiling sct v0.7.0
[INFO] [stderr]    Compiling webpki-roots v0.22.3
[INFO] [stderr]    Compiling tokio-macros v1.7.0
[INFO] [stderr]    Compiling futures-macro v0.3.21
[INFO] [stderr]    Compiling tracing-attributes v0.1.21
[INFO] [stderr]    Compiling prost-derive v0.10.1
[INFO] [stderr]    Compiling pin-project-internal v1.0.10
[INFO] [stderr]    Compiling thiserror-impl v1.0.31
[INFO] [stderr]    Compiling rune-macros v0.10.3
[INFO] [stderr]    Compiling async-stream-impl v0.3.3
[INFO] [stderr]    Compiling actix_derive v0.6.0
[INFO] [stderr]    Compiling async-stream v0.3.3
[INFO] [stderr]    Compiling thiserror v1.0.31
[INFO] [stderr]    Compiling tracing v0.1.34
[INFO] [stderr]    Compiling pin-project v1.0.10
[INFO] [stderr]    Compiling tracing-futures v0.2.5
[INFO] [stderr]    Compiling prost v0.10.3
[INFO] [stderr]    Compiling prost-types v0.10.1
[INFO] [stderr]    Compiling tonic-build v0.7.2
[INFO] [stderr]    Compiling axum-core v0.2.4
[INFO] [stderr]    Compiling futures-executor v0.3.21
[INFO] [stderr]    Compiling futures v0.3.21
[INFO] [stderr]    Compiling hailstorm v0.1.2 (/opt/rustwide/workdir)
[INFO] [stderr]    Compiling smallvec v1.8.0
[INFO] [stderr]    Compiling serde_urlencoded v0.7.1
[INFO] [stderr]    Compiling serde_bytes v0.11.6
[INFO] [stderr]    Compiling parking_lot v0.12.0
[INFO] [stderr]    Compiling rune v0.10.3
[INFO] [stderr]    Compiling tokio v1.18.2
[INFO] [stderr]    Compiling tokio-util v0.7.2
[INFO] [stderr]    Compiling tokio-rustls v0.23.4
[INFO] [stderr]    Compiling async-compression v0.3.14
[INFO] [stderr]    Compiling tokio-util v0.6.10
[INFO] [stderr]    Compiling tokio-io-timeout v1.2.0
[INFO] [stderr]    Compiling actix-rt v2.7.0
[INFO] [stderr]    Compiling tokio-stream v0.1.8
[INFO] [stderr]    Compiling h2 v0.3.13
[INFO] [stderr]    Compiling tower v0.4.12
[INFO] [stderr]    Compiling actix v0.13.0
[INFO] [stdout] error[E0512]: cannot transmute between types of different sizes, or dependently-sized types
[INFO] [stdout]   --> /opt/rustwide/cargo-home/registry/src/index.crates.io-6f17d22bba15001f/rune-0.10.3/src/hash.rs:57:18
[INFO] [stdout]    |
[INFO] [stdout] 57 |         unsafe { mem::transmute(type_id) }
[INFO] [stdout]    |                  ^^^^^^^^^^^^^^
[INFO] [stdout]    |
[INFO] [stdout]    = note: source type: `std::any::TypeId` (128 bits)
[INFO] [stdout]    = note: target type: `hash::Hash` (64 bits)
[INFO] [stdout] 
[INFO] [stdout] 
[INFO] [stdout] error[E0512]: cannot transmute between types of different sizes, or dependently-sized types
[INFO] [stdout]   --> /opt/rustwide/cargo-home/registry/src/index.crates.io-6f17d22bba15001f/rune-0.10.3/src/modules/any.rs:15:14
[INFO] [stdout]    |
[INFO] [stdout] 15 |     unsafe { std::mem::transmute(item.type_hash().expect("no type known for item!")) }
[INFO] [stdout]    |              ^^^^^^^^^^^^^^^^^^^
[INFO] [stdout]    |
[INFO] [stdout]    = note: source type: `hash::Hash` (64 bits)
[INFO] [stdout]    = note: target type: `modules::any::TypeId` (128 bits)
[INFO] [stdout] 
[INFO] [stdout] 
[INFO] [stderr]    Compiling tower-http v0.3.3
[INFO] [stdout] error: aborting due to 2 previous errors
[INFO] [stdout] 
[INFO] [stdout] 
[INFO] [stdout] For more information about this error, try `rustc --explain E0512`.
[INFO] [stdout] 
[INFO] [stderr] error: could not compile `rune` (lib) due to 3 previous errors
[INFO] [stderr] warning: build failed, waiting for other jobs to finish...
[INFO] running `Command { std: "docker" "inspect" "15882c86fd27e10e3094ea4e11586b9a29ff0c4794bfd719d48d3d41c13aa015", kill_on_drop: false }`
[INFO] running `Command { std: "docker" "rm" "-f" "15882c86fd27e10e3094ea4e11586b9a29ff0c4794bfd719d48d3d41c13aa015", kill_on_drop: false }`
[INFO] [stdout] 15882c86fd27e10e3094ea4e11586b9a29ff0c4794bfd719d48d3d41c13aa015
