[INFO] fetching crate gs11n_derive 0.3.1...
[INFO] testing gs11n_derive-0.3.1 against 1.75.0 for beta-1.76-1
[INFO] extracting crate gs11n_derive 0.3.1 into /workspace/builds/worker-0-tc1/source
[INFO] validating manifest of crates.io crate gs11n_derive 0.3.1 on toolchain 1.75.0
[INFO] running `Command { std: CARGO_HOME="/workspace/cargo-home" RUSTUP_HOME="/workspace/rustup-home" "/workspace/cargo-home/bin/cargo" "+1.75.0" "metadata" "--manifest-path" "Cargo.toml" "--no-deps", kill_on_drop: false }`
[INFO] started tweaking crates.io crate gs11n_derive 0.3.1
[INFO] finished tweaking crates.io crate gs11n_derive 0.3.1
[INFO] tweaked toml for crates.io crate gs11n_derive 0.3.1 written to /workspace/builds/worker-0-tc1/source/Cargo.toml
[INFO] running `Command { std: CARGO_HOME="/workspace/cargo-home" RUSTUP_HOME="/workspace/rustup-home" "/workspace/cargo-home/bin/cargo" "+1.75.0" "generate-lockfile" "--manifest-path" "Cargo.toml", kill_on_drop: false }`
[INFO] [stderr]     Updating crates.io index
[INFO] running `Command { std: CARGO_HOME="/workspace/cargo-home" RUSTUP_HOME="/workspace/rustup-home" "/workspace/cargo-home/bin/cargo" "+1.75.0" "fetch" "--manifest-path" "Cargo.toml", kill_on_drop: false }`
[INFO] [stderr]  Downloading crates ...
[INFO] [stderr]   Downloaded test-cdylib v1.1.0
[INFO] running `Command { std: "docker" "create" "-v" "/var/lib/crater-agent-workspace/builds/worker-0-tc1/target:/opt/rustwide/target:rw,Z" "-v" "/var/lib/crater-agent-workspace/builds/worker-0-tc1/source:/opt/rustwide/workdir:ro,Z" "-v" "/var/lib/crater-agent-workspace/cargo-home:/opt/rustwide/cargo-home:ro,Z" "-v" "/var/lib/crater-agent-workspace/rustup-home:/opt/rustwide/rustup-home:ro,Z" "-e" "SOURCE_DIR=/opt/rustwide/workdir" "-e" "CARGO_TARGET_DIR=/opt/rustwide/target" "-e" "CARGO_HOME=/opt/rustwide/cargo-home" "-e" "RUSTUP_HOME=/opt/rustwide/rustup-home" "-w" "/opt/rustwide/workdir" "-m" "1610612736" "--user" "0:0" "--network" "none" "ghcr.io/rust-lang/crates-build-env/linux@sha256:2788e3201cd34a07e3172128adcd8b3090168a8e3bcc40d7c032b9dda1df7d1c" "/opt/rustwide/cargo-home/bin/cargo" "+1.75.0" "metadata" "--no-deps" "--format-version=1", kill_on_drop: false }`
[INFO] [stdout] 8cfc3667df44600059d47fd01f3eb649cfbb94b13f0bc39bdd9f1da866b29279
[INFO] running `Command { std: "docker" "start" "-a" "8cfc3667df44600059d47fd01f3eb649cfbb94b13f0bc39bdd9f1da866b29279", kill_on_drop: false }`
[INFO] running `Command { std: "docker" "inspect" "8cfc3667df44600059d47fd01f3eb649cfbb94b13f0bc39bdd9f1da866b29279", kill_on_drop: false }`
[INFO] running `Command { std: "docker" "rm" "-f" "8cfc3667df44600059d47fd01f3eb649cfbb94b13f0bc39bdd9f1da866b29279", kill_on_drop: false }`
[INFO] [stdout] 8cfc3667df44600059d47fd01f3eb649cfbb94b13f0bc39bdd9f1da866b29279
[INFO] running `Command { std: "docker" "create" "-v" "/var/lib/crater-agent-workspace/builds/worker-0-tc1/target:/opt/rustwide/target:rw,Z" "-v" "/var/lib/crater-agent-workspace/builds/worker-0-tc1/source:/opt/rustwide/workdir:ro,Z" "-v" "/var/lib/crater-agent-workspace/cargo-home:/opt/rustwide/cargo-home:ro,Z" "-v" "/var/lib/crater-agent-workspace/rustup-home:/opt/rustwide/rustup-home:ro,Z" "-e" "SOURCE_DIR=/opt/rustwide/workdir" "-e" "CARGO_TARGET_DIR=/opt/rustwide/target" "-e" "CARGO_INCREMENTAL=0" "-e" "RUST_BACKTRACE=full" "-e" "RUSTFLAGS=--cap-lints=warn" "-e" "RUSTDOCFLAGS=--cap-lints=warn" "-e" "CARGO_HOME=/opt/rustwide/cargo-home" "-e" "RUSTUP_HOME=/opt/rustwide/rustup-home" "-w" "/opt/rustwide/workdir" "-m" "1610612736" "--user" "0:0" "--network" "none" "ghcr.io/rust-lang/crates-build-env/linux@sha256:2788e3201cd34a07e3172128adcd8b3090168a8e3bcc40d7c032b9dda1df7d1c" "/opt/rustwide/cargo-home/bin/cargo" "+1.75.0" "build" "--frozen" "--message-format=json", kill_on_drop: false }`
[INFO] [stdout] f26b183a4d567a7242e6a3c5909c98b094c8c5e33b97d57595a5621a5a6c8e2a
[INFO] running `Command { std: "docker" "start" "-a" "f26b183a4d567a7242e6a3c5909c98b094c8c5e33b97d57595a5621a5a6c8e2a", kill_on_drop: false }`
[INFO] [stderr]    Compiling syn v1.0.109
[INFO] [stderr]    Compiling rustc-hash v1.1.0
[INFO] [stderr]    Compiling convert_case v0.4.0
[INFO] [stderr]    Compiling lazy_static v1.4.0
[INFO] [stderr]    Compiling ctor v0.1.26
[INFO] [stderr]    Compiling gs11n_derive v0.3.1 (/opt/rustwide/workdir)
[INFO] [stderr]     Finished dev [unoptimized + debuginfo] target(s) in 4.24s
[INFO] running `Command { std: "docker" "inspect" "f26b183a4d567a7242e6a3c5909c98b094c8c5e33b97d57595a5621a5a6c8e2a", kill_on_drop: false }`
[INFO] running `Command { std: "docker" "rm" "-f" "f26b183a4d567a7242e6a3c5909c98b094c8c5e33b97d57595a5621a5a6c8e2a", kill_on_drop: false }`
[INFO] [stdout] f26b183a4d567a7242e6a3c5909c98b094c8c5e33b97d57595a5621a5a6c8e2a
[INFO] running `Command { std: "docker" "create" "-v" "/var/lib/crater-agent-workspace/builds/worker-0-tc1/target:/opt/rustwide/target:rw,Z" "-v" "/var/lib/crater-agent-workspace/builds/worker-0-tc1/source:/opt/rustwide/workdir:ro,Z" "-v" "/var/lib/crater-agent-workspace/cargo-home:/opt/rustwide/cargo-home:ro,Z" "-v" "/var/lib/crater-agent-workspace/rustup-home:/opt/rustwide/rustup-home:ro,Z" "-e" "SOURCE_DIR=/opt/rustwide/workdir" "-e" "CARGO_TARGET_DIR=/opt/rustwide/target" "-e" "CARGO_INCREMENTAL=0" "-e" "RUST_BACKTRACE=full" "-e" "RUSTFLAGS=--cap-lints=warn" "-e" "RUSTDOCFLAGS=--cap-lints=warn" "-e" "CARGO_HOME=/opt/rustwide/cargo-home" "-e" "RUSTUP_HOME=/opt/rustwide/rustup-home" "-w" "/opt/rustwide/workdir" "-m" "1610612736" "--user" "0:0" "--network" "none" "ghcr.io/rust-lang/crates-build-env/linux@sha256:2788e3201cd34a07e3172128adcd8b3090168a8e3bcc40d7c032b9dda1df7d1c" "/opt/rustwide/cargo-home/bin/cargo" "+1.75.0" "test" "--frozen" "--no-run" "--message-format=json", kill_on_drop: false }`
[INFO] [stdout] 244cbf35036a660e384219a2563fe573116879432ab50e5815866a2576c68932
[INFO] running `Command { std: "docker" "start" "-a" "244cbf35036a660e384219a2563fe573116879432ab50e5815866a2576c68932", kill_on_drop: false }`
[INFO] [stderr]    Compiling proc-macro2 v1.0.75
[INFO] [stderr]    Compiling unicode-ident v1.0.12
[INFO] [stderr]    Compiling serde v1.0.194
[INFO] [stderr]    Compiling semver-parser v0.7.0
[INFO] [stderr]    Compiling convert_case v0.4.0
[INFO] [stderr]    Compiling syn v1.0.109
[INFO] [stderr]    Compiling libloading v0.7.4
[INFO] [stderr]    Compiling quote v1.0.35
[INFO] [stderr]    Compiling syn v2.0.48
[INFO] [stderr]    Compiling serde_derive v1.0.194
[INFO] [stderr]    Compiling ctor v0.1.26
[INFO] [stderr]    Compiling gs11n_derive v0.3.1 (/opt/rustwide/workdir)
[INFO] [stderr]    Compiling serde_json v1.0.111
[INFO] [stderr]    Compiling semver v0.9.0
[INFO] [stderr]    Compiling toml v0.5.11
[INFO] [stderr]    Compiling cargo_metadata v0.9.1
[INFO] [stderr]    Compiling test-cdylib v1.1.0
[INFO] [stdout] error[E0433]: failed to resolve: use of undeclared crate or module `gs11n`
[INFO] [stdout]  --> tests/dynamic_test.rs:1:5
[INFO] [stdout]   |
[INFO] [stdout] 1 | use gs11n::decoder::Decoder;
[INFO] [stdout]   |     ^^^^^ use of undeclared crate or module `gs11n`
[INFO] [stdout] 
[INFO] [stdout] 
[INFO] [stdout] error[E0433]: failed to resolve: use of undeclared crate or module `gs11n`
[INFO] [stdout]  --> tests/dynamic_test.rs:2:5
[INFO] [stdout]   |
[INFO] [stdout] 2 | use gs11n::encoder::Encoder;
[INFO] [stdout]   |     ^^^^^ use of undeclared crate or module `gs11n`
[INFO] [stdout] 
[INFO] [stdout] 
[INFO] [stdout] error[E0433]: failed to resolve: use of undeclared crate or module `gs11n`
[INFO] [stdout]  --> tests/dynamic_lib.rs:1:5
[INFO] [stdout]   |
[INFO] [stdout] 1 | use gs11n::encoder::Encoder;
[INFO] [stdout]   |     ^^^^^ use of undeclared crate or module `gs11n`
[INFO] [stdout] 
[INFO] [stdout] 
[INFO] [stdout] error[E0432]: unresolved import `gs11n`
[INFO] [stdout]   --> tests/dynamic_lib.rs:16:1
[INFO] [stdout]    |
[INFO] [stdout] 16 | #[gs11n_derive::dynamic]
[INFO] [stdout]    | ^^^^^^^^^^^^^^^^^^^^^^^^ use of undeclared crate or module `gs11n`
[INFO] [stdout]    |
[INFO] [stdout]    = note: this error originates in the attribute macro `gs11n_derive::dynamic` (in Nightly builds, run with -Z macro-backtrace for more info)
[INFO] [stdout] 
[INFO] [stdout] 
[INFO] [stdout] error[E0433]: failed to resolve: use of undeclared crate or module `gs11n`
[INFO] [stdout]   --> tests/dynamic_lib.rs:16:1
[INFO] [stdout]    |
[INFO] [stdout] 16 | #[gs11n_derive::dynamic]
[INFO] [stdout]    | ^^^^^^^^^^^^^^^^^^^^^^^^ use of undeclared crate or module `gs11n`
[INFO] [stdout]    |
[INFO] [stdout]    = note: this error originates in the attribute macro `gs11n_derive::dynamic` (in Nightly builds, run with -Z macro-backtrace for more info)
[INFO] [stdout] 
[INFO] [stdout] 
[INFO] [stdout] error[E0433]: failed to resolve: use of undeclared crate or module `gs11n`
[INFO] [stdout]  --> tests/macro_test.rs:1:5
[INFO] [stdout]   |
[INFO] [stdout] 1 | use gs11n::decoder::Decoder;
[INFO] [stdout]   |     ^^^^^ use of undeclared crate or module `gs11n`
[INFO] [stdout] 
[INFO] [stdout] 
[INFO] [stdout] error[E0432]: unresolved import `gs11n`
[INFO] [stdout]   --> tests/dynamic_test.rs:21:1
[INFO] [stdout]    |
[INFO] [stdout] 21 | #[gs11n_derive::dynamic]
[INFO] [stdout]    | ^^^^^^^^^^^^^^^^^^^^^^^^ use of undeclared crate or module `gs11n`
[INFO] [stdout]    |
[INFO] [stdout]    = note: this error originates in the attribute macro `gs11n_derive::dynamic` (in Nightly builds, run with -Z macro-backtrace for more info)
[INFO] [stdout] 
[INFO] [stdout] 
[INFO] [stdout] error[E0433]: failed to resolve: use of undeclared crate or module `gs11n`
[INFO] [stdout]   --> tests/dynamic_test.rs:21:1
[INFO] [stdout]    |
[INFO] [stdout] 21 | #[gs11n_derive::dynamic]
[INFO] [stdout]    | ^^^^^^^^^^^^^^^^^^^^^^^^ use of undeclared crate or module `gs11n`
[INFO] [stdout]    |
[INFO] [stdout]    = note: this error originates in the attribute macro `gs11n_derive::dynamic` (in Nightly builds, run with -Z macro-backtrace for more info)
[INFO] [stdout] 
[INFO] [stdout] 
[INFO] [stdout] error[E0432]: unresolved import `gs11n`
[INFO] [stdout]   --> tests/dynamic_test.rs:37:1
[INFO] [stdout]    |
[INFO] [stdout] 37 | #[gs11n_derive::dynamic]
[INFO] [stdout]    | ^^^^^^^^^^^^^^^^^^^^^^^^ use of undeclared crate or module `gs11n`
[INFO] [stdout]    |
[INFO] [stdout]    = note: this error originates in the attribute macro `gs11n_derive::dynamic` (in Nightly builds, run with -Z macro-backtrace for more info)
[INFO] [stdout] 
[INFO] [stdout] 
[INFO] [stdout] error[E0433]: failed to resolve: use of undeclared crate or module `gs11n`
[INFO] [stdout]   --> tests/dynamic_test.rs:37:1
[INFO] [stdout]    |
[INFO] [stdout] 37 | #[gs11n_derive::dynamic]
[INFO] [stdout]    | ^^^^^^^^^^^^^^^^^^^^^^^^ use of undeclared crate or module `gs11n`
[INFO] [stdout]    |
[INFO] [stdout]    = note: this error originates in the attribute macro `gs11n_derive::dynamic` (in Nightly builds, run with -Z macro-backtrace for more info)
[INFO] [stdout] 
[INFO] [stdout] 
[INFO] [stdout] error[E0433]: failed to resolve: use of undeclared crate or module `gs11n`
[INFO] [stdout]  --> tests/macro_test.rs:2:5
[INFO] [stdout]   |
[INFO] [stdout] 2 | use gs11n::encoder::Encoder;
[INFO] [stdout]   |     ^^^^^ use of undeclared crate or module `gs11n`
[INFO] [stdout] 
[INFO] [stdout] 
[INFO] [stdout] error[E0433]: failed to resolve: use of undeclared crate or module `gs11n`
[INFO] [stdout]  --> tests/plugin_test.rs:1:5
[INFO] [stdout]   |
[INFO] [stdout] 1 | use gs11n::decoder::Decoder;
[INFO] [stdout]   |     ^^^^^ use of undeclared crate or module `gs11n`
[INFO] [stdout] 
[INFO] [stdout] 
[INFO] [stdout] error[E0433]: failed to resolve: use of undeclared crate or module `gs11n`
[INFO] [stdout]   --> tests/dynamic_lib.rs:11:1
[INFO] [stdout]    |
[INFO] [stdout] 11 | #[gs11n_derive::dynamic]
[INFO] [stdout]    | ^^^^^^^^^^^^^^^^^^^^^^^^ use of undeclared crate or module `gs11n`
[INFO] [stdout]    |
[INFO] [stdout]    = note: this error originates in the attribute macro `gs11n_derive::dynamic` (in Nightly builds, run with -Z macro-backtrace for more info)
[INFO] [stdout] 
[INFO] [stdout] 
[INFO] [stdout] error[E0433]: failed to resolve: use of undeclared crate or module `gs11n`
[INFO] [stdout]   --> tests/macro_test.rs:14:28
[INFO] [stdout]    |
[INFO] [stdout] 14 | #[derive(PartialEq, Debug, GS11N, Default)]
[INFO] [stdout]    |                            ^^^^^ use of undeclared crate or module `gs11n`
[INFO] [stdout]    |
[INFO] [stdout]    = note: this error originates in the derive macro `GS11N` (in Nightly builds, run with -Z macro-backtrace for more info)
[INFO] [stdout] 
[INFO] [stdout] 
[INFO] [stdout] error[E0433]: failed to resolve: use of undeclared crate or module `gs11n`
[INFO] [stdout]   --> tests/dynamic_test.rs:16:1
[INFO] [stdout]    |
[INFO] [stdout] 16 | #[gs11n_derive::dynamic]
[INFO] [stdout]    | ^^^^^^^^^^^^^^^^^^^^^^^^ use of undeclared crate or module `gs11n`
[INFO] [stdout]    |
[INFO] [stdout]    = note: this error originates in the attribute macro `gs11n_derive::dynamic` (in Nightly builds, run with -Z macro-backtrace for more info)
[INFO] [stdout] 
[INFO] [stdout] 
[INFO] [stdout] error[E0433]: failed to resolve: use of undeclared crate or module `gs11n`
[INFO] [stdout]   --> tests/macro_test.rs:22:28
[INFO] [stdout]    |
[INFO] [stdout] 22 | #[derive(PartialEq, Debug, GS11N)]
[INFO] [stdout]    |                            ^^^^^ use of undeclared crate or module `gs11n`
[INFO] [stdout]    |
[INFO] [stdout]    = note: this error originates in the derive macro `GS11N` (in Nightly builds, run with -Z macro-backtrace for more info)
[INFO] [stdout] 
[INFO] [stdout] 
[INFO] [stdout] error[E0433]: failed to resolve: use of undeclared crate or module `gs11n`
[INFO] [stdout]   --> tests/macro_test.rs:36:10
[INFO] [stdout]    |
[INFO] [stdout] 36 | #[derive(GS11N, Default)]
[INFO] [stdout]    |          ^^^^^ use of undeclared crate or module `gs11n`
[INFO] [stdout]    |
[INFO] [stdout]    = note: this error originates in the derive macro `GS11N` (in Nightly builds, run with -Z macro-backtrace for more info)
[INFO] [stdout] 
[INFO] [stdout] 
[INFO] [stdout] error[E0432]: unresolved import `gs11n`
[INFO] [stdout]  --> tests/macro_test.rs:3:5
[INFO] [stdout]   |
[INFO] [stdout] 3 | use gs11n::{DeSerialization, Serialization};
[INFO] [stdout]   |     ^^^^^ use of undeclared crate or module `gs11n`
[INFO] [stdout] 
[INFO] [stdout] 
[INFO] [stdout] error[E0433]: failed to resolve: use of undeclared crate or module `gs11n`
[INFO] [stdout]  --> tests/plugin_test.rs:2:5
[INFO] [stdout]   |
[INFO] [stdout] 2 | use gs11n::plugin::{TraitRegister, REGISTERED_TRAITS};
[INFO] [stdout]   |     ^^^^^ use of undeclared crate or module `gs11n`
[INFO] [stdout] 
[INFO] [stdout] 
[INFO] [stdout] error[E0433]: failed to resolve: use of undeclared crate or module `gs11n`
[INFO] [stdout]  --> tests/macro_test.rs:6:28
[INFO] [stdout]   |
[INFO] [stdout] 6 | #[derive(PartialEq, Debug, GS11N, Default)]
[INFO] [stdout]   |                            ^^^^^ use of undeclared crate or module `gs11n`
[INFO] [stdout]   |
[INFO] [stdout]   = note: this error originates in the derive macro `GS11N` (in Nightly builds, run with -Z macro-backtrace for more info)
[INFO] [stdout] 
[INFO] [stdout] 
[INFO] [stdout] error[E0432]: unresolved import `gs11n`
[INFO] [stdout]   --> tests/plugin_test.rs:17:1
[INFO] [stdout]    |
[INFO] [stdout] 17 | #[gs11n_derive::dynamic]
[INFO] [stdout]    | ^^^^^^^^^^^^^^^^^^^^^^^^ use of undeclared crate or module `gs11n`
[INFO] [stdout]    |
[INFO] [stdout]    = note: this error originates in the attribute macro `gs11n_derive::dynamic` (in Nightly builds, run with -Z macro-backtrace for more info)
[INFO] [stdout] 
[INFO] [stdout] 
[INFO] [stdout] error[E0433]: failed to resolve: use of undeclared crate or module `gs11n`
[INFO] [stdout]   --> tests/plugin_test.rs:17:1
[INFO] [stdout]    |
[INFO] [stdout] 17 | #[gs11n_derive::dynamic]
[INFO] [stdout]    | ^^^^^^^^^^^^^^^^^^^^^^^^ use of undeclared crate or module `gs11n`
[INFO] [stdout]    |
[INFO] [stdout]    = note: this error originates in the attribute macro `gs11n_derive::dynamic` (in Nightly builds, run with -Z macro-backtrace for more info)
[INFO] [stdout] 
[INFO] [stdout] 
[INFO] [stdout] error[E0433]: failed to resolve: use of undeclared crate or module `gs11n`
[INFO] [stdout]   --> tests/plugin_test.rs:12:1
[INFO] [stdout]    |
[INFO] [stdout] 12 | #[gs11n_derive::dynamic]
[INFO] [stdout]    | ^^^^^^^^^^^^^^^^^^^^^^^^ use of undeclared crate or module `gs11n`
[INFO] [stdout]    |
[INFO] [stdout]    = note: this error originates in the attribute macro `gs11n_derive::dynamic` (in Nightly builds, run with -Z macro-backtrace for more info)
[INFO] [stdout] 
[INFO] [stdout] 
[INFO] [stdout] error: aborting due to 4 previous errors
[INFO] [stdout] 
[INFO] [stdout] 
[INFO] [stdout] Some errors have detailed explanations: E0432, E0433.
[INFO] [stdout] 
[INFO] [stdout] For more information about an error, try `rustc --explain E0432`.
[INFO] [stdout] 
[INFO] [stderr] error: could not compile `gs11n_derive` (test "dynamic_lib") due to 5 previous errors
[INFO] [stderr] warning: build failed, waiting for other jobs to finish...
[INFO] [stdout] error: aborting due to 7 previous errors
[INFO] [stdout] 
[INFO] [stdout] 
[INFO] [stdout] error: aborting due to 5 previous errors
[INFO] [stdout] 
[INFO] [stdout] 
[INFO] [stdout] error: aborting due to 7 previous errors
[INFO] [stdout] 
[INFO] [stdout] 
[INFO] [stdout] Some errors have detailed explanations: E0432, E0433.
[INFO] [stdout] 
[INFO] [stdout] For more information about an error, try `rustc --explain E0432`.
[INFO] [stdout] 
[INFO] [stdout] Some errors have detailed explanations: E0432, E0433.
[INFO] [stdout] 
[INFO] [stdout] For more information about an error, try `rustc --explain E0432`.
[INFO] [stdout] 
[INFO] [stdout] Some errors have detailed explanations: E0432, E0433.
[INFO] [stdout] 
[INFO] [stdout] For more information about an error, try `rustc --explain E0432`.
[INFO] [stdout] 
[INFO] [stderr] error: could not compile `gs11n_derive` (test "macro_test") due to 8 previous errors
[INFO] [stderr] error: could not compile `gs11n_derive` (test "plugin_test") due to 6 previous errors
[INFO] [stderr] error: could not compile `gs11n_derive` (test "dynamic_test") due to 8 previous errors
[INFO] running `Command { std: "docker" "inspect" "244cbf35036a660e384219a2563fe573116879432ab50e5815866a2576c68932", kill_on_drop: false }`
[INFO] running `Command { std: "docker" "rm" "-f" "244cbf35036a660e384219a2563fe573116879432ab50e5815866a2576c68932", kill_on_drop: false }`
[INFO] [stdout] 244cbf35036a660e384219a2563fe573116879432ab50e5815866a2576c68932
[INFO] testing gs11n_derive-0.3.1 against beta-2023-12-22 for beta-1.76-1
[INFO] extracting crate gs11n_derive 0.3.1 into /workspace/builds/worker-0-tc2/source
[INFO] validating manifest of crates.io crate gs11n_derive 0.3.1 on toolchain beta-2023-12-22
[INFO] running `Command { std: CARGO_HOME="/workspace/cargo-home" RUSTUP_HOME="/workspace/rustup-home" "/workspace/cargo-home/bin/cargo" "+beta-2023-12-22" "metadata" "--manifest-path" "Cargo.toml" "--no-deps", kill_on_drop: false }`
[INFO] started tweaking crates.io crate gs11n_derive 0.3.1
[INFO] finished tweaking crates.io crate gs11n_derive 0.3.1
[INFO] tweaked toml for crates.io crate gs11n_derive 0.3.1 written to /workspace/builds/worker-0-tc2/source/Cargo.toml
[INFO] running `Command { std: CARGO_HOME="/workspace/cargo-home" RUSTUP_HOME="/workspace/rustup-home" "/workspace/cargo-home/bin/cargo" "+beta-2023-12-22" "generate-lockfile" "--manifest-path" "Cargo.toml", kill_on_drop: false }`
[INFO] [stderr]     Updating crates.io index
[INFO] running `Command { std: CARGO_HOME="/workspace/cargo-home" RUSTUP_HOME="/workspace/rustup-home" "/workspace/cargo-home/bin/cargo" "+beta-2023-12-22" "fetch" "--manifest-path" "Cargo.toml", kill_on_drop: false }`
[INFO] running `Command { std: "docker" "create" "-v" "/var/lib/crater-agent-workspace/builds/worker-0-tc2/target:/opt/rustwide/target:rw,Z" "-v" "/var/lib/crater-agent-workspace/builds/worker-0-tc2/source:/opt/rustwide/workdir:ro,Z" "-v" "/var/lib/crater-agent-workspace/cargo-home:/opt/rustwide/cargo-home:ro,Z" "-v" "/var/lib/crater-agent-workspace/rustup-home:/opt/rustwide/rustup-home:ro,Z" "-e" "SOURCE_DIR=/opt/rustwide/workdir" "-e" "CARGO_TARGET_DIR=/opt/rustwide/target" "-e" "CARGO_HOME=/opt/rustwide/cargo-home" "-e" "RUSTUP_HOME=/opt/rustwide/rustup-home" "-w" "/opt/rustwide/workdir" "-m" "1610612736" "--user" "0:0" "--network" "none" "ghcr.io/rust-lang/crates-build-env/linux@sha256:2788e3201cd34a07e3172128adcd8b3090168a8e3bcc40d7c032b9dda1df7d1c" "/opt/rustwide/cargo-home/bin/cargo" "+beta-2023-12-22" "metadata" "--no-deps" "--format-version=1", kill_on_drop: false }`
[INFO] [stdout] 8baae733499c1738dadfe7f3427d7e4ef67c75c03bc43b52ead9bd0023f9aa49
[INFO] running `Command { std: "docker" "start" "-a" "8baae733499c1738dadfe7f3427d7e4ef67c75c03bc43b52ead9bd0023f9aa49", kill_on_drop: false }`
[INFO] running `Command { std: "docker" "inspect" "8baae733499c1738dadfe7f3427d7e4ef67c75c03bc43b52ead9bd0023f9aa49", kill_on_drop: false }`
[INFO] running `Command { std: "docker" "rm" "-f" "8baae733499c1738dadfe7f3427d7e4ef67c75c03bc43b52ead9bd0023f9aa49", kill_on_drop: false }`
[INFO] [stdout] 8baae733499c1738dadfe7f3427d7e4ef67c75c03bc43b52ead9bd0023f9aa49
[INFO] running `Command { std: "docker" "create" "-v" "/var/lib/crater-agent-workspace/builds/worker-0-tc2/target:/opt/rustwide/target:rw,Z" "-v" "/var/lib/crater-agent-workspace/builds/worker-0-tc2/source:/opt/rustwide/workdir:ro,Z" "-v" "/var/lib/crater-agent-workspace/cargo-home:/opt/rustwide/cargo-home:ro,Z" "-v" "/var/lib/crater-agent-workspace/rustup-home:/opt/rustwide/rustup-home:ro,Z" "-e" "SOURCE_DIR=/opt/rustwide/workdir" "-e" "CARGO_TARGET_DIR=/opt/rustwide/target" "-e" "CARGO_INCREMENTAL=0" "-e" "RUST_BACKTRACE=full" "-e" "RUSTFLAGS=--cap-lints=warn" "-e" "RUSTDOCFLAGS=--cap-lints=warn" "-e" "CARGO_HOME=/opt/rustwide/cargo-home" "-e" "RUSTUP_HOME=/opt/rustwide/rustup-home" "-w" "/opt/rustwide/workdir" "-m" "1610612736" "--user" "0:0" "--network" "none" "ghcr.io/rust-lang/crates-build-env/linux@sha256:2788e3201cd34a07e3172128adcd8b3090168a8e3bcc40d7c032b9dda1df7d1c" "/opt/rustwide/cargo-home/bin/cargo" "+beta-2023-12-22" "build" "--frozen" "--message-format=json", kill_on_drop: false }`
[INFO] [stdout] 5f6fe68258dd2e2c4e5ae90e07d9607f5a039801fe71e3223ab9096b69e2f7d0
[INFO] running `Command { std: "docker" "start" "-a" "5f6fe68258dd2e2c4e5ae90e07d9607f5a039801fe71e3223ab9096b69e2f7d0", kill_on_drop: false }`
[INFO] [stderr]    Compiling syn v1.0.109
[INFO] [stderr]    Compiling convert_case v0.4.0
[INFO] [stderr]    Compiling rustc-hash v1.1.0
[INFO] [stderr]    Compiling lazy_static v1.4.0
[INFO] [stderr]    Compiling ctor v0.1.26
[INFO] [stderr]    Compiling gs11n_derive v0.3.1 (/opt/rustwide/workdir)
[INFO] [stderr]     Finished dev [unoptimized + debuginfo] target(s) in 5.23s
[INFO] running `Command { std: "docker" "inspect" "5f6fe68258dd2e2c4e5ae90e07d9607f5a039801fe71e3223ab9096b69e2f7d0", kill_on_drop: false }`
[INFO] running `Command { std: "docker" "rm" "-f" "5f6fe68258dd2e2c4e5ae90e07d9607f5a039801fe71e3223ab9096b69e2f7d0", kill_on_drop: false }`
[INFO] [stdout] 5f6fe68258dd2e2c4e5ae90e07d9607f5a039801fe71e3223ab9096b69e2f7d0
[INFO] running `Command { std: "docker" "create" "-v" "/var/lib/crater-agent-workspace/builds/worker-0-tc2/target:/opt/rustwide/target:rw,Z" "-v" "/var/lib/crater-agent-workspace/builds/worker-0-tc2/source:/opt/rustwide/workdir:ro,Z" "-v" "/var/lib/crater-agent-workspace/cargo-home:/opt/rustwide/cargo-home:ro,Z" "-v" "/var/lib/crater-agent-workspace/rustup-home:/opt/rustwide/rustup-home:ro,Z" "-e" "SOURCE_DIR=/opt/rustwide/workdir" "-e" "CARGO_TARGET_DIR=/opt/rustwide/target" "-e" "CARGO_INCREMENTAL=0" "-e" "RUST_BACKTRACE=full" "-e" "RUSTFLAGS=--cap-lints=warn" "-e" "RUSTDOCFLAGS=--cap-lints=warn" "-e" "CARGO_HOME=/opt/rustwide/cargo-home" "-e" "RUSTUP_HOME=/opt/rustwide/rustup-home" "-w" "/opt/rustwide/workdir" "-m" "1610612736" "--user" "0:0" "--network" "none" "ghcr.io/rust-lang/crates-build-env/linux@sha256:2788e3201cd34a07e3172128adcd8b3090168a8e3bcc40d7c032b9dda1df7d1c" "/opt/rustwide/cargo-home/bin/cargo" "+beta-2023-12-22" "test" "--frozen" "--no-run" "--message-format=json", kill_on_drop: false }`
[INFO] [stdout] de941533dfdad21917efae551bf16f9bf8ace014df0bd1a00c646a42da481b92
[INFO] running `Command { std: "docker" "start" "-a" "de941533dfdad21917efae551bf16f9bf8ace014df0bd1a00c646a42da481b92", kill_on_drop: false }`
[INFO] [stderr]    Compiling proc-macro2 v1.0.75
[INFO] [stderr]    Compiling unicode-ident v1.0.12
[INFO] [stderr]    Compiling serde v1.0.194
[INFO] [stderr]    Compiling semver-parser v0.7.0
[INFO] [stderr]    Compiling convert_case v0.4.0
[INFO] [stderr]    Compiling syn v1.0.109
[INFO] [stderr]    Compiling libloading v0.7.4
[INFO] [stderr]    Compiling quote v1.0.35
[INFO] [stderr]    Compiling syn v2.0.48
[INFO] [stderr]    Compiling serde_derive v1.0.194
[INFO] [stderr]    Compiling ctor v0.1.26
[INFO] [stderr]    Compiling gs11n_derive v0.3.1 (/opt/rustwide/workdir)
[INFO] [stderr]    Compiling semver v0.9.0
[INFO] [stderr]    Compiling serde_json v1.0.111
[INFO] [stderr]    Compiling toml v0.5.11
[INFO] [stderr]    Compiling cargo_metadata v0.9.1
[INFO] [stderr]    Compiling test-cdylib v1.1.0
[INFO] [stdout] error[E0433]: failed to resolve: use of undeclared crate or module `gs11n`
[INFO] [stdout]  --> tests/plugin_test.rs:1:5
[INFO] [stdout]   |
[INFO] [stdout] 1 | use gs11n::decoder::Decoder;
[INFO] [stdout]   |     ^^^^^ use of undeclared crate or module `gs11n`
[INFO] [stdout] 
[INFO] [stdout] 
[INFO] [stdout] error[E0433]: failed to resolve: use of undeclared crate or module `gs11n`
[INFO] [stdout]  --> tests/macro_test.rs:1:5
[INFO] [stdout]   |
[INFO] [stdout] 1 | use gs11n::decoder::Decoder;
[INFO] [stdout]   |     ^^^^^ use of undeclared crate or module `gs11n`
[INFO] [stdout] 
[INFO] [stdout] 
[INFO] [stdout] error[E0433]: failed to resolve: use of undeclared crate or module `gs11n`
[INFO] [stdout]  --> tests/plugin_test.rs:2:5
[INFO] [stdout]   |
[INFO] [stdout] 2 | use gs11n::plugin::{TraitRegister, REGISTERED_TRAITS};
[INFO] [stdout]   |     ^^^^^ use of undeclared crate or module `gs11n`
[INFO] [stdout] 
[INFO] [stdout] 
[INFO] [stdout] error[E0433]: failed to resolve: use of undeclared crate or module `gs11n`
[INFO] [stdout]  --> tests/macro_test.rs:2:5
[INFO] [stdout]   |
[INFO] [stdout] 2 | use gs11n::encoder::Encoder;
[INFO] [stdout]   |     ^^^^^ use of undeclared crate or module `gs11n`
[INFO] [stdout] 
[INFO] [stdout] 
[INFO] [stdout] error[E0433]: failed to resolve: use of undeclared crate or module `gs11n`
[INFO] [stdout]  --> tests/dynamic_test.rs:1:5
[INFO] [stdout]   |
[INFO] [stdout] 1 | use gs11n::decoder::Decoder;
[INFO] [stdout]   |     ^^^^^ use of undeclared crate or module `gs11n`
[INFO] [stdout] 
[INFO] [stdout] 
[INFO] [stdout] error[E0433]: failed to resolve: use of undeclared crate or module `gs11n`
[INFO] [stdout]  --> tests/dynamic_test.rs:2:5
[INFO] [stdout]   |
[INFO] [stdout] 2 | use gs11n::encoder::Encoder;
[INFO] [stdout]   |     ^^^^^ use of undeclared crate or module `gs11n`
[INFO] [stdout] 
[INFO] [stdout] 
[INFO] [stdout] error[E0433]: failed to resolve: use of undeclared crate or module `gs11n`
[INFO] [stdout]  --> tests/dynamic_lib.rs:1:5
[INFO] [stdout]   |
[INFO] [stdout] 1 | use gs11n::encoder::Encoder;
[INFO] [stdout]   |     ^^^^^ use of undeclared crate or module `gs11n`
[INFO] [stdout] 
[INFO] [stdout] 
[INFO] [stdout] error[E0433]: failed to resolve: use of undeclared crate or module `gs11n`
[INFO] [stdout]   --> tests/macro_test.rs:14:28
[INFO] [stdout]    |
[INFO] [stdout] 14 | #[derive(PartialEq, Debug, GS11N, Default)]
[INFO] [stdout]    |                            ^^^^^ use of undeclared crate or module `gs11n`
[INFO] [stdout]    |
[INFO] [stdout]    = note: this error originates in the derive macro `GS11N` (in Nightly builds, run with -Z macro-backtrace for more info)
[INFO] [stdout] 
[INFO] [stdout] 
[INFO] [stdout] error[E0433]: failed to resolve: use of undeclared crate or module `gs11n`
[INFO] [stdout]   --> tests/macro_test.rs:22:28
[INFO] [stdout]    |
[INFO] [stdout] 22 | #[derive(PartialEq, Debug, GS11N)]
[INFO] [stdout]    |                            ^^^^^ use of undeclared crate or module `gs11n`
[INFO] [stdout]    |
[INFO] [stdout]    = note: this error originates in the derive macro `GS11N` (in Nightly builds, run with -Z macro-backtrace for more info)
[INFO] [stdout] 
[INFO] [stdout] 
[INFO] [stdout] error[E0433]: failed to resolve: use of undeclared crate or module `gs11n`
[INFO] [stdout]   --> tests/macro_test.rs:36:10
[INFO] [stdout]    |
[INFO] [stdout] 36 | #[derive(GS11N, Default)]
[INFO] [stdout]    |          ^^^^^ use of undeclared crate or module `gs11n`
[INFO] [stdout]    |
[INFO] [stdout]    = note: this error originates in the derive macro `GS11N` (in Nightly builds, run with -Z macro-backtrace for more info)
[INFO] [stdout] 
[INFO] [stdout] 
[INFO] [stdout] error[E0432]: unresolved import `gs11n`
[INFO] [stdout]  --> tests/macro_test.rs:3:5
[INFO] [stdout]   |
[INFO] [stdout] 3 | use gs11n::{DeSerialization, Serialization};
[INFO] [stdout]   |     ^^^^^ use of undeclared crate or module `gs11n`
[INFO] [stdout] 
[INFO] [stdout] 
[INFO] [stdout] error[E0432]: unresolved import `gs11n`
[INFO] [stdout]   --> tests/dynamic_test.rs:21:1
[INFO] [stdout]    |
[INFO] [stdout] 21 | #[gs11n_derive::dynamic]
[INFO] [stdout]    | ^^^^^^^^^^^^^^^^^^^^^^^^ use of undeclared crate or module `gs11n`
[INFO] [stdout]    |
[INFO] [stdout]    = note: this error originates in the attribute macro `gs11n_derive::dynamic` (in Nightly builds, run with -Z macro-backtrace for more info)
[INFO] [stdout] 
[INFO] [stdout] 
[INFO] [stdout] error[E0432]: unresolved import `gs11n`
[INFO] [stdout]   --> tests/plugin_test.rs:17:1
[INFO] [stdout]    |
[INFO] [stdout] 17 | #[gs11n_derive::dynamic]
[INFO] [stdout]    | ^^^^^^^^^^^^^^^^^^^^^^^^ use of undeclared crate or module `gs11n`
[INFO] [stdout]    |
[INFO] [stdout]    = note: this error originates in the attribute macro `gs11n_derive::dynamic` (in Nightly builds, run with -Z macro-backtrace for more info)
[INFO] [stdout] 
[INFO] [stdout] 
[INFO] [stdout] error[E0433]: failed to resolve: use of undeclared crate or module `gs11n`
[INFO] [stdout]   --> tests/plugin_test.rs:17:1
[INFO] [stdout]    |
[INFO] [stdout] 17 | #[gs11n_derive::dynamic]
[INFO] [stdout]    | ^^^^^^^^^^^^^^^^^^^^^^^^ use of undeclared crate or module `gs11n`
[INFO] [stdout]    |
[INFO] [stdout]    = note: this error originates in the attribute macro `gs11n_derive::dynamic` (in Nightly builds, run with -Z macro-backtrace for more info)
[INFO] [stdout] 
[INFO] [stdout] 
[INFO] [stdout] error[E0433]: failed to resolve: use of undeclared crate or module `gs11n`
[INFO] [stdout]   --> tests/dynamic_test.rs:21:1
[INFO] [stdout]    |
[INFO] [stdout] 21 | #[gs11n_derive::dynamic]
[INFO] [stdout]    | ^^^^^^^^^^^^^^^^^^^^^^^^ use of undeclared crate or module `gs11n`
[INFO] [stdout]    |
[INFO] [stdout]    = note: this error originates in the attribute macro `gs11n_derive::dynamic` (in Nightly builds, run with -Z macro-backtrace for more info)
[INFO] [stdout] 
[INFO] [stdout] 
[INFO] [stdout] error[E0432]: unresolved import `gs11n`
[INFO] [stdout]   --> tests/dynamic_lib.rs:16:1
[INFO] [stdout]    |
[INFO] [stdout] 16 | #[gs11n_derive::dynamic]
[INFO] [stdout]    | ^^^^^^^^^^^^^^^^^^^^^^^^ use of undeclared crate or module `gs11n`
[INFO] [stdout]    |
[INFO] [stdout]    = note: this error originates in the attribute macro `gs11n_derive::dynamic` (in Nightly builds, run with -Z macro-backtrace for more info)
[INFO] [stdout] 
[INFO] [stdout] 
[INFO] [stdout] error[E0433]: failed to resolve: use of undeclared crate or module `gs11n`
[INFO] [stdout]   --> tests/dynamic_lib.rs:16:1
[INFO] [stdout]    |
[INFO] [stdout] 16 | #[gs11n_derive::dynamic]
[INFO] [stdout]    | ^^^^^^^^^^^^^^^^^^^^^^^^ use of undeclared crate or module `gs11n`
[INFO] [stdout]    |
[INFO] [stdout]    = note: this error originates in the attribute macro `gs11n_derive::dynamic` (in Nightly builds, run with -Z macro-backtrace for more info)
[INFO] [stdout] 
[INFO] [stdout] 
[INFO] [stdout] error[E0432]: unresolved import `gs11n`
[INFO] [stdout]   --> tests/dynamic_test.rs:37:1
[INFO] [stdout]    |
[INFO] [stdout] 37 | #[gs11n_derive::dynamic]
[INFO] [stdout]    | ^^^^^^^^^^^^^^^^^^^^^^^^ use of undeclared crate or module `gs11n`
[INFO] [stdout]    |
[INFO] [stdout]    = note: this error originates in the attribute macro `gs11n_derive::dynamic` (in Nightly builds, run with -Z macro-backtrace for more info)
[INFO] [stdout] 
[INFO] [stdout] 
[INFO] [stdout] error[E0433]: failed to resolve: use of undeclared crate or module `gs11n`
[INFO] [stdout]   --> tests/dynamic_test.rs:37:1
[INFO] [stdout]    |
[INFO] [stdout] 37 | #[gs11n_derive::dynamic]
[INFO] [stdout]    | ^^^^^^^^^^^^^^^^^^^^^^^^ use of undeclared crate or module `gs11n`
[INFO] [stdout]    |
[INFO] [stdout]    = note: this error originates in the attribute macro `gs11n_derive::dynamic` (in Nightly builds, run with -Z macro-backtrace for more info)
[INFO] [stdout] 
[INFO] [stdout] 
[INFO] [stdout] error[E0433]: failed to resolve: use of undeclared crate or module `gs11n`
[INFO] [stdout]   --> tests/plugin_test.rs:12:1
[INFO] [stdout]    |
[INFO] [stdout] 12 | #[gs11n_derive::dynamic]
[INFO] [stdout]    | ^^^^^^^^^^^^^^^^^^^^^^^^ use of undeclared crate or module `gs11n`
[INFO] [stdout]    |
[INFO] [stdout]    = note: this error originates in the attribute macro `gs11n_derive::dynamic` (in Nightly builds, run with -Z macro-backtrace for more info)
[INFO] [stdout] 
[INFO] [stdout] 
[INFO] [stdout] error[E0433]: failed to resolve: use of undeclared crate or module `gs11n`
[INFO] [stdout]  --> tests/macro_test.rs:6:28
[INFO] [stdout]   |
[INFO] [stdout] 6 | #[derive(PartialEq, Debug, GS11N, Default)]
[INFO] [stdout]   |                            ^^^^^ use of undeclared crate or module `gs11n`
[INFO] [stdout]   |
[INFO] [stdout]   = note: this error originates in the derive macro `GS11N` (in Nightly builds, run with -Z macro-backtrace for more info)
[INFO] [stdout] 
[INFO] [stdout] 
[INFO] [stdout] error[E0433]: failed to resolve: use of undeclared crate or module `gs11n`
[INFO] [stdout]   --> tests/dynamic_lib.rs:11:1
[INFO] [stdout]    |
[INFO] [stdout] 11 | #[gs11n_derive::dynamic]
[INFO] [stdout]    | ^^^^^^^^^^^^^^^^^^^^^^^^ use of undeclared crate or module `gs11n`
[INFO] [stdout]    |
[INFO] [stdout]    = note: this error originates in the attribute macro `gs11n_derive::dynamic` (in Nightly builds, run with -Z macro-backtrace for more info)
[INFO] [stdout] 
[INFO] [stdout] 
[INFO] [stdout] error[E0433]: failed to resolve: use of undeclared crate or module `gs11n`
[INFO] [stdout]   --> tests/dynamic_test.rs:16:1
[INFO] [stdout]    |
[INFO] [stdout] 16 | #[gs11n_derive::dynamic]
[INFO] [stdout]    | ^^^^^^^^^^^^^^^^^^^^^^^^ use of undeclared crate or module `gs11n`
[INFO] [stdout]    |
[INFO] [stdout]    = note: this error originates in the attribute macro `gs11n_derive::dynamic` (in Nightly builds, run with -Z macro-backtrace for more info)
[INFO] [stdout] 
[INFO] [stdout] 
[INFO] [stdout] error: aborting due to 5 previous errors
[INFO] [stdout] 
[INFO] [stdout] 
[INFO] [stdout] Some errors have detailed explanations: E0432, E0433.
[INFO] [stdout] 
[INFO] [stdout] For more information about an error, try `rustc --explain E0432`.
[INFO] [stdout] 
[INFO] [stderr] error: could not compile `gs11n_derive` (test "plugin_test") due to 6 previous errors
[INFO] [stderr] warning: build failed, waiting for other jobs to finish...
[INFO] [stdout] error: aborting due to 4 previous errors
[INFO] [stdout] 
[INFO] [stdout] 
[INFO] [stdout] Some errors have detailed explanations: E0432, E0433.
[INFO] [stdout] 
[INFO] [stdout] For more information about an error, try `rustc --explain E0432`.
[INFO] [stdout] 
[INFO] [stdout] error: aborting due to 7 previous errors
[INFO] [stdout] 
[INFO] [stdout] 
[INFO] [stdout] Some errors have detailed explanations: E0432, E0433.
[INFO] [stdout] 
[INFO] [stdout] For more information about an error, try `rustc --explain E0432`.
[INFO] [stdout] 
[INFO] [stderr] error: could not compile `gs11n_derive` (test "dynamic_lib") due to 5 previous errors
[INFO] [stdout] error: aborting due to 7 previous errors
[INFO] [stdout] 
[INFO] [stdout] 
[INFO] [stderr] error: could not compile `gs11n_derive` (test "dynamic_test") due to 8 previous errors
[INFO] [stdout] Some errors have detailed explanations: E0432, E0433.
[INFO] [stdout] 
[INFO] [stdout] For more information about an error, try `rustc --explain E0432`.
[INFO] [stdout] 
[INFO] [stderr] error: could not compile `gs11n_derive` (test "macro_test") due to 8 previous errors
[INFO] running `Command { std: "docker" "inspect" "de941533dfdad21917efae551bf16f9bf8ace014df0bd1a00c646a42da481b92", kill_on_drop: false }`
[INFO] running `Command { std: "docker" "rm" "-f" "de941533dfdad21917efae551bf16f9bf8ace014df0bd1a00c646a42da481b92", kill_on_drop: false }`
[INFO] [stdout] de941533dfdad21917efae551bf16f9bf8ace014df0bd1a00c646a42da481b92
