[INFO] fetching crate graphics-3d 0.0.0...
[INFO] testing graphics-3d-0.0.0 against 1.75.0 for beta-1.76-1
[INFO] extracting crate graphics-3d 0.0.0 into /workspace/builds/worker-3-tc1/source
[INFO] validating manifest of crates.io crate graphics-3d 0.0.0 on toolchain 1.75.0
[INFO] running `Command { std: CARGO_HOME="/workspace/cargo-home" RUSTUP_HOME="/workspace/rustup-home" "/workspace/cargo-home/bin/cargo" "+1.75.0" "metadata" "--manifest-path" "Cargo.toml" "--no-deps", kill_on_drop: false }`
[INFO] started tweaking crates.io crate graphics-3d 0.0.0
[INFO] finished tweaking crates.io crate graphics-3d 0.0.0
[INFO] tweaked toml for crates.io crate graphics-3d 0.0.0 written to /workspace/builds/worker-3-tc1/source/Cargo.toml
[INFO] running `Command { std: CARGO_HOME="/workspace/cargo-home" RUSTUP_HOME="/workspace/rustup-home" "/workspace/cargo-home/bin/cargo" "+1.75.0" "generate-lockfile" "--manifest-path" "Cargo.toml", kill_on_drop: false }`
[INFO] [stderr]     Updating crates.io index
[INFO] running `Command { std: CARGO_HOME="/workspace/cargo-home" RUSTUP_HOME="/workspace/rustup-home" "/workspace/cargo-home/bin/cargo" "+1.75.0" "fetch" "--manifest-path" "Cargo.toml", kill_on_drop: false }`
[INFO] [stderr]  Downloading crates ...
[INFO] [stderr]   Downloaded graphics-error v0.1.0
[INFO] [stderr]   Downloaded graphics-style v0.2.11
[INFO] [stderr]   Downloaded setting v0.2.2
[INFO] [stderr]   Downloaded graphics-shape v0.0.1
[INFO] [stderr]   Downloaded wolfram_wxf v0.6.6
[INFO] running `Command { std: "docker" "create" "-v" "/var/lib/crater-agent-workspace/builds/worker-3-tc1/target:/opt/rustwide/target:rw,Z" "-v" "/var/lib/crater-agent-workspace/builds/worker-3-tc1/source:/opt/rustwide/workdir:ro,Z" "-v" "/var/lib/crater-agent-workspace/cargo-home:/opt/rustwide/cargo-home:ro,Z" "-v" "/var/lib/crater-agent-workspace/rustup-home:/opt/rustwide/rustup-home:ro,Z" "-e" "SOURCE_DIR=/opt/rustwide/workdir" "-e" "CARGO_TARGET_DIR=/opt/rustwide/target" "-e" "CARGO_HOME=/opt/rustwide/cargo-home" "-e" "RUSTUP_HOME=/opt/rustwide/rustup-home" "-w" "/opt/rustwide/workdir" "-m" "1610612736" "--user" "0:0" "--network" "none" "ghcr.io/rust-lang/crates-build-env/linux@sha256:2788e3201cd34a07e3172128adcd8b3090168a8e3bcc40d7c032b9dda1df7d1c" "/opt/rustwide/cargo-home/bin/cargo" "+1.75.0" "metadata" "--no-deps" "--format-version=1", kill_on_drop: false }`
[INFO] [stdout] 78c1ed8c3146b60aad20ddacff48c3191cbf568d14606c5f993b9c8b1aed6fec
[INFO] running `Command { std: "docker" "start" "-a" "78c1ed8c3146b60aad20ddacff48c3191cbf568d14606c5f993b9c8b1aed6fec", kill_on_drop: false }`
[INFO] running `Command { std: "docker" "inspect" "78c1ed8c3146b60aad20ddacff48c3191cbf568d14606c5f993b9c8b1aed6fec", kill_on_drop: false }`
[INFO] running `Command { std: "docker" "rm" "-f" "78c1ed8c3146b60aad20ddacff48c3191cbf568d14606c5f993b9c8b1aed6fec", kill_on_drop: false }`
[INFO] [stdout] 78c1ed8c3146b60aad20ddacff48c3191cbf568d14606c5f993b9c8b1aed6fec
[INFO] running `Command { std: "docker" "create" "-v" "/var/lib/crater-agent-workspace/builds/worker-3-tc1/target:/opt/rustwide/target:rw,Z" "-v" "/var/lib/crater-agent-workspace/builds/worker-3-tc1/source:/opt/rustwide/workdir:ro,Z" "-v" "/var/lib/crater-agent-workspace/cargo-home:/opt/rustwide/cargo-home:ro,Z" "-v" "/var/lib/crater-agent-workspace/rustup-home:/opt/rustwide/rustup-home:ro,Z" "-e" "SOURCE_DIR=/opt/rustwide/workdir" "-e" "CARGO_TARGET_DIR=/opt/rustwide/target" "-e" "CARGO_INCREMENTAL=0" "-e" "RUST_BACKTRACE=full" "-e" "RUSTFLAGS=--cap-lints=warn" "-e" "RUSTDOCFLAGS=--cap-lints=warn" "-e" "CARGO_HOME=/opt/rustwide/cargo-home" "-e" "RUSTUP_HOME=/opt/rustwide/rustup-home" "-w" "/opt/rustwide/workdir" "-m" "1610612736" "--user" "0:0" "--network" "none" "ghcr.io/rust-lang/crates-build-env/linux@sha256:2788e3201cd34a07e3172128adcd8b3090168a8e3bcc40d7c032b9dda1df7d1c" "/opt/rustwide/cargo-home/bin/cargo" "+1.75.0" "build" "--frozen" "--message-format=json", kill_on_drop: false }`
[INFO] [stdout] 69f7e1910e7c890b006748539369ec57b3d15b48b933d70478fd67cc15c03797
[INFO] running `Command { std: "docker" "start" "-a" "69f7e1910e7c890b006748539369ec57b3d15b48b933d70478fd67cc15c03797", kill_on_drop: false }`
[INFO] [stderr]    Compiling crossbeam-utils v0.8.18
[INFO] [stderr]    Compiling simd-adler32 v0.3.7
[INFO] [stderr]    Compiling num-traits v0.2.17
[INFO] [stderr]    Compiling rayon-core v1.12.0
[INFO] [stderr]    Compiling lock_api v0.4.11
[INFO] [stderr]    Compiling crc32fast v1.3.2
[INFO] [stderr]    Compiling adler v1.0.2
[INFO] [stderr]    Compiling siphasher v0.3.11
[INFO] [stderr]    Compiling scopeguard v1.2.0
[INFO] [stderr]    Compiling rand_core v0.6.4
[INFO] [stderr]    Compiling num-integer v0.1.45
[INFO] [stderr]    Compiling syn v1.0.109
[INFO] [stderr]    Compiling serde v1.0.194
[INFO] [stderr]    Compiling num-rational v0.4.1
[INFO] [stderr]    Compiling syn v2.0.48
[INFO] [stderr]    Compiling weezl v0.1.7
[INFO] [stderr]    Compiling half v2.2.1
[INFO] [stderr]    Compiling smallvec v1.11.2
[INFO] [stderr]    Compiling phf_shared v0.11.2
[INFO] [stderr]    Compiling miniz_oxide v0.7.1
[INFO] [stderr]    Compiling rand v0.8.5
[INFO] [stderr]    Compiling zune-inflate v0.2.54
[INFO] [stderr]    Compiling fdeflate v0.3.3
[INFO] [stderr]    Compiling bit_field v0.10.2
[INFO] [stderr]    Compiling color_quant v1.1.0
[INFO] [stderr]    Compiling bytemuck v1.14.0
[INFO] [stderr]    Compiling lebe v0.5.2
[INFO] [stderr]    Compiling palette v0.6.1
[INFO] [stderr]    Compiling spin v0.9.8
[INFO] [stderr]    Compiling gif v0.12.0
[INFO] [stderr]    Compiling graphics-error v0.1.0
[INFO] [stderr]    Compiling flate2 v1.0.28
[INFO] [stderr]    Compiling flume v0.11.0
[INFO] [stderr]    Compiling qoi v0.4.1
[INFO] [stderr]    Compiling phf_generator v0.11.2
[INFO] [stderr]    Compiling crossbeam-epoch v0.9.17
[INFO] [stderr]    Compiling png v0.17.10
[INFO] [stderr]    Compiling crossbeam-deque v0.8.4
[INFO] [stderr]    Compiling rayon v1.8.0
[INFO] [stderr]    Compiling exr v1.71.0
[INFO] [stderr]    Compiling approx v0.5.1
[INFO] [stderr]    Compiling palette_derive v0.6.1
[INFO] [stderr]    Compiling serde_derive v1.0.194
[INFO] [stderr]    Compiling phf_macros v0.11.2
[INFO] [stderr]    Compiling jpeg-decoder v0.3.0
[INFO] [stderr]    Compiling phf v0.11.2
[INFO] [stderr]    Compiling tiff v0.9.0
[INFO] [stderr]    Compiling image v0.24.7
[INFO] [stderr]    Compiling setting v0.2.2
[INFO] [stderr]    Compiling graphics-shape v0.0.1
[INFO] [stderr]    Compiling graphics-style v0.2.11
[INFO] [stderr]    Compiling graphics-3d v0.0.0 (/opt/rustwide/workdir)
[INFO] [stdout] error[E0432]: unresolved import `graphics_style::StyleResolver`
[INFO] [stdout]  --> src/canvas/mod.rs:2:36
[INFO] [stdout]   |
[INFO] [stdout] 2 | use graphics_style::{StyleContext, StyleResolver};
[INFO] [stdout]   |                                    ^^^^^^^^^^^^^ no `StyleResolver` in the root
[INFO] [stdout] 
[INFO] [stdout] 
[INFO] [stdout] error[E0432]: unresolved imports `graphics_style::resolved`, `graphics_style::StyleResolver`
[INFO] [stdout]  --> src/traits/backend.rs:2:22
[INFO] [stdout]   |
[INFO] [stdout] 2 | use graphics_style::{resolved, StyleResolver};
[INFO] [stdout]   |                      ^^^^^^^^  ^^^^^^^^^^^^^ no `StyleResolver` in the root
[INFO] [stdout]   |                      |
[INFO] [stdout]   |                      no `resolved` in the root
[INFO] [stdout]   |                      help: a similar name exists in the module: `resolver`
[INFO] [stdout] 
[INFO] [stdout] 
[INFO] [stdout] warning: unused import: `Point`
[INFO] [stdout]   --> src/lib.rs:13:38
[INFO] [stdout]    |
[INFO] [stdout] 13 |     pub use graphics_shape::{Circle, Point};
[INFO] [stdout]    |                                      ^^^^^
[INFO] [stdout]    |
[INFO] [stdout]    = note: `#[warn(unused_imports)]` on by default
[INFO] [stdout] 
[INFO] [stdout] 
[INFO] [stdout] error[E0277]: the trait bound `CircleStyle: Default` is not satisfied
[INFO] [stdout]   --> src/lib.rs:53:57
[INFO] [stdout]    |
[INFO] [stdout] 53 |         Some(GraphicsShape::Circle(Cow::Borrowed(self), Default::default()))
[INFO] [stdout]    |                                                         ^^^^^^^^^^^^^^^^ the trait `Default` is not implemented for `CircleStyle`
[INFO] [stdout] 
[INFO] [stdout] 
[INFO] [stdout] error: aborting due to 3 previous errors; 1 warning emitted
[INFO] [stdout] 
[INFO] [stdout] 
[INFO] [stdout] Some errors have detailed explanations: E0277, E0432.
[INFO] [stdout] 
[INFO] [stdout] For more information about an error, try `rustc --explain E0277`.
[INFO] [stdout] 
[INFO] [stderr] error: could not compile `graphics-3d` (lib) due to 4 previous errors; 1 warning emitted
[INFO] [stderr] warning: build failed, waiting for other jobs to finish...
[INFO] running `Command { std: "docker" "inspect" "69f7e1910e7c890b006748539369ec57b3d15b48b933d70478fd67cc15c03797", kill_on_drop: false }`
[INFO] running `Command { std: "docker" "rm" "-f" "69f7e1910e7c890b006748539369ec57b3d15b48b933d70478fd67cc15c03797", kill_on_drop: false }`
[INFO] [stdout] 69f7e1910e7c890b006748539369ec57b3d15b48b933d70478fd67cc15c03797
