[INFO] fetching crate grapes 0.3.0...
[INFO] testing grapes-0.3.0 against 1.75.0 for beta-1.76-1
[INFO] extracting crate grapes 0.3.0 into /workspace/builds/worker-3-tc1/source
[INFO] validating manifest of crates.io crate grapes 0.3.0 on toolchain 1.75.0
[INFO] running `Command { std: CARGO_HOME="/workspace/cargo-home" RUSTUP_HOME="/workspace/rustup-home" "/workspace/cargo-home/bin/cargo" "+1.75.0" "metadata" "--manifest-path" "Cargo.toml" "--no-deps", kill_on_drop: false }`
[INFO] started tweaking crates.io crate grapes 0.3.0
[INFO] finished tweaking crates.io crate grapes 0.3.0
[INFO] tweaked toml for crates.io crate grapes 0.3.0 written to /workspace/builds/worker-3-tc1/source/Cargo.toml
[INFO] running `Command { std: CARGO_HOME="/workspace/cargo-home" RUSTUP_HOME="/workspace/rustup-home" "/workspace/cargo-home/bin/cargo" "+1.75.0" "generate-lockfile" "--manifest-path" "Cargo.toml", kill_on_drop: false }`
[INFO] [stderr]     Updating crates.io index
[INFO] running `Command { std: CARGO_HOME="/workspace/cargo-home" RUSTUP_HOME="/workspace/rustup-home" "/workspace/cargo-home/bin/cargo" "+1.75.0" "fetch" "--manifest-path" "Cargo.toml", kill_on_drop: false }`
[INFO] [stderr]  Downloading crates ...
[INFO] [stderr]   Downloaded velcro v0.5.4
[INFO] [stderr]   Downloaded velcro_core v0.5.4
[INFO] [stderr]   Downloaded velcro_macros v0.5.4
[INFO] [stderr]   Downloaded imbl v1.0.1
[INFO] running `Command { std: "docker" "create" "-v" "/var/lib/crater-agent-workspace/builds/worker-3-tc1/target:/opt/rustwide/target:rw,Z" "-v" "/var/lib/crater-agent-workspace/builds/worker-3-tc1/source:/opt/rustwide/workdir:ro,Z" "-v" "/var/lib/crater-agent-workspace/cargo-home:/opt/rustwide/cargo-home:ro,Z" "-v" "/var/lib/crater-agent-workspace/rustup-home:/opt/rustwide/rustup-home:ro,Z" "-e" "SOURCE_DIR=/opt/rustwide/workdir" "-e" "CARGO_TARGET_DIR=/opt/rustwide/target" "-e" "CARGO_HOME=/opt/rustwide/cargo-home" "-e" "RUSTUP_HOME=/opt/rustwide/rustup-home" "-w" "/opt/rustwide/workdir" "-m" "1610612736" "--user" "0:0" "--network" "none" "ghcr.io/rust-lang/crates-build-env/linux@sha256:2788e3201cd34a07e3172128adcd8b3090168a8e3bcc40d7c032b9dda1df7d1c" "/opt/rustwide/cargo-home/bin/cargo" "+1.75.0" "metadata" "--no-deps" "--format-version=1", kill_on_drop: false }`
[INFO] [stdout] bb1ecf39c391b55b550b40f2af44c745266ee79aa162da7935f9c9fcc520b528
[INFO] running `Command { std: "docker" "start" "-a" "bb1ecf39c391b55b550b40f2af44c745266ee79aa162da7935f9c9fcc520b528", kill_on_drop: false }`
[INFO] running `Command { std: "docker" "inspect" "bb1ecf39c391b55b550b40f2af44c745266ee79aa162da7935f9c9fcc520b528", kill_on_drop: false }`
[INFO] running `Command { std: "docker" "rm" "-f" "bb1ecf39c391b55b550b40f2af44c745266ee79aa162da7935f9c9fcc520b528", kill_on_drop: false }`
[INFO] [stdout] bb1ecf39c391b55b550b40f2af44c745266ee79aa162da7935f9c9fcc520b528
[INFO] running `Command { std: "docker" "create" "-v" "/var/lib/crater-agent-workspace/builds/worker-3-tc1/target:/opt/rustwide/target:rw,Z" "-v" "/var/lib/crater-agent-workspace/builds/worker-3-tc1/source:/opt/rustwide/workdir:ro,Z" "-v" "/var/lib/crater-agent-workspace/cargo-home:/opt/rustwide/cargo-home:ro,Z" "-v" "/var/lib/crater-agent-workspace/rustup-home:/opt/rustwide/rustup-home:ro,Z" "-e" "SOURCE_DIR=/opt/rustwide/workdir" "-e" "CARGO_TARGET_DIR=/opt/rustwide/target" "-e" "CARGO_INCREMENTAL=0" "-e" "RUST_BACKTRACE=full" "-e" "RUSTFLAGS=--cap-lints=warn" "-e" "RUSTDOCFLAGS=--cap-lints=warn" "-e" "CARGO_HOME=/opt/rustwide/cargo-home" "-e" "RUSTUP_HOME=/opt/rustwide/rustup-home" "-w" "/opt/rustwide/workdir" "-m" "1610612736" "--user" "0:0" "--network" "none" "ghcr.io/rust-lang/crates-build-env/linux@sha256:2788e3201cd34a07e3172128adcd8b3090168a8e3bcc40d7c032b9dda1df7d1c" "/opt/rustwide/cargo-home/bin/cargo" "+1.75.0" "build" "--frozen" "--message-format=json", kill_on_drop: false }`
[INFO] [stdout] 6f59625f1776e9a8d2af4859139a6e51e0cf45e382de9cd083f10bbe4afba3bd
[INFO] running `Command { std: "docker" "start" "-a" "6f59625f1776e9a8d2af4859139a6e51e0cf45e382de9cd083f10bbe4afba3bd", kill_on_drop: false }`
[INFO] [stderr]    Compiling typenum v1.17.0
[INFO] [stderr]    Compiling rand_core v0.6.4
[INFO] [stderr]    Compiling rand_xoshiro v0.6.0
[INFO] [stderr]    Compiling bitmaps v2.1.0
[INFO] [stderr]    Compiling sized-chunks v0.6.5
[INFO] [stderr]    Compiling imbl v1.0.1
[INFO] [stderr]    Compiling grapes v0.3.0 (/opt/rustwide/workdir)
[INFO] [stderr]     Finished dev [unoptimized + debuginfo] target(s) in 4.43s
[INFO] running `Command { std: "docker" "inspect" "6f59625f1776e9a8d2af4859139a6e51e0cf45e382de9cd083f10bbe4afba3bd", kill_on_drop: false }`
[INFO] running `Command { std: "docker" "rm" "-f" "6f59625f1776e9a8d2af4859139a6e51e0cf45e382de9cd083f10bbe4afba3bd", kill_on_drop: false }`
[INFO] [stdout] 6f59625f1776e9a8d2af4859139a6e51e0cf45e382de9cd083f10bbe4afba3bd
[INFO] running `Command { std: "docker" "create" "-v" "/var/lib/crater-agent-workspace/builds/worker-3-tc1/target:/opt/rustwide/target:rw,Z" "-v" "/var/lib/crater-agent-workspace/builds/worker-3-tc1/source:/opt/rustwide/workdir:ro,Z" "-v" "/var/lib/crater-agent-workspace/cargo-home:/opt/rustwide/cargo-home:ro,Z" "-v" "/var/lib/crater-agent-workspace/rustup-home:/opt/rustwide/rustup-home:ro,Z" "-e" "SOURCE_DIR=/opt/rustwide/workdir" "-e" "CARGO_TARGET_DIR=/opt/rustwide/target" "-e" "CARGO_INCREMENTAL=0" "-e" "RUST_BACKTRACE=full" "-e" "RUSTFLAGS=--cap-lints=warn" "-e" "RUSTDOCFLAGS=--cap-lints=warn" "-e" "CARGO_HOME=/opt/rustwide/cargo-home" "-e" "RUSTUP_HOME=/opt/rustwide/rustup-home" "-w" "/opt/rustwide/workdir" "-m" "1610612736" "--user" "0:0" "--network" "none" "ghcr.io/rust-lang/crates-build-env/linux@sha256:2788e3201cd34a07e3172128adcd8b3090168a8e3bcc40d7c032b9dda1df7d1c" "/opt/rustwide/cargo-home/bin/cargo" "+1.75.0" "test" "--frozen" "--no-run" "--message-format=json", kill_on_drop: false }`
[INFO] [stdout] a859a60828952c6f37030504a1b7c73a1f66ad0fbc2f7eb94dcf3f902c90e430
[INFO] running `Command { std: "docker" "start" "-a" "a859a60828952c6f37030504a1b7c73a1f66ad0fbc2f7eb94dcf3f902c90e430", kill_on_drop: false }`
[INFO] [stderr]    Compiling proc-macro2 v1.0.75
[INFO] [stderr]    Compiling unicode-ident v1.0.12
[INFO] [stderr]    Compiling syn v1.0.109
[INFO] [stderr]    Compiling serde v1.0.194
[INFO] [stderr]    Compiling impls v1.0.3
[INFO] [stderr]    Compiling quote v1.0.35
[INFO] [stderr]    Compiling velcro_core v0.5.4
[INFO] [stderr]    Compiling velcro_macros v0.5.4
[INFO] [stderr]    Compiling velcro v0.5.4
[INFO] [stderr]    Compiling grapes v0.3.0 (/opt/rustwide/workdir)
[INFO] [stdout] error[E0432]: unresolved import `graph_test`
[INFO] [stdout]  --> src/fuzz_test.rs:3:9
[INFO] [stdout]   |
[INFO] [stdout] 3 |     use graph_test::{verify_correctness, Location, TreeManipulation, TreeTraversal};
[INFO] [stdout]   |         ^^^^^^^^^^ use of undeclared crate or module `graph_test`
[INFO] [stdout] 
[INFO] [stdout] 
[INFO] [stdout] error[E0433]: failed to resolve: use of undeclared crate or module `graph_test`
[INFO] [stdout]  --> src/fuzz_test.rs:7:15
[INFO] [stdout]   |
[INFO] [stdout] 7 |     impl From<graph_test::Location<NodeId>> for crate::tree::Location {
[INFO] [stdout]   |               ^^^^^^^^^^ use of undeclared crate or module `graph_test`
[INFO] [stdout] 
[INFO] [stdout] 
[INFO] [stdout] error: aborting due to 2 previous errors
[INFO] [stdout] 
[INFO] [stdout] 
[INFO] [stdout] Some errors have detailed explanations: E0432, E0433.
[INFO] [stdout] 
[INFO] [stdout] For more information about an error, try `rustc --explain E0432`.
[INFO] [stdout] 
[INFO] [stderr] error: could not compile `grapes` (lib test) due to 3 previous errors
[INFO] running `Command { std: "docker" "inspect" "a859a60828952c6f37030504a1b7c73a1f66ad0fbc2f7eb94dcf3f902c90e430", kill_on_drop: false }`
[INFO] running `Command { std: "docker" "rm" "-f" "a859a60828952c6f37030504a1b7c73a1f66ad0fbc2f7eb94dcf3f902c90e430", kill_on_drop: false }`
[INFO] [stdout] a859a60828952c6f37030504a1b7c73a1f66ad0fbc2f7eb94dcf3f902c90e430
[INFO] testing grapes-0.3.0 against beta-2023-12-22 for beta-1.76-1
[INFO] extracting crate grapes 0.3.0 into /workspace/builds/worker-3-tc2/source
[INFO] validating manifest of crates.io crate grapes 0.3.0 on toolchain beta-2023-12-22
[INFO] running `Command { std: CARGO_HOME="/workspace/cargo-home" RUSTUP_HOME="/workspace/rustup-home" "/workspace/cargo-home/bin/cargo" "+beta-2023-12-22" "metadata" "--manifest-path" "Cargo.toml" "--no-deps", kill_on_drop: false }`
[INFO] started tweaking crates.io crate grapes 0.3.0
[INFO] finished tweaking crates.io crate grapes 0.3.0
[INFO] tweaked toml for crates.io crate grapes 0.3.0 written to /workspace/builds/worker-3-tc2/source/Cargo.toml
[INFO] running `Command { std: CARGO_HOME="/workspace/cargo-home" RUSTUP_HOME="/workspace/rustup-home" "/workspace/cargo-home/bin/cargo" "+beta-2023-12-22" "generate-lockfile" "--manifest-path" "Cargo.toml", kill_on_drop: false }`
[INFO] [stderr]     Updating crates.io index
[INFO] running `Command { std: CARGO_HOME="/workspace/cargo-home" RUSTUP_HOME="/workspace/rustup-home" "/workspace/cargo-home/bin/cargo" "+beta-2023-12-22" "fetch" "--manifest-path" "Cargo.toml", kill_on_drop: false }`
[INFO] running `Command { std: "docker" "create" "-v" "/var/lib/crater-agent-workspace/builds/worker-3-tc2/target:/opt/rustwide/target:rw,Z" "-v" "/var/lib/crater-agent-workspace/builds/worker-3-tc2/source:/opt/rustwide/workdir:ro,Z" "-v" "/var/lib/crater-agent-workspace/cargo-home:/opt/rustwide/cargo-home:ro,Z" "-v" "/var/lib/crater-agent-workspace/rustup-home:/opt/rustwide/rustup-home:ro,Z" "-e" "SOURCE_DIR=/opt/rustwide/workdir" "-e" "CARGO_TARGET_DIR=/opt/rustwide/target" "-e" "CARGO_HOME=/opt/rustwide/cargo-home" "-e" "RUSTUP_HOME=/opt/rustwide/rustup-home" "-w" "/opt/rustwide/workdir" "-m" "1610612736" "--user" "0:0" "--network" "none" "ghcr.io/rust-lang/crates-build-env/linux@sha256:2788e3201cd34a07e3172128adcd8b3090168a8e3bcc40d7c032b9dda1df7d1c" "/opt/rustwide/cargo-home/bin/cargo" "+beta-2023-12-22" "metadata" "--no-deps" "--format-version=1", kill_on_drop: false }`
[INFO] [stdout] 6137c459af316f16fc0d950ee07416a9b36a1d4d73199b3225f9208d98281e38
[INFO] running `Command { std: "docker" "start" "-a" "6137c459af316f16fc0d950ee07416a9b36a1d4d73199b3225f9208d98281e38", kill_on_drop: false }`
[INFO] running `Command { std: "docker" "inspect" "6137c459af316f16fc0d950ee07416a9b36a1d4d73199b3225f9208d98281e38", kill_on_drop: false }`
[INFO] running `Command { std: "docker" "rm" "-f" "6137c459af316f16fc0d950ee07416a9b36a1d4d73199b3225f9208d98281e38", kill_on_drop: false }`
[INFO] [stdout] 6137c459af316f16fc0d950ee07416a9b36a1d4d73199b3225f9208d98281e38
[INFO] running `Command { std: "docker" "create" "-v" "/var/lib/crater-agent-workspace/builds/worker-3-tc2/target:/opt/rustwide/target:rw,Z" "-v" "/var/lib/crater-agent-workspace/builds/worker-3-tc2/source:/opt/rustwide/workdir:ro,Z" "-v" "/var/lib/crater-agent-workspace/cargo-home:/opt/rustwide/cargo-home:ro,Z" "-v" "/var/lib/crater-agent-workspace/rustup-home:/opt/rustwide/rustup-home:ro,Z" "-e" "SOURCE_DIR=/opt/rustwide/workdir" "-e" "CARGO_TARGET_DIR=/opt/rustwide/target" "-e" "CARGO_INCREMENTAL=0" "-e" "RUST_BACKTRACE=full" "-e" "RUSTFLAGS=--cap-lints=warn" "-e" "RUSTDOCFLAGS=--cap-lints=warn" "-e" "CARGO_HOME=/opt/rustwide/cargo-home" "-e" "RUSTUP_HOME=/opt/rustwide/rustup-home" "-w" "/opt/rustwide/workdir" "-m" "1610612736" "--user" "0:0" "--network" "none" "ghcr.io/rust-lang/crates-build-env/linux@sha256:2788e3201cd34a07e3172128adcd8b3090168a8e3bcc40d7c032b9dda1df7d1c" "/opt/rustwide/cargo-home/bin/cargo" "+beta-2023-12-22" "build" "--frozen" "--message-format=json", kill_on_drop: false }`
[INFO] [stdout] 27f2f274bf47d995795f57a74cb2c8081eea6d1599ff39247320e331e125cff6
[INFO] running `Command { std: "docker" "start" "-a" "27f2f274bf47d995795f57a74cb2c8081eea6d1599ff39247320e331e125cff6", kill_on_drop: false }`
[INFO] [stderr]    Compiling typenum v1.17.0
[INFO] [stderr]    Compiling rand_core v0.6.4
[INFO] [stderr]    Compiling rand_xoshiro v0.6.0
[INFO] [stderr]    Compiling bitmaps v2.1.0
[INFO] [stderr]    Compiling sized-chunks v0.6.5
[INFO] [stderr]    Compiling imbl v1.0.1
[INFO] [stderr]    Compiling grapes v0.3.0 (/opt/rustwide/workdir)
[INFO] [stderr]     Finished dev [unoptimized + debuginfo] target(s) in 3.19s
[INFO] running `Command { std: "docker" "inspect" "27f2f274bf47d995795f57a74cb2c8081eea6d1599ff39247320e331e125cff6", kill_on_drop: false }`
[INFO] running `Command { std: "docker" "rm" "-f" "27f2f274bf47d995795f57a74cb2c8081eea6d1599ff39247320e331e125cff6", kill_on_drop: false }`
[INFO] [stdout] 27f2f274bf47d995795f57a74cb2c8081eea6d1599ff39247320e331e125cff6
[INFO] running `Command { std: "docker" "create" "-v" "/var/lib/crater-agent-workspace/builds/worker-3-tc2/target:/opt/rustwide/target:rw,Z" "-v" "/var/lib/crater-agent-workspace/builds/worker-3-tc2/source:/opt/rustwide/workdir:ro,Z" "-v" "/var/lib/crater-agent-workspace/cargo-home:/opt/rustwide/cargo-home:ro,Z" "-v" "/var/lib/crater-agent-workspace/rustup-home:/opt/rustwide/rustup-home:ro,Z" "-e" "SOURCE_DIR=/opt/rustwide/workdir" "-e" "CARGO_TARGET_DIR=/opt/rustwide/target" "-e" "CARGO_INCREMENTAL=0" "-e" "RUST_BACKTRACE=full" "-e" "RUSTFLAGS=--cap-lints=warn" "-e" "RUSTDOCFLAGS=--cap-lints=warn" "-e" "CARGO_HOME=/opt/rustwide/cargo-home" "-e" "RUSTUP_HOME=/opt/rustwide/rustup-home" "-w" "/opt/rustwide/workdir" "-m" "1610612736" "--user" "0:0" "--network" "none" "ghcr.io/rust-lang/crates-build-env/linux@sha256:2788e3201cd34a07e3172128adcd8b3090168a8e3bcc40d7c032b9dda1df7d1c" "/opt/rustwide/cargo-home/bin/cargo" "+beta-2023-12-22" "test" "--frozen" "--no-run" "--message-format=json", kill_on_drop: false }`
[INFO] [stdout] ded391cadb7db0899c4aa05c9cc03e49c6cf4c455ad1d564b32ca02212a141a0
[INFO] running `Command { std: "docker" "start" "-a" "ded391cadb7db0899c4aa05c9cc03e49c6cf4c455ad1d564b32ca02212a141a0", kill_on_drop: false }`
[INFO] [stderr]    Compiling proc-macro2 v1.0.75
[INFO] [stderr]    Compiling unicode-ident v1.0.12
[INFO] [stderr]    Compiling syn v1.0.109
[INFO] [stderr]    Compiling serde v1.0.194
[INFO] [stderr]    Compiling impls v1.0.3
[INFO] [stderr]    Compiling quote v1.0.35
[INFO] [stderr]    Compiling velcro_core v0.5.4
[INFO] [stderr]    Compiling velcro_macros v0.5.4
[INFO] [stderr]    Compiling velcro v0.5.4
[INFO] [stderr]    Compiling grapes v0.3.0 (/opt/rustwide/workdir)
[INFO] [stdout] error[E0432]: unresolved import `graph_test`
[INFO] [stdout]  --> src/fuzz_test.rs:3:9
[INFO] [stdout]   |
[INFO] [stdout] 3 |     use graph_test::{verify_correctness, Location, TreeManipulation, TreeTraversal};
[INFO] [stdout]   |         ^^^^^^^^^^ use of undeclared crate or module `graph_test`
[INFO] [stdout] 
[INFO] [stdout] 
[INFO] [stdout] error[E0433]: failed to resolve: use of undeclared crate or module `graph_test`
[INFO] [stdout]  --> src/fuzz_test.rs:7:15
[INFO] [stdout]   |
[INFO] [stdout] 7 |     impl From<graph_test::Location<NodeId>> for crate::tree::Location {
[INFO] [stdout]   |               ^^^^^^^^^^ use of undeclared crate or module `graph_test`
[INFO] [stdout] 
[INFO] [stdout] 
[INFO] [stdout] error: aborting due to 2 previous errors
[INFO] [stdout] 
[INFO] [stdout] 
[INFO] [stdout] Some errors have detailed explanations: E0432, E0433.
[INFO] [stdout] 
[INFO] [stdout] For more information about an error, try `rustc --explain E0432`.
[INFO] [stdout] 
[INFO] [stderr] error: could not compile `grapes` (lib test) due to 3 previous errors
[INFO] running `Command { std: "docker" "inspect" "ded391cadb7db0899c4aa05c9cc03e49c6cf4c455ad1d564b32ca02212a141a0", kill_on_drop: false }`
[INFO] running `Command { std: "docker" "rm" "-f" "ded391cadb7db0899c4aa05c9cc03e49c6cf4c455ad1d564b32ca02212a141a0", kill_on_drop: false }`
[INFO] [stdout] ded391cadb7db0899c4aa05c9cc03e49c6cf4c455ad1d564b32ca02212a141a0
