[INFO] fetching crate gpmf 0.1.2...
[INFO] testing gpmf-0.1.2 against 1.75.0 for beta-1.76-1
[INFO] extracting crate gpmf 0.1.2 into /workspace/builds/worker-6-tc1/source
[INFO] validating manifest of crates.io crate gpmf 0.1.2 on toolchain 1.75.0
[INFO] running `Command { std: CARGO_HOME="/workspace/cargo-home" RUSTUP_HOME="/workspace/rustup-home" "/workspace/cargo-home/bin/cargo" "+1.75.0" "metadata" "--manifest-path" "Cargo.toml" "--no-deps", kill_on_drop: false }`
[INFO] started tweaking crates.io crate gpmf 0.1.2
[INFO] finished tweaking crates.io crate gpmf 0.1.2
[INFO] tweaked toml for crates.io crate gpmf 0.1.2 written to /workspace/builds/worker-6-tc1/source/Cargo.toml
[INFO] running `Command { std: CARGO_HOME="/workspace/cargo-home" RUSTUP_HOME="/workspace/rustup-home" "/workspace/cargo-home/bin/cargo" "+1.75.0" "generate-lockfile" "--manifest-path" "Cargo.toml", kill_on_drop: false }`
[INFO] [stderr]     Blocking waiting for file lock on package cache
[INFO] [stderr]     Updating crates.io index
[INFO] running `Command { std: CARGO_HOME="/workspace/cargo-home" RUSTUP_HOME="/workspace/rustup-home" "/workspace/cargo-home/bin/cargo" "+1.75.0" "fetch" "--manifest-path" "Cargo.toml", kill_on_drop: false }`
[INFO] running `Command { std: "docker" "create" "-v" "/var/lib/crater-agent-workspace/builds/worker-6-tc1/target:/opt/rustwide/target:rw,Z" "-v" "/var/lib/crater-agent-workspace/builds/worker-6-tc1/source:/opt/rustwide/workdir:ro,Z" "-v" "/var/lib/crater-agent-workspace/cargo-home:/opt/rustwide/cargo-home:ro,Z" "-v" "/var/lib/crater-agent-workspace/rustup-home:/opt/rustwide/rustup-home:ro,Z" "-e" "SOURCE_DIR=/opt/rustwide/workdir" "-e" "CARGO_TARGET_DIR=/opt/rustwide/target" "-e" "CARGO_HOME=/opt/rustwide/cargo-home" "-e" "RUSTUP_HOME=/opt/rustwide/rustup-home" "-w" "/opt/rustwide/workdir" "-m" "1610612736" "--user" "0:0" "--network" "none" "ghcr.io/rust-lang/crates-build-env/linux@sha256:2788e3201cd34a07e3172128adcd8b3090168a8e3bcc40d7c032b9dda1df7d1c" "/opt/rustwide/cargo-home/bin/cargo" "+1.75.0" "metadata" "--no-deps" "--format-version=1", kill_on_drop: false }`
[INFO] [stdout] 547ee3887e2cb98b9e1042758a3140c216b29ff01d4329f017ab7c253a6439eb
[INFO] running `Command { std: "docker" "start" "-a" "547ee3887e2cb98b9e1042758a3140c216b29ff01d4329f017ab7c253a6439eb", kill_on_drop: false }`
[INFO] running `Command { std: "docker" "inspect" "547ee3887e2cb98b9e1042758a3140c216b29ff01d4329f017ab7c253a6439eb", kill_on_drop: false }`
[INFO] running `Command { std: "docker" "rm" "-f" "547ee3887e2cb98b9e1042758a3140c216b29ff01d4329f017ab7c253a6439eb", kill_on_drop: false }`
[INFO] [stdout] 547ee3887e2cb98b9e1042758a3140c216b29ff01d4329f017ab7c253a6439eb
[INFO] running `Command { std: "docker" "create" "-v" "/var/lib/crater-agent-workspace/builds/worker-6-tc1/target:/opt/rustwide/target:rw,Z" "-v" "/var/lib/crater-agent-workspace/builds/worker-6-tc1/source:/opt/rustwide/workdir:ro,Z" "-v" "/var/lib/crater-agent-workspace/cargo-home:/opt/rustwide/cargo-home:ro,Z" "-v" "/var/lib/crater-agent-workspace/rustup-home:/opt/rustwide/rustup-home:ro,Z" "-e" "SOURCE_DIR=/opt/rustwide/workdir" "-e" "CARGO_TARGET_DIR=/opt/rustwide/target" "-e" "CARGO_INCREMENTAL=0" "-e" "RUST_BACKTRACE=full" "-e" "RUSTFLAGS=--cap-lints=warn" "-e" "RUSTDOCFLAGS=--cap-lints=warn" "-e" "CARGO_HOME=/opt/rustwide/cargo-home" "-e" "RUSTUP_HOME=/opt/rustwide/rustup-home" "-w" "/opt/rustwide/workdir" "-m" "1610612736" "--user" "0:0" "--network" "none" "ghcr.io/rust-lang/crates-build-env/linux@sha256:2788e3201cd34a07e3172128adcd8b3090168a8e3bcc40d7c032b9dda1df7d1c" "/opt/rustwide/cargo-home/bin/cargo" "+1.75.0" "build" "--frozen" "--message-format=json", kill_on_drop: false }`
[INFO] [stdout] e1bc69ed362b6d5884798258e6a1d9bc4c7f274b7e55ebe5bc7cf519eed54883
[INFO] running `Command { std: "docker" "start" "-a" "e1bc69ed362b6d5884798258e6a1d9bc4c7f274b7e55ebe5bc7cf519eed54883", kill_on_drop: false }`
[INFO] [stderr]    Compiling equivalent v1.0.1
[INFO] [stderr]    Compiling hashbrown v0.14.3
[INFO] [stderr]    Compiling winnow v0.5.32
[INFO] [stderr]    Compiling tracing-core v0.1.32
[INFO] [stderr]    Compiling rustversion v1.0.14
[INFO] [stderr]    Compiling toml_datetime v0.6.5
[INFO] [stderr]    Compiling num-traits v0.2.17
[INFO] [stderr]    Compiling syn v2.0.48
[INFO] [stderr]    Compiling typenum v1.17.0
[INFO] [stderr]    Compiling overload v0.1.1
[INFO] [stderr]    Compiling az v1.2.1
[INFO] [stderr]    Compiling nu-ansi-term v0.46.0
[INFO] [stderr]    Compiling indexmap v2.1.0
[INFO] [stderr]    Compiling tracing-log v0.2.0
[INFO] [stderr]    Compiling sharded-slab v0.1.7
[INFO] [stderr]    Compiling thread_local v1.1.7
[INFO] [stderr]    Compiling heck v0.4.1
[INFO] [stderr]    Compiling anyhow v1.0.79
[INFO] [stderr]    Compiling fixed v1.24.0
[INFO] [stderr]    Compiling strum_macros v0.24.3
[INFO] [stderr]    Compiling tracing-subscriber v0.3.18
[INFO] [stderr]    Compiling half v2.3.1
[INFO] [stderr]    Compiling bytemuck v1.14.0
[INFO] [stderr]    Compiling iana-time-zone v0.1.59
[INFO] [stderr]    Compiling toml_edit v0.19.15
[INFO] [stderr]    Compiling chrono v0.4.31
[INFO] [stderr]    Compiling byteorder v1.5.0
[INFO] [stderr]    Compiling proc-macro-crate v1.3.1
[INFO] [stderr]    Compiling strum v0.24.1
[INFO] [stderr]    Compiling num_enum_derive v0.5.11
[INFO] [stderr]    Compiling tracing-attributes v0.1.27
[INFO] [stderr]    Compiling num_enum v0.5.11
[INFO] [stderr]    Compiling tracing v0.1.40
[INFO] [stderr]    Compiling tracing-error v0.2.0
[INFO] [stderr]    Compiling gpmf v0.1.2 (/opt/rustwide/workdir)
[INFO] [stdout] warning: unused imports: `Level`, `debug`, `enabled`, `error`, `info`, `span`, `trace`
[INFO] [stdout]   --> src/lib.rs:91:15
[INFO] [stdout]    |
[INFO] [stdout] 91 | use tracing::{debug, enabled, error, info, span, trace, warn, Level};
[INFO] [stdout]    |               ^^^^^  ^^^^^^^  ^^^^^  ^^^^  ^^^^  ^^^^^        ^^^^^
[INFO] [stdout]    |
[INFO] [stdout]    = note: `#[warn(unused_imports)]` on by default
[INFO] [stdout] 
[INFO] [stdout] 
[INFO] [stdout] error[E0554]: `#![feature]` may not be used on the stable release channel
[INFO] [stdout]   --> src/lib.rs:81:12
[INFO] [stdout]    |
[INFO] [stdout] 81 | #![feature(cursor_remaining)]
[INFO] [stdout]    |            ^^^^^^^^^^^^^^^^
[INFO] [stdout] 
[INFO] [stdout] 
[INFO] [stdout] error[E0554]: `#![feature]` may not be used on the stable release channel
[INFO] [stdout]   --> src/lib.rs:82:12
[INFO] [stdout]    |
[INFO] [stdout] 82 | #![feature(buf_read_has_data_left)]
[INFO] [stdout]    |            ^^^^^^^^^^^^^^^^^^^^^^
[INFO] [stdout] 
[INFO] [stdout] 
[INFO] [stdout] warning: use of deprecated method `chrono::TimeZone::datetime_from_str`: use `DateTime::parse_from_str` instead
[INFO] [stdout]   --> src/byteorder_gpmf/mod.rs:48:22
[INFO] [stdout]    |
[INFO] [stdout] 48 |                     .datetime_from_str(date_str.as_ref(), DATE_FORMAT)
[INFO] [stdout]    |                      ^^^^^^^^^^^^^^^^^
[INFO] [stdout]    |
[INFO] [stdout]    = note: `#[warn(deprecated)]` on by default
[INFO] [stdout] 
[INFO] [stdout] 
[INFO] [stdout] warning: unused import: `IntoEnumIterator`
[INFO] [stdout]   --> src/lib.rs:90:44
[INFO] [stdout]    |
[INFO] [stdout] 90 | use strum::{Display, EnumIter, EnumString, IntoEnumIterator};
[INFO] [stdout]    |                                            ^^^^^^^^^^^^^^^^
[INFO] [stdout] 
[INFO] [stdout] 
[INFO] [stdout] error: aborting due to 2 previous errors; 3 warnings emitted
[INFO] [stdout] 
[INFO] [stdout] 
[INFO] [stdout] For more information about this error, try `rustc --explain E0554`.
[INFO] [stdout] 
[INFO] [stderr] error: could not compile `gpmf` (lib) due to 3 previous errors; 3 warnings emitted
[INFO] [stderr] warning: build failed, waiting for other jobs to finish...
[INFO] running `Command { std: "docker" "inspect" "e1bc69ed362b6d5884798258e6a1d9bc4c7f274b7e55ebe5bc7cf519eed54883", kill_on_drop: false }`
[INFO] running `Command { std: "docker" "rm" "-f" "e1bc69ed362b6d5884798258e6a1d9bc4c7f274b7e55ebe5bc7cf519eed54883", kill_on_drop: false }`
[INFO] [stdout] e1bc69ed362b6d5884798258e6a1d9bc4c7f274b7e55ebe5bc7cf519eed54883
[INFO] testing gpmf-0.1.2 against beta-2023-12-22 for beta-1.76-1
[INFO] extracting crate gpmf 0.1.2 into /workspace/builds/worker-6-tc2/source
[INFO] validating manifest of crates.io crate gpmf 0.1.2 on toolchain beta-2023-12-22
[INFO] running `Command { std: CARGO_HOME="/workspace/cargo-home" RUSTUP_HOME="/workspace/rustup-home" "/workspace/cargo-home/bin/cargo" "+beta-2023-12-22" "metadata" "--manifest-path" "Cargo.toml" "--no-deps", kill_on_drop: false }`
[INFO] started tweaking crates.io crate gpmf 0.1.2
[INFO] finished tweaking crates.io crate gpmf 0.1.2
[INFO] tweaked toml for crates.io crate gpmf 0.1.2 written to /workspace/builds/worker-6-tc2/source/Cargo.toml
[INFO] running `Command { std: CARGO_HOME="/workspace/cargo-home" RUSTUP_HOME="/workspace/rustup-home" "/workspace/cargo-home/bin/cargo" "+beta-2023-12-22" "generate-lockfile" "--manifest-path" "Cargo.toml", kill_on_drop: false }`
[INFO] [stderr]     Updating crates.io index
[INFO] running `Command { std: CARGO_HOME="/workspace/cargo-home" RUSTUP_HOME="/workspace/rustup-home" "/workspace/cargo-home/bin/cargo" "+beta-2023-12-22" "fetch" "--manifest-path" "Cargo.toml", kill_on_drop: false }`
[INFO] running `Command { std: "docker" "create" "-v" "/var/lib/crater-agent-workspace/builds/worker-6-tc2/target:/opt/rustwide/target:rw,Z" "-v" "/var/lib/crater-agent-workspace/builds/worker-6-tc2/source:/opt/rustwide/workdir:ro,Z" "-v" "/var/lib/crater-agent-workspace/cargo-home:/opt/rustwide/cargo-home:ro,Z" "-v" "/var/lib/crater-agent-workspace/rustup-home:/opt/rustwide/rustup-home:ro,Z" "-e" "SOURCE_DIR=/opt/rustwide/workdir" "-e" "CARGO_TARGET_DIR=/opt/rustwide/target" "-e" "CARGO_HOME=/opt/rustwide/cargo-home" "-e" "RUSTUP_HOME=/opt/rustwide/rustup-home" "-w" "/opt/rustwide/workdir" "-m" "1610612736" "--user" "0:0" "--network" "none" "ghcr.io/rust-lang/crates-build-env/linux@sha256:2788e3201cd34a07e3172128adcd8b3090168a8e3bcc40d7c032b9dda1df7d1c" "/opt/rustwide/cargo-home/bin/cargo" "+beta-2023-12-22" "metadata" "--no-deps" "--format-version=1", kill_on_drop: false }`
[INFO] [stdout] ff69746d3ddcdf0b538fde0c14b29b8ae40cb54cd123a46e5cac9740886e7259
[INFO] running `Command { std: "docker" "start" "-a" "ff69746d3ddcdf0b538fde0c14b29b8ae40cb54cd123a46e5cac9740886e7259", kill_on_drop: false }`
[INFO] running `Command { std: "docker" "inspect" "ff69746d3ddcdf0b538fde0c14b29b8ae40cb54cd123a46e5cac9740886e7259", kill_on_drop: false }`
[INFO] running `Command { std: "docker" "rm" "-f" "ff69746d3ddcdf0b538fde0c14b29b8ae40cb54cd123a46e5cac9740886e7259", kill_on_drop: false }`
[INFO] [stdout] ff69746d3ddcdf0b538fde0c14b29b8ae40cb54cd123a46e5cac9740886e7259
[INFO] running `Command { std: "docker" "create" "-v" "/var/lib/crater-agent-workspace/builds/worker-6-tc2/target:/opt/rustwide/target:rw,Z" "-v" "/var/lib/crater-agent-workspace/builds/worker-6-tc2/source:/opt/rustwide/workdir:ro,Z" "-v" "/var/lib/crater-agent-workspace/cargo-home:/opt/rustwide/cargo-home:ro,Z" "-v" "/var/lib/crater-agent-workspace/rustup-home:/opt/rustwide/rustup-home:ro,Z" "-e" "SOURCE_DIR=/opt/rustwide/workdir" "-e" "CARGO_TARGET_DIR=/opt/rustwide/target" "-e" "CARGO_INCREMENTAL=0" "-e" "RUST_BACKTRACE=full" "-e" "RUSTFLAGS=--cap-lints=warn" "-e" "RUSTDOCFLAGS=--cap-lints=warn" "-e" "CARGO_HOME=/opt/rustwide/cargo-home" "-e" "RUSTUP_HOME=/opt/rustwide/rustup-home" "-w" "/opt/rustwide/workdir" "-m" "1610612736" "--user" "0:0" "--network" "none" "ghcr.io/rust-lang/crates-build-env/linux@sha256:2788e3201cd34a07e3172128adcd8b3090168a8e3bcc40d7c032b9dda1df7d1c" "/opt/rustwide/cargo-home/bin/cargo" "+beta-2023-12-22" "build" "--frozen" "--message-format=json", kill_on_drop: false }`
[INFO] [stdout] 1becab4b8734fe3952bc2119b18786d0087d22470ffdbd445774e953c1c63c8a
[INFO] running `Command { std: "docker" "start" "-a" "1becab4b8734fe3952bc2119b18786d0087d22470ffdbd445774e953c1c63c8a", kill_on_drop: false }`
[INFO] [stderr]    Compiling hashbrown v0.14.3
[INFO] [stderr]    Compiling equivalent v1.0.1
[INFO] [stderr]    Compiling tracing-core v0.1.32
[INFO] [stderr]    Compiling rustversion v1.0.14
[INFO] [stderr]    Compiling toml_datetime v0.6.5
[INFO] [stderr]    Compiling winnow v0.5.32
[INFO] [stderr]    Compiling num-traits v0.2.17
[INFO] [stderr]    Compiling syn v2.0.48
[INFO] [stderr]    Compiling overload v0.1.1
[INFO] [stderr]    Compiling az v1.2.1
[INFO] [stderr]    Compiling typenum v1.17.0
[INFO] [stderr]    Compiling sharded-slab v0.1.7
[INFO] [stderr]    Compiling tracing-log v0.2.0
[INFO] [stderr]    Compiling indexmap v2.1.0
[INFO] [stderr]    Compiling nu-ansi-term v0.46.0
[INFO] [stderr]    Compiling thread_local v1.1.7
[INFO] [stderr]    Compiling anyhow v1.0.79
[INFO] [stderr]    Compiling fixed v1.24.0
[INFO] [stderr]    Compiling heck v0.4.1
[INFO] [stderr]    Compiling tracing-subscriber v0.3.18
[INFO] [stderr]    Compiling strum_macros v0.24.3
[INFO] [stderr]    Compiling half v2.3.1
[INFO] [stderr]    Compiling bytemuck v1.14.0
[INFO] [stderr]    Compiling iana-time-zone v0.1.59
[INFO] [stderr]    Compiling chrono v0.4.31
[INFO] [stderr]    Compiling byteorder v1.5.0
[INFO] [stderr]    Compiling toml_edit v0.19.15
[INFO] [stderr]    Compiling strum v0.24.1
[INFO] [stderr]    Compiling proc-macro-crate v1.3.1
[INFO] [stderr]    Compiling tracing-attributes v0.1.27
[INFO] [stderr]    Compiling num_enum_derive v0.5.11
[INFO] [stderr]    Compiling tracing v0.1.40
[INFO] [stderr]    Compiling tracing-error v0.2.0
[INFO] [stderr]    Compiling num_enum v0.5.11
[INFO] [stderr]    Compiling gpmf v0.1.2 (/opt/rustwide/workdir)
[INFO] [stdout] warning: unused imports: `Level`, `debug`, `enabled`, `error`, `info`, `span`, `trace`
[INFO] [stdout]   --> src/lib.rs:91:15
[INFO] [stdout]    |
[INFO] [stdout] 91 | use tracing::{debug, enabled, error, info, span, trace, warn, Level};
[INFO] [stdout]    |               ^^^^^  ^^^^^^^  ^^^^^  ^^^^  ^^^^  ^^^^^        ^^^^^
[INFO] [stdout]    |
[INFO] [stdout]    = note: `#[warn(unused_imports)]` on by default
[INFO] [stdout] 
[INFO] [stdout] 
[INFO] [stdout] error[E0554]: `#![feature]` may not be used on the beta release channel
[INFO] [stdout]   --> src/lib.rs:81:12
[INFO] [stdout]    |
[INFO] [stdout] 81 | #![feature(cursor_remaining)]
[INFO] [stdout]    |            ^^^^^^^^^^^^^^^^
[INFO] [stdout] 
[INFO] [stdout] 
[INFO] [stdout] error[E0554]: `#![feature]` may not be used on the beta release channel
[INFO] [stdout]   --> src/lib.rs:82:12
[INFO] [stdout]    |
[INFO] [stdout] 82 | #![feature(buf_read_has_data_left)]
[INFO] [stdout]    |            ^^^^^^^^^^^^^^^^^^^^^^
[INFO] [stdout] 
[INFO] [stdout] 
[INFO] [stdout] warning: use of deprecated method `chrono::TimeZone::datetime_from_str`: use `DateTime::parse_from_str` instead
[INFO] [stdout]   --> src/byteorder_gpmf/mod.rs:48:22
[INFO] [stdout]    |
[INFO] [stdout] 48 |                     .datetime_from_str(date_str.as_ref(), DATE_FORMAT)
[INFO] [stdout]    |                      ^^^^^^^^^^^^^^^^^
[INFO] [stdout]    |
[INFO] [stdout]    = note: `#[warn(deprecated)]` on by default
[INFO] [stdout] 
[INFO] [stdout] 
[INFO] [stdout] warning: unused import: `IntoEnumIterator`
[INFO] [stdout]   --> src/lib.rs:90:44
[INFO] [stdout]    |
[INFO] [stdout] 90 | use strum::{Display, EnumIter, EnumString, IntoEnumIterator};
[INFO] [stdout]    |                                            ^^^^^^^^^^^^^^^^
[INFO] [stdout] 
[INFO] [stdout] 
[INFO] [stdout] error: aborting due to 2 previous errors; 3 warnings emitted
[INFO] [stdout] 
[INFO] [stdout] 
[INFO] [stdout] For more information about this error, try `rustc --explain E0554`.
[INFO] [stdout] 
[INFO] [stderr] error: could not compile `gpmf` (lib) due to 3 previous errors; 3 warnings emitted
[INFO] [stderr] warning: build failed, waiting for other jobs to finish...
[INFO] running `Command { std: "docker" "inspect" "1becab4b8734fe3952bc2119b18786d0087d22470ffdbd445774e953c1c63c8a", kill_on_drop: false }`
[INFO] running `Command { std: "docker" "rm" "-f" "1becab4b8734fe3952bc2119b18786d0087d22470ffdbd445774e953c1c63c8a", kill_on_drop: false }`
[INFO] [stdout] 1becab4b8734fe3952bc2119b18786d0087d22470ffdbd445774e953c1c63c8a
