[INFO] fetching crate gosh-elastic 0.1.2...
[INFO] testing gosh-elastic-0.1.2 against 1.75.0 for beta-1.76-1
[INFO] extracting crate gosh-elastic 0.1.2 into /workspace/builds/worker-5-tc1/source
[INFO] validating manifest of crates.io crate gosh-elastic 0.1.2 on toolchain 1.75.0
[INFO] running `Command { std: CARGO_HOME="/workspace/cargo-home" RUSTUP_HOME="/workspace/rustup-home" "/workspace/cargo-home/bin/cargo" "+1.75.0" "metadata" "--manifest-path" "Cargo.toml" "--no-deps", kill_on_drop: false }`
[INFO] started tweaking crates.io crate gosh-elastic 0.1.2
[INFO] finished tweaking crates.io crate gosh-elastic 0.1.2
[INFO] tweaked toml for crates.io crate gosh-elastic 0.1.2 written to /workspace/builds/worker-5-tc1/source/Cargo.toml
[INFO] running `Command { std: CARGO_HOME="/workspace/cargo-home" RUSTUP_HOME="/workspace/rustup-home" "/workspace/cargo-home/bin/cargo" "+1.75.0" "generate-lockfile" "--manifest-path" "Cargo.toml", kill_on_drop: false }`
[INFO] [stderr]     Updating crates.io index
[INFO] running `Command { std: CARGO_HOME="/workspace/cargo-home" RUSTUP_HOME="/workspace/rustup-home" "/workspace/cargo-home/bin/cargo" "+1.75.0" "fetch" "--manifest-path" "Cargo.toml", kill_on_drop: false }`
[INFO] [stderr]  Downloading crates ...
[INFO] [stderr]   Downloaded grep-searcher v0.1.13
[INFO] [stderr]   Downloaded os_pipe v1.1.5
[INFO] [stderr]   Downloaded vecfx v0.1.6
[INFO] [stderr]   Downloaded grep-regex v0.1.12
[INFO] [stderr]   Downloaded gchemol-gut v0.4.4
[INFO] [stderr]   Downloaded gchemol-lattice v0.1.2
[INFO] [stderr]   Downloaded grep-cli v0.1.10
[INFO] [stderr]   Downloaded gchemol-graph v0.1.5
[INFO] [stderr]   Downloaded gchemol-core v0.0.43
[INFO] [stderr]   Downloaded gchemol-neighbors v0.1.3
[INFO] [stderr]   Downloaded nix v0.20.2
[INFO] [stderr]   Downloaded octree v0.1.0
[INFO] [stderr]   Downloaded gchemol-core v0.1.0
[INFO] [stderr]   Downloaded handlebars v4.0.1
[INFO] [stderr]   Downloaded grep-printer v0.1.7
[INFO] [stderr]   Downloaded duct v0.13.7
[INFO] [stderr]   Downloaded grep v0.2.13
[INFO] [stderr]   Downloaded gchemol-parser v0.3.2
[INFO] [stderr]   Downloaded grep-matcher v0.1.7
[INFO] [stderr]   Downloaded gchemol-gut v0.3.1
[INFO] [stderr]   Downloaded gchemol v0.0.42
[INFO] [stderr]   Downloaded snailquote v0.2.0
[INFO] [stderr]   Downloaded gchemol-gut v0.2.0
[INFO] [stderr]   Downloaded gosh-core v0.1.0
[INFO] [stderr]   Downloaded envfile v0.2.1
[INFO] [stderr]   Downloaded gchemol-geometry v0.0.41
[INFO] [stderr]   Downloaded gosh-model v0.1.0
[INFO] [stderr]   Downloaded gchemol-readwrite v0.0.43
[INFO] running `Command { std: "docker" "create" "-v" "/var/lib/crater-agent-workspace/builds/worker-5-tc1/target:/opt/rustwide/target:rw,Z" "-v" "/var/lib/crater-agent-workspace/builds/worker-5-tc1/source:/opt/rustwide/workdir:ro,Z" "-v" "/var/lib/crater-agent-workspace/cargo-home:/opt/rustwide/cargo-home:ro,Z" "-v" "/var/lib/crater-agent-workspace/rustup-home:/opt/rustwide/rustup-home:ro,Z" "-e" "SOURCE_DIR=/opt/rustwide/workdir" "-e" "CARGO_TARGET_DIR=/opt/rustwide/target" "-e" "CARGO_HOME=/opt/rustwide/cargo-home" "-e" "RUSTUP_HOME=/opt/rustwide/rustup-home" "-w" "/opt/rustwide/workdir" "-m" "1610612736" "--user" "0:0" "--network" "none" "ghcr.io/rust-lang/crates-build-env/linux@sha256:2788e3201cd34a07e3172128adcd8b3090168a8e3bcc40d7c032b9dda1df7d1c" "/opt/rustwide/cargo-home/bin/cargo" "+1.75.0" "metadata" "--no-deps" "--format-version=1", kill_on_drop: false }`
[INFO] [stdout] a12875726571b7c80304dff1110315994c60952d081b0317a4ea5e1ca3815892
[INFO] running `Command { std: "docker" "start" "-a" "a12875726571b7c80304dff1110315994c60952d081b0317a4ea5e1ca3815892", kill_on_drop: false }`
[INFO] running `Command { std: "docker" "inspect" "a12875726571b7c80304dff1110315994c60952d081b0317a4ea5e1ca3815892", kill_on_drop: false }`
[INFO] running `Command { std: "docker" "rm" "-f" "a12875726571b7c80304dff1110315994c60952d081b0317a4ea5e1ca3815892", kill_on_drop: false }`
[INFO] [stdout] a12875726571b7c80304dff1110315994c60952d081b0317a4ea5e1ca3815892
[INFO] running `Command { std: "docker" "create" "-v" "/var/lib/crater-agent-workspace/builds/worker-5-tc1/target:/opt/rustwide/target:rw,Z" "-v" "/var/lib/crater-agent-workspace/builds/worker-5-tc1/source:/opt/rustwide/workdir:ro,Z" "-v" "/var/lib/crater-agent-workspace/cargo-home:/opt/rustwide/cargo-home:ro,Z" "-v" "/var/lib/crater-agent-workspace/rustup-home:/opt/rustwide/rustup-home:ro,Z" "-e" "SOURCE_DIR=/opt/rustwide/workdir" "-e" "CARGO_TARGET_DIR=/opt/rustwide/target" "-e" "CARGO_INCREMENTAL=0" "-e" "RUST_BACKTRACE=full" "-e" "RUSTFLAGS=--cap-lints=warn" "-e" "RUSTDOCFLAGS=--cap-lints=warn" "-e" "CARGO_HOME=/opt/rustwide/cargo-home" "-e" "RUSTUP_HOME=/opt/rustwide/rustup-home" "-w" "/opt/rustwide/workdir" "-m" "1610612736" "--user" "0:0" "--network" "none" "ghcr.io/rust-lang/crates-build-env/linux@sha256:2788e3201cd34a07e3172128adcd8b3090168a8e3bcc40d7c032b9dda1df7d1c" "/opt/rustwide/cargo-home/bin/cargo" "+1.75.0" "build" "--frozen" "--message-format=json", kill_on_drop: false }`
[INFO] [stdout] 947d56c8b214a1beae0c64f7756bf9e3443bffb5b7db96a1f24b0104e7c6ab46
[INFO] running `Command { std: "docker" "start" "-a" "947d56c8b214a1beae0c64f7756bf9e3443bffb5b7db96a1f24b0104e7c6ab46", kill_on_drop: false }`
[INFO] [stderr]    Compiling serde v1.0.194
[INFO] [stderr]    Compiling libm v0.2.8
[INFO] [stderr]    Compiling syn v1.0.109
[INFO] [stderr]    Compiling num-traits v0.2.17
[INFO] [stderr]    Compiling rustix v0.38.28
[INFO] [stderr]    Compiling heck v0.4.1
[INFO] [stderr]    Compiling linux-raw-sys v0.4.12
[INFO] [stderr]    Compiling bitflags v2.4.1
[INFO] [stderr]    Compiling regex-automata v0.4.3
[INFO] [stderr]    Compiling crossbeam-utils v0.8.18
[INFO] [stderr]    Compiling strsim v0.10.0
[INFO] [stderr]    Compiling rayon-core v1.12.0
[INFO] [stderr]    Compiling num-integer v0.1.45
[INFO] [stderr]    Compiling syn v2.0.48
[INFO] [stderr]    Compiling getrandom v0.2.11
[INFO] [stderr]    Compiling paste v1.0.14
[INFO] [stderr]    Compiling bytemuck v1.14.0
[INFO] [stderr]    Compiling shared_child v1.0.0
[INFO] [stderr]    Compiling os_pipe v1.1.5
[INFO] [stderr]    Compiling matrixmultiply v0.3.8
[INFO] [stderr]    Compiling num-rational v0.4.1
[INFO] [stderr]    Compiling utf8parse v0.2.1
[INFO] [stderr]    Compiling fastrand v2.0.1
[INFO] [stderr]    Compiling safe_arch v0.7.1
[INFO] [stderr]    Compiling anstyle-parse v0.2.3
[INFO] [stderr]    Compiling duct v0.13.7
[INFO] [stderr]    Compiling proc-macro-error-attr v1.0.4
[INFO] [stderr]    Compiling crossbeam-epoch v0.9.17
[INFO] [stderr]    Compiling indexmap v1.9.3
[INFO] [stderr]    Compiling colorchoice v1.0.0
[INFO] [stderr]    Compiling siphasher v0.3.11
[INFO] [stderr]    Compiling rawpointer v0.2.1
[INFO] [stderr]    Compiling anstyle-query v1.0.2
[INFO] [stderr]    Compiling anstyle v1.0.4
[INFO] [stderr]    Compiling shell-escape v0.1.5
[INFO] [stderr]    Compiling wide v0.7.13
[INFO] [stderr]    Compiling phf_shared v0.11.2
[INFO] [stderr]    Compiling crossbeam-deque v0.8.4
[INFO] [stderr]    Compiling proc-macro-error v1.0.4
[INFO] [stderr]    Compiling anstream v0.6.5
[INFO] [stderr]    Compiling winnow v0.5.32
[INFO] [stderr]    Compiling clap_lex v0.6.0
[INFO] [stderr]    Compiling hashbrown v0.12.3
[INFO] [stderr]    Compiling deranged v0.3.11
[INFO] [stderr]    Compiling clap_builder v4.4.12
[INFO] [stderr]    Compiling os_str_bytes v6.6.1
[INFO] [stderr]    Compiling phf v0.11.2
[INFO] [stderr]    Compiling rayon v1.8.0
[INFO] [stderr]    Compiling clap_lex v0.2.4
[INFO] [stderr]    Compiling approx v0.5.1
[INFO] [stderr]    Compiling grep-matcher v0.1.7
[INFO] [stderr]    Compiling textwrap v0.16.0
[INFO] [stderr]    Compiling encoding_rs_io v0.1.7
[INFO] [stderr]    Compiling memmap2 v0.9.3
[INFO] [stderr]    Compiling unic-common v0.9.0
[INFO] [stderr]    Compiling same-file v1.0.6
[INFO] [stderr]    Compiling fixedbitset v0.4.2
[INFO] [stderr]    Compiling time v0.3.31
[INFO] [stderr]    Compiling unic-char-range v0.9.0
[INFO] [stderr]    Compiling walkdir v2.4.0
[INFO] [stderr]    Compiling unic-ucd-version v0.9.0
[INFO] [stderr]    Compiling base64 v0.20.0
[INFO] [stderr]    Compiling unic-char-property v0.9.0
[INFO] [stderr]    Compiling chrono v0.4.31
[INFO] [stderr]    Compiling deunicode v1.4.2
[INFO] [stderr]    Compiling unic-ucd-segment v0.9.0
[INFO] [stderr]    Compiling minimal-lexical v0.2.1
[INFO] [stderr]    Compiling smallvec v1.11.2
[INFO] [stderr]    Compiling str_indices v0.4.3
[INFO] [stderr]    Compiling slug v0.1.5
[INFO] [stderr]    Compiling nom v7.1.3
[INFO] [stderr]    Compiling tempfile v3.9.0
[INFO] [stderr]    Compiling is-terminal v0.4.10
[INFO] [stderr]    Compiling ropey v1.6.1
[INFO] [stderr]    Compiling unic-segment v0.9.0
[INFO] [stderr]    Compiling humansize v2.1.3
[INFO] [stderr]    Compiling quick-error v2.0.1
[INFO] [stderr]    Compiling memoffset v0.6.5
[INFO] [stderr]    Compiling unicode_categories v0.1.1
[INFO] [stderr]    Compiling regex-automata v0.1.10
[INFO] [stderr]    Compiling snailquote v0.2.0
[INFO] [stderr]    Compiling nix v0.20.2
[INFO] [stderr]    Compiling bstr v0.2.17
[INFO] [stderr]    Compiling envfile v0.2.1
[INFO] [stderr]    Compiling regex v1.10.2
[INFO] [stderr]    Compiling bstr v1.9.0
[INFO] [stderr]    Compiling env_logger v0.10.1
[INFO] [stderr]    Compiling parse-zoneinfo v0.3.0
[INFO] [stderr]    Compiling env_logger v0.9.3
[INFO] [stderr]    Compiling globset v0.4.14
[INFO] [stderr]    Compiling grep-searcher v0.1.13
[INFO] [stderr]    Compiling grep-regex v0.1.12
[INFO] [stderr]    Compiling nalgebra-macros v0.1.0
[INFO] [stderr]    Compiling clap_derive v3.2.25
[INFO] [stderr]    Compiling serde_derive v1.0.194
[INFO] [stderr]    Compiling clap_derive v4.4.7
[INFO] [stderr]    Compiling thiserror-impl v1.0.56
[INFO] [stderr]    Compiling grep-cli v0.1.10
[INFO] [stderr]    Compiling ignore v0.4.21
[INFO] [stderr]    Compiling globwalk v0.8.1
[INFO] [stderr]    Compiling thiserror v1.0.56
[INFO] [stderr]    Compiling pest v2.7.6
[INFO] [stderr]    Compiling clap v3.2.25
[INFO] [stderr]    Compiling clap v4.4.13
[INFO] [stderr]    Compiling pest_meta v2.7.6
[INFO] [stderr]    Compiling pest_generator v2.7.6
[INFO] [stderr]    Compiling pest_derive v2.7.6
[INFO] [stderr]    Compiling rand_core v0.6.4
[INFO] [stderr]    Compiling serde_json v1.0.111
[INFO] [stderr]    Compiling num-complex v0.4.4
[INFO] [stderr]    Compiling toml_datetime v0.6.5
[INFO] [stderr]    Compiling serde_spanned v0.6.5
[INFO] [stderr]    Compiling toml v0.5.11
[INFO] [stderr]    Compiling petgraph v0.6.4
[INFO] [stderr]    Compiling envy v0.4.2
[INFO] [stderr]    Compiling bimap v0.6.3
[INFO] [stderr]    Compiling toml_edit v0.19.15
[INFO] [stderr]    Compiling rand_chacha v0.3.1
[INFO] [stderr]    Compiling rand v0.8.5
[INFO] [stderr]    Compiling simba v0.7.3
[INFO] [stderr]    Compiling grep-printer v0.1.7
[INFO] [stderr]    Compiling handlebars v4.0.1
[INFO] [stderr]    Compiling gchemol-gut v0.2.0
[INFO] [stderr]    Compiling gchemol-gut v0.3.1
[INFO] [stderr]    Compiling grep v0.2.13
[INFO] [stderr]    Compiling ordered-float v3.9.2
[INFO] [stderr]    Compiling phf_generator v0.11.2
[INFO] [stderr]    Compiling rand_distr v0.4.3
[INFO] [stderr]    Compiling phf_codegen v0.11.2
[INFO] [stderr]    Compiling chrono-tz-build v0.2.1
[INFO] [stderr]    Compiling chrono-tz v0.8.5
[INFO] [stderr]    Compiling toml v0.7.8
[INFO] [stderr]    Compiling gchemol-graph v0.1.5
[INFO] [stderr]    Compiling gchemol-gut v0.4.4
[INFO] [stderr]    Compiling gchemol-parser v0.3.2
[INFO] [stderr]    Compiling nalgebra v0.31.4
[INFO] [stderr]    Compiling tera v1.19.1
[INFO] [stderr]    Compiling vecfx v0.1.6
[INFO] [stderr]    Compiling octree v0.1.0
[INFO] [stderr]    Compiling gchemol-lattice v0.1.2
[INFO] [stderr]    Compiling gchemol-geometry v0.0.41
[INFO] [stderr]    Compiling gchemol-neighbors v0.1.3
[INFO] [stderr]    Compiling gchemol-core v0.1.0
[INFO] [stderr]    Compiling gchemol-core v0.0.43
[INFO] [stderr]    Compiling gchemol-readwrite v0.0.43
[INFO] [stderr]    Compiling gchemol v0.0.42
[INFO] [stderr]    Compiling gosh-core v0.1.0
[INFO] [stderr]    Compiling gosh-model v0.1.0
[INFO] [stdout] error[E0599]: no method named `format_as` found for reference `&Molecule` in the current scope
[INFO] [stdout]   --> /opt/rustwide/cargo-home/registry/src/index.crates.io-6f17d22bba15001f/gosh-model-0.1.0/src/model_properties.rs:99:30
[INFO] [stdout]    |
[INFO] [stdout] 99 |             let coords = mol.format_as("text/pxyz").expect("formatted molecule");
[INFO] [stdout]    |                              ^^^^^^^^^ help: there is a method with a similar name: `formula`
[INFO] [stdout] 
[INFO] [stdout] 
[INFO] [stdout] error[E0599]: no function or associated item named `from_str` found for struct `Molecule` in the current scope
[INFO] [stdout]    --> /opt/rustwide/cargo-home/registry/src/index.crates.io-6f17d22bba15001f/gosh-model-0.1.0/src/model_properties.rs:193:37
[INFO] [stdout]     |
[INFO] [stdout] 193 |                 let mol = Molecule::from_str(&s, "text/pxyz")?;
[INFO] [stdout]     |                                     ^^^^^^^^ function or associated item not found in `Molecule`
[INFO] [stdout]     |
[INFO] [stdout] note: if you're trying to build a new `Molecule` consider using one of the following associated functions:
[INFO] [stdout]       gchemol_core::data::<impl Molecule>::from_database
[INFO] [stdout]       Molecule::new
[INFO] [stdout]       Molecule::from_atoms
[INFO] [stdout]       Molecule::from_graph
[INFO] [stdout]    --> /opt/rustwide/cargo-home/registry/src/index.crates.io-6f17d22bba15001f/gchemol-core-0.0.43/src/data.rs:260:5
[INFO] [stdout]     |
[INFO] [stdout] 260 |       pub fn from_database(name: &str) -> Self {
[INFO] [stdout]     |       ^^^^^^^^^^^^^^^^^^^^^^^^^^^^^^^^^^^^^^^^
[INFO] [stdout]     |
[INFO] [stdout]    ::: /opt/rustwide/cargo-home/registry/src/index.crates.io-6f17d22bba15001f/gchemol-core-0.0.43/src/molecule.rs:80:5
[INFO] [stdout]     |
[INFO] [stdout] 80  |       pub fn new(name: &str) -> Self {
[INFO] [stdout]     |       ^^^^^^^^^^^^^^^^^^^^^^^^^^^^^^
[INFO] [stdout] ...
[INFO] [stdout] 89  | /     pub fn from_atoms<T>(atoms: T) -> Self
[INFO] [stdout] 90  | |     where
[INFO] [stdout] 91  | |         T: IntoIterator,
[INFO] [stdout] 92  | |         T::Item: Into<Atom>,
[INFO] [stdout]     | |____________________________^
[INFO] [stdout] ...
[INFO] [stdout] 103 |       pub fn from_graph(graph: MolGraph) -> Self {
[INFO] [stdout]     |       ^^^^^^^^^^^^^^^^^^^^^^^^^^^^^^^^^^^^^^^^^^
[INFO] [stdout] 
[INFO] [stdout] 
[INFO] [stdout] error[E0599]: no method named `render_with` found for reference `&Molecule` in the current scope
[INFO] [stdout]    --> /opt/rustwide/cargo-home/registry/src/index.crates.io-6f17d22bba15001f/gosh-model-0.1.0/src/blackbox.rs:326:23
[INFO] [stdout]     |
[INFO] [stdout] 326 |         let txt = mol.render_with(&self.tpl_file)?;
[INFO] [stdout]     |                       ^^^^^^^^^^^ method not found in `&Molecule`
[INFO] [stdout] 
[INFO] [stdout] 
[INFO] [stdout] error: aborting due to 3 previous errors
[INFO] [stdout] 
[INFO] [stdout] 
[INFO] [stdout] For more information about this error, try `rustc --explain E0599`.
[INFO] [stdout] 
[INFO] [stderr] error: could not compile `gosh-model` (lib) due to 4 previous errors
[INFO] running `Command { std: "docker" "inspect" "947d56c8b214a1beae0c64f7756bf9e3443bffb5b7db96a1f24b0104e7c6ab46", kill_on_drop: false }`
[INFO] running `Command { std: "docker" "rm" "-f" "947d56c8b214a1beae0c64f7756bf9e3443bffb5b7db96a1f24b0104e7c6ab46", kill_on_drop: false }`
[INFO] [stdout] 947d56c8b214a1beae0c64f7756bf9e3443bffb5b7db96a1f24b0104e7c6ab46
