[INFO] fetching crate google-cloud-default 0.4.0...
[INFO] testing google-cloud-default-0.4.0 against 1.75.0 for beta-1.76-1
[INFO] extracting crate google-cloud-default 0.4.0 into /workspace/builds/worker-1-tc1/source
[INFO] validating manifest of crates.io crate google-cloud-default 0.4.0 on toolchain 1.75.0
[INFO] running `Command { std: CARGO_HOME="/workspace/cargo-home" RUSTUP_HOME="/workspace/rustup-home" "/workspace/cargo-home/bin/cargo" "+1.75.0" "metadata" "--manifest-path" "Cargo.toml" "--no-deps", kill_on_drop: false }`
[INFO] started tweaking crates.io crate google-cloud-default 0.4.0
[INFO] finished tweaking crates.io crate google-cloud-default 0.4.0
[INFO] tweaked toml for crates.io crate google-cloud-default 0.4.0 written to /workspace/builds/worker-1-tc1/source/Cargo.toml
[INFO] running `Command { std: CARGO_HOME="/workspace/cargo-home" RUSTUP_HOME="/workspace/rustup-home" "/workspace/cargo-home/bin/cargo" "+1.75.0" "generate-lockfile" "--manifest-path" "Cargo.toml", kill_on_drop: false }`
[INFO] [stderr]     Updating crates.io index
[INFO] running `Command { std: CARGO_HOME="/workspace/cargo-home" RUSTUP_HOME="/workspace/rustup-home" "/workspace/cargo-home/bin/cargo" "+1.75.0" "fetch" "--manifest-path" "Cargo.toml", kill_on_drop: false }`
[INFO] [stderr]  Downloading crates ...
[INFO] [stderr]   Downloaded arrow-ipc v42.0.0
[INFO] [stderr]   Downloaded arrow-ord v42.0.0
[INFO] [stderr]   Downloaded google-cloud-longrunning v0.15.2
[INFO] [stderr]   Downloaded arrow-cast v42.0.0
[INFO] [stderr]   Downloaded google-cloud-metadata v0.3.2
[INFO] [stderr]   Downloaded arrow-arith v42.0.0
[INFO] [stderr]   Downloaded arrow-string v42.0.0
[INFO] [stderr]   Downloaded backon v0.4.1
[INFO] [stderr]   Downloaded arrow-schema v42.0.0
[INFO] [stderr]   Downloaded arrow-data v42.0.0
[INFO] [stderr]   Downloaded arrow v42.0.0
[INFO] [stderr]   Downloaded arrow-array v42.0.0
[INFO] [stderr]   Downloaded arrow-select v42.0.0
[INFO] [stderr]   Downloaded arrow-buffer v42.0.0
[INFO] [stderr]   Downloaded serial_test v0.9.0
[INFO] [stderr]   Downloaded google-cloud-auth v0.11.0
[INFO] [stderr]   Downloaded arrow-row v42.0.0
[INFO] [stderr]   Downloaded tokio-retry v0.3.0
[INFO] [stderr]   Downloaded google-cloud-gax v0.15.0
[INFO] [stderr]   Downloaded google-cloud-token v0.1.2
[INFO] [stderr]   Downloaded serial_test_derive v0.9.0
[INFO] [stderr]   Downloaded google-cloud-googleapis v0.10.0
[INFO] [stderr]   Downloaded google-cloud-bigquery v0.1.1
[INFO] [stderr]   Downloaded google-cloud-spanner v0.20.0
[INFO] [stderr]   Downloaded google-cloud-storage v0.11.1
[INFO] [stderr]   Downloaded google-cloud-pubsub v0.16.0
[INFO] [stderr]   Downloaded google-cloud-googleapis v0.11.1
[INFO] running `Command { std: "docker" "create" "-v" "/var/lib/crater-agent-workspace/builds/worker-1-tc1/target:/opt/rustwide/target:rw,Z" "-v" "/var/lib/crater-agent-workspace/builds/worker-1-tc1/source:/opt/rustwide/workdir:ro,Z" "-v" "/var/lib/crater-agent-workspace/cargo-home:/opt/rustwide/cargo-home:ro,Z" "-v" "/var/lib/crater-agent-workspace/rustup-home:/opt/rustwide/rustup-home:ro,Z" "-e" "SOURCE_DIR=/opt/rustwide/workdir" "-e" "CARGO_TARGET_DIR=/opt/rustwide/target" "-e" "CARGO_HOME=/opt/rustwide/cargo-home" "-e" "RUSTUP_HOME=/opt/rustwide/rustup-home" "-w" "/opt/rustwide/workdir" "-m" "1610612736" "--user" "0:0" "--network" "none" "ghcr.io/rust-lang/crates-build-env/linux@sha256:2788e3201cd34a07e3172128adcd8b3090168a8e3bcc40d7c032b9dda1df7d1c" "/opt/rustwide/cargo-home/bin/cargo" "+1.75.0" "metadata" "--no-deps" "--format-version=1", kill_on_drop: false }`
[INFO] [stdout] bd097a369042d7abcf5527ea2c2ebe0a062e90256c8ed43ac9009128a29dddfc
[INFO] running `Command { std: "docker" "start" "-a" "bd097a369042d7abcf5527ea2c2ebe0a062e90256c8ed43ac9009128a29dddfc", kill_on_drop: false }`
[INFO] running `Command { std: "docker" "inspect" "bd097a369042d7abcf5527ea2c2ebe0a062e90256c8ed43ac9009128a29dddfc", kill_on_drop: false }`
[INFO] running `Command { std: "docker" "rm" "-f" "bd097a369042d7abcf5527ea2c2ebe0a062e90256c8ed43ac9009128a29dddfc", kill_on_drop: false }`
[INFO] [stdout] bd097a369042d7abcf5527ea2c2ebe0a062e90256c8ed43ac9009128a29dddfc
[INFO] running `Command { std: "docker" "create" "-v" "/var/lib/crater-agent-workspace/builds/worker-1-tc1/target:/opt/rustwide/target:rw,Z" "-v" "/var/lib/crater-agent-workspace/builds/worker-1-tc1/source:/opt/rustwide/workdir:ro,Z" "-v" "/var/lib/crater-agent-workspace/cargo-home:/opt/rustwide/cargo-home:ro,Z" "-v" "/var/lib/crater-agent-workspace/rustup-home:/opt/rustwide/rustup-home:ro,Z" "-e" "SOURCE_DIR=/opt/rustwide/workdir" "-e" "CARGO_TARGET_DIR=/opt/rustwide/target" "-e" "CARGO_INCREMENTAL=0" "-e" "RUST_BACKTRACE=full" "-e" "RUSTFLAGS=--cap-lints=warn" "-e" "RUSTDOCFLAGS=--cap-lints=warn" "-e" "CARGO_HOME=/opt/rustwide/cargo-home" "-e" "RUSTUP_HOME=/opt/rustwide/rustup-home" "-w" "/opt/rustwide/workdir" "-m" "1610612736" "--user" "0:0" "--network" "none" "ghcr.io/rust-lang/crates-build-env/linux@sha256:2788e3201cd34a07e3172128adcd8b3090168a8e3bcc40d7c032b9dda1df7d1c" "/opt/rustwide/cargo-home/bin/cargo" "+1.75.0" "build" "--frozen" "--message-format=json", kill_on_drop: false }`
[INFO] [stdout] 19d783cdef66d4d4643c0b9d33afddab441ebf54e2562636e50dfa1fea05d38e
[INFO] running `Command { std: "docker" "start" "-a" "19d783cdef66d4d4643c0b9d33afddab441ebf54e2562636e50dfa1fea05d38e", kill_on_drop: false }`
[INFO] [stderr]    Compiling autocfg v1.1.0
[INFO] [stderr]    Compiling proc-macro2 v1.0.75
[INFO] [stderr]    Compiling libc v0.2.151
[INFO] [stderr]    Compiling unicode-ident v1.0.12
[INFO] [stderr]    Compiling once_cell v1.19.0
[INFO] [stderr]    Compiling itoa v1.0.10
[INFO] [stderr]    Compiling vcpkg v0.2.15
[INFO] [stderr]    Compiling parking_lot_core v0.9.9
[INFO] [stderr]    Compiling pkg-config v0.3.28
[INFO] [stderr]    Compiling pin-project-lite v0.2.13
[INFO] [stderr]    Compiling bytes v1.5.0
[INFO] [stderr]    Compiling smallvec v1.11.2
[INFO] [stderr]    Compiling scopeguard v1.2.0
[INFO] [stderr]    Compiling futures-sink v0.3.30
[INFO] [stderr]    Compiling futures-core v0.3.30
[INFO] [stderr]    Compiling openssl v0.10.62
[INFO] [stderr]    Compiling fnv v1.0.7
[INFO] [stderr]    Compiling serde v1.0.194
[INFO] [stderr]    Compiling foreign-types-shared v0.1.1
[INFO] [stderr]    Compiling equivalent v1.0.1
[INFO] [stderr]    Compiling tracing-core v0.1.32
[INFO] [stderr]    Compiling futures-channel v0.3.30
[INFO] [stderr]    Compiling foreign-types v0.3.2
[INFO] [stderr]    Compiling bitflags v2.4.1
[INFO] [stderr]    Compiling httparse v1.8.0
[INFO] [stderr]    Compiling futures-task v0.3.30
[INFO] [stderr]    Compiling tinyvec_macros v0.1.1
[INFO] [stderr]    Compiling memchr v2.7.1
[INFO] [stderr]    Compiling pin-utils v0.1.0
[INFO] [stderr]    Compiling hashbrown v0.14.3
[INFO] [stderr]    Compiling native-tls v0.2.11
[INFO] [stderr]    Compiling lock_api v0.4.11
[INFO] [stderr]    Compiling slab v0.4.9
[INFO] [stderr]    Compiling num-traits v0.2.17
[INFO] [stderr]    Compiling futures-io v0.3.30
[INFO] [stderr]    Compiling num-integer v0.1.45
[INFO] [stderr]    Compiling http v0.2.11
[INFO] [stderr]    Compiling tinyvec v1.6.0
[INFO] [stderr]    Compiling try-lock v0.2.5
[INFO] [stderr]    Compiling percent-encoding v2.3.1
[INFO] [stderr]    Compiling serde_json v1.0.111
[INFO] [stderr]    Compiling quote v1.0.35
[INFO] [stderr]    Compiling ryu v1.0.16
[INFO] [stderr]    Compiling log v0.4.20
[INFO] [stderr]    Compiling openssl-probe v0.1.5
[INFO] [stderr]    Compiling thiserror v1.0.56
[INFO] [stderr]    Compiling syn v2.0.48
[INFO] [stderr]    Compiling futures-util v0.3.30
[INFO] [stderr]    Compiling indexmap v2.1.0
[INFO] [stderr]    Compiling form_urlencoded v1.2.1
[INFO] [stderr]    Compiling want v0.3.1
[INFO] [stderr]    Compiling num-bigint v0.4.4
[INFO] [stderr]    Compiling powerfmt v0.2.0
[INFO] [stderr]    Compiling time-core v0.1.2
[INFO] [stderr]    Compiling httpdate v1.0.3
[INFO] [stderr]    Compiling unicode-bidi v0.3.14
[INFO] [stderr]    Compiling tower-service v0.3.2
[INFO] [stderr]    Compiling deranged v0.3.11
[INFO] [stderr]    Compiling async-trait v0.1.77
[INFO] [stderr]    Compiling time-macros v0.2.16
[INFO] [stderr]    Compiling base64 v0.21.5
[INFO] [stderr]    Compiling unicode-normalization v0.1.22
[INFO] [stderr]    Compiling http-body v0.4.6
[INFO] [stderr]    Compiling encoding_rs v0.8.33
[INFO] [stderr]    Compiling spin v0.5.2
[INFO] [stderr]    Compiling untrusted v0.7.1
[INFO] [stderr]    Compiling ipnet v2.9.0
[INFO] [stderr]    Compiling mime v0.3.17
[INFO] [stderr]    Compiling base64 v0.13.1
[INFO] [stderr]    Compiling home v0.5.9
[INFO] [stderr]    Compiling urlencoding v2.1.3
[INFO] [stderr]    Compiling cc v1.0.83
[INFO] [stderr]    Compiling socket2 v0.5.5
[INFO] [stderr]    Compiling mio v0.8.10
[INFO] [stderr]    Compiling idna v0.5.0
[INFO] [stderr]    Compiling pem v1.1.1
[INFO] [stderr]    Compiling parking_lot v0.12.1
[INFO] [stderr]    Compiling tokio v1.35.1
[INFO] [stderr]    Compiling url v2.5.0
[INFO] [stderr]    Compiling openssl-sys v0.9.98
[INFO] [stderr]    Compiling ring v0.16.20
[INFO] [stderr]    Compiling time v0.3.31
[INFO] [stderr]    Compiling tracing-attributes v0.1.27
[INFO] [stderr]    Compiling serde_derive v1.0.194
[INFO] [stderr]    Compiling openssl-macros v0.1.1
[INFO] [stderr]    Compiling thiserror-impl v1.0.56
[INFO] [stderr]    Compiling google-cloud-token v0.1.2
[INFO] [stderr]    Compiling simple_asn1 v0.6.2
[INFO] [stderr]    Compiling tracing v0.1.40
[INFO] [stderr]    Compiling tokio-util v0.7.10
[INFO] [stderr]    Compiling h2 v0.3.22
[INFO] [stderr]    Compiling tokio-native-tls v0.3.1
[INFO] [stderr]    Compiling hyper v0.14.28
[INFO] [stderr]    Compiling serde_urlencoded v0.7.1
[INFO] [stderr]    Compiling jsonwebtoken v8.3.0
[INFO] [stderr]    Compiling hyper-tls v0.5.0
[INFO] [stderr]    Compiling reqwest v0.11.23
[INFO] [stderr]    Compiling google-cloud-metadata v0.3.2
[INFO] [stderr]    Compiling google-cloud-auth v0.11.0
[INFO] [stderr]    Compiling google-cloud-default v0.4.0 (/opt/rustwide/workdir)
[INFO] [stderr]     Finished dev [unoptimized + debuginfo] target(s) in 13.91s
[INFO] running `Command { std: "docker" "inspect" "19d783cdef66d4d4643c0b9d33afddab441ebf54e2562636e50dfa1fea05d38e", kill_on_drop: false }`
[INFO] running `Command { std: "docker" "rm" "-f" "19d783cdef66d4d4643c0b9d33afddab441ebf54e2562636e50dfa1fea05d38e", kill_on_drop: false }`
[INFO] [stdout] 19d783cdef66d4d4643c0b9d33afddab441ebf54e2562636e50dfa1fea05d38e
[INFO] running `Command { std: "docker" "create" "-v" "/var/lib/crater-agent-workspace/builds/worker-1-tc1/target:/opt/rustwide/target:rw,Z" "-v" "/var/lib/crater-agent-workspace/builds/worker-1-tc1/source:/opt/rustwide/workdir:ro,Z" "-v" "/var/lib/crater-agent-workspace/cargo-home:/opt/rustwide/cargo-home:ro,Z" "-v" "/var/lib/crater-agent-workspace/rustup-home:/opt/rustwide/rustup-home:ro,Z" "-e" "SOURCE_DIR=/opt/rustwide/workdir" "-e" "CARGO_TARGET_DIR=/opt/rustwide/target" "-e" "CARGO_INCREMENTAL=0" "-e" "RUST_BACKTRACE=full" "-e" "RUSTFLAGS=--cap-lints=warn" "-e" "RUSTDOCFLAGS=--cap-lints=warn" "-e" "CARGO_HOME=/opt/rustwide/cargo-home" "-e" "RUSTUP_HOME=/opt/rustwide/rustup-home" "-w" "/opt/rustwide/workdir" "-m" "1610612736" "--user" "0:0" "--network" "none" "ghcr.io/rust-lang/crates-build-env/linux@sha256:2788e3201cd34a07e3172128adcd8b3090168a8e3bcc40d7c032b9dda1df7d1c" "/opt/rustwide/cargo-home/bin/cargo" "+1.75.0" "test" "--frozen" "--no-run" "--message-format=json", kill_on_drop: false }`
[INFO] [stdout] 3caa224f9497a1a615b74fd40c417dcfcb1c748cedd10be73f830704526bda22
[INFO] running `Command { std: "docker" "start" "-a" "3caa224f9497a1a615b74fd40c417dcfcb1c748cedd10be73f830704526bda22", kill_on_drop: false }`
[INFO] [stderr]    Compiling version_check v0.9.4
[INFO] [stderr]    Compiling syn v1.0.109
[INFO] [stderr]    Compiling futures-executor v0.3.30
[INFO] [stderr]    Compiling dashmap v5.5.3
[INFO] [stderr]    Compiling futures v0.3.30
[INFO] [stderr]    Compiling proc-macro-error-attr v1.0.4
[INFO] [stderr]    Compiling proc-macro-error v1.0.4
[INFO] [stderr]    Compiling serial_test_derive v0.9.0
[INFO] [stderr]    Compiling serial_test v0.9.0
[INFO] [stderr]    Compiling google-cloud-default v0.4.0 (/opt/rustwide/workdir)
[INFO] [stdout] error[E0433]: failed to resolve: use of undeclared crate or module `google_cloud_gax`
[INFO] [stdout]    --> src/lib.rs:243:9
[INFO] [stdout]     |
[INFO] [stdout] 243 |     use google_cloud_gax::conn::Environment;
[INFO] [stdout]     |         ^^^^^^^^^^^^^^^^ use of undeclared crate or module `google_cloud_gax`
[INFO] [stdout]     |
[INFO] [stdout] help: there is a crate or module with a similar name
[INFO] [stdout]     |
[INFO] [stdout] 243 |     use google_cloud_auth::conn::Environment;
[INFO] [stdout]     |         ~~~~~~~~~~~~~~~~~
[INFO] [stdout] 
[INFO] [stdout] 
[INFO] [stdout] error[E0432]: unresolved import `crate::bigquery`
[INFO] [stdout]    --> src/lib.rs:281:20
[INFO] [stdout]     |
[INFO] [stdout] 281 |         use crate::bigquery::CreateAuthExt;
[INFO] [stdout]     |                    ^^^^^^^^ could not find `bigquery` in the crate root
[INFO] [stdout] 
[INFO] [stdout] 
[INFO] [stdout] error[E0433]: failed to resolve: could not find `test` in `tokio`
[INFO] [stdout]    --> src/lib.rs:247:14
[INFO] [stdout]     |
[INFO] [stdout] 247 |     #[tokio::test]
[INFO] [stdout]     |              ^^^^ could not find `test` in `tokio`
[INFO] [stdout] 
[INFO] [stdout] 
[INFO] [stdout] error[E0433]: failed to resolve: could not find `test` in `tokio`
[INFO] [stdout]    --> src/lib.rs:258:14
[INFO] [stdout]     |
[INFO] [stdout] 258 |     #[tokio::test]
[INFO] [stdout]     |              ^^^^ could not find `test` in `tokio`
[INFO] [stdout] 
[INFO] [stdout] 
[INFO] [stdout] error[E0433]: failed to resolve: could not find `test` in `tokio`
[INFO] [stdout]    --> src/lib.rs:269:14
[INFO] [stdout]     |
[INFO] [stdout] 269 |     #[tokio::test]
[INFO] [stdout]     |              ^^^^ could not find `test` in `tokio`
[INFO] [stdout] 
[INFO] [stdout] 
[INFO] [stdout] error[E0433]: failed to resolve: could not find `test` in `tokio`
[INFO] [stdout]    --> src/lib.rs:279:14
[INFO] [stdout]     |
[INFO] [stdout] 279 |     #[tokio::test]
[INFO] [stdout]     |              ^^^^ could not find `test` in `tokio`
[INFO] [stdout] 
[INFO] [stdout] 
[INFO] [stdout] error[E0433]: failed to resolve: use of undeclared crate or module `google_cloud_spanner`
[INFO] [stdout]    --> src/lib.rs:249:22
[INFO] [stdout]     |
[INFO] [stdout] 249 |         let config = google_cloud_spanner::client::ClientConfig::default()
[INFO] [stdout]     |                      ^^^^^^^^^^^^^^^^^^^^ use of undeclared crate or module `google_cloud_spanner`
[INFO] [stdout]     |
[INFO] [stdout] help: there is a crate or module with a similar name
[INFO] [stdout]     |
[INFO] [stdout] 249 |         let config = google_cloud_auth::client::ClientConfig::default()
[INFO] [stdout]     |                      ~~~~~~~~~~~~~~~~~
[INFO] [stdout] 
[INFO] [stdout] 
[INFO] [stdout] error[E0433]: failed to resolve: use of undeclared crate or module `google_cloud_pubsub`
[INFO] [stdout]    --> src/lib.rs:260:22
[INFO] [stdout]     |
[INFO] [stdout] 260 |         let config = google_cloud_pubsub::client::ClientConfig::default()
[INFO] [stdout]     |                      ^^^^^^^^^^^^^^^^^^^ use of undeclared crate or module `google_cloud_pubsub`
[INFO] [stdout]     |
[INFO] [stdout] help: there is a crate or module with a similar name
[INFO] [stdout]     |
[INFO] [stdout] 260 |         let config = google_cloud_auth::client::ClientConfig::default()
[INFO] [stdout]     |                      ~~~~~~~~~~~~~~~~~
[INFO] [stdout] 
[INFO] [stdout] 
[INFO] [stdout] error[E0433]: failed to resolve: use of undeclared crate or module `google_cloud_storage`
[INFO] [stdout]    --> src/lib.rs:271:22
[INFO] [stdout]     |
[INFO] [stdout] 271 |         let config = google_cloud_storage::client::ClientConfig::default()
[INFO] [stdout]     |                      ^^^^^^^^^^^^^^^^^^^^ use of undeclared crate or module `google_cloud_storage`
[INFO] [stdout] 
[INFO] [stdout] 
[INFO] [stdout] error[E0433]: failed to resolve: use of undeclared crate or module `google_cloud_bigquery`
[INFO] [stdout]    --> src/lib.rs:282:37
[INFO] [stdout]     |
[INFO] [stdout] 282 |         let (_config, project_id) = google_cloud_bigquery::client::ClientConfig::new_with_auth()
[INFO] [stdout]     |                                     ^^^^^^^^^^^^^^^^^^^^^ use of undeclared crate or module `google_cloud_bigquery`
[INFO] [stdout]     |
[INFO] [stdout] help: there is a crate or module with a similar name
[INFO] [stdout]     |
[INFO] [stdout] 282 |         let (_config, project_id) = google_cloud_auth::client::ClientConfig::new_with_auth()
[INFO] [stdout]     |                                     ~~~~~~~~~~~~~~~~~
[INFO] [stdout] 
[INFO] [stdout] 
[INFO] [stdout] warning: unused import: `crate::WithAuthExt`
[INFO] [stdout]    --> src/lib.rs:245:9
[INFO] [stdout]     |
[INFO] [stdout] 245 |     use crate::WithAuthExt;
[INFO] [stdout]     |         ^^^^^^^^^^^^^^^^^^
[INFO] [stdout]     |
[INFO] [stdout]     = note: `#[warn(unused_imports)]` on by default
[INFO] [stdout] 
[INFO] [stdout] 
[INFO] [stdout] error: aborting due to 10 previous errors; 1 warning emitted
[INFO] [stdout] 
[INFO] [stdout] 
[INFO] [stdout] Some errors have detailed explanations: E0432, E0433.
[INFO] [stdout] 
[INFO] [stdout] For more information about an error, try `rustc --explain E0432`.
[INFO] [stdout] 
[INFO] [stderr] error: could not compile `google-cloud-default` (lib test) due to 11 previous errors; 1 warning emitted
[INFO] running `Command { std: "docker" "inspect" "3caa224f9497a1a615b74fd40c417dcfcb1c748cedd10be73f830704526bda22", kill_on_drop: false }`
[INFO] running `Command { std: "docker" "rm" "-f" "3caa224f9497a1a615b74fd40c417dcfcb1c748cedd10be73f830704526bda22", kill_on_drop: false }`
[INFO] [stdout] 3caa224f9497a1a615b74fd40c417dcfcb1c748cedd10be73f830704526bda22
[INFO] testing google-cloud-default-0.4.0 against beta-2023-12-22 for beta-1.76-1
[INFO] extracting crate google-cloud-default 0.4.0 into /workspace/builds/worker-1-tc2/source
[INFO] validating manifest of crates.io crate google-cloud-default 0.4.0 on toolchain beta-2023-12-22
[INFO] running `Command { std: CARGO_HOME="/workspace/cargo-home" RUSTUP_HOME="/workspace/rustup-home" "/workspace/cargo-home/bin/cargo" "+beta-2023-12-22" "metadata" "--manifest-path" "Cargo.toml" "--no-deps", kill_on_drop: false }`
[INFO] started tweaking crates.io crate google-cloud-default 0.4.0
[INFO] finished tweaking crates.io crate google-cloud-default 0.4.0
[INFO] tweaked toml for crates.io crate google-cloud-default 0.4.0 written to /workspace/builds/worker-1-tc2/source/Cargo.toml
[INFO] running `Command { std: CARGO_HOME="/workspace/cargo-home" RUSTUP_HOME="/workspace/rustup-home" "/workspace/cargo-home/bin/cargo" "+beta-2023-12-22" "generate-lockfile" "--manifest-path" "Cargo.toml", kill_on_drop: false }`
[INFO] [stderr]     Updating crates.io index
[INFO] running `Command { std: CARGO_HOME="/workspace/cargo-home" RUSTUP_HOME="/workspace/rustup-home" "/workspace/cargo-home/bin/cargo" "+beta-2023-12-22" "fetch" "--manifest-path" "Cargo.toml", kill_on_drop: false }`
[INFO] running `Command { std: "docker" "create" "-v" "/var/lib/crater-agent-workspace/builds/worker-1-tc2/target:/opt/rustwide/target:rw,Z" "-v" "/var/lib/crater-agent-workspace/builds/worker-1-tc2/source:/opt/rustwide/workdir:ro,Z" "-v" "/var/lib/crater-agent-workspace/cargo-home:/opt/rustwide/cargo-home:ro,Z" "-v" "/var/lib/crater-agent-workspace/rustup-home:/opt/rustwide/rustup-home:ro,Z" "-e" "SOURCE_DIR=/opt/rustwide/workdir" "-e" "CARGO_TARGET_DIR=/opt/rustwide/target" "-e" "CARGO_HOME=/opt/rustwide/cargo-home" "-e" "RUSTUP_HOME=/opt/rustwide/rustup-home" "-w" "/opt/rustwide/workdir" "-m" "1610612736" "--user" "0:0" "--network" "none" "ghcr.io/rust-lang/crates-build-env/linux@sha256:2788e3201cd34a07e3172128adcd8b3090168a8e3bcc40d7c032b9dda1df7d1c" "/opt/rustwide/cargo-home/bin/cargo" "+beta-2023-12-22" "metadata" "--no-deps" "--format-version=1", kill_on_drop: false }`
[INFO] [stdout] 44e91ffc1e70000f3ae99fb5b861a3684cebb9c88c6f0b3b1c3b0ede80a74121
[INFO] running `Command { std: "docker" "start" "-a" "44e91ffc1e70000f3ae99fb5b861a3684cebb9c88c6f0b3b1c3b0ede80a74121", kill_on_drop: false }`
[INFO] running `Command { std: "docker" "inspect" "44e91ffc1e70000f3ae99fb5b861a3684cebb9c88c6f0b3b1c3b0ede80a74121", kill_on_drop: false }`
[INFO] running `Command { std: "docker" "rm" "-f" "44e91ffc1e70000f3ae99fb5b861a3684cebb9c88c6f0b3b1c3b0ede80a74121", kill_on_drop: false }`
[INFO] [stdout] 44e91ffc1e70000f3ae99fb5b861a3684cebb9c88c6f0b3b1c3b0ede80a74121
[INFO] running `Command { std: "docker" "create" "-v" "/var/lib/crater-agent-workspace/builds/worker-1-tc2/target:/opt/rustwide/target:rw,Z" "-v" "/var/lib/crater-agent-workspace/builds/worker-1-tc2/source:/opt/rustwide/workdir:ro,Z" "-v" "/var/lib/crater-agent-workspace/cargo-home:/opt/rustwide/cargo-home:ro,Z" "-v" "/var/lib/crater-agent-workspace/rustup-home:/opt/rustwide/rustup-home:ro,Z" "-e" "SOURCE_DIR=/opt/rustwide/workdir" "-e" "CARGO_TARGET_DIR=/opt/rustwide/target" "-e" "CARGO_INCREMENTAL=0" "-e" "RUST_BACKTRACE=full" "-e" "RUSTFLAGS=--cap-lints=warn" "-e" "RUSTDOCFLAGS=--cap-lints=warn" "-e" "CARGO_HOME=/opt/rustwide/cargo-home" "-e" "RUSTUP_HOME=/opt/rustwide/rustup-home" "-w" "/opt/rustwide/workdir" "-m" "1610612736" "--user" "0:0" "--network" "none" "ghcr.io/rust-lang/crates-build-env/linux@sha256:2788e3201cd34a07e3172128adcd8b3090168a8e3bcc40d7c032b9dda1df7d1c" "/opt/rustwide/cargo-home/bin/cargo" "+beta-2023-12-22" "build" "--frozen" "--message-format=json", kill_on_drop: false }`
[INFO] [stdout] 664d0c7eacccd1204dc3ea15c8846c50c80b082fa079dae6cae3dc85efd19205
[INFO] running `Command { std: "docker" "start" "-a" "664d0c7eacccd1204dc3ea15c8846c50c80b082fa079dae6cae3dc85efd19205", kill_on_drop: false }`
[INFO] [stderr]    Compiling autocfg v1.1.0
[INFO] [stderr]    Compiling libc v0.2.151
[INFO] [stderr]    Compiling proc-macro2 v1.0.75
[INFO] [stderr]    Compiling unicode-ident v1.0.12
[INFO] [stderr]    Compiling once_cell v1.19.0
[INFO] [stderr]    Compiling itoa v1.0.10
[INFO] [stderr]    Compiling pkg-config v0.3.28
[INFO] [stderr]    Compiling vcpkg v0.2.15
[INFO] [stderr]    Compiling parking_lot_core v0.9.9
[INFO] [stderr]    Compiling pin-project-lite v0.2.13
[INFO] [stderr]    Compiling smallvec v1.11.2
[INFO] [stderr]    Compiling scopeguard v1.2.0
[INFO] [stderr]    Compiling bytes v1.5.0
[INFO] [stderr]    Compiling futures-core v0.3.30
[INFO] [stderr]    Compiling futures-sink v0.3.30
[INFO] [stderr]    Compiling serde v1.0.194
[INFO] [stderr]    Compiling fnv v1.0.7
[INFO] [stderr]    Compiling foreign-types-shared v0.1.1
[INFO] [stderr]    Compiling openssl v0.10.62
[INFO] [stderr]    Compiling memchr v2.7.1
[INFO] [stderr]    Compiling futures-channel v0.3.30
[INFO] [stderr]    Compiling foreign-types v0.3.2
[INFO] [stderr]    Compiling hashbrown v0.14.3
[INFO] [stderr]    Compiling futures-io v0.3.30
[INFO] [stderr]    Compiling tracing-core v0.1.32
[INFO] [stderr]    Compiling futures-task v0.3.30
[INFO] [stderr]    Compiling native-tls v0.2.11
[INFO] [stderr]    Compiling pin-utils v0.1.0
[INFO] [stderr]    Compiling equivalent v1.0.1
[INFO] [stderr]    Compiling tinyvec_macros v0.1.1
[INFO] [stderr]    Compiling httparse v1.8.0
[INFO] [stderr]    Compiling bitflags v2.4.1
[INFO] [stderr]    Compiling lock_api v0.4.11
[INFO] [stderr]    Compiling slab v0.4.9
[INFO] [stderr]    Compiling num-traits v0.2.17
[INFO] [stderr]    Compiling num-integer v0.1.45
[INFO] [stderr]    Compiling tinyvec v1.6.0
[INFO] [stderr]    Compiling http v0.2.11
[INFO] [stderr]    Compiling openssl-probe v0.1.5
[INFO] [stderr]    Compiling try-lock v0.2.5
[INFO] [stderr]    Compiling log v0.4.20
[INFO] [stderr]    Compiling percent-encoding v2.3.1
[INFO] [stderr]    Compiling serde_json v1.0.111
[INFO] [stderr]    Compiling ryu v1.0.16
[INFO] [stderr]    Compiling thiserror v1.0.56
[INFO] [stderr]    Compiling quote v1.0.35
[INFO] [stderr]    Compiling futures-util v0.3.30
[INFO] [stderr]    Compiling indexmap v2.1.0
[INFO] [stderr]    Compiling form_urlencoded v1.2.1
[INFO] [stderr]    Compiling want v0.3.1
[INFO] [stderr]    Compiling num-bigint v0.4.4
[INFO] [stderr]    Compiling unicode-bidi v0.3.14
[INFO] [stderr]    Compiling syn v2.0.48
[INFO] [stderr]    Compiling time-core v0.1.2
[INFO] [stderr]    Compiling powerfmt v0.2.0
[INFO] [stderr]    Compiling tower-service v0.3.2
[INFO] [stderr]    Compiling httpdate v1.0.3
[INFO] [stderr]    Compiling time-macros v0.2.16
[INFO] [stderr]    Compiling async-trait v0.1.77
[INFO] [stderr]    Compiling base64 v0.21.5
[INFO] [stderr]    Compiling deranged v0.3.11
[INFO] [stderr]    Compiling encoding_rs v0.8.33
[INFO] [stderr]    Compiling unicode-normalization v0.1.22
[INFO] [stderr]    Compiling http-body v0.4.6
[INFO] [stderr]    Compiling mime v0.3.17
[INFO] [stderr]    Compiling base64 v0.13.1
[INFO] [stderr]    Compiling ipnet v2.9.0
[INFO] [stderr]    Compiling spin v0.5.2
[INFO] [stderr]    Compiling untrusted v0.7.1
[INFO] [stderr]    Compiling home v0.5.9
[INFO] [stderr]    Compiling urlencoding v2.1.3
[INFO] [stderr]    Compiling pem v1.1.1
[INFO] [stderr]    Compiling cc v1.0.83
[INFO] [stderr]    Compiling socket2 v0.5.5
[INFO] [stderr]    Compiling mio v0.8.10
[INFO] [stderr]    Compiling idna v0.5.0
[INFO] [stderr]    Compiling parking_lot v0.12.1
[INFO] [stderr]    Compiling tokio v1.35.1
[INFO] [stderr]    Compiling url v2.5.0
[INFO] [stderr]    Compiling time v0.3.31
[INFO] [stderr]    Compiling openssl-sys v0.9.98
[INFO] [stderr]    Compiling ring v0.16.20
[INFO] [stderr]    Compiling tracing-attributes v0.1.27
[INFO] [stderr]    Compiling openssl-macros v0.1.1
[INFO] [stderr]    Compiling serde_derive v1.0.194
[INFO] [stderr]    Compiling thiserror-impl v1.0.56
[INFO] [stderr]    Compiling google-cloud-token v0.1.2
[INFO] [stderr]    Compiling simple_asn1 v0.6.2
[INFO] [stderr]    Compiling tracing v0.1.40
[INFO] [stderr]    Compiling tokio-util v0.7.10
[INFO] [stderr]    Compiling h2 v0.3.22
[INFO] [stderr]    Compiling tokio-native-tls v0.3.1
[INFO] [stderr]    Compiling hyper v0.14.28
[INFO] [stderr]    Compiling serde_urlencoded v0.7.1
[INFO] [stderr]    Compiling jsonwebtoken v8.3.0
[INFO] [stderr]    Compiling hyper-tls v0.5.0
[INFO] [stderr]    Compiling reqwest v0.11.23
[INFO] [stderr]    Compiling google-cloud-metadata v0.3.2
[INFO] [stderr]    Compiling google-cloud-auth v0.11.0
[INFO] [stderr]    Compiling google-cloud-default v0.4.0 (/opt/rustwide/workdir)
[INFO] [stderr]     Finished dev [unoptimized + debuginfo] target(s) in 12.16s
[INFO] running `Command { std: "docker" "inspect" "664d0c7eacccd1204dc3ea15c8846c50c80b082fa079dae6cae3dc85efd19205", kill_on_drop: false }`
[INFO] running `Command { std: "docker" "rm" "-f" "664d0c7eacccd1204dc3ea15c8846c50c80b082fa079dae6cae3dc85efd19205", kill_on_drop: false }`
[INFO] [stdout] 664d0c7eacccd1204dc3ea15c8846c50c80b082fa079dae6cae3dc85efd19205
[INFO] running `Command { std: "docker" "create" "-v" "/var/lib/crater-agent-workspace/builds/worker-1-tc2/target:/opt/rustwide/target:rw,Z" "-v" "/var/lib/crater-agent-workspace/builds/worker-1-tc2/source:/opt/rustwide/workdir:ro,Z" "-v" "/var/lib/crater-agent-workspace/cargo-home:/opt/rustwide/cargo-home:ro,Z" "-v" "/var/lib/crater-agent-workspace/rustup-home:/opt/rustwide/rustup-home:ro,Z" "-e" "SOURCE_DIR=/opt/rustwide/workdir" "-e" "CARGO_TARGET_DIR=/opt/rustwide/target" "-e" "CARGO_INCREMENTAL=0" "-e" "RUST_BACKTRACE=full" "-e" "RUSTFLAGS=--cap-lints=warn" "-e" "RUSTDOCFLAGS=--cap-lints=warn" "-e" "CARGO_HOME=/opt/rustwide/cargo-home" "-e" "RUSTUP_HOME=/opt/rustwide/rustup-home" "-w" "/opt/rustwide/workdir" "-m" "1610612736" "--user" "0:0" "--network" "none" "ghcr.io/rust-lang/crates-build-env/linux@sha256:2788e3201cd34a07e3172128adcd8b3090168a8e3bcc40d7c032b9dda1df7d1c" "/opt/rustwide/cargo-home/bin/cargo" "+beta-2023-12-22" "test" "--frozen" "--no-run" "--message-format=json", kill_on_drop: false }`
[INFO] [stdout] 4baa2782cef7be49ed8465648b02c98f674140acafe192a1cc14057b5471c91f
[INFO] running `Command { std: "docker" "start" "-a" "4baa2782cef7be49ed8465648b02c98f674140acafe192a1cc14057b5471c91f", kill_on_drop: false }`
[INFO] [stderr]    Compiling version_check v0.9.4
[INFO] [stderr]    Compiling syn v1.0.109
[INFO] [stderr]    Compiling futures-executor v0.3.30
[INFO] [stderr]    Compiling dashmap v5.5.3
[INFO] [stderr]    Compiling futures v0.3.30
[INFO] [stderr]    Compiling proc-macro-error-attr v1.0.4
[INFO] [stderr]    Compiling proc-macro-error v1.0.4
[INFO] [stderr]    Compiling serial_test_derive v0.9.0
[INFO] [stderr]    Compiling serial_test v0.9.0
[INFO] [stderr]    Compiling google-cloud-default v0.4.0 (/opt/rustwide/workdir)
[INFO] [stdout] error[E0433]: failed to resolve: use of undeclared crate or module `google_cloud_gax`
[INFO] [stdout]    --> src/lib.rs:243:9
[INFO] [stdout]     |
[INFO] [stdout] 243 |     use google_cloud_gax::conn::Environment;
[INFO] [stdout]     |         ^^^^^^^^^^^^^^^^ use of undeclared crate or module `google_cloud_gax`
[INFO] [stdout]     |
[INFO] [stdout] help: there is a crate or module with a similar name
[INFO] [stdout]     |
[INFO] [stdout] 243 |     use google_cloud_auth::conn::Environment;
[INFO] [stdout]     |         ~~~~~~~~~~~~~~~~~
[INFO] [stdout] 
[INFO] [stdout] 
[INFO] [stdout] error[E0432]: unresolved import `crate::bigquery`
[INFO] [stdout]    --> src/lib.rs:281:20
[INFO] [stdout]     |
[INFO] [stdout] 281 |         use crate::bigquery::CreateAuthExt;
[INFO] [stdout]     |                    ^^^^^^^^ could not find `bigquery` in the crate root
[INFO] [stdout] 
[INFO] [stdout] 
[INFO] [stdout] error[E0433]: failed to resolve: could not find `test` in `tokio`
[INFO] [stdout]    --> src/lib.rs:247:14
[INFO] [stdout]     |
[INFO] [stdout] 247 |     #[tokio::test]
[INFO] [stdout]     |              ^^^^ could not find `test` in `tokio`
[INFO] [stdout] 
[INFO] [stdout] 
[INFO] [stdout] error[E0433]: failed to resolve: could not find `test` in `tokio`
[INFO] [stdout]    --> src/lib.rs:258:14
[INFO] [stdout]     |
[INFO] [stdout] 258 |     #[tokio::test]
[INFO] [stdout]     |              ^^^^ could not find `test` in `tokio`
[INFO] [stdout] 
[INFO] [stdout] 
[INFO] [stdout] error[E0433]: failed to resolve: could not find `test` in `tokio`
[INFO] [stdout]    --> src/lib.rs:269:14
[INFO] [stdout]     |
[INFO] [stdout] 269 |     #[tokio::test]
[INFO] [stdout]     |              ^^^^ could not find `test` in `tokio`
[INFO] [stdout] 
[INFO] [stdout] 
[INFO] [stdout] error[E0433]: failed to resolve: could not find `test` in `tokio`
[INFO] [stdout]    --> src/lib.rs:279:14
[INFO] [stdout]     |
[INFO] [stdout] 279 |     #[tokio::test]
[INFO] [stdout]     |              ^^^^ could not find `test` in `tokio`
[INFO] [stdout] 
[INFO] [stdout] 
[INFO] [stdout] error[E0433]: failed to resolve: use of undeclared crate or module `google_cloud_spanner`
[INFO] [stdout]    --> src/lib.rs:249:22
[INFO] [stdout]     |
[INFO] [stdout] 249 |         let config = google_cloud_spanner::client::ClientConfig::default()
[INFO] [stdout]     |                      ^^^^^^^^^^^^^^^^^^^^ use of undeclared crate or module `google_cloud_spanner`
[INFO] [stdout]     |
[INFO] [stdout] help: there is a crate or module with a similar name
[INFO] [stdout]     |
[INFO] [stdout] 249 |         let config = google_cloud_auth::client::ClientConfig::default()
[INFO] [stdout]     |                      ~~~~~~~~~~~~~~~~~
[INFO] [stdout] 
[INFO] [stdout] 
[INFO] [stdout] error[E0433]: failed to resolve: use of undeclared crate or module `google_cloud_pubsub`
[INFO] [stdout]    --> src/lib.rs:260:22
[INFO] [stdout]     |
[INFO] [stdout] 260 |         let config = google_cloud_pubsub::client::ClientConfig::default()
[INFO] [stdout]     |                      ^^^^^^^^^^^^^^^^^^^ use of undeclared crate or module `google_cloud_pubsub`
[INFO] [stdout]     |
[INFO] [stdout] help: there is a crate or module with a similar name
[INFO] [stdout]     |
[INFO] [stdout] 260 |         let config = google_cloud_auth::client::ClientConfig::default()
[INFO] [stdout]     |                      ~~~~~~~~~~~~~~~~~
[INFO] [stdout] 
[INFO] [stdout] 
[INFO] [stdout] error[E0433]: failed to resolve: use of undeclared crate or module `google_cloud_storage`
[INFO] [stdout]    --> src/lib.rs:271:22
[INFO] [stdout]     |
[INFO] [stdout] 271 |         let config = google_cloud_storage::client::ClientConfig::default()
[INFO] [stdout]     |                      ^^^^^^^^^^^^^^^^^^^^ use of undeclared crate or module `google_cloud_storage`
[INFO] [stdout] 
[INFO] [stdout] 
[INFO] [stdout] error[E0433]: failed to resolve: use of undeclared crate or module `google_cloud_bigquery`
[INFO] [stdout]    --> src/lib.rs:282:37
[INFO] [stdout]     |
[INFO] [stdout] 282 |         let (_config, project_id) = google_cloud_bigquery::client::ClientConfig::new_with_auth()
[INFO] [stdout]     |                                     ^^^^^^^^^^^^^^^^^^^^^ use of undeclared crate or module `google_cloud_bigquery`
[INFO] [stdout]     |
[INFO] [stdout] help: there is a crate or module with a similar name
[INFO] [stdout]     |
[INFO] [stdout] 282 |         let (_config, project_id) = google_cloud_auth::client::ClientConfig::new_with_auth()
[INFO] [stdout]     |                                     ~~~~~~~~~~~~~~~~~
[INFO] [stdout] 
[INFO] [stdout] 
[INFO] [stdout] warning: unused import: `crate::WithAuthExt`
[INFO] [stdout]    --> src/lib.rs:245:9
[INFO] [stdout]     |
[INFO] [stdout] 245 |     use crate::WithAuthExt;
[INFO] [stdout]     |         ^^^^^^^^^^^^^^^^^^
[INFO] [stdout]     |
[INFO] [stdout]     = note: `#[warn(unused_imports)]` on by default
[INFO] [stdout] 
[INFO] [stdout] 
[INFO] [stdout] error: aborting due to 10 previous errors; 1 warning emitted
[INFO] [stdout] 
[INFO] [stdout] 
[INFO] [stdout] Some errors have detailed explanations: E0432, E0433.
[INFO] [stdout] 
[INFO] [stdout] For more information about an error, try `rustc --explain E0432`.
[INFO] [stdout] 
[INFO] [stderr] error: could not compile `google-cloud-default` (lib test) due to 11 previous errors; 1 warning emitted
[INFO] running `Command { std: "docker" "inspect" "4baa2782cef7be49ed8465648b02c98f674140acafe192a1cc14057b5471c91f", kill_on_drop: false }`
[INFO] running `Command { std: "docker" "rm" "-f" "4baa2782cef7be49ed8465648b02c98f674140acafe192a1cc14057b5471c91f", kill_on_drop: false }`
[INFO] [stdout] 4baa2782cef7be49ed8465648b02c98f674140acafe192a1cc14057b5471c91f
