[INFO] fetching crate go-away 0.5.0...
[INFO] testing go-away-0.5.0 against 1.75.0 for beta-1.76-1
[INFO] extracting crate go-away 0.5.0 into /workspace/builds/worker-5-tc1/source
[INFO] validating manifest of crates.io crate go-away 0.5.0 on toolchain 1.75.0
[INFO] running `Command { std: CARGO_HOME="/workspace/cargo-home" RUSTUP_HOME="/workspace/rustup-home" "/workspace/cargo-home/bin/cargo" "+1.75.0" "metadata" "--manifest-path" "Cargo.toml" "--no-deps", kill_on_drop: false }`
[INFO] started tweaking crates.io crate go-away 0.5.0
[INFO] finished tweaking crates.io crate go-away 0.5.0
[INFO] tweaked toml for crates.io crate go-away 0.5.0 written to /workspace/builds/worker-5-tc1/source/Cargo.toml
[INFO] running `Command { std: CARGO_HOME="/workspace/cargo-home" RUSTUP_HOME="/workspace/rustup-home" "/workspace/cargo-home/bin/cargo" "+1.75.0" "generate-lockfile" "--manifest-path" "Cargo.toml", kill_on_drop: false }`
[INFO] [stderr]     Updating crates.io index
[INFO] running `Command { std: CARGO_HOME="/workspace/cargo-home" RUSTUP_HOME="/workspace/rustup-home" "/workspace/cargo-home/bin/cargo" "+1.75.0" "fetch" "--manifest-path" "Cargo.toml", kill_on_drop: false }`
[INFO] [stderr]  Downloading crates ...
[INFO] [stderr]   Downloaded go-away-derive-internals v0.5.0
[INFO] [stderr]   Downloaded go-away-derive v0.5.0
[INFO] running `Command { std: "docker" "create" "-v" "/var/lib/crater-agent-workspace/builds/worker-5-tc1/target:/opt/rustwide/target:rw,Z" "-v" "/var/lib/crater-agent-workspace/builds/worker-5-tc1/source:/opt/rustwide/workdir:ro,Z" "-v" "/var/lib/crater-agent-workspace/cargo-home:/opt/rustwide/cargo-home:ro,Z" "-v" "/var/lib/crater-agent-workspace/rustup-home:/opt/rustwide/rustup-home:ro,Z" "-e" "SOURCE_DIR=/opt/rustwide/workdir" "-e" "CARGO_TARGET_DIR=/opt/rustwide/target" "-e" "CARGO_HOME=/opt/rustwide/cargo-home" "-e" "RUSTUP_HOME=/opt/rustwide/rustup-home" "-w" "/opt/rustwide/workdir" "-m" "1610612736" "--user" "0:0" "--network" "none" "ghcr.io/rust-lang/crates-build-env/linux@sha256:2788e3201cd34a07e3172128adcd8b3090168a8e3bcc40d7c032b9dda1df7d1c" "/opt/rustwide/cargo-home/bin/cargo" "+1.75.0" "metadata" "--no-deps" "--format-version=1", kill_on_drop: false }`
[INFO] [stdout] e74d0c1e6b7c7f09d2b99b4fc8c7e888add0cf7a20ba048a8ad60700198ba111
[INFO] running `Command { std: "docker" "start" "-a" "e74d0c1e6b7c7f09d2b99b4fc8c7e888add0cf7a20ba048a8ad60700198ba111", kill_on_drop: false }`
[INFO] running `Command { std: "docker" "inspect" "e74d0c1e6b7c7f09d2b99b4fc8c7e888add0cf7a20ba048a8ad60700198ba111", kill_on_drop: false }`
[INFO] running `Command { std: "docker" "rm" "-f" "e74d0c1e6b7c7f09d2b99b4fc8c7e888add0cf7a20ba048a8ad60700198ba111", kill_on_drop: false }`
[INFO] [stdout] e74d0c1e6b7c7f09d2b99b4fc8c7e888add0cf7a20ba048a8ad60700198ba111
[INFO] running `Command { std: "docker" "create" "-v" "/var/lib/crater-agent-workspace/builds/worker-5-tc1/target:/opt/rustwide/target:rw,Z" "-v" "/var/lib/crater-agent-workspace/builds/worker-5-tc1/source:/opt/rustwide/workdir:ro,Z" "-v" "/var/lib/crater-agent-workspace/cargo-home:/opt/rustwide/cargo-home:ro,Z" "-v" "/var/lib/crater-agent-workspace/rustup-home:/opt/rustwide/rustup-home:ro,Z" "-e" "SOURCE_DIR=/opt/rustwide/workdir" "-e" "CARGO_TARGET_DIR=/opt/rustwide/target" "-e" "CARGO_INCREMENTAL=0" "-e" "RUST_BACKTRACE=full" "-e" "RUSTFLAGS=--cap-lints=warn" "-e" "RUSTDOCFLAGS=--cap-lints=warn" "-e" "CARGO_HOME=/opt/rustwide/cargo-home" "-e" "RUSTUP_HOME=/opt/rustwide/rustup-home" "-w" "/opt/rustwide/workdir" "-m" "1610612736" "--user" "0:0" "--network" "none" "ghcr.io/rust-lang/crates-build-env/linux@sha256:2788e3201cd34a07e3172128adcd8b3090168a8e3bcc40d7c032b9dda1df7d1c" "/opt/rustwide/cargo-home/bin/cargo" "+1.75.0" "build" "--frozen" "--message-format=json", kill_on_drop: false }`
[INFO] [stdout] 08b8f1aff794fbdca2f1a4b35f362f7af5cb4202aa1b958e1082bfa8e6d80be7
[INFO] running `Command { std: "docker" "start" "-a" "08b8f1aff794fbdca2f1a4b35f362f7af5cb4202aa1b958e1082bfa8e6d80be7", kill_on_drop: false }`
[INFO] [stderr]    Compiling syn v1.0.109
[INFO] [stderr]    Compiling indoc v1.0.9
[INFO] [stderr]    Compiling indenter v0.3.3
[INFO] [stderr]    Compiling serde_derive_internals v0.26.0
[INFO] [stderr]    Compiling go-away-derive-internals v0.5.0
[INFO] [stderr]    Compiling go-away-derive v0.5.0
[INFO] [stderr]    Compiling go-away v0.5.0 (/opt/rustwide/workdir)
[INFO] [stderr]     Finished dev [unoptimized + debuginfo] target(s) in 2.19s
[INFO] running `Command { std: "docker" "inspect" "08b8f1aff794fbdca2f1a4b35f362f7af5cb4202aa1b958e1082bfa8e6d80be7", kill_on_drop: false }`
[INFO] running `Command { std: "docker" "rm" "-f" "08b8f1aff794fbdca2f1a4b35f362f7af5cb4202aa1b958e1082bfa8e6d80be7", kill_on_drop: false }`
[INFO] [stdout] 08b8f1aff794fbdca2f1a4b35f362f7af5cb4202aa1b958e1082bfa8e6d80be7
[INFO] running `Command { std: "docker" "create" "-v" "/var/lib/crater-agent-workspace/builds/worker-5-tc1/target:/opt/rustwide/target:rw,Z" "-v" "/var/lib/crater-agent-workspace/builds/worker-5-tc1/source:/opt/rustwide/workdir:ro,Z" "-v" "/var/lib/crater-agent-workspace/cargo-home:/opt/rustwide/cargo-home:ro,Z" "-v" "/var/lib/crater-agent-workspace/rustup-home:/opt/rustwide/rustup-home:ro,Z" "-e" "SOURCE_DIR=/opt/rustwide/workdir" "-e" "CARGO_TARGET_DIR=/opt/rustwide/target" "-e" "CARGO_INCREMENTAL=0" "-e" "RUST_BACKTRACE=full" "-e" "RUSTFLAGS=--cap-lints=warn" "-e" "RUSTDOCFLAGS=--cap-lints=warn" "-e" "CARGO_HOME=/opt/rustwide/cargo-home" "-e" "RUSTUP_HOME=/opt/rustwide/rustup-home" "-w" "/opt/rustwide/workdir" "-m" "1610612736" "--user" "0:0" "--network" "none" "ghcr.io/rust-lang/crates-build-env/linux@sha256:2788e3201cd34a07e3172128adcd8b3090168a8e3bcc40d7c032b9dda1df7d1c" "/opt/rustwide/cargo-home/bin/cargo" "+1.75.0" "test" "--frozen" "--no-run" "--message-format=json", kill_on_drop: false }`
[INFO] [stdout] 2cdfd1332b4bfca6c9b77cdbbc64156646ae5c900e1dc967aea5e8a1e6163e45
[INFO] running `Command { std: "docker" "start" "-a" "2cdfd1332b4bfca6c9b77cdbbc64156646ae5c900e1dc967aea5e8a1e6163e45", kill_on_drop: false }`
[INFO] [stderr]    Compiling serde v1.0.194
[INFO] [stderr]    Compiling serde_json v1.0.111
[INFO] [stderr]    Compiling linked-hash-map v0.5.6
[INFO] [stderr]    Compiling ryu v1.0.16
[INFO] [stderr]    Compiling itoa v1.0.10
[INFO] [stderr]    Compiling similar v2.4.0
[INFO] [stderr]    Compiling console v0.15.7
[INFO] [stderr]    Compiling yaml-rust v0.4.5
[INFO] [stderr]    Compiling insta v1.34.0
[INFO] [stderr]    Compiling go-away v0.5.0 (/opt/rustwide/workdir)
[INFO] [stdout] error: cannot find derive macro `Serialize` in this scope
[INFO] [stdout]   --> tests/go_marshalling.rs:18:31
[INFO] [stdout]    |
[INFO] [stdout] 18 | #[derive(TypeMetadata, Debug, Serialize, Deserialize, PartialEq)]
[INFO] [stdout]    |                               ^^^^^^^^^
[INFO] [stdout]    |
[INFO] [stdout] note: `Serialize` is imported here, but it is only a trait, without a derive macro
[INFO] [stdout]   --> tests/go_marshalling.rs:11:26
[INFO] [stdout]    |
[INFO] [stdout] 11 | use serde::{Deserialize, Serialize};
[INFO] [stdout]    |                          ^^^^^^^^^
[INFO] [stdout] 
[INFO] [stdout] 
[INFO] [stdout] error: cannot find derive macro `Deserialize` in this scope
[INFO] [stdout]   --> tests/go_marshalling.rs:18:42
[INFO] [stdout]    |
[INFO] [stdout] 18 | #[derive(TypeMetadata, Debug, Serialize, Deserialize, PartialEq)]
[INFO] [stdout]    |                                          ^^^^^^^^^^^
[INFO] [stdout]    |
[INFO] [stdout] note: `Deserialize` is imported here, but it is only a trait, without a derive macro
[INFO] [stdout]   --> tests/go_marshalling.rs:11:13
[INFO] [stdout]    |
[INFO] [stdout] 11 | use serde::{Deserialize, Serialize};
[INFO] [stdout]    |             ^^^^^^^^^^^
[INFO] [stdout] 
[INFO] [stdout] 
[INFO] [stdout] error: cannot find derive macro `Serialize` in this scope
[INFO] [stdout]   --> tests/go_validation.rs:15:31
[INFO] [stdout]    |
[INFO] [stdout] 15 | #[derive(TypeMetadata, Debug, Serialize, Deserialize, PartialEq)]
[INFO] [stdout]    |                               ^^^^^^^^^
[INFO] [stdout]    |
[INFO] [stdout] note: `Serialize` is imported here, but it is only a trait, without a derive macro
[INFO] [stdout]   --> tests/go_validation.rs:11:26
[INFO] [stdout]    |
[INFO] [stdout] 11 | use serde::{Deserialize, Serialize};
[INFO] [stdout]    |                          ^^^^^^^^^
[INFO] [stdout] 
[INFO] [stdout] 
[INFO] [stdout] error: cannot find derive macro `Deserialize` in this scope
[INFO] [stdout]   --> tests/go_validation.rs:15:42
[INFO] [stdout]    |
[INFO] [stdout] 15 | #[derive(TypeMetadata, Debug, Serialize, Deserialize, PartialEq)]
[INFO] [stdout]    |                                          ^^^^^^^^^^^
[INFO] [stdout]    |
[INFO] [stdout] note: `Deserialize` is imported here, but it is only a trait, without a derive macro
[INFO] [stdout]   --> tests/go_validation.rs:11:13
[INFO] [stdout]    |
[INFO] [stdout] 11 | use serde::{Deserialize, Serialize};
[INFO] [stdout]    |             ^^^^^^^^^^^
[INFO] [stdout] 
[INFO] [stdout] 
[INFO] [stdout] error: cannot find derive macro `Serialize` in this scope
[INFO] [stdout]   --> tests/go_marshalling.rs:25:31
[INFO] [stdout]    |
[INFO] [stdout] 25 | #[derive(TypeMetadata, Debug, Serialize, Deserialize, PartialEq)]
[INFO] [stdout]    |                               ^^^^^^^^^
[INFO] [stdout]    |
[INFO] [stdout] note: `Serialize` is imported here, but it is only a trait, without a derive macro
[INFO] [stdout]   --> tests/go_marshalling.rs:11:26
[INFO] [stdout]    |
[INFO] [stdout] 11 | use serde::{Deserialize, Serialize};
[INFO] [stdout]    |                          ^^^^^^^^^
[INFO] [stdout] 
[INFO] [stdout] 
[INFO] [stdout] error: cannot find derive macro `Deserialize` in this scope
[INFO] [stdout]   --> tests/go_marshalling.rs:25:42
[INFO] [stdout]    |
[INFO] [stdout] 25 | #[derive(TypeMetadata, Debug, Serialize, Deserialize, PartialEq)]
[INFO] [stdout]    |                                          ^^^^^^^^^^^
[INFO] [stdout]    |
[INFO] [stdout] note: `Deserialize` is imported here, but it is only a trait, without a derive macro
[INFO] [stdout]   --> tests/go_marshalling.rs:11:13
[INFO] [stdout]    |
[INFO] [stdout] 11 | use serde::{Deserialize, Serialize};
[INFO] [stdout]    |             ^^^^^^^^^^^
[INFO] [stdout] 
[INFO] [stdout] 
[INFO] [stdout] error: cannot find derive macro `Serialize` in this scope
[INFO] [stdout]   --> tests/go_validation.rs:22:31
[INFO] [stdout]    |
[INFO] [stdout] 22 | #[derive(TypeMetadata, Debug, Serialize, Deserialize, PartialEq)]
[INFO] [stdout]    |                               ^^^^^^^^^
[INFO] [stdout]    |
[INFO] [stdout] note: `Serialize` is imported here, but it is only a trait, without a derive macro
[INFO] [stdout]   --> tests/go_validation.rs:11:26
[INFO] [stdout]    |
[INFO] [stdout] 11 | use serde::{Deserialize, Serialize};
[INFO] [stdout]    |                          ^^^^^^^^^
[INFO] [stdout] 
[INFO] [stdout] 
[INFO] [stdout] error: cannot find derive macro `Deserialize` in this scope
[INFO] [stdout]   --> tests/go_validation.rs:22:42
[INFO] [stdout]    |
[INFO] [stdout] 22 | #[derive(TypeMetadata, Debug, Serialize, Deserialize, PartialEq)]
[INFO] [stdout]    |                                          ^^^^^^^^^^^
[INFO] [stdout]    |
[INFO] [stdout] note: `Deserialize` is imported here, but it is only a trait, without a derive macro
[INFO] [stdout]   --> tests/go_validation.rs:11:13
[INFO] [stdout]    |
[INFO] [stdout] 11 | use serde::{Deserialize, Serialize};
[INFO] [stdout]    |             ^^^^^^^^^^^
[INFO] [stdout] 
[INFO] [stdout] 
[INFO] [stdout] error: cannot find derive macro `Serialize` in this scope
[INFO] [stdout]   --> tests/go_marshalling.rs:30:31
[INFO] [stdout]    |
[INFO] [stdout] 30 | #[derive(TypeMetadata, Debug, Serialize, Deserialize, PartialEq)]
[INFO] [stdout]    |                               ^^^^^^^^^
[INFO] [stdout]    |
[INFO] [stdout] note: `Serialize` is imported here, but it is only a trait, without a derive macro
[INFO] [stdout]   --> tests/go_marshalling.rs:11:26
[INFO] [stdout]    |
[INFO] [stdout] 11 | use serde::{Deserialize, Serialize};
[INFO] [stdout]    |                          ^^^^^^^^^
[INFO] [stdout] 
[INFO] [stdout] 
[INFO] [stdout] error: cannot find derive macro `Serialize` in this scope
[INFO] [stdout]   --> tests/go_validation.rs:27:31
[INFO] [stdout]    |
[INFO] [stdout] 27 | #[derive(TypeMetadata, Debug, Serialize, Deserialize, PartialEq)]
[INFO] [stdout]    |                               ^^^^^^^^^
[INFO] [stdout]    |
[INFO] [stdout] note: `Serialize` is imported here, but it is only a trait, without a derive macro
[INFO] [stdout]   --> tests/go_validation.rs:11:26
[INFO] [stdout]    |
[INFO] [stdout] 11 | use serde::{Deserialize, Serialize};
[INFO] [stdout]    |                          ^^^^^^^^^
[INFO] [stdout] 
[INFO] [stdout] 
[INFO] [stdout] error: cannot find derive macro `Deserialize` in this scope
[INFO] [stdout]   --> tests/go_marshalling.rs:30:42
[INFO] [stdout]    |
[INFO] [stdout] 30 | #[derive(TypeMetadata, Debug, Serialize, Deserialize, PartialEq)]
[INFO] [stdout]    |                                          ^^^^^^^^^^^
[INFO] [stdout]    |
[INFO] [stdout] note: `Deserialize` is imported here, but it is only a trait, without a derive macro
[INFO] [stdout]   --> tests/go_marshalling.rs:11:13
[INFO] [stdout]    |
[INFO] [stdout] 11 | use serde::{Deserialize, Serialize};
[INFO] [stdout]    |             ^^^^^^^^^^^
[INFO] [stdout] 
[INFO] [stdout] 
[INFO] [stdout] error: cannot find derive macro `Deserialize` in this scope
[INFO] [stdout]   --> tests/go_validation.rs:27:42
[INFO] [stdout]    |
[INFO] [stdout] 27 | #[derive(TypeMetadata, Debug, Serialize, Deserialize, PartialEq)]
[INFO] [stdout]    |                                          ^^^^^^^^^^^
[INFO] [stdout]    |
[INFO] [stdout] note: `Deserialize` is imported here, but it is only a trait, without a derive macro
[INFO] [stdout]   --> tests/go_validation.rs:11:13
[INFO] [stdout]    |
[INFO] [stdout] 11 | use serde::{Deserialize, Serialize};
[INFO] [stdout]    |             ^^^^^^^^^^^
[INFO] [stdout] 
[INFO] [stdout] 
[INFO] [stdout] error: cannot find derive macro `Serialize` in this scope
[INFO] [stdout]   --> tests/go_marshalling.rs:47:31
[INFO] [stdout]    |
[INFO] [stdout] 47 | #[derive(TypeMetadata, Debug, Serialize, Deserialize, PartialEq)]
[INFO] [stdout]    |                               ^^^^^^^^^
[INFO] [stdout]    |
[INFO] [stdout] note: `Serialize` is imported here, but it is only a trait, without a derive macro
[INFO] [stdout]   --> tests/go_marshalling.rs:11:26
[INFO] [stdout]    |
[INFO] [stdout] 11 | use serde::{Deserialize, Serialize};
[INFO] [stdout]    |                          ^^^^^^^^^
[INFO] [stdout] 
[INFO] [stdout] 
[INFO] [stdout] error: cannot find derive macro `Deserialize` in this scope
[INFO] [stdout]   --> tests/go_marshalling.rs:47:42
[INFO] [stdout]    |
[INFO] [stdout] 47 | #[derive(TypeMetadata, Debug, Serialize, Deserialize, PartialEq)]
[INFO] [stdout]    |                                          ^^^^^^^^^^^
[INFO] [stdout]    |
[INFO] [stdout] note: `Deserialize` is imported here, but it is only a trait, without a derive macro
[INFO] [stdout]   --> tests/go_marshalling.rs:11:13
[INFO] [stdout]    |
[INFO] [stdout] 11 | use serde::{Deserialize, Serialize};
[INFO] [stdout]    |             ^^^^^^^^^^^
[INFO] [stdout] 
[INFO] [stdout] 
[INFO] [stdout] error: cannot find derive macro `Serialize` in this scope
[INFO] [stdout]   --> tests/go_marshalling.rs:61:31
[INFO] [stdout]    |
[INFO] [stdout] 61 | #[derive(TypeMetadata, Debug, Serialize, Deserialize, PartialEq)]
[INFO] [stdout]    |                               ^^^^^^^^^
[INFO] [stdout]    |
[INFO] [stdout] note: `Serialize` is imported here, but it is only a trait, without a derive macro
[INFO] [stdout]   --> tests/go_marshalling.rs:11:26
[INFO] [stdout]    |
[INFO] [stdout] 11 | use serde::{Deserialize, Serialize};
[INFO] [stdout]    |                          ^^^^^^^^^
[INFO] [stdout] 
[INFO] [stdout] 
[INFO] [stdout] error: cannot find derive macro `Deserialize` in this scope
[INFO] [stdout]   --> tests/go_marshalling.rs:61:42
[INFO] [stdout]    |
[INFO] [stdout] 61 | #[derive(TypeMetadata, Debug, Serialize, Deserialize, PartialEq)]
[INFO] [stdout]    |                                          ^^^^^^^^^^^
[INFO] [stdout]    |
[INFO] [stdout] note: `Deserialize` is imported here, but it is only a trait, without a derive macro
[INFO] [stdout]   --> tests/go_marshalling.rs:11:13
[INFO] [stdout]    |
[INFO] [stdout] 11 | use serde::{Deserialize, Serialize};
[INFO] [stdout]    |             ^^^^^^^^^^^
[INFO] [stdout] 
[INFO] [stdout] 
[INFO] [stdout] error: cannot find derive macro `Serialize` in this scope
[INFO] [stdout]   --> tests/go_marshalling.rs:69:31
[INFO] [stdout]    |
[INFO] [stdout] 69 | #[derive(TypeMetadata, Debug, Serialize, Deserialize, PartialEq)]
[INFO] [stdout]    |                               ^^^^^^^^^
[INFO] [stdout]    |
[INFO] [stdout] note: `Serialize` is imported here, but it is only a trait, without a derive macro
[INFO] [stdout]   --> tests/go_marshalling.rs:11:26
[INFO] [stdout]    |
[INFO] [stdout] 11 | use serde::{Deserialize, Serialize};
[INFO] [stdout]    |                          ^^^^^^^^^
[INFO] [stdout] 
[INFO] [stdout] 
[INFO] [stdout] error: cannot find derive macro `Deserialize` in this scope
[INFO] [stdout]   --> tests/go_marshalling.rs:69:42
[INFO] [stdout]    |
[INFO] [stdout] 69 | #[derive(TypeMetadata, Debug, Serialize, Deserialize, PartialEq)]
[INFO] [stdout]    |                                          ^^^^^^^^^^^
[INFO] [stdout]    |
[INFO] [stdout] note: `Deserialize` is imported here, but it is only a trait, without a derive macro
[INFO] [stdout]   --> tests/go_marshalling.rs:11:13
[INFO] [stdout]    |
[INFO] [stdout] 11 | use serde::{Deserialize, Serialize};
[INFO] [stdout]    |             ^^^^^^^^^^^
[INFO] [stdout] 
[INFO] [stdout] 
[INFO] [stdout] error[E0277]: the trait bound `SomeUnion: Serialize` is not satisfied
[INFO] [stdout]   --> tests/go_validation.rs:34:24
[INFO] [stdout]    |
[INFO] [stdout] 34 |     assert!(run_test::<SomeUnion>(
[INFO] [stdout]    |                        ^^^^^^^^^ the trait `Serialize` is not implemented for `SomeUnion`
[INFO] [stdout]    |
[INFO] [stdout]    = help: the following other types implement trait `Serialize`:
[INFO] [stdout]              bool
[INFO] [stdout]              char
[INFO] [stdout]              isize
[INFO] [stdout]              i8
[INFO] [stdout]              i16
[INFO] [stdout]              i32
[INFO] [stdout]              i64
[INFO] [stdout]              i128
[INFO] [stdout]            and 130 others
[INFO] [stdout] note: required by a bound in `run_test`
[INFO] [stdout]   --> tests/go_validation.rs:58:23
[INFO] [stdout]    |
[INFO] [stdout] 56 | fn run_test<T>(test_name: &str, data: &str) -> bool
[INFO] [stdout]    |    -------- required by a bound in this function
[INFO] [stdout] 57 | where
[INFO] [stdout] 58 |     T: TypeMetadata + Serialize + serde::de::DeserializeOwned + PartialEq + Debug,
[INFO] [stdout]    |                       ^^^^^^^^^ required by this bound in `run_test`
[INFO] [stdout] 
[INFO] [stdout] 
[INFO] [stdout] error[E0277]: the trait bound `InternallyTaggedTupleEnum: Serialize` is not satisfied
[INFO] [stdout]    --> tests/go_marshalling.rs:40:9
[INFO] [stdout]     |
[INFO] [stdout] 37  |       run_test(
[INFO] [stdout]     |       -------- required by a bound introduced by this call
[INFO] [stdout] ...
[INFO] [stdout] 40  | /         &[
[INFO] [stdout] 41  | |             InternallyTaggedTupleEnum::One(One { x: 1.0 }),
[INFO] [stdout] 42  | |             InternallyTaggedTupleEnum::Two(Two { y: true }),
[INFO] [stdout] 43  | |         ],
[INFO] [stdout]     | |_________^ the trait `Serialize` is not implemented for `InternallyTaggedTupleEnum`
[INFO] [stdout]     |
[INFO] [stdout]     = help: the following other types implement trait `Serialize`:
[INFO] [stdout]               bool
[INFO] [stdout]               char
[INFO] [stdout]               isize
[INFO] [stdout]               i8
[INFO] [stdout]               i16
[INFO] [stdout]               i32
[INFO] [stdout]               i64
[INFO] [stdout]               i128
[INFO] [stdout]             and 130 others
[INFO] [stdout] note: required by a bound in `run_test`
[INFO] [stdout]    --> tests/go_marshalling.rs:119:23
[INFO] [stdout]     |
[INFO] [stdout] 117 | fn run_test<T>(test_name: &str, type_name: &str, test_data: &[T])
[INFO] [stdout]     |    -------- required by a bound in this function
[INFO] [stdout] 118 | where
[INFO] [stdout] 119 |     T: TypeMetadata + Serialize + serde::de::DeserializeOwned + PartialEq + Debug,
[INFO] [stdout]     |                       ^^^^^^^^^ required by this bound in `run_test`
[INFO] [stdout] 
[INFO] [stdout] 
[INFO] [stdout] error[E0277]: the trait bound `for<'de> SomeUnion: Deserialize<'de>` is not satisfied
[INFO] [stdout]   --> tests/go_validation.rs:34:24
[INFO] [stdout]    |
[INFO] [stdout] 34 |     assert!(run_test::<SomeUnion>(
[INFO] [stdout]    |                        ^^^^^^^^^ the trait `for<'de> Deserialize<'de>` is not implemented for `SomeUnion`
[INFO] [stdout]    |
[INFO] [stdout]    = help: the following other types implement trait `Deserialize<'de>`:
[INFO] [stdout]              bool
[INFO] [stdout]              char
[INFO] [stdout]              isize
[INFO] [stdout]              i8
[INFO] [stdout]              i16
[INFO] [stdout]              i32
[INFO] [stdout]              i64
[INFO] [stdout]              i128
[INFO] [stdout]            and 130 others
[INFO] [stdout]    = note: required for `SomeUnion` to implement `DeserializeOwned`
[INFO] [stdout] note: required by a bound in `run_test`
[INFO] [stdout]   --> tests/go_validation.rs:58:35
[INFO] [stdout]    |
[INFO] [stdout] 56 | fn run_test<T>(test_name: &str, data: &str) -> bool
[INFO] [stdout]    |    -------- required by a bound in this function
[INFO] [stdout] 57 | where
[INFO] [stdout] 58 |     T: TypeMetadata + Serialize + serde::de::DeserializeOwned + PartialEq + Debug,
[INFO] [stdout]    |                                   ^^^^^^^^^^^^^^^^^^^^^^^^^^^ required by this bound in `run_test`
[INFO] [stdout] 
[INFO] [stdout] 
[INFO] [stdout] error[E0277]: the trait bound `for<'de> InternallyTaggedTupleEnum: Deserialize<'de>` is not satisfied
[INFO] [stdout]    --> tests/go_marshalling.rs:40:9
[INFO] [stdout]     |
[INFO] [stdout] 37  |       run_test(
[INFO] [stdout]     |       -------- required by a bound introduced by this call
[INFO] [stdout] ...
[INFO] [stdout] 40  | /         &[
[INFO] [stdout] 41  | |             InternallyTaggedTupleEnum::One(One { x: 1.0 }),
[INFO] [stdout] 42  | |             InternallyTaggedTupleEnum::Two(Two { y: true }),
[INFO] [stdout] 43  | |         ],
[INFO] [stdout]     | |_________^ the trait `for<'de> Deserialize<'de>` is not implemented for `InternallyTaggedTupleEnum`
[INFO] [stdout]     |
[INFO] [stdout]     = help: the following other types implement trait `Deserialize<'de>`:
[INFO] [stdout]               bool
[INFO] [stdout]               char
[INFO] [stdout]               isize
[INFO] [stdout]               i8
[INFO] [stdout]               i16
[INFO] [stdout]               i32
[INFO] [stdout]               i64
[INFO] [stdout]               i128
[INFO] [stdout]             and 130 others
[INFO] [stdout]     = note: required for `InternallyTaggedTupleEnum` to implement `DeserializeOwned`
[INFO] [stdout] note: required by a bound in `run_test`
[INFO] [stdout]    --> tests/go_marshalling.rs:119:35
[INFO] [stdout]     |
[INFO] [stdout] 117 | fn run_test<T>(test_name: &str, type_name: &str, test_data: &[T])
[INFO] [stdout]     |    -------- required by a bound in this function
[INFO] [stdout] 118 | where
[INFO] [stdout] 119 |     T: TypeMetadata + Serialize + serde::de::DeserializeOwned + PartialEq + Debug,
[INFO] [stdout]     |                                   ^^^^^^^^^^^^^^^^^^^^^^^^^^^ required by this bound in `run_test`
[INFO] [stdout] 
[INFO] [stdout] 
[INFO] [stdout] error[E0277]: the trait bound `SomeUnion: Serialize` is not satisfied
[INFO] [stdout]   --> tests/go_validation.rs:42:25
[INFO] [stdout]    |
[INFO] [stdout] 42 |     assert!(!run_test::<SomeUnion>(
[INFO] [stdout]    |                         ^^^^^^^^^ the trait `Serialize` is not implemented for `SomeUnion`
[INFO] [stdout]    |
[INFO] [stdout]    = help: the following other types implement trait `Serialize`:
[INFO] [stdout]              bool
[INFO] [stdout]              char
[INFO] [stdout]              isize
[INFO] [stdout]              i8
[INFO] [stdout]              i16
[INFO] [stdout]              i32
[INFO] [stdout]              i64
[INFO] [stdout]              i128
[INFO] [stdout]            and 130 others
[INFO] [stdout] note: required by a bound in `run_test`
[INFO] [stdout]   --> tests/go_validation.rs:58:23
[INFO] [stdout]    |
[INFO] [stdout] 56 | fn run_test<T>(test_name: &str, data: &str) -> bool
[INFO] [stdout]    |    -------- required by a bound in this function
[INFO] [stdout] 57 | where
[INFO] [stdout] 58 |     T: TypeMetadata + Serialize + serde::de::DeserializeOwned + PartialEq + Debug,
[INFO] [stdout]    |                       ^^^^^^^^^ required by this bound in `run_test`
[INFO] [stdout] 
[INFO] [stdout] 
[INFO] [stdout] error[E0277]: the trait bound `for<'de> SomeUnion: Deserialize<'de>` is not satisfied
[INFO] [stdout]   --> tests/go_validation.rs:42:25
[INFO] [stdout]    |
[INFO] [stdout] 42 |     assert!(!run_test::<SomeUnion>(
[INFO] [stdout]    |                         ^^^^^^^^^ the trait `for<'de> Deserialize<'de>` is not implemented for `SomeUnion`
[INFO] [stdout]    |
[INFO] [stdout]    = help: the following other types implement trait `Deserialize<'de>`:
[INFO] [stdout]              bool
[INFO] [stdout]              char
[INFO] [stdout]              isize
[INFO] [stdout]              i8
[INFO] [stdout]              i16
[INFO] [stdout]              i32
[INFO] [stdout]              i64
[INFO] [stdout]              i128
[INFO] [stdout]            and 130 others
[INFO] [stdout]    = note: required for `SomeUnion` to implement `DeserializeOwned`
[INFO] [stdout] note: required by a bound in `run_test`
[INFO] [stdout]   --> tests/go_validation.rs:58:35
[INFO] [stdout]    |
[INFO] [stdout] 56 | fn run_test<T>(test_name: &str, data: &str) -> bool
[INFO] [stdout]    |    -------- required by a bound in this function
[INFO] [stdout] 57 | where
[INFO] [stdout] 58 |     T: TypeMetadata + Serialize + serde::de::DeserializeOwned + PartialEq + Debug,
[INFO] [stdout]    |                                   ^^^^^^^^^^^^^^^^^^^^^^^^^^^ required by this bound in `run_test`
[INFO] [stdout] 
[INFO] [stdout] 
[INFO] [stdout] error[E0277]: the trait bound `SomeUnion: Serialize` is not satisfied
[INFO] [stdout]   --> tests/go_validation.rs:50:24
[INFO] [stdout]    |
[INFO] [stdout] 50 |     assert!(run_test::<SomeUnion>(
[INFO] [stdout]    |                        ^^^^^^^^^ the trait `Serialize` is not implemented for `SomeUnion`
[INFO] [stdout]    |
[INFO] [stdout]    = help: the following other types implement trait `Serialize`:
[INFO] [stdout]              bool
[INFO] [stdout]              char
[INFO] [stdout]              isize
[INFO] [stdout]              i8
[INFO] [stdout]              i16
[INFO] [stdout]              i32
[INFO] [stdout]              i64
[INFO] [stdout]              i128
[INFO] [stdout]            and 130 others
[INFO] [stdout] note: required by a bound in `run_test`
[INFO] [stdout]   --> tests/go_validation.rs:58:23
[INFO] [stdout]    |
[INFO] [stdout] 56 | fn run_test<T>(test_name: &str, data: &str) -> bool
[INFO] [stdout]    |    -------- required by a bound in this function
[INFO] [stdout] 57 | where
[INFO] [stdout] 58 |     T: TypeMetadata + Serialize + serde::de::DeserializeOwned + PartialEq + Debug,
[INFO] [stdout]    |                       ^^^^^^^^^ required by this bound in `run_test`
[INFO] [stdout] 
[INFO] [stdout] 
[INFO] [stdout] error[E0277]: the trait bound `for<'de> SomeUnion: Deserialize<'de>` is not satisfied
[INFO] [stdout]   --> tests/go_validation.rs:50:24
[INFO] [stdout]    |
[INFO] [stdout] 50 |     assert!(run_test::<SomeUnion>(
[INFO] [stdout]    |                        ^^^^^^^^^ the trait `for<'de> Deserialize<'de>` is not implemented for `SomeUnion`
[INFO] [stdout]    |
[INFO] [stdout]    = help: the following other types implement trait `Deserialize<'de>`:
[INFO] [stdout]              bool
[INFO] [stdout]              char
[INFO] [stdout]              isize
[INFO] [stdout]              i8
[INFO] [stdout]              i16
[INFO] [stdout]              i32
[INFO] [stdout]              i64
[INFO] [stdout]              i128
[INFO] [stdout]            and 130 others
[INFO] [stdout]    = note: required for `SomeUnion` to implement `DeserializeOwned`
[INFO] [stdout] note: required by a bound in `run_test`
[INFO] [stdout]   --> tests/go_validation.rs:58:35
[INFO] [stdout]    |
[INFO] [stdout] 56 | fn run_test<T>(test_name: &str, data: &str) -> bool
[INFO] [stdout]    |    -------- required by a bound in this function
[INFO] [stdout] 57 | where
[INFO] [stdout] 58 |     T: TypeMetadata + Serialize + serde::de::DeserializeOwned + PartialEq + Debug,
[INFO] [stdout]    |                                   ^^^^^^^^^^^^^^^^^^^^^^^^^^^ required by this bound in `run_test`
[INFO] [stdout] 
[INFO] [stdout] 
[INFO] [stdout] error[E0277]: the trait bound `StructEnum: Serialize` is not satisfied
[INFO] [stdout]    --> tests/go_marshalling.rs:92:9
[INFO] [stdout]     |
[INFO] [stdout] 89  |       run_test(
[INFO] [stdout]     |       -------- required by a bound introduced by this call
[INFO] [stdout] ...
[INFO] [stdout] 92  | /         &[
[INFO] [stdout] 93  | |             StructEnum::OptionOne {
[INFO] [stdout] 94  | |                 x: "hello".into(),
[INFO] [stdout] 95  | |                 y: 100,
[INFO] [stdout] ...   |
[INFO] [stdout] 112 | |             },
[INFO] [stdout] 113 | |         ],
[INFO] [stdout]     | |_________^ the trait `Serialize` is not implemented for `StructEnum`
[INFO] [stdout]     |
[INFO] [stdout]     = help: the following other types implement trait `Serialize`:
[INFO] [stdout]               bool
[INFO] [stdout]               char
[INFO] [stdout]               isize
[INFO] [stdout]               i8
[INFO] [stdout]               i16
[INFO] [stdout]               i32
[INFO] [stdout]               i64
[INFO] [stdout]               i128
[INFO] [stdout]             and 130 others
[INFO] [stdout] note: required by a bound in `run_test`
[INFO] [stdout]    --> tests/go_marshalling.rs:119:23
[INFO] [stdout]     |
[INFO] [stdout] 117 | fn run_test<T>(test_name: &str, type_name: &str, test_data: &[T])
[INFO] [stdout]     |    -------- required by a bound in this function
[INFO] [stdout] 118 | where
[INFO] [stdout] 119 |     T: TypeMetadata + Serialize + serde::de::DeserializeOwned + PartialEq + Debug,
[INFO] [stdout]     |                       ^^^^^^^^^ required by this bound in `run_test`
[INFO] [stdout] 
[INFO] [stdout] 
[INFO] [stdout] error[E0277]: the trait bound `for<'de> StructEnum: Deserialize<'de>` is not satisfied
[INFO] [stdout]    --> tests/go_marshalling.rs:92:9
[INFO] [stdout]     |
[INFO] [stdout] 89  |       run_test(
[INFO] [stdout]     |       -------- required by a bound introduced by this call
[INFO] [stdout] ...
[INFO] [stdout] 92  | /         &[
[INFO] [stdout] 93  | |             StructEnum::OptionOne {
[INFO] [stdout] 94  | |                 x: "hello".into(),
[INFO] [stdout] 95  | |                 y: 100,
[INFO] [stdout] ...   |
[INFO] [stdout] 112 | |             },
[INFO] [stdout] 113 | |         ],
[INFO] [stdout]     | |_________^ the trait `for<'de> Deserialize<'de>` is not implemented for `StructEnum`
[INFO] [stdout]     |
[INFO] [stdout]     = help: the following other types implement trait `Deserialize<'de>`:
[INFO] [stdout]               bool
[INFO] [stdout]               char
[INFO] [stdout]               isize
[INFO] [stdout]               i8
[INFO] [stdout]               i16
[INFO] [stdout]               i32
[INFO] [stdout]               i64
[INFO] [stdout]               i128
[INFO] [stdout]             and 130 others
[INFO] [stdout]     = note: required for `StructEnum` to implement `DeserializeOwned`
[INFO] [stdout] note: required by a bound in `run_test`
[INFO] [stdout]    --> tests/go_marshalling.rs:119:35
[INFO] [stdout]     |
[INFO] [stdout] 117 | fn run_test<T>(test_name: &str, type_name: &str, test_data: &[T])
[INFO] [stdout]     |    -------- required by a bound in this function
[INFO] [stdout] 118 | where
[INFO] [stdout] 119 |     T: TypeMetadata + Serialize + serde::de::DeserializeOwned + PartialEq + Debug,
[INFO] [stdout]     |                                   ^^^^^^^^^^^^^^^^^^^^^^^^^^^ required by this bound in `run_test`
[INFO] [stdout] 
[INFO] [stdout] 
[INFO] [stdout] error: aborting due to 12 previous errors
[INFO] [stdout] 
[INFO] [stdout] 
[INFO] [stdout] For more information about this error, try `rustc --explain E0277`.
[INFO] [stdout] 
[INFO] [stderr] error: could not compile `go-away` (test "go_validation") due to 13 previous errors
[INFO] [stderr] warning: build failed, waiting for other jobs to finish...
[INFO] [stdout] error: aborting due to 16 previous errors
[INFO] [stdout] 
[INFO] [stdout] 
[INFO] [stdout] For more information about this error, try `rustc --explain E0277`.
[INFO] [stdout] 
[INFO] [stderr] error: could not compile `go-away` (test "go_marshalling") due to 17 previous errors
[INFO] running `Command { std: "docker" "inspect" "2cdfd1332b4bfca6c9b77cdbbc64156646ae5c900e1dc967aea5e8a1e6163e45", kill_on_drop: false }`
[INFO] running `Command { std: "docker" "rm" "-f" "2cdfd1332b4bfca6c9b77cdbbc64156646ae5c900e1dc967aea5e8a1e6163e45", kill_on_drop: false }`
[INFO] [stdout] 2cdfd1332b4bfca6c9b77cdbbc64156646ae5c900e1dc967aea5e8a1e6163e45
[INFO] testing go-away-0.5.0 against beta-2023-12-22 for beta-1.76-1
[INFO] extracting crate go-away 0.5.0 into /workspace/builds/worker-5-tc2/source
[INFO] validating manifest of crates.io crate go-away 0.5.0 on toolchain beta-2023-12-22
[INFO] running `Command { std: CARGO_HOME="/workspace/cargo-home" RUSTUP_HOME="/workspace/rustup-home" "/workspace/cargo-home/bin/cargo" "+beta-2023-12-22" "metadata" "--manifest-path" "Cargo.toml" "--no-deps", kill_on_drop: false }`
[INFO] started tweaking crates.io crate go-away 0.5.0
[INFO] finished tweaking crates.io crate go-away 0.5.0
[INFO] tweaked toml for crates.io crate go-away 0.5.0 written to /workspace/builds/worker-5-tc2/source/Cargo.toml
[INFO] running `Command { std: CARGO_HOME="/workspace/cargo-home" RUSTUP_HOME="/workspace/rustup-home" "/workspace/cargo-home/bin/cargo" "+beta-2023-12-22" "generate-lockfile" "--manifest-path" "Cargo.toml", kill_on_drop: false }`
[INFO] [stderr]     Updating crates.io index
[INFO] running `Command { std: CARGO_HOME="/workspace/cargo-home" RUSTUP_HOME="/workspace/rustup-home" "/workspace/cargo-home/bin/cargo" "+beta-2023-12-22" "fetch" "--manifest-path" "Cargo.toml", kill_on_drop: false }`
[INFO] running `Command { std: "docker" "create" "-v" "/var/lib/crater-agent-workspace/builds/worker-5-tc2/target:/opt/rustwide/target:rw,Z" "-v" "/var/lib/crater-agent-workspace/builds/worker-5-tc2/source:/opt/rustwide/workdir:ro,Z" "-v" "/var/lib/crater-agent-workspace/cargo-home:/opt/rustwide/cargo-home:ro,Z" "-v" "/var/lib/crater-agent-workspace/rustup-home:/opt/rustwide/rustup-home:ro,Z" "-e" "SOURCE_DIR=/opt/rustwide/workdir" "-e" "CARGO_TARGET_DIR=/opt/rustwide/target" "-e" "CARGO_HOME=/opt/rustwide/cargo-home" "-e" "RUSTUP_HOME=/opt/rustwide/rustup-home" "-w" "/opt/rustwide/workdir" "-m" "1610612736" "--user" "0:0" "--network" "none" "ghcr.io/rust-lang/crates-build-env/linux@sha256:2788e3201cd34a07e3172128adcd8b3090168a8e3bcc40d7c032b9dda1df7d1c" "/opt/rustwide/cargo-home/bin/cargo" "+beta-2023-12-22" "metadata" "--no-deps" "--format-version=1", kill_on_drop: false }`
[INFO] [stdout] 3556fb8bfa3ddc2ef01a69414e84b882f5ba4ecd129a2d496bafaac885917c60
[INFO] running `Command { std: "docker" "start" "-a" "3556fb8bfa3ddc2ef01a69414e84b882f5ba4ecd129a2d496bafaac885917c60", kill_on_drop: false }`
[INFO] running `Command { std: "docker" "inspect" "3556fb8bfa3ddc2ef01a69414e84b882f5ba4ecd129a2d496bafaac885917c60", kill_on_drop: false }`
[INFO] running `Command { std: "docker" "rm" "-f" "3556fb8bfa3ddc2ef01a69414e84b882f5ba4ecd129a2d496bafaac885917c60", kill_on_drop: false }`
[INFO] [stdout] 3556fb8bfa3ddc2ef01a69414e84b882f5ba4ecd129a2d496bafaac885917c60
[INFO] running `Command { std: "docker" "create" "-v" "/var/lib/crater-agent-workspace/builds/worker-5-tc2/target:/opt/rustwide/target:rw,Z" "-v" "/var/lib/crater-agent-workspace/builds/worker-5-tc2/source:/opt/rustwide/workdir:ro,Z" "-v" "/var/lib/crater-agent-workspace/cargo-home:/opt/rustwide/cargo-home:ro,Z" "-v" "/var/lib/crater-agent-workspace/rustup-home:/opt/rustwide/rustup-home:ro,Z" "-e" "SOURCE_DIR=/opt/rustwide/workdir" "-e" "CARGO_TARGET_DIR=/opt/rustwide/target" "-e" "CARGO_INCREMENTAL=0" "-e" "RUST_BACKTRACE=full" "-e" "RUSTFLAGS=--cap-lints=warn" "-e" "RUSTDOCFLAGS=--cap-lints=warn" "-e" "CARGO_HOME=/opt/rustwide/cargo-home" "-e" "RUSTUP_HOME=/opt/rustwide/rustup-home" "-w" "/opt/rustwide/workdir" "-m" "1610612736" "--user" "0:0" "--network" "none" "ghcr.io/rust-lang/crates-build-env/linux@sha256:2788e3201cd34a07e3172128adcd8b3090168a8e3bcc40d7c032b9dda1df7d1c" "/opt/rustwide/cargo-home/bin/cargo" "+beta-2023-12-22" "build" "--frozen" "--message-format=json", kill_on_drop: false }`
[INFO] [stdout] 58d5fd9a482610681a0ae49af6cd67d2884d6cf20fec603f3624c339cb9c7b84
[INFO] running `Command { std: "docker" "start" "-a" "58d5fd9a482610681a0ae49af6cd67d2884d6cf20fec603f3624c339cb9c7b84", kill_on_drop: false }`
[INFO] [stderr]    Compiling syn v1.0.109
[INFO] [stderr]    Compiling indenter v0.3.3
[INFO] [stderr]    Compiling indoc v1.0.9
[INFO] [stderr]    Compiling serde_derive_internals v0.26.0
[INFO] [stderr]    Compiling go-away-derive-internals v0.5.0
[INFO] [stderr]    Compiling go-away-derive v0.5.0
[INFO] [stderr]    Compiling go-away v0.5.0 (/opt/rustwide/workdir)
[INFO] [stderr]     Finished dev [unoptimized + debuginfo] target(s) in 2.12s
[INFO] running `Command { std: "docker" "inspect" "58d5fd9a482610681a0ae49af6cd67d2884d6cf20fec603f3624c339cb9c7b84", kill_on_drop: false }`
[INFO] running `Command { std: "docker" "rm" "-f" "58d5fd9a482610681a0ae49af6cd67d2884d6cf20fec603f3624c339cb9c7b84", kill_on_drop: false }`
[INFO] [stdout] 58d5fd9a482610681a0ae49af6cd67d2884d6cf20fec603f3624c339cb9c7b84
[INFO] running `Command { std: "docker" "create" "-v" "/var/lib/crater-agent-workspace/builds/worker-5-tc2/target:/opt/rustwide/target:rw,Z" "-v" "/var/lib/crater-agent-workspace/builds/worker-5-tc2/source:/opt/rustwide/workdir:ro,Z" "-v" "/var/lib/crater-agent-workspace/cargo-home:/opt/rustwide/cargo-home:ro,Z" "-v" "/var/lib/crater-agent-workspace/rustup-home:/opt/rustwide/rustup-home:ro,Z" "-e" "SOURCE_DIR=/opt/rustwide/workdir" "-e" "CARGO_TARGET_DIR=/opt/rustwide/target" "-e" "CARGO_INCREMENTAL=0" "-e" "RUST_BACKTRACE=full" "-e" "RUSTFLAGS=--cap-lints=warn" "-e" "RUSTDOCFLAGS=--cap-lints=warn" "-e" "CARGO_HOME=/opt/rustwide/cargo-home" "-e" "RUSTUP_HOME=/opt/rustwide/rustup-home" "-w" "/opt/rustwide/workdir" "-m" "1610612736" "--user" "0:0" "--network" "none" "ghcr.io/rust-lang/crates-build-env/linux@sha256:2788e3201cd34a07e3172128adcd8b3090168a8e3bcc40d7c032b9dda1df7d1c" "/opt/rustwide/cargo-home/bin/cargo" "+beta-2023-12-22" "test" "--frozen" "--no-run" "--message-format=json", kill_on_drop: false }`
[INFO] [stdout] ab52bd452141a9eca90450dbe839587acd16f66c005510b91ab8a9140b1d17cd
[INFO] running `Command { std: "docker" "start" "-a" "ab52bd452141a9eca90450dbe839587acd16f66c005510b91ab8a9140b1d17cd", kill_on_drop: false }`
[INFO] [stderr]    Compiling serde v1.0.194
[INFO] [stderr]    Compiling linked-hash-map v0.5.6
[INFO] [stderr]    Compiling serde_json v1.0.111
[INFO] [stderr]    Compiling ryu v1.0.16
[INFO] [stderr]    Compiling similar v2.4.0
[INFO] [stderr]    Compiling itoa v1.0.10
[INFO] [stderr]    Compiling console v0.15.7
[INFO] [stderr]    Compiling yaml-rust v0.4.5
[INFO] [stderr]    Compiling insta v1.34.0
[INFO] [stderr]    Compiling go-away v0.5.0 (/opt/rustwide/workdir)
[INFO] [stdout] error: cannot find derive macro `Serialize` in this scope
[INFO] [stdout]   --> tests/go_validation.rs:15:31
[INFO] [stdout]    |
[INFO] [stdout] 15 | #[derive(TypeMetadata, Debug, Serialize, Deserialize, PartialEq)]
[INFO] [stdout]    |                               ^^^^^^^^^
[INFO] [stdout]    |
[INFO] [stdout] note: `Serialize` is imported here, but it is only a trait, without a derive macro
[INFO] [stdout]   --> tests/go_validation.rs:11:26
[INFO] [stdout]    |
[INFO] [stdout] 11 | use serde::{Deserialize, Serialize};
[INFO] [stdout]    |                          ^^^^^^^^^
[INFO] [stdout] 
[INFO] [stdout] 
[INFO] [stdout] error: cannot find derive macro `Deserialize` in this scope
[INFO] [stdout]   --> tests/go_validation.rs:15:42
[INFO] [stdout]    |
[INFO] [stdout] 15 | #[derive(TypeMetadata, Debug, Serialize, Deserialize, PartialEq)]
[INFO] [stdout]    |                                          ^^^^^^^^^^^
[INFO] [stdout]    |
[INFO] [stdout] note: `Deserialize` is imported here, but it is only a trait, without a derive macro
[INFO] [stdout]   --> tests/go_validation.rs:11:13
[INFO] [stdout]    |
[INFO] [stdout] 11 | use serde::{Deserialize, Serialize};
[INFO] [stdout]    |             ^^^^^^^^^^^
[INFO] [stdout] 
[INFO] [stdout] 
[INFO] [stdout] error: cannot find derive macro `Serialize` in this scope
[INFO] [stdout]   --> tests/go_marshalling.rs:18:31
[INFO] [stdout]    |
[INFO] [stdout] 18 | #[derive(TypeMetadata, Debug, Serialize, Deserialize, PartialEq)]
[INFO] [stdout]    |                               ^^^^^^^^^
[INFO] [stdout]    |
[INFO] [stdout] note: `Serialize` is imported here, but it is only a trait, without a derive macro
[INFO] [stdout]   --> tests/go_marshalling.rs:11:26
[INFO] [stdout]    |
[INFO] [stdout] 11 | use serde::{Deserialize, Serialize};
[INFO] [stdout]    |                          ^^^^^^^^^
[INFO] [stdout] 
[INFO] [stdout] 
[INFO] [stdout] error: cannot find derive macro `Deserialize` in this scope
[INFO] [stdout]   --> tests/go_marshalling.rs:18:42
[INFO] [stdout]    |
[INFO] [stdout] 18 | #[derive(TypeMetadata, Debug, Serialize, Deserialize, PartialEq)]
[INFO] [stdout]    |                                          ^^^^^^^^^^^
[INFO] [stdout]    |
[INFO] [stdout] note: `Deserialize` is imported here, but it is only a trait, without a derive macro
[INFO] [stdout]   --> tests/go_marshalling.rs:11:13
[INFO] [stdout]    |
[INFO] [stdout] 11 | use serde::{Deserialize, Serialize};
[INFO] [stdout]    |             ^^^^^^^^^^^
[INFO] [stdout] 
[INFO] [stdout] 
[INFO] [stdout] error: cannot find derive macro `Serialize` in this scope
[INFO] [stdout]   --> tests/go_validation.rs:22:31
[INFO] [stdout]    |
[INFO] [stdout] 22 | #[derive(TypeMetadata, Debug, Serialize, Deserialize, PartialEq)]
[INFO] [stdout]    |                               ^^^^^^^^^
[INFO] [stdout]    |
[INFO] [stdout] note: `Serialize` is imported here, but it is only a trait, without a derive macro
[INFO] [stdout]   --> tests/go_validation.rs:11:26
[INFO] [stdout]    |
[INFO] [stdout] 11 | use serde::{Deserialize, Serialize};
[INFO] [stdout]    |                          ^^^^^^^^^
[INFO] [stdout] 
[INFO] [stdout] 
[INFO] [stdout] error: cannot find derive macro `Deserialize` in this scope
[INFO] [stdout]   --> tests/go_validation.rs:22:42
[INFO] [stdout]    |
[INFO] [stdout] 22 | #[derive(TypeMetadata, Debug, Serialize, Deserialize, PartialEq)]
[INFO] [stdout]    |                                          ^^^^^^^^^^^
[INFO] [stdout]    |
[INFO] [stdout] note: `Deserialize` is imported here, but it is only a trait, without a derive macro
[INFO] [stdout]   --> tests/go_validation.rs:11:13
[INFO] [stdout]    |
[INFO] [stdout] 11 | use serde::{Deserialize, Serialize};
[INFO] [stdout]    |             ^^^^^^^^^^^
[INFO] [stdout] 
[INFO] [stdout] 
[INFO] [stdout] error: cannot find derive macro `Serialize` in this scope
[INFO] [stdout]   --> tests/go_marshalling.rs:25:31
[INFO] [stdout]    |
[INFO] [stdout] 25 | #[derive(TypeMetadata, Debug, Serialize, Deserialize, PartialEq)]
[INFO] [stdout]    |                               ^^^^^^^^^
[INFO] [stdout]    |
[INFO] [stdout] note: `Serialize` is imported here, but it is only a trait, without a derive macro
[INFO] [stdout]   --> tests/go_marshalling.rs:11:26
[INFO] [stdout]    |
[INFO] [stdout] 11 | use serde::{Deserialize, Serialize};
[INFO] [stdout]    |                          ^^^^^^^^^
[INFO] [stdout] 
[INFO] [stdout] 
[INFO] [stdout] error: cannot find derive macro `Deserialize` in this scope
[INFO] [stdout]   --> tests/go_marshalling.rs:25:42
[INFO] [stdout]    |
[INFO] [stdout] 25 | #[derive(TypeMetadata, Debug, Serialize, Deserialize, PartialEq)]
[INFO] [stdout]    |                                          ^^^^^^^^^^^
[INFO] [stdout]    |
[INFO] [stdout] note: `Deserialize` is imported here, but it is only a trait, without a derive macro
[INFO] [stdout]   --> tests/go_marshalling.rs:11:13
[INFO] [stdout]    |
[INFO] [stdout] 11 | use serde::{Deserialize, Serialize};
[INFO] [stdout]    |             ^^^^^^^^^^^
[INFO] [stdout] 
[INFO] [stdout] 
[INFO] [stdout] error: cannot find derive macro `Serialize` in this scope
[INFO] [stdout]   --> tests/go_validation.rs:27:31
[INFO] [stdout]    |
[INFO] [stdout] 27 | #[derive(TypeMetadata, Debug, Serialize, Deserialize, PartialEq)]
[INFO] [stdout]    |                               ^^^^^^^^^
[INFO] [stdout]    |
[INFO] [stdout] note: `Serialize` is imported here, but it is only a trait, without a derive macro
[INFO] [stdout]   --> tests/go_validation.rs:11:26
[INFO] [stdout]    |
[INFO] [stdout] 11 | use serde::{Deserialize, Serialize};
[INFO] [stdout]    |                          ^^^^^^^^^
[INFO] [stdout] 
[INFO] [stdout] 
[INFO] [stdout] error: cannot find derive macro `Deserialize` in this scope
[INFO] [stdout]   --> tests/go_validation.rs:27:42
[INFO] [stdout]    |
[INFO] [stdout] 27 | #[derive(TypeMetadata, Debug, Serialize, Deserialize, PartialEq)]
[INFO] [stdout]    |                                          ^^^^^^^^^^^
[INFO] [stdout]    |
[INFO] [stdout] note: `Deserialize` is imported here, but it is only a trait, without a derive macro
[INFO] [stdout]   --> tests/go_validation.rs:11:13
[INFO] [stdout]    |
[INFO] [stdout] 11 | use serde::{Deserialize, Serialize};
[INFO] [stdout]    |             ^^^^^^^^^^^
[INFO] [stdout] 
[INFO] [stdout] 
[INFO] [stdout] error: cannot find derive macro `Serialize` in this scope
[INFO] [stdout]   --> tests/go_marshalling.rs:30:31
[INFO] [stdout]    |
[INFO] [stdout] 30 | #[derive(TypeMetadata, Debug, Serialize, Deserialize, PartialEq)]
[INFO] [stdout]    |                               ^^^^^^^^^
[INFO] [stdout]    |
[INFO] [stdout] note: `Serialize` is imported here, but it is only a trait, without a derive macro
[INFO] [stdout]   --> tests/go_marshalling.rs:11:26
[INFO] [stdout]    |
[INFO] [stdout] 11 | use serde::{Deserialize, Serialize};
[INFO] [stdout]    |                          ^^^^^^^^^
[INFO] [stdout] 
[INFO] [stdout] 
[INFO] [stdout] error: cannot find derive macro `Deserialize` in this scope
[INFO] [stdout]   --> tests/go_marshalling.rs:30:42
[INFO] [stdout]    |
[INFO] [stdout] 30 | #[derive(TypeMetadata, Debug, Serialize, Deserialize, PartialEq)]
[INFO] [stdout]    |                                          ^^^^^^^^^^^
[INFO] [stdout]    |
[INFO] [stdout] note: `Deserialize` is imported here, but it is only a trait, without a derive macro
[INFO] [stdout]   --> tests/go_marshalling.rs:11:13
[INFO] [stdout]    |
[INFO] [stdout] 11 | use serde::{Deserialize, Serialize};
[INFO] [stdout]    |             ^^^^^^^^^^^
[INFO] [stdout] 
[INFO] [stdout] 
[INFO] [stdout] error: cannot find derive macro `Serialize` in this scope
[INFO] [stdout]   --> tests/go_marshalling.rs:47:31
[INFO] [stdout]    |
[INFO] [stdout] 47 | #[derive(TypeMetadata, Debug, Serialize, Deserialize, PartialEq)]
[INFO] [stdout]    |                               ^^^^^^^^^
[INFO] [stdout]    |
[INFO] [stdout] note: `Serialize` is imported here, but it is only a trait, without a derive macro
[INFO] [stdout]   --> tests/go_marshalling.rs:11:26
[INFO] [stdout]    |
[INFO] [stdout] 11 | use serde::{Deserialize, Serialize};
[INFO] [stdout]    |                          ^^^^^^^^^
[INFO] [stdout] 
[INFO] [stdout] 
[INFO] [stdout] error: cannot find derive macro `Deserialize` in this scope
[INFO] [stdout]   --> tests/go_marshalling.rs:47:42
[INFO] [stdout]    |
[INFO] [stdout] 47 | #[derive(TypeMetadata, Debug, Serialize, Deserialize, PartialEq)]
[INFO] [stdout]    |                                          ^^^^^^^^^^^
[INFO] [stdout]    |
[INFO] [stdout] note: `Deserialize` is imported here, but it is only a trait, without a derive macro
[INFO] [stdout]   --> tests/go_marshalling.rs:11:13
[INFO] [stdout]    |
[INFO] [stdout] 11 | use serde::{Deserialize, Serialize};
[INFO] [stdout]    |             ^^^^^^^^^^^
[INFO] [stdout] 
[INFO] [stdout] 
[INFO] [stdout] error: cannot find derive macro `Serialize` in this scope
[INFO] [stdout]   --> tests/go_marshalling.rs:61:31
[INFO] [stdout]    |
[INFO] [stdout] 61 | #[derive(TypeMetadata, Debug, Serialize, Deserialize, PartialEq)]
[INFO] [stdout]    |                               ^^^^^^^^^
[INFO] [stdout]    |
[INFO] [stdout] note: `Serialize` is imported here, but it is only a trait, without a derive macro
[INFO] [stdout]   --> tests/go_marshalling.rs:11:26
[INFO] [stdout]    |
[INFO] [stdout] 11 | use serde::{Deserialize, Serialize};
[INFO] [stdout]    |                          ^^^^^^^^^
[INFO] [stdout] 
[INFO] [stdout] 
[INFO] [stdout] error: cannot find derive macro `Deserialize` in this scope
[INFO] [stdout]   --> tests/go_marshalling.rs:61:42
[INFO] [stdout]    |
[INFO] [stdout] 61 | #[derive(TypeMetadata, Debug, Serialize, Deserialize, PartialEq)]
[INFO] [stdout]    |                                          ^^^^^^^^^^^
[INFO] [stdout]    |
[INFO] [stdout] note: `Deserialize` is imported here, but it is only a trait, without a derive macro
[INFO] [stdout]   --> tests/go_marshalling.rs:11:13
[INFO] [stdout]    |
[INFO] [stdout] 11 | use serde::{Deserialize, Serialize};
[INFO] [stdout]    |             ^^^^^^^^^^^
[INFO] [stdout] 
[INFO] [stdout] 
[INFO] [stdout] error: cannot find derive macro `Serialize` in this scope
[INFO] [stdout]   --> tests/go_marshalling.rs:69:31
[INFO] [stdout]    |
[INFO] [stdout] 69 | #[derive(TypeMetadata, Debug, Serialize, Deserialize, PartialEq)]
[INFO] [stdout]    |                               ^^^^^^^^^
[INFO] [stdout]    |
[INFO] [stdout] note: `Serialize` is imported here, but it is only a trait, without a derive macro
[INFO] [stdout]   --> tests/go_marshalling.rs:11:26
[INFO] [stdout]    |
[INFO] [stdout] 11 | use serde::{Deserialize, Serialize};
[INFO] [stdout]    |                          ^^^^^^^^^
[INFO] [stdout] 
[INFO] [stdout] 
[INFO] [stdout] error: cannot find derive macro `Deserialize` in this scope
[INFO] [stdout]   --> tests/go_marshalling.rs:69:42
[INFO] [stdout]    |
[INFO] [stdout] 69 | #[derive(TypeMetadata, Debug, Serialize, Deserialize, PartialEq)]
[INFO] [stdout]    |                                          ^^^^^^^^^^^
[INFO] [stdout]    |
[INFO] [stdout] note: `Deserialize` is imported here, but it is only a trait, without a derive macro
[INFO] [stdout]   --> tests/go_marshalling.rs:11:13
[INFO] [stdout]    |
[INFO] [stdout] 11 | use serde::{Deserialize, Serialize};
[INFO] [stdout]    |             ^^^^^^^^^^^
[INFO] [stdout] 
[INFO] [stdout] 
[INFO] [stdout] error[E0277]: the trait bound `SomeUnion: Serialize` is not satisfied
[INFO] [stdout]   --> tests/go_validation.rs:34:24
[INFO] [stdout]    |
[INFO] [stdout] 34 |     assert!(run_test::<SomeUnion>(
[INFO] [stdout]    |                        ^^^^^^^^^ the trait `Serialize` is not implemented for `SomeUnion`
[INFO] [stdout]    |
[INFO] [stdout]    = help: the following other types implement trait `Serialize`:
[INFO] [stdout]              bool
[INFO] [stdout]              char
[INFO] [stdout]              isize
[INFO] [stdout]              i8
[INFO] [stdout]              i16
[INFO] [stdout]              i32
[INFO] [stdout]              i64
[INFO] [stdout]              i128
[INFO] [stdout]            and 130 others
[INFO] [stdout] note: required by a bound in `run_test`
[INFO] [stdout]   --> tests/go_validation.rs:58:23
[INFO] [stdout]    |
[INFO] [stdout] 56 | fn run_test<T>(test_name: &str, data: &str) -> bool
[INFO] [stdout]    |    -------- required by a bound in this function
[INFO] [stdout] 57 | where
[INFO] [stdout] 58 |     T: TypeMetadata + Serialize + serde::de::DeserializeOwned + PartialEq + Debug,
[INFO] [stdout]    |                       ^^^^^^^^^ required by this bound in `run_test`
[INFO] [stdout] 
[INFO] [stdout] 
[INFO] [stdout] error[E0277]: the trait bound `InternallyTaggedTupleEnum: Serialize` is not satisfied
[INFO] [stdout]    --> tests/go_marshalling.rs:40:9
[INFO] [stdout]     |
[INFO] [stdout] 37  |       run_test(
[INFO] [stdout]     |       -------- required by a bound introduced by this call
[INFO] [stdout] ...
[INFO] [stdout] 40  | /         &[
[INFO] [stdout] 41  | |             InternallyTaggedTupleEnum::One(One { x: 1.0 }),
[INFO] [stdout] 42  | |             InternallyTaggedTupleEnum::Two(Two { y: true }),
[INFO] [stdout] 43  | |         ],
[INFO] [stdout]     | |_________^ the trait `Serialize` is not implemented for `InternallyTaggedTupleEnum`
[INFO] [stdout]     |
[INFO] [stdout]     = help: the following other types implement trait `Serialize`:
[INFO] [stdout]               bool
[INFO] [stdout]               char
[INFO] [stdout]               isize
[INFO] [stdout]               i8
[INFO] [stdout]               i16
[INFO] [stdout]               i32
[INFO] [stdout]               i64
[INFO] [stdout]               i128
[INFO] [stdout]             and 130 others
[INFO] [stdout] note: required by a bound in `run_test`
[INFO] [stdout]    --> tests/go_marshalling.rs:119:23
[INFO] [stdout]     |
[INFO] [stdout] 117 | fn run_test<T>(test_name: &str, type_name: &str, test_data: &[T])
[INFO] [stdout]     |    -------- required by a bound in this function
[INFO] [stdout] 118 | where
[INFO] [stdout] 119 |     T: TypeMetadata + Serialize + serde::de::DeserializeOwned + PartialEq + Debug,
[INFO] [stdout]     |                       ^^^^^^^^^ required by this bound in `run_test`
[INFO] [stdout] 
[INFO] [stdout] 
[INFO] [stdout] error[E0277]: the trait bound `for<'de> SomeUnion: Deserialize<'de>` is not satisfied
[INFO] [stdout]   --> tests/go_validation.rs:34:24
[INFO] [stdout]    |
[INFO] [stdout] 34 |     assert!(run_test::<SomeUnion>(
[INFO] [stdout]    |                        ^^^^^^^^^ the trait `for<'de> Deserialize<'de>` is not implemented for `SomeUnion`
[INFO] [stdout]    |
[INFO] [stdout]    = help: the following other types implement trait `Deserialize<'de>`:
[INFO] [stdout]              bool
[INFO] [stdout]              char
[INFO] [stdout]              isize
[INFO] [stdout]              i8
[INFO] [stdout]              i16
[INFO] [stdout]              i32
[INFO] [stdout]              i64
[INFO] [stdout]              i128
[INFO] [stdout]            and 130 others
[INFO] [stdout]    = note: required for `SomeUnion` to implement `DeserializeOwned`
[INFO] [stdout] note: required by a bound in `run_test`
[INFO] [stdout]   --> tests/go_validation.rs:58:35
[INFO] [stdout]    |
[INFO] [stdout] 56 | fn run_test<T>(test_name: &str, data: &str) -> bool
[INFO] [stdout]    |    -------- required by a bound in this function
[INFO] [stdout] 57 | where
[INFO] [stdout] 58 |     T: TypeMetadata + Serialize + serde::de::DeserializeOwned + PartialEq + Debug,
[INFO] [stdout]    |                                   ^^^^^^^^^^^^^^^^^^^^^^^^^^^ required by this bound in `run_test`
[INFO] [stdout] 
[INFO] [stdout] 
[INFO] [stdout] error[E0277]: the trait bound `for<'de> InternallyTaggedTupleEnum: Deserialize<'de>` is not satisfied
[INFO] [stdout]    --> tests/go_marshalling.rs:40:9
[INFO] [stdout]     |
[INFO] [stdout] 37  |       run_test(
[INFO] [stdout]     |       -------- required by a bound introduced by this call
[INFO] [stdout] ...
[INFO] [stdout] 40  | /         &[
[INFO] [stdout] 41  | |             InternallyTaggedTupleEnum::One(One { x: 1.0 }),
[INFO] [stdout] 42  | |             InternallyTaggedTupleEnum::Two(Two { y: true }),
[INFO] [stdout] 43  | |         ],
[INFO] [stdout]     | |_________^ the trait `for<'de> Deserialize<'de>` is not implemented for `InternallyTaggedTupleEnum`
[INFO] [stdout]     |
[INFO] [stdout]     = help: the following other types implement trait `Deserialize<'de>`:
[INFO] [stdout]               bool
[INFO] [stdout]               char
[INFO] [stdout]               isize
[INFO] [stdout]               i8
[INFO] [stdout]               i16
[INFO] [stdout]               i32
[INFO] [stdout]               i64
[INFO] [stdout]               i128
[INFO] [stdout]             and 130 others
[INFO] [stdout]     = note: required for `InternallyTaggedTupleEnum` to implement `DeserializeOwned`
[INFO] [stdout] note: required by a bound in `run_test`
[INFO] [stdout]    --> tests/go_marshalling.rs:119:35
[INFO] [stdout]     |
[INFO] [stdout] 117 | fn run_test<T>(test_name: &str, type_name: &str, test_data: &[T])
[INFO] [stdout]     |    -------- required by a bound in this function
[INFO] [stdout] 118 | where
[INFO] [stdout] 119 |     T: TypeMetadata + Serialize + serde::de::DeserializeOwned + PartialEq + Debug,
[INFO] [stdout]     |                                   ^^^^^^^^^^^^^^^^^^^^^^^^^^^ required by this bound in `run_test`
[INFO] [stdout] 
[INFO] [stdout] 
[INFO] [stdout] error[E0277]: the trait bound `SomeUnion: Serialize` is not satisfied
[INFO] [stdout]   --> tests/go_validation.rs:42:25
[INFO] [stdout]    |
[INFO] [stdout] 42 |     assert!(!run_test::<SomeUnion>(
[INFO] [stdout]    |                         ^^^^^^^^^ the trait `Serialize` is not implemented for `SomeUnion`
[INFO] [stdout]    |
[INFO] [stdout]    = help: the following other types implement trait `Serialize`:
[INFO] [stdout]              bool
[INFO] [stdout]              char
[INFO] [stdout]              isize
[INFO] [stdout]              i8
[INFO] [stdout]              i16
[INFO] [stdout]              i32
[INFO] [stdout]              i64
[INFO] [stdout]              i128
[INFO] [stdout]            and 130 others
[INFO] [stdout] note: required by a bound in `run_test`
[INFO] [stdout]   --> tests/go_validation.rs:58:23
[INFO] [stdout]    |
[INFO] [stdout] 56 | fn run_test<T>(test_name: &str, data: &str) -> bool
[INFO] [stdout]    |    -------- required by a bound in this function
[INFO] [stdout] 57 | where
[INFO] [stdout] 58 |     T: TypeMetadata + Serialize + serde::de::DeserializeOwned + PartialEq + Debug,
[INFO] [stdout]    |                       ^^^^^^^^^ required by this bound in `run_test`
[INFO] [stdout] 
[INFO] [stdout] 
[INFO] [stdout] error[E0277]: the trait bound `for<'de> SomeUnion: Deserialize<'de>` is not satisfied
[INFO] [stdout]   --> tests/go_validation.rs:42:25
[INFO] [stdout]    |
[INFO] [stdout] 42 |     assert!(!run_test::<SomeUnion>(
[INFO] [stdout]    |                         ^^^^^^^^^ the trait `for<'de> Deserialize<'de>` is not implemented for `SomeUnion`
[INFO] [stdout]    |
[INFO] [stdout]    = help: the following other types implement trait `Deserialize<'de>`:
[INFO] [stdout]              bool
[INFO] [stdout]              char
[INFO] [stdout]              isize
[INFO] [stdout]              i8
[INFO] [stdout]              i16
[INFO] [stdout]              i32
[INFO] [stdout]              i64
[INFO] [stdout]              i128
[INFO] [stdout]            and 130 others
[INFO] [stdout]    = note: required for `SomeUnion` to implement `DeserializeOwned`
[INFO] [stdout] note: required by a bound in `run_test`
[INFO] [stdout]   --> tests/go_validation.rs:58:35
[INFO] [stdout]    |
[INFO] [stdout] 56 | fn run_test<T>(test_name: &str, data: &str) -> bool
[INFO] [stdout]    |    -------- required by a bound in this function
[INFO] [stdout] 57 | where
[INFO] [stdout] 58 |     T: TypeMetadata + Serialize + serde::de::DeserializeOwned + PartialEq + Debug,
[INFO] [stdout]    |                                   ^^^^^^^^^^^^^^^^^^^^^^^^^^^ required by this bound in `run_test`
[INFO] [stdout] 
[INFO] [stdout] 
[INFO] [stdout] error[E0277]: the trait bound `SomeUnion: Serialize` is not satisfied
[INFO] [stdout]   --> tests/go_validation.rs:50:24
[INFO] [stdout]    |
[INFO] [stdout] 50 |     assert!(run_test::<SomeUnion>(
[INFO] [stdout]    |                        ^^^^^^^^^ the trait `Serialize` is not implemented for `SomeUnion`
[INFO] [stdout]    |
[INFO] [stdout]    = help: the following other types implement trait `Serialize`:
[INFO] [stdout]              bool
[INFO] [stdout]              char
[INFO] [stdout]              isize
[INFO] [stdout]              i8
[INFO] [stdout]              i16
[INFO] [stdout]              i32
[INFO] [stdout]              i64
[INFO] [stdout]              i128
[INFO] [stdout]            and 130 others
[INFO] [stdout] note: required by a bound in `run_test`
[INFO] [stdout]   --> tests/go_validation.rs:58:23
[INFO] [stdout]    |
[INFO] [stdout] 56 | fn run_test<T>(test_name: &str, data: &str) -> bool
[INFO] [stdout]    |    -------- required by a bound in this function
[INFO] [stdout] 57 | where
[INFO] [stdout] 58 |     T: TypeMetadata + Serialize + serde::de::DeserializeOwned + PartialEq + Debug,
[INFO] [stdout]    |                       ^^^^^^^^^ required by this bound in `run_test`
[INFO] [stdout] 
[INFO] [stdout] 
[INFO] [stdout] error[E0277]: the trait bound `for<'de> SomeUnion: Deserialize<'de>` is not satisfied
[INFO] [stdout]   --> tests/go_validation.rs:50:24
[INFO] [stdout]    |
[INFO] [stdout] 50 |     assert!(run_test::<SomeUnion>(
[INFO] [stdout]    |                        ^^^^^^^^^ the trait `for<'de> Deserialize<'de>` is not implemented for `SomeUnion`
[INFO] [stdout]    |
[INFO] [stdout]    = help: the following other types implement trait `Deserialize<'de>`:
[INFO] [stdout]              bool
[INFO] [stdout]              char
[INFO] [stdout]              isize
[INFO] [stdout]              i8
[INFO] [stdout]              i16
[INFO] [stdout]              i32
[INFO] [stdout]              i64
[INFO] [stdout]              i128
[INFO] [stdout]            and 130 others
[INFO] [stdout]    = note: required for `SomeUnion` to implement `DeserializeOwned`
[INFO] [stdout] note: required by a bound in `run_test`
[INFO] [stdout]   --> tests/go_validation.rs:58:35
[INFO] [stdout]    |
[INFO] [stdout] 56 | fn run_test<T>(test_name: &str, data: &str) -> bool
[INFO] [stdout]    |    -------- required by a bound in this function
[INFO] [stdout] 57 | where
[INFO] [stdout] 58 |     T: TypeMetadata + Serialize + serde::de::DeserializeOwned + PartialEq + Debug,
[INFO] [stdout]    |                                   ^^^^^^^^^^^^^^^^^^^^^^^^^^^ required by this bound in `run_test`
[INFO] [stdout] 
[INFO] [stdout] 
[INFO] [stdout] error[E0277]: the trait bound `StructEnum: Serialize` is not satisfied
[INFO] [stdout]    --> tests/go_marshalling.rs:92:9
[INFO] [stdout]     |
[INFO] [stdout] 89  |       run_test(
[INFO] [stdout]     |       -------- required by a bound introduced by this call
[INFO] [stdout] ...
[INFO] [stdout] 92  | /         &[
[INFO] [stdout] 93  | |             StructEnum::OptionOne {
[INFO] [stdout] 94  | |                 x: "hello".into(),
[INFO] [stdout] 95  | |                 y: 100,
[INFO] [stdout] ...   |
[INFO] [stdout] 112 | |             },
[INFO] [stdout] 113 | |         ],
[INFO] [stdout]     | |_________^ the trait `Serialize` is not implemented for `StructEnum`
[INFO] [stdout]     |
[INFO] [stdout]     = help: the following other types implement trait `Serialize`:
[INFO] [stdout]               bool
[INFO] [stdout]               char
[INFO] [stdout]               isize
[INFO] [stdout]               i8
[INFO] [stdout]               i16
[INFO] [stdout]               i32
[INFO] [stdout]               i64
[INFO] [stdout]               i128
[INFO] [stdout]             and 130 others
[INFO] [stdout] note: required by a bound in `run_test`
[INFO] [stdout]    --> tests/go_marshalling.rs:119:23
[INFO] [stdout]     |
[INFO] [stdout] 117 | fn run_test<T>(test_name: &str, type_name: &str, test_data: &[T])
[INFO] [stdout]     |    -------- required by a bound in this function
[INFO] [stdout] 118 | where
[INFO] [stdout] 119 |     T: TypeMetadata + Serialize + serde::de::DeserializeOwned + PartialEq + Debug,
[INFO] [stdout]     |                       ^^^^^^^^^ required by this bound in `run_test`
[INFO] [stdout] 
[INFO] [stdout] 
[INFO] [stdout] error[E0277]: the trait bound `for<'de> StructEnum: Deserialize<'de>` is not satisfied
[INFO] [stdout]    --> tests/go_marshalling.rs:92:9
[INFO] [stdout]     |
[INFO] [stdout] 89  |       run_test(
[INFO] [stdout]     |       -------- required by a bound introduced by this call
[INFO] [stdout] ...
[INFO] [stdout] 92  | /         &[
[INFO] [stdout] 93  | |             StructEnum::OptionOne {
[INFO] [stdout] 94  | |                 x: "hello".into(),
[INFO] [stdout] 95  | |                 y: 100,
[INFO] [stdout] ...   |
[INFO] [stdout] 112 | |             },
[INFO] [stdout] 113 | |         ],
[INFO] [stdout]     | |_________^ the trait `for<'de> Deserialize<'de>` is not implemented for `StructEnum`
[INFO] [stdout]     |
[INFO] [stdout]     = help: the following other types implement trait `Deserialize<'de>`:
[INFO] [stdout]               bool
[INFO] [stdout]               char
[INFO] [stdout]               isize
[INFO] [stdout]               i8
[INFO] [stdout]               i16
[INFO] [stdout]               i32
[INFO] [stdout]               i64
[INFO] [stdout]               i128
[INFO] [stdout]             and 130 others
[INFO] [stdout]     = note: required for `StructEnum` to implement `DeserializeOwned`
[INFO] [stdout] note: required by a bound in `run_test`
[INFO] [stdout]    --> tests/go_marshalling.rs:119:35
[INFO] [stdout]     |
[INFO] [stdout] 117 | fn run_test<T>(test_name: &str, type_name: &str, test_data: &[T])
[INFO] [stdout]     |    -------- required by a bound in this function
[INFO] [stdout] 118 | where
[INFO] [stdout] 119 |     T: TypeMetadata + Serialize + serde::de::DeserializeOwned + PartialEq + Debug,
[INFO] [stdout]     |                                   ^^^^^^^^^^^^^^^^^^^^^^^^^^^ required by this bound in `run_test`
[INFO] [stdout] 
[INFO] [stdout] 
[INFO] [stdout] error: aborting due to 12 previous errors
[INFO] [stdout] 
[INFO] [stdout] 
[INFO] [stdout] For more information about this error, try `rustc --explain E0277`.
[INFO] [stdout] 
[INFO] [stdout] error: aborting due to 16 previous errors
[INFO] [stdout] 
[INFO] [stdout] 
[INFO] [stdout] For more information about this error, try `rustc --explain E0277`.
[INFO] [stdout] 
[INFO] [stderr] error: could not compile `go-away` (test "go_validation") due to 13 previous errors
[INFO] [stderr] warning: build failed, waiting for other jobs to finish...
[INFO] [stderr] error: could not compile `go-away` (test "go_marshalling") due to 17 previous errors
[INFO] running `Command { std: "docker" "inspect" "ab52bd452141a9eca90450dbe839587acd16f66c005510b91ab8a9140b1d17cd", kill_on_drop: false }`
[INFO] running `Command { std: "docker" "rm" "-f" "ab52bd452141a9eca90450dbe839587acd16f66c005510b91ab8a9140b1d17cd", kill_on_drop: false }`
[INFO] [stdout] ab52bd452141a9eca90450dbe839587acd16f66c005510b91ab8a9140b1d17cd
