[INFO] fetching crate gmt_dos-clients_windloads 2.0.1...
[INFO] testing gmt_dos-clients_windloads-2.0.1 against 1.75.0 for beta-1.76-1
[INFO] extracting crate gmt_dos-clients_windloads 2.0.1 into /workspace/builds/worker-1-tc1/source
[INFO] validating manifest of crates.io crate gmt_dos-clients_windloads 2.0.1 on toolchain 1.75.0
[INFO] running `Command { std: CARGO_HOME="/workspace/cargo-home" RUSTUP_HOME="/workspace/rustup-home" "/workspace/cargo-home/bin/cargo" "+1.75.0" "metadata" "--manifest-path" "Cargo.toml" "--no-deps", kill_on_drop: false }`
[INFO] started tweaking crates.io crate gmt_dos-clients_windloads 2.0.1
[INFO] finished tweaking crates.io crate gmt_dos-clients_windloads 2.0.1
[INFO] tweaked toml for crates.io crate gmt_dos-clients_windloads 2.0.1 written to /workspace/builds/worker-1-tc1/source/Cargo.toml
[INFO] crate crates.io crate gmt_dos-clients_windloads 2.0.1 already has a lockfile, it will not be regenerated
[INFO] running `Command { std: CARGO_HOME="/workspace/cargo-home" RUSTUP_HOME="/workspace/rustup-home" "/workspace/cargo-home/bin/cargo" "+1.75.0" "fetch" "--manifest-path" "Cargo.toml", kill_on_drop: false }`
[INFO] [stderr]     Updating crates.io index
[INFO] [stderr]     Blocking waiting for file lock on package cache
[INFO] [stderr]  Downloading crates ...
[INFO] [stderr]   Downloaded nalgebra-macros v0.2.0
[INFO] [stderr]   Downloaded skyangle v0.2.2
[INFO] [stderr]   Downloaded pest v2.6.0
[INFO] [stderr]   Downloaded zstd v0.12.3+zstd.1.5.2
[INFO] [stderr]   Downloaded py_literal v0.4.0
[INFO] [stderr]   Downloaded transpose v0.2.2
[INFO] [stderr]   Downloaded arrow-select v30.0.1
[INFO] [stderr]   Downloaded pest_meta v2.6.0
[INFO] [stderr]   Downloaded triangle-rs v0.1.2
[INFO] [stderr]   Downloaded zstd-sys v2.0.7+zstd.1.5.4
[INFO] [stderr]   Downloaded nalgebra v0.32.2
[INFO] [stderr]   Downloaded rustfft v6.1.0
[INFO] [stderr]   Downloaded parquet v30.0.1
[INFO] [stderr]   Downloaded matio-rs-sys v0.2.2
[INFO] [stderr]   Downloaded npyz v0.8.1
[INFO] [stderr]   Downloaded parse-monitors v0.2.3
[INFO] [stderr]   Downloaded gmt-fem v4.0.1
[INFO] [stderr]   Downloaded gmt_dos-clients_fem v2.1.1
[INFO] [stderr]   Downloaded gmt_dos-clients_mount v1.1.0
[INFO] [stderr]   Downloaded gmt_dos-actors v7.0.0
[INFO] [stderr]   Downloaded gmt-lom v2.0.0
[INFO] [stderr]   Downloaded gmt_dos-clients_arrow v1.0.3
[INFO] [stderr]   Downloaded gmt_dos-clients v2.1.0
[INFO] [stderr]   Downloaded gmt_dos-clients_io v2.1.0
[INFO] [stderr]   Downloaded gmt_mount-ctrl_driver v0.0.2
[INFO] [stderr]   Downloaded syn v2.0.12
[INFO] [stderr]   Downloaded serde-pickle v1.1.1
[INFO] [stderr]   Downloaded arrow-ipc v30.0.1
[INFO] [stderr]   Downloaded arrow-array v30.0.1
[INFO] [stderr]   Downloaded wide v0.7.8
[INFO] [stderr]   Downloaded flume v0.10.13
[INFO] [stderr]   Downloaded pest_derive v2.6.0
[INFO] [stderr]   Downloaded arrow-ord v30.0.1
[INFO] [stderr]   Downloaded arrow-string v30.0.1
[INFO] [stderr]   Downloaded arrow-schema v30.0.1
[INFO] [stderr]   Downloaded welch-sde v0.1.0
[INFO] [stderr]   Downloaded flatbuffers v22.9.29
[INFO] [stderr]   Downloaded arrow-data v30.0.1
[INFO] [stderr]   Downloaded linya v0.3.0
[INFO] [stderr]   Downloaded strength_reduce v0.2.4
[INFO] [stderr]   Downloaded serde-pickle v0.6.3
[INFO] [stderr]   Downloaded matio-rs v1.3.1
[INFO] [stderr]   Downloaded zstd-safe v6.0.4+zstd.1.5.4
[INFO] [stderr]   Downloaded arrow-json v30.0.1
[INFO] [stderr]   Downloaded arrow-cast v30.0.1
[INFO] [stderr]   Downloaded primal-check v0.3.3
[INFO] [stderr]   Downloaded snap v1.1.0
[INFO] [stderr]   Downloaded simba v0.8.0
[INFO] [stderr]   Downloaded iter-read v0.3.1
[INFO] [stderr]   Downloaded geotrans v0.1.1
[INFO] [stderr]   Downloaded matio-rs_derive v0.1.0
[INFO] [stderr]   Downloaded const-random v0.1.15
[INFO] [stderr]   Downloaded gmt_mount-ctrl_controller v0.1.0
[INFO] [stderr]   Downloaded clang-sys v1.6.0
[INFO] [stderr]   Downloaded geotrans v0.2.2
[INFO] [stderr]   Downloaded arrow-arith v30.0.1
[INFO] [stderr]   Downloaded arrow-row v30.0.1
[INFO] [stderr]   Downloaded vec_box v1.0.0
[INFO] [stderr]   Downloaded dos-uid-derive v2.0.0
[INFO] [stderr]   Downloaded arrow-buffer v30.0.1
[INFO] [stderr]   Downloaded seq-macro v0.3.3
[INFO] [stderr]   Downloaded pest_generator v2.6.0
[INFO] [stderr]   Downloaded portable-atomic v0.3.19
[INFO] [stderr]   Downloaded simulink-rs v3.0.2
[INFO] [stderr]   Downloaded arrow-csv v30.0.1
[INFO] [stderr]   Downloaded arrow v30.0.1
[INFO] [stderr]   Downloaded paris v1.5.13
[INFO] [stderr]   Downloaded skyangle v0.1.2
[INFO] [stderr]   Downloaded const-random-macro v0.1.15
[INFO] running `Command { std: "docker" "create" "-v" "/var/lib/crater-agent-workspace/builds/worker-1-tc1/target:/opt/rustwide/target:rw,Z" "-v" "/var/lib/crater-agent-workspace/builds/worker-1-tc1/source:/opt/rustwide/workdir:ro,Z" "-v" "/var/lib/crater-agent-workspace/cargo-home:/opt/rustwide/cargo-home:ro,Z" "-v" "/var/lib/crater-agent-workspace/rustup-home:/opt/rustwide/rustup-home:ro,Z" "-e" "SOURCE_DIR=/opt/rustwide/workdir" "-e" "CARGO_TARGET_DIR=/opt/rustwide/target" "-e" "CARGO_HOME=/opt/rustwide/cargo-home" "-e" "RUSTUP_HOME=/opt/rustwide/rustup-home" "-w" "/opt/rustwide/workdir" "-m" "1610612736" "--user" "0:0" "--network" "none" "ghcr.io/rust-lang/crates-build-env/linux@sha256:2788e3201cd34a07e3172128adcd8b3090168a8e3bcc40d7c032b9dda1df7d1c" "/opt/rustwide/cargo-home/bin/cargo" "+1.75.0" "metadata" "--no-deps" "--format-version=1", kill_on_drop: false }`
[INFO] [stdout] 740ad72c789d9db2c9ca7283ee563a31115aa58d6a419d1200712e6b4702dbd7
[INFO] running `Command { std: "docker" "start" "-a" "740ad72c789d9db2c9ca7283ee563a31115aa58d6a419d1200712e6b4702dbd7", kill_on_drop: false }`
[INFO] running `Command { std: "docker" "inspect" "740ad72c789d9db2c9ca7283ee563a31115aa58d6a419d1200712e6b4702dbd7", kill_on_drop: false }`
[INFO] running `Command { std: "docker" "rm" "-f" "740ad72c789d9db2c9ca7283ee563a31115aa58d6a419d1200712e6b4702dbd7", kill_on_drop: false }`
[INFO] [stdout] 740ad72c789d9db2c9ca7283ee563a31115aa58d6a419d1200712e6b4702dbd7
[INFO] running `Command { std: "docker" "create" "-v" "/var/lib/crater-agent-workspace/builds/worker-1-tc1/target:/opt/rustwide/target:rw,Z" "-v" "/var/lib/crater-agent-workspace/builds/worker-1-tc1/source:/opt/rustwide/workdir:ro,Z" "-v" "/var/lib/crater-agent-workspace/cargo-home:/opt/rustwide/cargo-home:ro,Z" "-v" "/var/lib/crater-agent-workspace/rustup-home:/opt/rustwide/rustup-home:ro,Z" "-e" "SOURCE_DIR=/opt/rustwide/workdir" "-e" "CARGO_TARGET_DIR=/opt/rustwide/target" "-e" "CARGO_INCREMENTAL=0" "-e" "RUST_BACKTRACE=full" "-e" "RUSTFLAGS=--cap-lints=warn" "-e" "RUSTDOCFLAGS=--cap-lints=warn" "-e" "CARGO_HOME=/opt/rustwide/cargo-home" "-e" "RUSTUP_HOME=/opt/rustwide/rustup-home" "-w" "/opt/rustwide/workdir" "-m" "1610612736" "--user" "0:0" "--network" "none" "ghcr.io/rust-lang/crates-build-env/linux@sha256:2788e3201cd34a07e3172128adcd8b3090168a8e3bcc40d7c032b9dda1df7d1c" "/opt/rustwide/cargo-home/bin/cargo" "+1.75.0" "build" "--frozen" "--message-format=json", kill_on_drop: false }`
[INFO] [stdout] 18f96f632898b0a7b35d9f9676767a9eef6d683de9c2e90750c4c5e93194a927
[INFO] running `Command { std: "docker" "start" "-a" "18f96f632898b0a7b35d9f9676767a9eef6d683de9c2e90750c4c5e93194a927", kill_on_drop: false }`
[INFO] [stderr]    Compiling libc v0.2.139
[INFO] [stderr]    Compiling proc-macro2 v1.0.52
[INFO] [stderr]    Compiling unicode-ident v1.0.1
[INFO] [stderr]    Compiling quote v1.0.26
[INFO] [stderr]    Compiling libm v0.2.2
[INFO] [stderr]    Compiling num-traits v0.2.15
[INFO] [stderr]    Compiling num-integer v0.1.45
[INFO] [stderr]    Compiling syn v1.0.109
[INFO] [stderr]    Compiling memchr v2.5.0
[INFO] [stderr]    Compiling num-bigint v0.4.3
[INFO] [stderr]    Compiling once_cell v1.17.1
[INFO] [stderr]    Compiling num-rational v0.4.1
[INFO] [stderr]    Compiling crunchy v0.2.2
[INFO] [stderr]    Compiling thiserror v1.0.39
[INFO] [stderr]    Compiling num-iter v0.1.43
[INFO] [stderr]    Compiling proc-macro-hack v0.5.20+deprecated
[INFO] [stderr]    Compiling tiny-keccak v2.0.2
[INFO] [stderr]    Compiling pkg-config v0.3.25
[INFO] [stderr]    Compiling syn v2.0.12
[INFO] [stderr]    Compiling iana-time-zone v0.1.53
[INFO] [stderr]    Compiling ahash v0.8.3
[INFO] [stderr]    Compiling typenum v1.16.0
[INFO] [stderr]    Compiling arrow-schema v30.0.1
[INFO] [stderr]    Compiling static_assertions v1.1.0
[INFO] [stderr]    Compiling bitflags v1.3.2
[INFO] [stderr]    Compiling jobserver v0.1.26
[INFO] [stderr]    Compiling getrandom v0.2.7
[INFO] [stderr]    Compiling num-complex v0.4.3
[INFO] [stderr]    Compiling cc v1.0.79
[INFO] [stderr]    Compiling time v0.1.44
[INFO] [stderr]    Compiling const-random-macro v0.1.15
[INFO] [stderr]    Compiling chrono v0.4.24
[INFO] [stderr]    Compiling half v2.2.1
[INFO] [stderr]    Compiling const-random v0.1.15
[INFO] [stderr]    Compiling hashbrown v0.13.2
[INFO] [stderr]    Compiling serde_derive v1.0.160
[INFO] [stderr]    Compiling scopeguard v1.1.0
[INFO] [stderr]    Compiling zstd-sys v2.0.7+zstd.1.5.4
[INFO] [stderr]    Compiling lexical-util v0.8.5
[INFO] [stderr]    Compiling log v0.4.17
[INFO] [stderr]    Compiling serde v1.0.160
[INFO] [stderr]    Compiling unicode-width v0.1.9
[INFO] [stderr]    Compiling either v1.8.1
[INFO] [stderr]    Compiling aho-corasick v1.0.1
[INFO] [stderr]    Compiling generic-array v0.14.7
[INFO] [stderr]    Compiling num v0.4.0
[INFO] [stderr]    Compiling arrow-buffer v30.0.1
[INFO] [stderr]    Compiling crossbeam-utils v0.8.15
[INFO] [stderr]    Compiling arrow-data v30.0.1
[INFO] [stderr]    Compiling regex-syntax v0.7.1
[INFO] [stderr]    Compiling memoffset v0.8.0
[INFO] [stderr]    Compiling lexical-write-integer v0.8.5
[INFO] [stderr]    Compiling lexical-parse-integer v0.8.6
[INFO] [stderr]    Compiling arrow-array v30.0.1
[INFO] [stderr]    Compiling crossbeam-epoch v0.9.14
[INFO] [stderr]    Compiling byteorder v1.4.3
[INFO] [stderr]    Compiling lexical-parse-float v0.8.5
[INFO] [stderr]    Compiling lexical-write-float v0.8.5
[INFO] [stderr]    Compiling crc32fast v1.3.2
[INFO] [stderr]    Compiling regex v1.8.1
[INFO] [stderr]    Compiling arrow-select v30.0.1
[INFO] [stderr]    Compiling lexical-core v0.8.5
[INFO] [stderr]    Compiling rand_core v0.6.3
[INFO] [stderr]    Compiling num_cpus v1.13.1
[INFO] [stderr]    Compiling atty v0.2.14
[INFO] [stderr]    Compiling rayon-core v1.11.0
[INFO] [stderr]    Compiling humantime v2.1.0
[INFO] [stderr]    Compiling glob v0.3.1
[INFO] [stderr]    Compiling futures-core v0.3.28
[INFO] [stderr]    Compiling adler v1.0.2
[INFO] [stderr]    Compiling paste v1.0.12
[INFO] [stderr]    Compiling miniz_oxide v0.7.1
[INFO] [stderr]    Compiling arrow-cast v30.0.1
[INFO] [stderr]    Compiling crossbeam-deque v0.8.3
[INFO] [stderr]    Compiling thiserror-impl v1.0.39
[INFO] [stderr]    Compiling crypto-common v0.1.6
[INFO] [stderr]    Compiling crossbeam-channel v0.5.8
[INFO] [stderr]    Compiling textwrap v0.11.0
[INFO] [stderr]    Compiling bzip2-sys v0.1.11+1.0.8
[INFO] [stderr]    Compiling lock_api v0.4.7
[INFO] [stderr]    Compiling ryu v1.0.13
[INFO] [stderr]    Compiling vec_map v0.8.2
[INFO] [stderr]    Compiling itoa v1.0.2
[INFO] [stderr]    Compiling ansi_term v0.12.1
[INFO] [stderr]    Compiling strsim v0.8.0
[INFO] [stderr]    Compiling clap v2.34.0
[INFO] [stderr]    Compiling flate2 v1.0.26
[INFO] [stderr]    Compiling clang-sys v1.6.0
[INFO] [stderr]    Compiling lz4-sys v1.9.4
[INFO] [stderr]    Compiling indexmap v1.9.2
[INFO] [stderr]    Compiling futures-task v0.3.28
[INFO] [stderr]    Compiling alloc-no-stdlib v2.0.4
[INFO] [stderr]    Compiling subtle v2.5.0
[INFO] [stderr]    Compiling futures-sink v0.3.28
[INFO] [stderr]    Compiling zstd-safe v6.0.4+zstd.1.5.4
[INFO] [stderr]    Compiling serde_json v1.0.96
[INFO] [stderr]    Compiling futures-channel v0.3.28
[INFO] [stderr]    Compiling bytes v1.4.0
[INFO] [stderr]    Compiling alloc-stdlib v0.2.2
[INFO] [stderr]    Compiling flatbuffers v22.9.29
[INFO] [stderr]    Compiling rayon v1.7.0
[INFO] [stderr]    Compiling block-buffer v0.10.4
[INFO] [stderr]    Compiling csv-core v0.1.10
[INFO] [stderr]    Compiling pin-project-lite v0.2.9
[INFO] [stderr]    Compiling minimal-lexical v0.2.1
[INFO] [stderr]    Compiling portable-atomic v0.3.19
[INFO] [stderr]    Compiling parking_lot_core v0.9.7
[INFO] [stderr]    Compiling snap v1.1.0
[INFO] [stderr]    Compiling hashbrown v0.12.3
[INFO] [stderr]    Compiling termcolor v1.1.3
[INFO] [stderr]    Compiling futures-util v0.3.28
[INFO] [stderr]    Compiling env_logger v0.9.0
[INFO] [stderr]    Compiling nom v7.1.3
[INFO] [stderr]    Compiling arrow-ipc v30.0.1
[INFO] [stderr]    Compiling digest v0.10.7
[INFO] [stderr]    Compiling brotli-decompressor v2.3.4
[INFO] [stderr]    Compiling futures-macro v0.3.28
[INFO] [stderr]    Compiling ordered-float v2.10.0
[INFO] [stderr]    Compiling libloading v0.7.3
[INFO] [stderr]    Compiling csv v1.2.1
[INFO] [stderr]    Compiling proc-macro-error-attr v1.0.4
[INFO] [stderr]    Compiling bytemuck v1.9.1
[INFO] [stderr]    Compiling ppv-lite86 v0.2.16
[INFO] [stderr]    Compiling bindgen v0.59.2
[INFO] [stderr]    Compiling futures-io v0.3.28
[INFO] [stderr]    Compiling integer-encoding v3.0.4
[INFO] [stderr]    Compiling slab v0.4.6
[INFO] [stderr]    Compiling cpufeatures v0.2.7
[INFO] [stderr]    Compiling ucd-trie v0.1.5
[INFO] [stderr]    Compiling anyhow v1.0.69
[INFO] [stderr]    Compiling smallvec v1.10.0
[INFO] [stderr]    Compiling regex-syntax v0.6.28
[INFO] [stderr]    Compiling pest v2.6.0
[INFO] [stderr]    Compiling arrow-csv v30.0.1
[INFO] [stderr]    Compiling thrift v0.17.0
[INFO] [stderr]    Compiling arrow-json v30.0.1
[INFO] [stderr]    Compiling rand_chacha v0.3.1
[INFO] [stderr]    Compiling safe_arch v0.6.0
[INFO] [stderr]    Compiling cexpr v0.6.0
[INFO] [stderr]    Compiling brotli v3.3.4
[INFO] [stderr]    Compiling arrow-string v30.0.1
[INFO] [stderr]    Compiling pin-project-internal v1.0.10
[INFO] [stderr]    Compiling arrow-ord v30.0.1
[INFO] [stderr]    Compiling arrow-row v30.0.1
[INFO] [stderr]    Compiling arrow-arith v30.0.1
[INFO] [stderr]    Compiling which v4.4.0
[INFO] [stderr]    Compiling console v0.15.5
[INFO] [stderr]    Compiling twox-hash v1.6.3
[INFO] [stderr]    Compiling num-bigint v0.3.3
[INFO] [stderr]    Compiling proc-macro-error v1.0.4
[INFO] [stderr]    Compiling tokio v1.26.0
[INFO] [stderr]    Compiling rustc-hash v1.1.0
[INFO] [stderr]    Compiling peeking_take_while v0.1.2
[INFO] [stderr]    Compiling async-trait v0.1.68
[INFO] [stderr]    Compiling seq-macro v0.3.3
[INFO] [stderr]    Compiling unicode-segmentation v1.9.0
[INFO] [stderr]    Compiling lazycell v1.3.0
[INFO] [stderr]    Compiling base64 v0.20.0
[INFO] [stderr]    Compiling number_prefix v0.4.0
[INFO] [stderr]    Compiling iter-read v0.3.1
[INFO] [stderr]    Compiling zstd-safe v5.0.2+zstd.1.5.2
[INFO] [stderr]    Compiling shlex v1.1.0
[INFO] [stderr]    Compiling indicatif v0.17.3
[INFO] [stderr]    Compiling heck v0.3.3
[INFO] [stderr]    Compiling arrow v30.0.1
[INFO] [stderr]    Compiling pin-project v1.0.10
[INFO] [stderr]    Compiling futures-executor v0.3.28
[INFO] [stderr]    Compiling wide v0.7.8
[INFO] [stderr]    Compiling pest_meta v2.6.0
[INFO] [stderr]    Compiling rand v0.8.5
[INFO] [stderr]    Compiling parking_lot v0.12.1
[INFO] [stderr]    Compiling spin v0.9.8
[INFO] [stderr]    Compiling tokio-macros v1.8.0
[INFO] [stderr]    Compiling dos-uid-derive v2.0.0
[INFO] [stderr]    Compiling inout v0.1.3
[INFO] [stderr]    Compiling mio v0.8.6
[INFO] [stderr]    Compiling cmake v0.1.50
[INFO] [stderr]    Compiling nanorand v0.7.0
[INFO] [stderr]    Compiling approx v0.5.1
[INFO] [stderr]    Compiling signal-hook-registry v1.4.1
[INFO] [stderr]    Compiling socket2 v0.4.9
[INFO] [stderr]    Compiling base64ct v1.6.0
[INFO] [stderr]    Compiling paris v1.5.13
[INFO] [stderr]    Compiling io-lifetimes v1.0.6
[INFO] [stderr]    Compiling rawpointer v0.2.1
[INFO] [stderr]    Compiling matrixmultiply v0.3.2
[INFO] [stderr]    Compiling password-hash v0.4.2
[INFO] [stderr]    Compiling gmt_dos-clients v2.1.0
[INFO] [stderr]    Compiling flume v0.10.13
[INFO] [stderr]    Compiling simba v0.8.0
[INFO] [stderr]    Compiling cipher v0.4.4
[INFO] [stderr]    Compiling rand_distr v0.4.3
[INFO] [stderr]    Compiling pest_generator v2.6.0
[INFO] [stderr]    Compiling futures v0.3.28
[INFO] [stderr]    Compiling sha2 v0.10.6
[INFO] [stderr]    Compiling matio-rs-sys v0.2.2
[INFO] [stderr]    Compiling hmac v0.12.1
[INFO] [stderr]    Compiling nalgebra-macros v0.2.0
[INFO] [stderr]    Compiling rustfft v6.1.0
[INFO] [stderr]    Compiling strength_reduce v0.2.4
[INFO] [stderr]    Compiling vec_box v1.0.0
[INFO] [stderr]    Compiling num_threads v0.1.6
[INFO] [stderr]    Compiling rustix v0.36.9
[INFO] [stderr]    Compiling time v0.3.11
[INFO] [stderr]    Compiling transpose v0.2.2
[INFO] [stderr]    Compiling serde-pickle v0.6.3
[INFO] [stderr]    Compiling pbkdf2 v0.11.0
[INFO] [stderr]    Compiling pest_derive v2.6.0
[INFO] [stderr]    Compiling structopt-derive v0.4.18
[INFO] [stderr]    Compiling aes v0.8.2
[INFO] [stderr]    Compiling gmt_dos-actors v7.0.0
[INFO] [stderr]    Compiling sha1 v0.10.5
[INFO] [stderr]    Compiling bincode v1.3.3
[INFO] [stderr]    Compiling triangle-rs v0.1.2
[INFO] [stderr]    Compiling primal-check v0.3.3
[INFO] [stderr]    Compiling linux-raw-sys v0.1.4
[INFO] [stderr]    Compiling constant_time_eq v0.1.5
[INFO] [stderr]    Compiling colorous v1.0.10
[INFO] [stderr]    Compiling structopt v0.3.26
[INFO] [stderr]    Compiling gmt_dos-clients_io v2.1.0
[INFO] [stderr]    Compiling py_literal v0.4.0
[INFO] [stderr]    Compiling nalgebra v0.32.2
[INFO] [stderr]    Compiling serde-pickle v1.1.1
[INFO] [stderr]    Compiling matio-rs_derive v0.1.0
[INFO] [stderr]    Compiling terminal_size v0.1.17
[INFO] [stderr]    Compiling fastrand v1.9.0
[INFO] [stderr]    Compiling skyangle v0.1.2
[INFO] [stderr]    Compiling tempfile v3.4.0
[INFO] [stderr]    Compiling linya v0.3.0
[INFO] [stderr]    Compiling strum_macros v0.22.0
[INFO] [stderr]    Compiling geotrans v0.2.2
[INFO] [stderr]    Compiling itertools v0.10.5
[INFO] [stderr]    Compiling strum v0.22.0
[INFO] [stderr]    Compiling geotrans v0.1.1
[INFO] [stderr]    Compiling gmt_dos-clients_windloads v2.0.1 (/opt/rustwide/workdir)
[INFO] [stderr]    Compiling welch-sde v0.1.0
[INFO] [stderr]    Compiling bzip2 v0.4.4
[INFO] [stderr]    Compiling zip v0.5.13
[INFO] [stderr]    Compiling zstd v0.11.2+zstd.1.5.2
[INFO] [stderr]    Compiling zstd v0.12.3+zstd.1.5.2
[INFO] [stderr]    Compiling zip v0.6.6
[INFO] [stderr]    Compiling npyz v0.8.1
[INFO] [stderr]    Compiling lz4 v1.24.0
[INFO] [stderr]    Compiling parquet v30.0.1
[INFO] [stderr]    Compiling matio-rs v1.3.1
[INFO] [stderr]    Compiling gmt-lom v2.0.0
[INFO] [stderr]    Compiling parse-monitors v0.2.3
[INFO] [stderr]    Compiling gmt-fem v4.0.1
[INFO] [stderr]     Finished dev [unoptimized + debuginfo] target(s) in 2m 51s
[INFO] running `Command { std: "docker" "inspect" "18f96f632898b0a7b35d9f9676767a9eef6d683de9c2e90750c4c5e93194a927", kill_on_drop: false }`
[INFO] running `Command { std: "docker" "rm" "-f" "18f96f632898b0a7b35d9f9676767a9eef6d683de9c2e90750c4c5e93194a927", kill_on_drop: false }`
[INFO] [stdout] 18f96f632898b0a7b35d9f9676767a9eef6d683de9c2e90750c4c5e93194a927
[INFO] running `Command { std: "docker" "create" "-v" "/var/lib/crater-agent-workspace/builds/worker-1-tc1/target:/opt/rustwide/target:rw,Z" "-v" "/var/lib/crater-agent-workspace/builds/worker-1-tc1/source:/opt/rustwide/workdir:ro,Z" "-v" "/var/lib/crater-agent-workspace/cargo-home:/opt/rustwide/cargo-home:ro,Z" "-v" "/var/lib/crater-agent-workspace/rustup-home:/opt/rustwide/rustup-home:ro,Z" "-e" "SOURCE_DIR=/opt/rustwide/workdir" "-e" "CARGO_TARGET_DIR=/opt/rustwide/target" "-e" "CARGO_INCREMENTAL=0" "-e" "RUST_BACKTRACE=full" "-e" "RUSTFLAGS=--cap-lints=warn" "-e" "RUSTDOCFLAGS=--cap-lints=warn" "-e" "CARGO_HOME=/opt/rustwide/cargo-home" "-e" "RUSTUP_HOME=/opt/rustwide/rustup-home" "-w" "/opt/rustwide/workdir" "-m" "1610612736" "--user" "0:0" "--network" "none" "ghcr.io/rust-lang/crates-build-env/linux@sha256:2788e3201cd34a07e3172128adcd8b3090168a8e3bcc40d7c032b9dda1df7d1c" "/opt/rustwide/cargo-home/bin/cargo" "+1.75.0" "test" "--frozen" "--no-run" "--message-format=json", kill_on_drop: false }`
[INFO] [stdout] 5ac06ca6918b04497afcffa3fadcbebedfbbd4da257e96a1c03fd75b67ffc26b
[INFO] running `Command { std: "docker" "start" "-a" "5ac06ca6918b04497afcffa3fadcbebedfbbd4da257e96a1c03fd75b67ffc26b", kill_on_drop: false }`
[INFO] [stderr]    Compiling unicode-ident v1.0.1
[INFO] [stderr]    Compiling proc-macro2 v1.0.52
[INFO] [stderr]    Compiling quote v1.0.26
[INFO] [stderr]    Compiling syn v1.0.109
[INFO] [stderr]    Compiling jobserver v0.1.26
[INFO] [stderr]    Compiling clang-sys v1.6.0
[INFO] [stderr]    Compiling minimal-lexical v0.2.1
[INFO] [stderr]    Compiling libloading v0.7.3
[INFO] [stderr]    Compiling which v4.4.0
[INFO] [stderr]    Compiling peeking_take_while v0.1.2
[INFO] [stderr]    Compiling shlex v1.1.0
[INFO] [stderr]    Compiling rustc-hash v1.1.0
[INFO] [stderr]    Compiling lazycell v1.3.0
[INFO] [stderr]    Compiling cc v1.0.79
[INFO] [stderr]    Compiling bindgen v0.64.0
[INFO] [stderr]    Compiling bindgen v0.59.2
[INFO] [stderr]    Compiling gmt_dos-clients_mount v1.1.0
[INFO] [stderr]    Compiling nom v7.1.3
[INFO] [stderr]    Compiling is-terminal v0.4.4
[INFO] [stderr]    Compiling env_logger v0.10.0
[INFO] [stderr]    Compiling syn v2.0.12
[INFO] [stderr]    Compiling cmake v0.1.50
[INFO] [stderr]    Compiling proc-macro-error-attr v1.0.4
[INFO] [stderr]    Compiling zstd-sys v2.0.7+zstd.1.5.4
[INFO] [stderr]    Compiling lz4-sys v1.9.4
[INFO] [stderr]    Compiling bzip2-sys v0.1.11+1.0.8
[INFO] [stderr]    Compiling triangle-rs v0.1.2
[INFO] [stderr]    Compiling cexpr v0.6.0
[INFO] [stderr]    Compiling bzip2 v0.4.4
[INFO] [stderr]    Compiling serde_derive v1.0.160
[INFO] [stderr]    Compiling futures-macro v0.3.28
[INFO] [stderr]    Compiling async-trait v0.1.68
[INFO] [stderr]    Compiling futures-util v0.3.28
[INFO] [stderr]    Compiling proc-macro-error v1.0.4
[INFO] [stderr]    Compiling simulink-rs v3.0.2
[INFO] [stderr]    Compiling thiserror-impl v1.0.39
[INFO] [stderr]    Compiling pin-project-internal v1.0.10
[INFO] [stderr]    Compiling tokio-macros v1.8.0
[INFO] [stderr]    Compiling serde v1.0.160
[INFO] [stderr]    Compiling dos-uid-derive v2.0.0
[INFO] [stderr]    Compiling futures-executor v0.3.28
[INFO] [stderr]    Compiling lz4 v1.24.0
[INFO] [stderr]    Compiling futures v0.3.28
[INFO] [stderr]    Compiling matio-rs-sys v0.2.2
[INFO] [stderr]    Compiling nalgebra-macros v0.2.0
[INFO] [stderr]    Compiling tokio v1.26.0
[INFO] [stderr]    Compiling matio-rs_derive v0.1.0
[INFO] [stderr]    Compiling pin-project v1.0.10
[INFO] [stderr]    Compiling flume v0.10.13
[INFO] [stderr]    Compiling nalgebra v0.32.2
[INFO] [stderr]    Compiling structopt-derive v0.4.18
[INFO] [stderr]    Compiling strum_macros v0.22.0
[INFO] [stderr]    Compiling thiserror v1.0.39
[INFO] [stderr]    Compiling flatbuffers v22.9.29
[INFO] [stderr]    Compiling arrow-ipc v30.0.1
[INFO] [stderr]    Compiling gmt_dos-clients v2.1.0
[INFO] [stderr]    Compiling zip v0.5.13
[INFO] [stderr]    Compiling serde_json v1.0.96
[INFO] [stderr]    Compiling csv v1.2.1
[INFO] [stderr]    Compiling pest v2.6.0
[INFO] [stderr]    Compiling arrow-csv v30.0.1
[INFO] [stderr]    Compiling pest_meta v2.6.0
[INFO] [stderr]    Compiling bincode v1.3.3
[INFO] [stderr]    Compiling arrow-json v30.0.1
[INFO] [stderr]    Compiling gmt_dos-actors v7.0.0
[INFO] [stderr]    Compiling serde-pickle v0.6.3
[INFO] [stderr]    Compiling arrow v30.0.1
[INFO] [stderr]    Compiling gmt_dos-clients_io v2.1.0
[INFO] [stderr]    Compiling pest_generator v2.6.0
[INFO] [stderr]    Compiling serde-pickle v1.1.1
[INFO] [stderr]    Compiling gmt_mount-ctrl_driver v0.0.2
[INFO] [stderr]    Compiling gmt_mount-ctrl_controller v0.1.0
[INFO] [stderr]    Compiling pest_derive v2.6.0
[INFO] [stderr]    Compiling py_literal v0.4.0
[INFO] [stderr]    Compiling structopt v0.3.26
[INFO] [stderr]    Compiling geotrans v0.2.2
[INFO] [stderr]    Compiling skyangle v0.2.2
[INFO] [stderr]    Compiling zstd-safe v6.0.4+zstd.1.5.4
[INFO] [stderr]    Compiling zstd-safe v5.0.2+zstd.1.5.2
[INFO] [stderr]    Compiling zstd v0.12.3+zstd.1.5.2
[INFO] [stderr]    Compiling zstd v0.11.2+zstd.1.5.2
[INFO] [stderr]    Compiling parquet v30.0.1
[INFO] [stderr]    Compiling zip v0.6.6
[INFO] [stderr]    Compiling npyz v0.8.1
[INFO] [stderr]    Compiling gmt-lom v2.0.0
[INFO] [stderr]    Compiling gmt_dos-clients_arrow v1.0.3
[INFO] [stderr]    Compiling parse-monitors v0.2.3
[INFO] [stderr]    Compiling matio-rs v1.3.1
[INFO] [stderr]    Compiling gmt-fem v4.0.1
[INFO] [stderr]    Compiling gmt_dos-clients_fem v2.1.1
[INFO] [stderr]    Compiling gmt_dos-clients_windloads v2.0.1 (/opt/rustwide/workdir)
[INFO] [stdout] error[E0432]: unresolved imports `gmt_dos_clients::OneSignal`, `gmt_dos_clients::Weight`
[INFO] [stdout]  --> examples/mountloading/main.rs:4:23
[INFO] [stdout]   |
[INFO] [stdout] 4 | use gmt_dos_clients::{OneSignal, Signal, Signals, Smooth, Weight};
[INFO] [stdout]   |                       ^^^^^^^^^                           ^^^^^^ no `Weight` in the root
[INFO] [stdout]   |                       |
[INFO] [stdout]   |                       no `OneSignal` in the root
[INFO] [stdout]   |                       help: a similar name exists in the module: `Signal`
[INFO] [stdout] 
[INFO] [stdout] 
[INFO] [stdout] error[E0432]: unresolved imports `gmt_dos_clients::OneSignal`, `gmt_dos_clients::Weight`
[INFO] [stdout]  --> examples/async_mountloading/main.rs:4:23
[INFO] [stdout]   |
[INFO] [stdout] 4 | use gmt_dos_clients::{OneSignal, Signal, Signals, Smooth, Weight};
[INFO] [stdout]   |                       ^^^^^^^^^                           ^^^^^^ no `Weight` in the root
[INFO] [stdout]   |                       |
[INFO] [stdout]   |                       no `OneSignal` in the root
[INFO] [stdout]   |                       help: a similar name exists in the module: `Signal`
[INFO] [stdout] 
[INFO] [stdout] 
[INFO] [stdout] error[E0432]: unresolved imports `gmt_dos_clients_fem::fem_io::actors_inputs::MCM2Lcl6F`, `gmt_dos_clients_fem::fem_io::actors_inputs::OSSM1Lcl6F`, `gmt_dos_clients_fem::fem_io::actors_inputs::CFD2021106F`, `gmt_dos_clients_fem::fem_io::actors_outputs::MCM2Lcl6D`, `gmt_dos_clients_fem::fem_io::actors_outputs::OSSM1Lcl`
[INFO] [stdout]  --> examples/async_mountloading/main.rs:8:25
[INFO] [stdout]   |
[INFO] [stdout] 8 |         actors_inputs::{MCM2Lcl6F, OSSM1Lcl6F, CFD2021106F},
[INFO] [stdout]   |                         ^^^^^^^^^  ^^^^^^^^^^  ^^^^^^^^^^^ no `CFD2021106F` in `model::fem_io::inputs::actors_inputs`
[INFO] [stdout]   |                         |          |
[INFO] [stdout]   |                         |          no `OSSM1Lcl6F` in `model::fem_io::inputs::actors_inputs`
[INFO] [stdout]   |                         no `MCM2Lcl6F` in `model::fem_io::inputs::actors_inputs`
[INFO] [stdout] 9 |         actors_outputs::{MCM2Lcl6D, OSSM1Lcl},
[INFO] [stdout]   |                          ^^^^^^^^^  ^^^^^^^^ no `OSSM1Lcl` in `model::fem_io::outputs::actors_outputs`
[INFO] [stdout]   |                          |
[INFO] [stdout]   |                          no `MCM2Lcl6D` in `model::fem_io::outputs::actors_outputs`
[INFO] [stdout] 
[INFO] [stdout] 
[INFO] [stdout] error[E0432]: unresolved imports `gmt_dos_clients_fem::fem_io::actors_inputs::MCM2Lcl6F`, `gmt_dos_clients_fem::fem_io::actors_inputs::OSSM1Lcl6F`, `gmt_dos_clients_fem::fem_io::actors_inputs::CFD2021106F`, `gmt_dos_clients_fem::fem_io::actors_outputs::MCM2Lcl6D`, `gmt_dos_clients_fem::fem_io::actors_outputs::OSSM1Lcl`
[INFO] [stdout]  --> examples/mountloading/main.rs:8:25
[INFO] [stdout]   |
[INFO] [stdout] 8 |         actors_inputs::{MCM2Lcl6F, OSSM1Lcl6F, CFD2021106F},
[INFO] [stdout]   |                         ^^^^^^^^^  ^^^^^^^^^^  ^^^^^^^^^^^ no `CFD2021106F` in `model::fem_io::inputs::actors_inputs`
[INFO] [stdout]   |                         |          |
[INFO] [stdout]   |                         |          no `OSSM1Lcl6F` in `model::fem_io::inputs::actors_inputs`
[INFO] [stdout]   |                         no `MCM2Lcl6F` in `model::fem_io::inputs::actors_inputs`
[INFO] [stdout] 9 |         actors_outputs::{MCM2Lcl6D, OSSM1Lcl},
[INFO] [stdout]   |                          ^^^^^^^^^  ^^^^^^^^ no `OSSM1Lcl` in `model::fem_io::outputs::actors_outputs`
[INFO] [stdout]   |                          |
[INFO] [stdout]   |                          no `MCM2Lcl6D` in `model::fem_io::outputs::actors_outputs`
[INFO] [stdout] 
[INFO] [stdout] 
[INFO] [stdout] warning: unused import: `mount::MountEncoders`
[INFO] [stdout]   --> examples/mountloading/main.rs:17:5
[INFO] [stdout]    |
[INFO] [stdout] 17 |     mount::MountEncoders,
[INFO] [stdout]    |     ^^^^^^^^^^^^^^^^^^^^
[INFO] [stdout]    |
[INFO] [stdout]    = note: `#[warn(unused_imports)]` on by default
[INFO] [stdout] 
[INFO] [stdout] 
[INFO] [stdout] error[E0599]: no method named `including_mount` found for struct `DiscreteStateSpace` in the current scope
[INFO] [stdout]   --> examples/async_mountloading/main.rs:50:14
[INFO] [stdout]    |
[INFO] [stdout] 46 | /         DiscreteModalSolver::<ExponentialMatrix>::from_fem(fem)
[INFO] [stdout] 47 | |             .sampling(sim_sampling_frequency as f64)
[INFO] [stdout] 48 | |             .proportional_damping(2. / 100.)
[INFO] [stdout] 49 | |             //.max_eigen_frequency(75f64)
[INFO] [stdout] 50 | |             .including_mount()
[INFO] [stdout]    | |             -^^^^^^^^^^^^^^^ help: there is a method with a similar name: `including_m1`
[INFO] [stdout]    | |_____________|
[INFO] [stdout]    | 
[INFO] [stdout] 
[INFO] [stdout] 
[INFO] [stdout] error[E0599]: no method named `including_mount` found for struct `DiscreteStateSpace` in the current scope
[INFO] [stdout]   --> examples/mountloading/main.rs:54:14
[INFO] [stdout]    |
[INFO] [stdout] 50 | /         DiscreteModalSolver::<ExponentialMatrix>::from_fem(fem)
[INFO] [stdout] 51 | |             .sampling(sim_sampling_frequency as f64)
[INFO] [stdout] 52 | |             .proportional_damping(2. / 100.)
[INFO] [stdout] 53 | |             //.max_eigen_frequency(75f64)
[INFO] [stdout] 54 | |             .including_mount()
[INFO] [stdout]    | |             -^^^^^^^^^^^^^^^ help: there is a method with a similar name: `including_m1`
[INFO] [stdout]    | |_____________|
[INFO] [stdout]    | 
[INFO] [stdout] 
[INFO] [stdout] 
[INFO] [stdout] error[E0599]: no function or associated item named `builder` found for struct `Mount` in the current scope
[INFO] [stdout]   --> examples/async_mountloading/main.rs:66:34
[INFO] [stdout]    |
[INFO] [stdout] 66 |     let mount: Actor<_> = Mount::builder(&mut setpoint).build(&mut fem)?;
[INFO] [stdout]    |                                  ^^^^^^^ function or associated item not found in `Mount<'_>`
[INFO] [stdout]    |
[INFO] [stdout] note: if you're trying to build a new `Mount<'_>`, consider using `Mount::<'a>::new` which returns `Mount<'a>`
[INFO] [stdout]   --> /opt/rustwide/cargo-home/registry/src/index.crates.io-6f17d22bba15001f/gmt_dos-clients_mount-1.1.0/src/fdr.rs:34:5
[INFO] [stdout]    |
[INFO] [stdout] 34 |     pub fn new() -> Self {
[INFO] [stdout]    |     ^^^^^^^^^^^^^^^^^^^^
[INFO] [stdout] 
[INFO] [stdout] 
[INFO] [stdout] error[E0599]: no function or associated item named `builder` found for struct `Mount` in the current scope
[INFO] [stdout]   --> examples/mountloading/main.rs:71:34
[INFO] [stdout]    |
[INFO] [stdout] 71 |     let mount: Actor<_> = Mount::builder(&mut setpoint).build(&mut fem)?;
[INFO] [stdout]    |                                  ^^^^^^^ function or associated item not found in `Mount<'_>`
[INFO] [stdout]    |
[INFO] [stdout] note: if you're trying to build a new `Mount<'_>`, consider using `Mount::<'a>::new` which returns `Mount<'a>`
[INFO] [stdout]   --> /opt/rustwide/cargo-home/registry/src/index.crates.io-6f17d22bba15001f/gmt_dos-clients_mount-1.1.0/src/fdr.rs:34:5
[INFO] [stdout]    |
[INFO] [stdout] 34 |     pub fn new() -> Self {
[INFO] [stdout]    |     ^^^^^^^^^^^^^^^^^^^^
[INFO] [stdout] 
[INFO] [stdout] 
[INFO] [stdout] error[E0599]: no method named `quiet` found for struct `gmt_dos_actors::model::Model` in the current scope
[INFO] [stdout]    --> examples/async_mountloading/main.rs:153:6
[INFO] [stdout]     |
[INFO] [stdout] 141 | /     model!(
[INFO] [stdout] 142 | |         setpoint,
[INFO] [stdout] 143 | |         mount,
[INFO] [stdout] 144 | |         cfd_loads,
[INFO] [stdout] ...   |
[INFO] [stdout] 152 | |     .name("mountloading")
[INFO] [stdout] 153 | |     .quiet()
[INFO] [stdout]     | |     -^^^^^ method not found in `Model<Unknown>`
[INFO] [stdout]     | |_____|
[INFO] [stdout]     | 
[INFO] [stdout] 
[INFO] [stdout] 
[INFO] [stdout] error: aborting due to 4 previous errors; 1 warning emitted
[INFO] [stdout] 
[INFO] [stdout] 
[INFO] [stdout] Some errors have detailed explanations: E0432, E0599.
[INFO] [stdout] 
[INFO] [stdout] For more information about an error, try `rustc --explain E0432`.
[INFO] [stdout] 
[INFO] [stderr] error: could not compile `gmt_dos-clients_windloads` (example "mountloading") due to 5 previous errors; 1 warning emitted
[INFO] [stderr] warning: build failed, waiting for other jobs to finish...
[INFO] [stdout] error: aborting due to 5 previous errors
[INFO] [stdout] 
[INFO] [stdout] 
[INFO] [stdout] Some errors have detailed explanations: E0432, E0599.
[INFO] [stdout] 
[INFO] [stdout] For more information about an error, try `rustc --explain E0432`.
[INFO] [stdout] 
[INFO] [stderr] error: could not compile `gmt_dos-clients_windloads` (example "async_mountloading") due to 6 previous errors
[INFO] running `Command { std: "docker" "inspect" "5ac06ca6918b04497afcffa3fadcbebedfbbd4da257e96a1c03fd75b67ffc26b", kill_on_drop: false }`
[INFO] running `Command { std: "docker" "rm" "-f" "5ac06ca6918b04497afcffa3fadcbebedfbbd4da257e96a1c03fd75b67ffc26b", kill_on_drop: false }`
[INFO] [stdout] 5ac06ca6918b04497afcffa3fadcbebedfbbd4da257e96a1c03fd75b67ffc26b
[INFO] testing gmt_dos-clients_windloads-2.0.1 against beta-2023-12-22 for beta-1.76-1
[INFO] extracting crate gmt_dos-clients_windloads 2.0.1 into /workspace/builds/worker-1-tc2/source
[INFO] validating manifest of crates.io crate gmt_dos-clients_windloads 2.0.1 on toolchain beta-2023-12-22
[INFO] running `Command { std: CARGO_HOME="/workspace/cargo-home" RUSTUP_HOME="/workspace/rustup-home" "/workspace/cargo-home/bin/cargo" "+beta-2023-12-22" "metadata" "--manifest-path" "Cargo.toml" "--no-deps", kill_on_drop: false }`
[INFO] started tweaking crates.io crate gmt_dos-clients_windloads 2.0.1
[INFO] finished tweaking crates.io crate gmt_dos-clients_windloads 2.0.1
[INFO] tweaked toml for crates.io crate gmt_dos-clients_windloads 2.0.1 written to /workspace/builds/worker-1-tc2/source/Cargo.toml
[INFO] crate crates.io crate gmt_dos-clients_windloads 2.0.1 already has a lockfile, it will not be regenerated
[INFO] running `Command { std: CARGO_HOME="/workspace/cargo-home" RUSTUP_HOME="/workspace/rustup-home" "/workspace/cargo-home/bin/cargo" "+beta-2023-12-22" "fetch" "--manifest-path" "Cargo.toml", kill_on_drop: false }`
[INFO] running `Command { std: "docker" "create" "-v" "/var/lib/crater-agent-workspace/builds/worker-1-tc2/target:/opt/rustwide/target:rw,Z" "-v" "/var/lib/crater-agent-workspace/builds/worker-1-tc2/source:/opt/rustwide/workdir:ro,Z" "-v" "/var/lib/crater-agent-workspace/cargo-home:/opt/rustwide/cargo-home:ro,Z" "-v" "/var/lib/crater-agent-workspace/rustup-home:/opt/rustwide/rustup-home:ro,Z" "-e" "SOURCE_DIR=/opt/rustwide/workdir" "-e" "CARGO_TARGET_DIR=/opt/rustwide/target" "-e" "CARGO_HOME=/opt/rustwide/cargo-home" "-e" "RUSTUP_HOME=/opt/rustwide/rustup-home" "-w" "/opt/rustwide/workdir" "-m" "1610612736" "--user" "0:0" "--network" "none" "ghcr.io/rust-lang/crates-build-env/linux@sha256:2788e3201cd34a07e3172128adcd8b3090168a8e3bcc40d7c032b9dda1df7d1c" "/opt/rustwide/cargo-home/bin/cargo" "+beta-2023-12-22" "metadata" "--no-deps" "--format-version=1", kill_on_drop: false }`
[INFO] [stdout] d3655862a88742050e2157a88ce56720a4cb2e46178780361eec0cd500c617fa
[INFO] running `Command { std: "docker" "start" "-a" "d3655862a88742050e2157a88ce56720a4cb2e46178780361eec0cd500c617fa", kill_on_drop: false }`
[INFO] running `Command { std: "docker" "inspect" "d3655862a88742050e2157a88ce56720a4cb2e46178780361eec0cd500c617fa", kill_on_drop: false }`
[INFO] running `Command { std: "docker" "rm" "-f" "d3655862a88742050e2157a88ce56720a4cb2e46178780361eec0cd500c617fa", kill_on_drop: false }`
[INFO] [stdout] d3655862a88742050e2157a88ce56720a4cb2e46178780361eec0cd500c617fa
[INFO] running `Command { std: "docker" "create" "-v" "/var/lib/crater-agent-workspace/builds/worker-1-tc2/target:/opt/rustwide/target:rw,Z" "-v" "/var/lib/crater-agent-workspace/builds/worker-1-tc2/source:/opt/rustwide/workdir:ro,Z" "-v" "/var/lib/crater-agent-workspace/cargo-home:/opt/rustwide/cargo-home:ro,Z" "-v" "/var/lib/crater-agent-workspace/rustup-home:/opt/rustwide/rustup-home:ro,Z" "-e" "SOURCE_DIR=/opt/rustwide/workdir" "-e" "CARGO_TARGET_DIR=/opt/rustwide/target" "-e" "CARGO_INCREMENTAL=0" "-e" "RUST_BACKTRACE=full" "-e" "RUSTFLAGS=--cap-lints=warn" "-e" "RUSTDOCFLAGS=--cap-lints=warn" "-e" "CARGO_HOME=/opt/rustwide/cargo-home" "-e" "RUSTUP_HOME=/opt/rustwide/rustup-home" "-w" "/opt/rustwide/workdir" "-m" "1610612736" "--user" "0:0" "--network" "none" "ghcr.io/rust-lang/crates-build-env/linux@sha256:2788e3201cd34a07e3172128adcd8b3090168a8e3bcc40d7c032b9dda1df7d1c" "/opt/rustwide/cargo-home/bin/cargo" "+beta-2023-12-22" "build" "--frozen" "--message-format=json", kill_on_drop: false }`
[INFO] [stdout] f1871ab111570f958781b5271bc89ce9ed5f9fd6c8605ddab130a807dc4f6efe
[INFO] running `Command { std: "docker" "start" "-a" "f1871ab111570f958781b5271bc89ce9ed5f9fd6c8605ddab130a807dc4f6efe", kill_on_drop: false }`
[INFO] [stderr]    Compiling libc v0.2.139
[INFO] [stderr]    Compiling proc-macro2 v1.0.52
[INFO] [stderr]    Compiling unicode-ident v1.0.1
[INFO] [stderr]    Compiling quote v1.0.26
[INFO] [stderr]    Compiling libm v0.2.2
[INFO] [stderr]    Compiling num-traits v0.2.15
[INFO] [stderr]    Compiling num-integer v0.1.45
[INFO] [stderr]    Compiling syn v1.0.109
[INFO] [stderr]    Compiling memchr v2.5.0
[INFO] [stderr]    Compiling num-bigint v0.4.3
[INFO] [stderr]    Compiling once_cell v1.17.1
[INFO] [stderr]    Compiling num-rational v0.4.1
[INFO] [stderr]    Compiling crunchy v0.2.2
[INFO] [stderr]    Compiling thiserror v1.0.39
[INFO] [stderr]    Compiling num-iter v0.1.43
[INFO] [stderr]    Compiling tiny-keccak v2.0.2
[INFO] [stderr]    Compiling pkg-config v0.3.25
[INFO] [stderr]    Compiling syn v2.0.12
[INFO] [stderr]    Compiling proc-macro-hack v0.5.20+deprecated
[INFO] [stderr]    Compiling iana-time-zone v0.1.53
[INFO] [stderr]    Compiling ahash v0.8.3
[INFO] [stderr]    Compiling typenum v1.16.0
[INFO] [stderr]    Compiling arrow-schema v30.0.1
[INFO] [stderr]    Compiling jobserver v0.1.26
[INFO] [stderr]    Compiling getrandom v0.2.7
[INFO] [stderr]    Compiling cc v1.0.79
[INFO] [stderr]    Compiling num-complex v0.4.3
[INFO] [stderr]    Compiling time v0.1.44
[INFO] [stderr]    Compiling const-random-macro v0.1.15
[INFO] [stderr]    Compiling chrono v0.4.24
[INFO] [stderr]    Compiling half v2.2.1
[INFO] [stderr]    Compiling bitflags v1.3.2
[INFO] [stderr]    Compiling const-random v0.1.15
[INFO] [stderr]    Compiling static_assertions v1.1.0
[INFO] [stderr]    Compiling serde_derive v1.0.160
[INFO] [stderr]    Compiling scopeguard v1.1.0
[INFO] [stderr]    Compiling hashbrown v0.13.2
[INFO] [stderr]    Compiling zstd-sys v2.0.7+zstd.1.5.4
[INFO] [stderr]    Compiling lexical-util v0.8.5
[INFO] [stderr]    Compiling serde v1.0.160
[INFO] [stderr]    Compiling unicode-width v0.1.9
[INFO] [stderr]    Compiling either v1.8.1
[INFO] [stderr]    Compiling log v0.4.17
[INFO] [stderr]    Compiling num v0.4.0
[INFO] [stderr]    Compiling arrow-buffer v30.0.1
[INFO] [stderr]    Compiling aho-corasick v1.0.1
[INFO] [stderr]    Compiling generic-array v0.14.7
[INFO] [stderr]    Compiling crossbeam-utils v0.8.15
[INFO] [stderr]    Compiling regex-syntax v0.7.1
[INFO] [stderr]    Compiling arrow-data v30.0.1
[INFO] [stderr]    Compiling memoffset v0.8.0
[INFO] [stderr]    Compiling lexical-write-integer v0.8.5
[INFO] [stderr]    Compiling arrow-array v30.0.1
[INFO] [stderr]    Compiling lexical-parse-integer v0.8.6
[INFO] [stderr]    Compiling crossbeam-epoch v0.9.14
[INFO] [stderr]    Compiling byteorder v1.4.3
[INFO] [stderr]    Compiling lexical-parse-float v0.8.5
[INFO] [stderr]    Compiling lexical-write-float v0.8.5
[INFO] [stderr]    Compiling crc32fast v1.3.2
[INFO] [stderr]    Compiling regex v1.8.1
[INFO] [stderr]    Compiling lexical-core v0.8.5
[INFO] [stderr]    Compiling rand_core v0.6.3
[INFO] [stderr]    Compiling num_cpus v1.13.1
[INFO] [stderr]    Compiling atty v0.2.14
[INFO] [stderr]    Compiling adler v1.0.2
[INFO] [stderr]    Compiling arrow-select v30.0.1
[INFO] [stderr]    Compiling rayon-core v1.11.0
[INFO] [stderr]    Compiling glob v0.3.1
[INFO] [stderr]    Compiling paste v1.0.12
[INFO] [stderr]    Compiling humantime v2.1.0
[INFO] [stderr]    Compiling futures-core v0.3.28
[INFO] [stderr]    Compiling arrow-cast v30.0.1
[INFO] [stderr]    Compiling miniz_oxide v0.7.1
[INFO] [stderr]    Compiling crossbeam-deque v0.8.3
[INFO] [stderr]    Compiling crypto-common v0.1.6
[INFO] [stderr]    Compiling crossbeam-channel v0.5.8
[INFO] [stderr]    Compiling textwrap v0.11.0
[INFO] [stderr]    Compiling thiserror-impl v1.0.39
[INFO] [stderr]    Compiling bzip2-sys v0.1.11+1.0.8
[INFO] [stderr]    Compiling lock_api v0.4.7
[INFO] [stderr]    Compiling ansi_term v0.12.1
[INFO] [stderr]    Compiling strsim v0.8.0
[INFO] [stderr]    Compiling vec_map v0.8.2
[INFO] [stderr]    Compiling itoa v1.0.2
[INFO] [stderr]    Compiling ryu v1.0.13
[INFO] [stderr]    Compiling clap v2.34.0
[INFO] [stderr]    Compiling flate2 v1.0.26
[INFO] [stderr]    Compiling clang-sys v1.6.0
[INFO] [stderr]    Compiling lz4-sys v1.9.4
[INFO] [stderr]    Compiling indexmap v1.9.2
[INFO] [stderr]    Compiling bytes v1.4.0
[INFO] [stderr]    Compiling futures-channel v0.3.28
[INFO] [stderr]    Compiling futures-sink v0.3.28
[INFO] [stderr]    Compiling futures-task v0.3.28
[INFO] [stderr]    Compiling serde_json v1.0.96
[INFO] [stderr]    Compiling alloc-no-stdlib v2.0.4
[INFO] [stderr]    Compiling subtle v2.5.0
[INFO] [stderr]    Compiling zstd-safe v6.0.4+zstd.1.5.4
[INFO] [stderr]    Compiling alloc-stdlib v0.2.2
[INFO] [stderr]    Compiling flatbuffers v22.9.29
[INFO] [stderr]    Compiling rayon v1.7.0
[INFO] [stderr]    Compiling block-buffer v0.10.4
[INFO] [stderr]    Compiling csv-core v0.1.10
[INFO] [stderr]    Compiling parking_lot_core v0.9.7
[INFO] [stderr]    Compiling portable-atomic v0.3.19
[INFO] [stderr]    Compiling minimal-lexical v0.2.1
[INFO] [stderr]    Compiling snap v1.1.0
[INFO] [stderr]    Compiling futures-util v0.3.28
[INFO] [stderr]    Compiling pin-project-lite v0.2.9
[INFO] [stderr]    Compiling hashbrown v0.12.3
[INFO] [stderr]    Compiling termcolor v1.1.3
[INFO] [stderr]    Compiling nom v7.1.3
[INFO] [stderr]    Compiling env_logger v0.9.0
[INFO] [stderr]    Compiling digest v0.10.7
[INFO] [stderr]    Compiling arrow-ipc v30.0.1
[INFO] [stderr]    Compiling csv v1.2.1
[INFO] [stderr]    Compiling brotli-decompressor v2.3.4
[INFO] [stderr]    Compiling futures-macro v0.3.28
[INFO] [stderr]    Compiling ordered-float v2.10.0
[INFO] [stderr]    Compiling libloading v0.7.3
[INFO] [stderr]    Compiling proc-macro-error-attr v1.0.4
[INFO] [stderr]    Compiling cpufeatures v0.2.7
[INFO] [stderr]    Compiling regex-syntax v0.6.28
[INFO] [stderr]    Compiling integer-encoding v3.0.4
[INFO] [stderr]    Compiling futures-io v0.3.28
[INFO] [stderr]    Compiling bytemuck v1.9.1
[INFO] [stderr]    Compiling ucd-trie v0.1.5
[INFO] [stderr]    Compiling bindgen v0.59.2
[INFO] [stderr]    Compiling smallvec v1.10.0
[INFO] [stderr]    Compiling anyhow v1.0.69
[INFO] [stderr]    Compiling slab v0.4.6
[INFO] [stderr]    Compiling ppv-lite86 v0.2.16
[INFO] [stderr]    Compiling pest v2.6.0
[INFO] [stderr]    Compiling safe_arch v0.6.0
[INFO] [stderr]    Compiling rand_chacha v0.3.1
[INFO] [stderr]    Compiling thrift v0.17.0
[INFO] [stderr]    Compiling brotli v3.3.4
[INFO] [stderr]    Compiling arrow-string v30.0.1
[INFO] [stderr]    Compiling arrow-json v30.0.1
[INFO] [stderr]    Compiling cexpr v0.6.0
[INFO] [stderr]    Compiling arrow-csv v30.0.1
[INFO] [stderr]    Compiling pin-project-internal v1.0.10
[INFO] [stderr]    Compiling arrow-ord v30.0.1
[INFO] [stderr]    Compiling arrow-arith v30.0.1
[INFO] [stderr]    Compiling arrow-row v30.0.1
[INFO] [stderr]    Compiling which v4.4.0
[INFO] [stderr]    Compiling console v0.15.5
[INFO] [stderr]    Compiling twox-hash v1.6.3
[INFO] [stderr]    Compiling proc-macro-error v1.0.4
[INFO] [stderr]    Compiling num-bigint v0.3.3
[INFO] [stderr]    Compiling tokio v1.26.0
[INFO] [stderr]    Compiling lazycell v1.3.0
[INFO] [stderr]    Compiling shlex v1.1.0
[INFO] [stderr]    Compiling unicode-segmentation v1.9.0
[INFO] [stderr]    Compiling async-trait v0.1.68
[INFO] [stderr]    Compiling rustc-hash v1.1.0
[INFO] [stderr]    Compiling seq-macro v0.3.3
[INFO] [stderr]    Compiling zstd-safe v5.0.2+zstd.1.5.2
[INFO] [stderr]    Compiling peeking_take_while v0.1.2
[INFO] [stderr]    Compiling number_prefix v0.4.0
[INFO] [stderr]    Compiling iter-read v0.3.1
[INFO] [stderr]    Compiling base64 v0.20.0
[INFO] [stderr]    Compiling indicatif v0.17.3
[INFO] [stderr]    Compiling heck v0.3.3
[INFO] [stderr]    Compiling arrow v30.0.1
[INFO] [stderr]    Compiling pin-project v1.0.10
[INFO] [stderr]    Compiling futures-executor v0.3.28
[INFO] [stderr]    Compiling pest_meta v2.6.0
[INFO] [stderr]    Compiling rand v0.8.5
[INFO] [stderr]    Compiling wide v0.7.8
[INFO] [stderr]    Compiling parking_lot v0.12.1
[INFO] [stderr]    Compiling spin v0.9.8
[INFO] [stderr]    Compiling tokio-macros v1.8.0
[INFO] [stderr]    Compiling dos-uid-derive v2.0.0
[INFO] [stderr]    Compiling inout v0.1.3
[INFO] [stderr]    Compiling mio v0.8.6
[INFO] [stderr]    Compiling cmake v0.1.50
[INFO] [stderr]    Compiling nanorand v0.7.0
[INFO] [stderr]    Compiling signal-hook-registry v1.4.1
[INFO] [stderr]    Compiling socket2 v0.4.9
[INFO] [stderr]    Compiling approx v0.5.1
[INFO] [stderr]    Compiling paris v1.5.13
[INFO] [stderr]    Compiling io-lifetimes v1.0.6
[INFO] [stderr]    Compiling base64ct v1.6.0
[INFO] [stderr]    Compiling rawpointer v0.2.1
[INFO] [stderr]    Compiling matrixmultiply v0.3.2
[INFO] [stderr]    Compiling password-hash v0.4.2
[INFO] [stderr]    Compiling gmt_dos-clients v2.1.0
[INFO] [stderr]    Compiling simba v0.8.0
[INFO] [stderr]    Compiling flume v0.10.13
[INFO] [stderr]    Compiling cipher v0.4.4
[INFO] [stderr]    Compiling rand_distr v0.4.3
[INFO] [stderr]    Compiling pest_generator v2.6.0
[INFO] [stderr]    Compiling futures v0.3.28
[INFO] [stderr]    Compiling matio-rs-sys v0.2.2
[INFO] [stderr]    Compiling sha2 v0.10.6
[INFO] [stderr]    Compiling hmac v0.12.1
[INFO] [stderr]    Compiling nalgebra-macros v0.2.0
[INFO] [stderr]    Compiling rustfft v6.1.0
[INFO] [stderr]    Compiling rustix v0.36.9
[INFO] [stderr]    Compiling num_threads v0.1.6
[INFO] [stderr]    Compiling vec_box v1.0.0
[INFO] [stderr]    Compiling strength_reduce v0.2.4
[INFO] [stderr]    Compiling time v0.3.11
[INFO] [stderr]    Compiling transpose v0.2.2
[INFO] [stderr]    Compiling pbkdf2 v0.11.0
[INFO] [stderr]    Compiling pest_derive v2.6.0
[INFO] [stderr]    Compiling serde-pickle v0.6.3
[INFO] [stderr]    Compiling structopt-derive v0.4.18
[INFO] [stderr]    Compiling aes v0.8.2
[INFO] [stderr]    Compiling sha1 v0.10.5
[INFO] [stderr]    Compiling bincode v1.3.3
[INFO] [stderr]    Compiling triangle-rs v0.1.2
[INFO] [stderr]    Compiling gmt_dos-actors v7.0.0
[INFO] [stderr]    Compiling primal-check v0.3.3
[INFO] [stderr]    Compiling linux-raw-sys v0.1.4
[INFO] [stderr]    Compiling constant_time_eq v0.1.5
[INFO] [stderr]    Compiling colorous v1.0.10
[INFO] [stderr]    Compiling structopt v0.3.26
[INFO] [stderr]    Compiling gmt_dos-clients_io v2.1.0
[INFO] [stderr]    Compiling py_literal v0.4.0
[INFO] [stderr]    Compiling serde-pickle v1.1.1
[INFO] [stderr]    Compiling nalgebra v0.32.2
[INFO] [stderr]    Compiling matio-rs_derive v0.1.0
[INFO] [stderr]    Compiling terminal_size v0.1.17
[INFO] [stderr]    Compiling fastrand v1.9.0
[INFO] [stderr]    Compiling skyangle v0.1.2
[INFO] [stderr]    Compiling tempfile v3.4.0
[INFO] [stderr]    Compiling linya v0.3.0
[INFO] [stderr]    Compiling strum_macros v0.22.0
[INFO] [stderr]    Compiling geotrans v0.2.2
[INFO] [stderr]    Compiling itertools v0.10.5
[INFO] [stderr]    Compiling gmt_dos-clients_windloads v2.0.1 (/opt/rustwide/workdir)
[INFO] [stderr]    Compiling geotrans v0.1.1
[INFO] [stderr]    Compiling welch-sde v0.1.0
[INFO] [stderr]    Compiling strum v0.22.0
[INFO] [stderr]    Compiling bzip2 v0.4.4
[INFO] [stderr]    Compiling zip v0.5.13
[INFO] [stderr]    Compiling zstd v0.12.3+zstd.1.5.2
[INFO] [stderr]    Compiling zstd v0.11.2+zstd.1.5.2
[INFO] [stderr]    Compiling zip v0.6.6
[INFO] [stderr]    Compiling lz4 v1.24.0
[INFO] [stderr]    Compiling npyz v0.8.1
[INFO] [stderr]    Compiling parquet v30.0.1
[INFO] [stderr]    Compiling matio-rs v1.3.1
[INFO] [stderr]    Compiling gmt-lom v2.0.0
[INFO] [stderr]    Compiling parse-monitors v0.2.3
[INFO] [stderr]    Compiling gmt-fem v4.0.1
[INFO] [stderr]     Finished dev [unoptimized + debuginfo] target(s) in 3m 40s
[INFO] running `Command { std: "docker" "inspect" "f1871ab111570f958781b5271bc89ce9ed5f9fd6c8605ddab130a807dc4f6efe", kill_on_drop: false }`
[INFO] running `Command { std: "docker" "rm" "-f" "f1871ab111570f958781b5271bc89ce9ed5f9fd6c8605ddab130a807dc4f6efe", kill_on_drop: false }`
[INFO] [stdout] f1871ab111570f958781b5271bc89ce9ed5f9fd6c8605ddab130a807dc4f6efe
[INFO] running `Command { std: "docker" "create" "-v" "/var/lib/crater-agent-workspace/builds/worker-1-tc2/target:/opt/rustwide/target:rw,Z" "-v" "/var/lib/crater-agent-workspace/builds/worker-1-tc2/source:/opt/rustwide/workdir:ro,Z" "-v" "/var/lib/crater-agent-workspace/cargo-home:/opt/rustwide/cargo-home:ro,Z" "-v" "/var/lib/crater-agent-workspace/rustup-home:/opt/rustwide/rustup-home:ro,Z" "-e" "SOURCE_DIR=/opt/rustwide/workdir" "-e" "CARGO_TARGET_DIR=/opt/rustwide/target" "-e" "CARGO_INCREMENTAL=0" "-e" "RUST_BACKTRACE=full" "-e" "RUSTFLAGS=--cap-lints=warn" "-e" "RUSTDOCFLAGS=--cap-lints=warn" "-e" "CARGO_HOME=/opt/rustwide/cargo-home" "-e" "RUSTUP_HOME=/opt/rustwide/rustup-home" "-w" "/opt/rustwide/workdir" "-m" "1610612736" "--user" "0:0" "--network" "none" "ghcr.io/rust-lang/crates-build-env/linux@sha256:2788e3201cd34a07e3172128adcd8b3090168a8e3bcc40d7c032b9dda1df7d1c" "/opt/rustwide/cargo-home/bin/cargo" "+beta-2023-12-22" "test" "--frozen" "--no-run" "--message-format=json", kill_on_drop: false }`
[INFO] [stdout] da6eb158906ea3def2ad90f1102eda1900780fcfc352a93796113bddd4aa108c
[INFO] running `Command { std: "docker" "start" "-a" "da6eb158906ea3def2ad90f1102eda1900780fcfc352a93796113bddd4aa108c", kill_on_drop: false }`
[INFO] [stderr]    Compiling unicode-ident v1.0.1
[INFO] [stderr]    Compiling proc-macro2 v1.0.52
[INFO] [stderr]    Compiling quote v1.0.26
[INFO] [stderr]    Compiling syn v1.0.109
[INFO] [stderr]    Compiling jobserver v0.1.26
[INFO] [stderr]    Compiling clang-sys v1.6.0
[INFO] [stderr]    Compiling minimal-lexical v0.2.1
[INFO] [stderr]    Compiling libloading v0.7.3
[INFO] [stderr]    Compiling which v4.4.0
[INFO] [stderr]    Compiling rustc-hash v1.1.0
[INFO] [stderr]    Compiling shlex v1.1.0
[INFO] [stderr]    Compiling lazycell v1.3.0
[INFO] [stderr]    Compiling peeking_take_while v0.1.2
[INFO] [stderr]    Compiling cc v1.0.79
[INFO] [stderr]    Compiling nom v7.1.3
[INFO] [stderr]    Compiling bindgen v0.64.0
[INFO] [stderr]    Compiling bindgen v0.59.2
[INFO] [stderr]    Compiling gmt_dos-clients_mount v1.1.0
[INFO] [stderr]    Compiling is-terminal v0.4.4
[INFO] [stderr]    Compiling env_logger v0.10.0
[INFO] [stderr]    Compiling cmake v0.1.50
[INFO] [stderr]    Compiling syn v2.0.12
[INFO] [stderr]    Compiling proc-macro-error-attr v1.0.4
[INFO] [stderr]    Compiling zstd-sys v2.0.7+zstd.1.5.4
[INFO] [stderr]    Compiling bzip2-sys v0.1.11+1.0.8
[INFO] [stderr]    Compiling lz4-sys v1.9.4
[INFO] [stderr]    Compiling triangle-rs v0.1.2
[INFO] [stderr]    Compiling cexpr v0.6.0
[INFO] [stderr]    Compiling proc-macro-error v1.0.4
[INFO] [stderr]    Compiling serde_derive v1.0.160
[INFO] [stderr]    Compiling bzip2 v0.4.4
[INFO] [stderr]    Compiling futures-macro v0.3.28
[INFO] [stderr]    Compiling async-trait v0.1.68
[INFO] [stderr]    Compiling futures-util v0.3.28
[INFO] [stderr]    Compiling thiserror-impl v1.0.39
[INFO] [stderr]    Compiling pin-project-internal v1.0.10
[INFO] [stderr]    Compiling dos-uid-derive v2.0.0
[INFO] [stderr]    Compiling tokio-macros v1.8.0
[INFO] [stderr]    Compiling matio-rs-sys v0.2.2
[INFO] [stderr]    Compiling thiserror v1.0.39
[INFO] [stderr]    Compiling flatbuffers v22.9.29
[INFO] [stderr]    Compiling serde v1.0.160
[INFO] [stderr]    Compiling gmt_dos-clients v2.1.0
[INFO] [stderr]    Compiling arrow-ipc v30.0.1
[INFO] [stderr]    Compiling pin-project v1.0.10
[INFO] [stderr]    Compiling futures-executor v0.3.28
[INFO] [stderr]    Compiling flume v0.10.13
[INFO] [stderr]    Compiling futures v0.3.28
[INFO] [stderr]    Compiling tokio v1.26.0
[INFO] [stderr]    Compiling zip v0.5.13
[INFO] [stderr]    Compiling pest v2.6.0
[INFO] [stderr]    Compiling simulink-rs v3.0.2
[INFO] [stderr]    Compiling nalgebra-macros v0.2.0
[INFO] [stderr]    Compiling matio-rs_derive v0.1.0
[INFO] [stderr]    Compiling nalgebra v0.32.2
[INFO] [stderr]    Compiling pest_meta v2.6.0
[INFO] [stderr]    Compiling structopt-derive v0.4.18
[INFO] [stderr]    Compiling csv v1.2.1
[INFO] [stderr]    Compiling serde_json v1.0.96
[INFO] [stderr]    Compiling arrow-csv v30.0.1
[INFO] [stderr]    Compiling arrow-json v30.0.1
[INFO] [stderr]    Compiling bincode v1.3.3
[INFO] [stderr]    Compiling serde-pickle v0.6.3
[INFO] [stderr]    Compiling gmt_dos-actors v7.0.0
[INFO] [stderr]    Compiling arrow v30.0.1
[INFO] [stderr]    Compiling pest_generator v2.6.0
[INFO] [stderr]    Compiling serde-pickle v1.1.1
[INFO] [stderr]    Compiling gmt_dos-clients_io v2.1.0
[INFO] [stderr]    Compiling gmt_mount-ctrl_driver v0.0.2
[INFO] [stderr]    Compiling gmt_mount-ctrl_controller v0.1.0
[INFO] [stderr]    Compiling pest_derive v2.6.0
[INFO] [stderr]    Compiling structopt v0.3.26
[INFO] [stderr]    Compiling py_literal v0.4.0
[INFO] [stderr]    Compiling geotrans v0.2.2
[INFO] [stderr]    Compiling strum_macros v0.22.0
[INFO] [stderr]    Compiling skyangle v0.2.2
[INFO] [stderr]    Compiling lz4 v1.24.0
[INFO] [stderr]    Compiling zstd-safe v6.0.4+zstd.1.5.4
[INFO] [stderr]    Compiling zstd-safe v5.0.2+zstd.1.5.2
[INFO] [stderr]    Compiling zstd v0.12.3+zstd.1.5.2
[INFO] [stderr]    Compiling zstd v0.11.2+zstd.1.5.2
[INFO] [stderr]    Compiling parquet v30.0.1
[INFO] [stderr]    Compiling zip v0.6.6
[INFO] [stderr]    Compiling npyz v0.8.1
[INFO] [stderr]    Compiling matio-rs v1.3.1
[INFO] [stderr]    Compiling gmt-lom v2.0.0
[INFO] [stderr]    Compiling gmt_dos-clients_arrow v1.0.3
[INFO] [stderr]    Compiling parse-monitors v0.2.3
[INFO] [stderr]    Compiling gmt-fem v4.0.1
[INFO] [stderr]    Compiling gmt_dos-clients_fem v2.1.1
[INFO] [stderr]    Compiling gmt_dos-clients_windloads v2.0.1 (/opt/rustwide/workdir)
[INFO] [stdout] error[E0432]: unresolved imports `gmt_dos_clients::OneSignal`, `gmt_dos_clients::Weight`
[INFO] [stdout]  --> examples/async_mountloading/main.rs:4:23
[INFO] [stdout]   |
[INFO] [stdout] 4 | use gmt_dos_clients::{OneSignal, Signal, Signals, Smooth, Weight};
[INFO] [stdout]   |                       ^^^^^^^^^                           ^^^^^^ no `Weight` in the root
[INFO] [stdout]   |                       |
[INFO] [stdout]   |                       no `OneSignal` in the root
[INFO] [stdout]   |                       help: a similar name exists in the module: `Signal`
[INFO] [stdout] 
[INFO] [stdout] 
[INFO] [stdout] error[E0432]: unresolved imports `gmt_dos_clients_fem::fem_io::actors_inputs::MCM2Lcl6F`, `gmt_dos_clients_fem::fem_io::actors_inputs::OSSM1Lcl6F`, `gmt_dos_clients_fem::fem_io::actors_inputs::CFD2021106F`, `gmt_dos_clients_fem::fem_io::actors_outputs::MCM2Lcl6D`, `gmt_dos_clients_fem::fem_io::actors_outputs::OSSM1Lcl`
[INFO] [stdout]  --> examples/async_mountloading/main.rs:8:25
[INFO] [stdout]   |
[INFO] [stdout] 8 |         actors_inputs::{MCM2Lcl6F, OSSM1Lcl6F, CFD2021106F},
[INFO] [stdout]   |                         ^^^^^^^^^  ^^^^^^^^^^  ^^^^^^^^^^^ no `CFD2021106F` in `model::fem_io::inputs::actors_inputs`
[INFO] [stdout]   |                         |          |
[INFO] [stdout]   |                         |          no `OSSM1Lcl6F` in `model::fem_io::inputs::actors_inputs`
[INFO] [stdout]   |                         no `MCM2Lcl6F` in `model::fem_io::inputs::actors_inputs`
[INFO] [stdout] 9 |         actors_outputs::{MCM2Lcl6D, OSSM1Lcl},
[INFO] [stdout]   |                          ^^^^^^^^^  ^^^^^^^^ no `OSSM1Lcl` in `model::fem_io::outputs::actors_outputs`
[INFO] [stdout]   |                          |
[INFO] [stdout]   |                          no `MCM2Lcl6D` in `model::fem_io::outputs::actors_outputs`
[INFO] [stdout] 
[INFO] [stdout] 
[INFO] [stdout] error[E0432]: unresolved imports `gmt_dos_clients::OneSignal`, `gmt_dos_clients::Weight`
[INFO] [stdout]  --> examples/mountloading/main.rs:4:23
[INFO] [stdout]   |
[INFO] [stdout] 4 | use gmt_dos_clients::{OneSignal, Signal, Signals, Smooth, Weight};
[INFO] [stdout]   |                       ^^^^^^^^^                           ^^^^^^ no `Weight` in the root
[INFO] [stdout]   |                       |
[INFO] [stdout]   |                       no `OneSignal` in the root
[INFO] [stdout]   |                       help: a similar name exists in the module: `Signal`
[INFO] [stdout] 
[INFO] [stdout] 
[INFO] [stdout] error[E0432]: unresolved imports `gmt_dos_clients_fem::fem_io::actors_inputs::MCM2Lcl6F`, `gmt_dos_clients_fem::fem_io::actors_inputs::OSSM1Lcl6F`, `gmt_dos_clients_fem::fem_io::actors_inputs::CFD2021106F`, `gmt_dos_clients_fem::fem_io::actors_outputs::MCM2Lcl6D`, `gmt_dos_clients_fem::fem_io::actors_outputs::OSSM1Lcl`
[INFO] [stdout]  --> examples/mountloading/main.rs:8:25
[INFO] [stdout]   |
[INFO] [stdout] 8 |         actors_inputs::{MCM2Lcl6F, OSSM1Lcl6F, CFD2021106F},
[INFO] [stdout]   |                         ^^^^^^^^^  ^^^^^^^^^^  ^^^^^^^^^^^ no `CFD2021106F` in `model::fem_io::inputs::actors_inputs`
[INFO] [stdout]   |                         |          |
[INFO] [stdout]   |                         |          no `OSSM1Lcl6F` in `model::fem_io::inputs::actors_inputs`
[INFO] [stdout]   |                         no `MCM2Lcl6F` in `model::fem_io::inputs::actors_inputs`
[INFO] [stdout] 9 |         actors_outputs::{MCM2Lcl6D, OSSM1Lcl},
[INFO] [stdout]   |                          ^^^^^^^^^  ^^^^^^^^ no `OSSM1Lcl` in `model::fem_io::outputs::actors_outputs`
[INFO] [stdout]   |                          |
[INFO] [stdout]   |                          no `MCM2Lcl6D` in `model::fem_io::outputs::actors_outputs`
[INFO] [stdout] 
[INFO] [stdout] 
[INFO] [stdout] warning: unused import: `mount::MountEncoders`
[INFO] [stdout]   --> examples/mountloading/main.rs:17:5
[INFO] [stdout]    |
[INFO] [stdout] 17 |     mount::MountEncoders,
[INFO] [stdout]    |     ^^^^^^^^^^^^^^^^^^^^
[INFO] [stdout]    |
[INFO] [stdout]    = note: `#[warn(unused_imports)]` on by default
[INFO] [stdout] 
[INFO] [stdout] 
[INFO] [stdout] error[E0599]: no method named `including_mount` found for struct `DiscreteStateSpace` in the current scope
[INFO] [stdout]   --> examples/async_mountloading/main.rs:50:14
[INFO] [stdout]    |
[INFO] [stdout] 46 | /         DiscreteModalSolver::<ExponentialMatrix>::from_fem(fem)
[INFO] [stdout] 47 | |             .sampling(sim_sampling_frequency as f64)
[INFO] [stdout] 48 | |             .proportional_damping(2. / 100.)
[INFO] [stdout] 49 | |             //.max_eigen_frequency(75f64)
[INFO] [stdout] 50 | |             .including_mount()
[INFO] [stdout]    | |             -^^^^^^^^^^^^^^^ help: there is a method with a similar name: `including_m1`
[INFO] [stdout]    | |_____________|
[INFO] [stdout]    | 
[INFO] [stdout] 
[INFO] [stdout] 
[INFO] [stdout] error[E0599]: no method named `including_mount` found for struct `DiscreteStateSpace` in the current scope
[INFO] [stdout]   --> examples/mountloading/main.rs:54:14
[INFO] [stdout]    |
[INFO] [stdout] 50 | /         DiscreteModalSolver::<ExponentialMatrix>::from_fem(fem)
[INFO] [stdout] 51 | |             .sampling(sim_sampling_frequency as f64)
[INFO] [stdout] 52 | |             .proportional_damping(2. / 100.)
[INFO] [stdout] 53 | |             //.max_eigen_frequency(75f64)
[INFO] [stdout] 54 | |             .including_mount()
[INFO] [stdout]    | |             -^^^^^^^^^^^^^^^ help: there is a method with a similar name: `including_m1`
[INFO] [stdout]    | |_____________|
[INFO] [stdout]    | 
[INFO] [stdout] 
[INFO] [stdout] 
[INFO] [stdout] error[E0599]: no function or associated item named `builder` found for struct `Mount` in the current scope
[INFO] [stdout]   --> examples/async_mountloading/main.rs:66:34
[INFO] [stdout]    |
[INFO] [stdout] 66 |     let mount: Actor<_> = Mount::builder(&mut setpoint).build(&mut fem)?;
[INFO] [stdout]    |                                  ^^^^^^^ function or associated item not found in `Mount<'_>`
[INFO] [stdout]    |
[INFO] [stdout] note: if you're trying to build a new `Mount<'_>`, consider using `Mount::<'a>::new` which returns `Mount<'a>`
[INFO] [stdout]   --> /opt/rustwide/cargo-home/registry/src/index.crates.io-6f17d22bba15001f/gmt_dos-clients_mount-1.1.0/src/fdr.rs:34:5
[INFO] [stdout]    |
[INFO] [stdout] 34 |     pub fn new() -> Self {
[INFO] [stdout]    |     ^^^^^^^^^^^^^^^^^^^^
[INFO] [stdout] 
[INFO] [stdout] 
[INFO] [stdout] error[E0599]: no function or associated item named `builder` found for struct `Mount` in the current scope
[INFO] [stdout]   --> examples/mountloading/main.rs:71:34
[INFO] [stdout]    |
[INFO] [stdout] 71 |     let mount: Actor<_> = Mount::builder(&mut setpoint).build(&mut fem)?;
[INFO] [stdout]    |                                  ^^^^^^^ function or associated item not found in `Mount<'_>`
[INFO] [stdout]    |
[INFO] [stdout] note: if you're trying to build a new `Mount<'_>`, consider using `Mount::<'a>::new` which returns `Mount<'a>`
[INFO] [stdout]   --> /opt/rustwide/cargo-home/registry/src/index.crates.io-6f17d22bba15001f/gmt_dos-clients_mount-1.1.0/src/fdr.rs:34:5
[INFO] [stdout]    |
[INFO] [stdout] 34 |     pub fn new() -> Self {
[INFO] [stdout]    |     ^^^^^^^^^^^^^^^^^^^^
[INFO] [stdout] 
[INFO] [stdout] 
[INFO] [stdout] error[E0599]: no method named `quiet` found for struct `gmt_dos_actors::model::Model` in the current scope
[INFO] [stdout]    --> examples/async_mountloading/main.rs:153:6
[INFO] [stdout]     |
[INFO] [stdout] 141 | /     model!(
[INFO] [stdout] 142 | |         setpoint,
[INFO] [stdout] 143 | |         mount,
[INFO] [stdout] 144 | |         cfd_loads,
[INFO] [stdout] ...   |
[INFO] [stdout] 152 | |     .name("mountloading")
[INFO] [stdout] 153 | |     .quiet()
[INFO] [stdout]     | |     -^^^^^ method not found in `Model<Unknown>`
[INFO] [stdout]     | |_____|
[INFO] [stdout]     | 
[INFO] [stdout] 
[INFO] [stdout] 
[INFO] [stdout] error: aborting due to 4 previous errors; 1 warning emitted
[INFO] [stdout] 
[INFO] [stdout] 
[INFO] [stdout] Some errors have detailed explanations: E0432, E0599.
[INFO] [stdout] 
[INFO] [stdout] For more information about an error, try `rustc --explain E0432`.
[INFO] [stdout] 
[INFO] [stderr] error: could not compile `gmt_dos-clients_windloads` (example "mountloading") due to 5 previous errors; 1 warning emitted
[INFO] [stderr] warning: build failed, waiting for other jobs to finish...
[INFO] [stdout] error: aborting due to 5 previous errors
[INFO] [stdout] 
[INFO] [stdout] 
[INFO] [stdout] Some errors have detailed explanations: E0432, E0599.
[INFO] [stdout] 
[INFO] [stdout] For more information about an error, try `rustc --explain E0432`.
[INFO] [stdout] 
[INFO] [stderr] error: could not compile `gmt_dos-clients_windloads` (example "async_mountloading") due to 6 previous errors
[INFO] running `Command { std: "docker" "inspect" "da6eb158906ea3def2ad90f1102eda1900780fcfc352a93796113bddd4aa108c", kill_on_drop: false }`
[INFO] running `Command { std: "docker" "rm" "-f" "da6eb158906ea3def2ad90f1102eda1900780fcfc352a93796113bddd4aa108c", kill_on_drop: false }`
[INFO] [stdout] da6eb158906ea3def2ad90f1102eda1900780fcfc352a93796113bddd4aa108c
