[INFO] fetching crate gmt_dos-clients_transceiver 1.2.0...
[INFO] testing gmt_dos-clients_transceiver-1.2.0 against 1.75.0 for beta-1.76-1
[INFO] extracting crate gmt_dos-clients_transceiver 1.2.0 into /workspace/builds/worker-2-tc1/source
[INFO] validating manifest of crates.io crate gmt_dos-clients_transceiver 1.2.0 on toolchain 1.75.0
[INFO] running `Command { std: CARGO_HOME="/workspace/cargo-home" RUSTUP_HOME="/workspace/rustup-home" "/workspace/cargo-home/bin/cargo" "+1.75.0" "metadata" "--manifest-path" "Cargo.toml" "--no-deps", kill_on_drop: false }`
[INFO] started tweaking crates.io crate gmt_dos-clients_transceiver 1.2.0
[INFO] finished tweaking crates.io crate gmt_dos-clients_transceiver 1.2.0
[INFO] tweaked toml for crates.io crate gmt_dos-clients_transceiver 1.2.0 written to /workspace/builds/worker-2-tc1/source/Cargo.toml
[INFO] crate crates.io crate gmt_dos-clients_transceiver 1.2.0 already has a lockfile, it will not be regenerated
[INFO] running `Command { std: CARGO_HOME="/workspace/cargo-home" RUSTUP_HOME="/workspace/rustup-home" "/workspace/cargo-home/bin/cargo" "+1.75.0" "fetch" "--manifest-path" "Cargo.toml", kill_on_drop: false }`
[INFO] [stderr]     Updating crates.io index
[INFO] [stderr]  Downloading crates ...
[INFO] [stderr]   Downloaded vec_box v1.0.0
[INFO] [stderr]   Downloaded dos-uid-derive v4.1.0
[INFO] [stderr]   Downloaded quinn-udp v0.4.1
[INFO] [stderr]   Downloaded prettyplease v0.2.15
[INFO] [stderr]   Downloaded paris v1.5.15
[INFO] [stderr]   Downloaded chrono v0.4.29
[INFO] [stderr]   Downloaded quinn-proto v0.10.4
[INFO] [stderr]   Downloaded rustls-webpki v0.101.4
[INFO] [stderr]   Downloaded quinn v0.10.2
[INFO] [stderr]   Downloaded gmt_dos-actors-clients_interface v0.1.3
[INFO] [stderr]   Downloaded gmt_dos-actors_dsl v0.5.0
[INFO] [stderr]   Downloaded gmt_dos-actors v10.0.0
[INFO] running `Command { std: "docker" "create" "-v" "/var/lib/crater-agent-workspace/builds/worker-2-tc1/target:/opt/rustwide/target:rw,Z" "-v" "/var/lib/crater-agent-workspace/builds/worker-2-tc1/source:/opt/rustwide/workdir:ro,Z" "-v" "/var/lib/crater-agent-workspace/cargo-home:/opt/rustwide/cargo-home:ro,Z" "-v" "/var/lib/crater-agent-workspace/rustup-home:/opt/rustwide/rustup-home:ro,Z" "-e" "SOURCE_DIR=/opt/rustwide/workdir" "-e" "CARGO_TARGET_DIR=/opt/rustwide/target" "-e" "CARGO_HOME=/opt/rustwide/cargo-home" "-e" "RUSTUP_HOME=/opt/rustwide/rustup-home" "-w" "/opt/rustwide/workdir" "-m" "1610612736" "--user" "0:0" "--network" "none" "ghcr.io/rust-lang/crates-build-env/linux@sha256:2788e3201cd34a07e3172128adcd8b3090168a8e3bcc40d7c032b9dda1df7d1c" "/opt/rustwide/cargo-home/bin/cargo" "+1.75.0" "metadata" "--no-deps" "--format-version=1", kill_on_drop: false }`
[INFO] [stdout] be0938edfe2377e156f103f06a643cba9b9f221e3ecac1f936ca20a81668ed35
[INFO] running `Command { std: "docker" "start" "-a" "be0938edfe2377e156f103f06a643cba9b9f221e3ecac1f936ca20a81668ed35", kill_on_drop: false }`
[INFO] running `Command { std: "docker" "inspect" "be0938edfe2377e156f103f06a643cba9b9f221e3ecac1f936ca20a81668ed35", kill_on_drop: false }`
[INFO] running `Command { std: "docker" "rm" "-f" "be0938edfe2377e156f103f06a643cba9b9f221e3ecac1f936ca20a81668ed35", kill_on_drop: false }`
[INFO] [stdout] be0938edfe2377e156f103f06a643cba9b9f221e3ecac1f936ca20a81668ed35
[INFO] running `Command { std: "docker" "create" "-v" "/var/lib/crater-agent-workspace/builds/worker-2-tc1/target:/opt/rustwide/target:rw,Z" "-v" "/var/lib/crater-agent-workspace/builds/worker-2-tc1/source:/opt/rustwide/workdir:ro,Z" "-v" "/var/lib/crater-agent-workspace/cargo-home:/opt/rustwide/cargo-home:ro,Z" "-v" "/var/lib/crater-agent-workspace/rustup-home:/opt/rustwide/rustup-home:ro,Z" "-e" "SOURCE_DIR=/opt/rustwide/workdir" "-e" "CARGO_TARGET_DIR=/opt/rustwide/target" "-e" "CARGO_INCREMENTAL=0" "-e" "RUST_BACKTRACE=full" "-e" "RUSTFLAGS=--cap-lints=warn" "-e" "RUSTDOCFLAGS=--cap-lints=warn" "-e" "CARGO_HOME=/opt/rustwide/cargo-home" "-e" "RUSTUP_HOME=/opt/rustwide/rustup-home" "-w" "/opt/rustwide/workdir" "-m" "1610612736" "--user" "0:0" "--network" "none" "ghcr.io/rust-lang/crates-build-env/linux@sha256:2788e3201cd34a07e3172128adcd8b3090168a8e3bcc40d7c032b9dda1df7d1c" "/opt/rustwide/cargo-home/bin/cargo" "+1.75.0" "build" "--frozen" "--message-format=json", kill_on_drop: false }`
[INFO] [stdout] 47a55d1cc50a7f00a661941c3e4392488c5c605f2049da05d572fb116a100953
[INFO] running `Command { std: "docker" "start" "-a" "47a55d1cc50a7f00a661941c3e4392488c5c605f2049da05d572fb116a100953", kill_on_drop: false }`
[INFO] [stderr]    Compiling proc-macro2 v1.0.66
[INFO] [stderr]    Compiling unicode-ident v1.0.11
[INFO] [stderr]    Compiling libc v0.2.147
[INFO] [stderr]    Compiling once_cell v1.18.0
[INFO] [stderr]    Compiling pin-project-lite v0.2.13
[INFO] [stderr]    Compiling slab v0.4.9
[INFO] [stderr]    Compiling futures-core v0.3.28
[INFO] [stderr]    Compiling spin v0.5.2
[INFO] [stderr]    Compiling untrusted v0.7.1
[INFO] [stderr]    Compiling log v0.4.20
[INFO] [stderr]    Compiling base64 v0.21.3
[INFO] [stderr]    Compiling futures-task v0.3.28
[INFO] [stderr]    Compiling futures-channel v0.3.28
[INFO] [stderr]    Compiling futures-sink v0.3.28
[INFO] [stderr]    Compiling tracing-core v0.1.31
[INFO] [stderr]    Compiling lock_api v0.4.10
[INFO] [stderr]    Compiling ppv-lite86 v0.2.17
[INFO] [stderr]    Compiling serde v1.0.188
[INFO] [stderr]    Compiling rustls v0.21.7
[INFO] [stderr]    Compiling futures-util v0.3.28
[INFO] [stderr]    Compiling quote v1.0.33
[INFO] [stderr]    Compiling getrandom v0.2.10
[INFO] [stderr]    Compiling thiserror v1.0.48
[INFO] [stderr]    Compiling socket2 v0.5.3
[INFO] [stderr]    Compiling syn v2.0.31
[INFO] [stderr]    Compiling cc v1.0.83
[INFO] [stderr]    Compiling rand_core v0.6.4
[INFO] [stderr]    Compiling rustls-pemfile v1.0.3
[INFO] [stderr]    Compiling rand_chacha v0.3.1
[INFO] [stderr]    Compiling scopeguard v1.2.0
[INFO] [stderr]    Compiling bytes v1.4.0
[INFO] [stderr]    Compiling futures-io v0.3.28
[INFO] [stderr]    Compiling memchr v2.6.3
[INFO] [stderr]    Compiling openssl-probe v0.1.5
[INFO] [stderr]    Compiling tinyvec_macros v0.1.1
[INFO] [stderr]    Compiling time-core v0.1.1
[INFO] [stderr]    Compiling pin-utils v0.1.0
[INFO] [stderr]    Compiling deranged v0.3.8
[INFO] [stderr]    Compiling tinyvec v1.6.0
[INFO] [stderr]    Compiling rand v0.8.5
[INFO] [stderr]    Compiling rustls-native-certs v0.6.3
[INFO] [stderr]    Compiling mio v0.8.8
[INFO] [stderr]    Compiling time v0.3.28
[INFO] [stderr]    Compiling num_cpus v1.16.0
[INFO] [stderr]    Compiling ring v0.16.20
[INFO] [stderr]    Compiling anyhow v1.0.75
[INFO] [stderr]    Compiling virtue v0.0.13
[INFO] [stderr]    Compiling rustc-hash v1.1.0
[INFO] [stderr]    Compiling yasna v0.5.2
[INFO] [stderr]    Compiling tokio v1.32.0
[INFO] [stderr]    Compiling spin v0.9.8
[INFO] [stderr]    Compiling nanorand v0.7.0
[INFO] [stderr]    Compiling pem v2.0.1
[INFO] [stderr]    Compiling bincode_derive v2.0.0-rc.3
[INFO] [stderr]    Compiling paris v1.5.15
[INFO] [stderr]    Compiling humantime v2.1.0
[INFO] [stderr]    Compiling bytesize v1.3.0
[INFO] [stderr]    Compiling tracing-attributes v0.1.26
[INFO] [stderr]    Compiling serde_derive v1.0.188
[INFO] [stderr]    Compiling thiserror-impl v1.0.48
[INFO] [stderr]    Compiling futures-macro v0.3.28
[INFO] [stderr]    Compiling pin-project-internal v1.1.3
[INFO] [stderr]    Compiling dos-uid-derive v4.1.0
[INFO] [stderr]    Compiling pin-project v1.1.3
[INFO] [stderr]    Compiling flume v0.10.14
[INFO] [stderr]    Compiling sct v0.7.0
[INFO] [stderr]    Compiling rustls-webpki v0.101.4
[INFO] [stderr]    Compiling rcgen v0.11.1
[INFO] [stderr]    Compiling tracing v0.1.37
[INFO] [stderr]    Compiling quinn-udp v0.4.1
[INFO] [stderr]    Compiling futures-executor v0.3.28
[INFO] [stderr]    Compiling futures v0.3.28
[INFO] [stderr]    Compiling quinn-proto v0.10.4
[INFO] [stderr]    Compiling quinn v0.10.2
[INFO] [stderr]    Compiling bincode v2.0.0-rc.3
[INFO] [stderr]    Compiling gmt_dos-actors-clients_interface v0.1.3
[INFO] [stderr]    Compiling gmt_dos-clients_transceiver v1.2.0 (/opt/rustwide/workdir)
[INFO] [stderr]     Finished dev [unoptimized + debuginfo] target(s) in 29.49s
[INFO] running `Command { std: "docker" "inspect" "47a55d1cc50a7f00a661941c3e4392488c5c605f2049da05d572fb116a100953", kill_on_drop: false }`
[INFO] running `Command { std: "docker" "rm" "-f" "47a55d1cc50a7f00a661941c3e4392488c5c605f2049da05d572fb116a100953", kill_on_drop: false }`
[INFO] [stdout] 47a55d1cc50a7f00a661941c3e4392488c5c605f2049da05d572fb116a100953
[INFO] running `Command { std: "docker" "create" "-v" "/var/lib/crater-agent-workspace/builds/worker-2-tc1/target:/opt/rustwide/target:rw,Z" "-v" "/var/lib/crater-agent-workspace/builds/worker-2-tc1/source:/opt/rustwide/workdir:ro,Z" "-v" "/var/lib/crater-agent-workspace/cargo-home:/opt/rustwide/cargo-home:ro,Z" "-v" "/var/lib/crater-agent-workspace/rustup-home:/opt/rustwide/rustup-home:ro,Z" "-e" "SOURCE_DIR=/opt/rustwide/workdir" "-e" "CARGO_TARGET_DIR=/opt/rustwide/target" "-e" "CARGO_INCREMENTAL=0" "-e" "RUST_BACKTRACE=full" "-e" "RUSTFLAGS=--cap-lints=warn" "-e" "RUSTDOCFLAGS=--cap-lints=warn" "-e" "CARGO_HOME=/opt/rustwide/cargo-home" "-e" "RUSTUP_HOME=/opt/rustwide/rustup-home" "-w" "/opt/rustwide/workdir" "-m" "1610612736" "--user" "0:0" "--network" "none" "ghcr.io/rust-lang/crates-build-env/linux@sha256:2788e3201cd34a07e3172128adcd8b3090168a8e3bcc40d7c032b9dda1df7d1c" "/opt/rustwide/cargo-home/bin/cargo" "+1.75.0" "test" "--frozen" "--no-run" "--message-format=json", kill_on_drop: false }`
[INFO] [stdout] 62f880ec06edbdee37b866157c05370ff275ce9be0a619b46d6146601659f203
[INFO] running `Command { std: "docker" "start" "-a" "62f880ec06edbdee37b866157c05370ff275ce9be0a619b46d6146601659f203", kill_on_drop: false }`
[INFO] [stderr]    Compiling log v0.4.20
[INFO] [stderr]    Compiling tracing-core v0.1.31
[INFO] [stderr]    Compiling tokio-macros v2.1.0
[INFO] [stderr]    Compiling aho-corasick v1.0.5
[INFO] [stderr]    Compiling num-traits v0.2.16
[INFO] [stderr]    Compiling prettyplease v0.2.15
[INFO] [stderr]    Compiling rustix v0.38.11
[INFO] [stderr]    Compiling regex-syntax v0.7.5
[INFO] [stderr]    Compiling rustls v0.21.7
[INFO] [stderr]    Compiling tracing v0.1.37
[INFO] [stderr]    Compiling linux-raw-sys v0.4.5
[INFO] [stderr]    Compiling bitflags v2.4.0
[INFO] [stderr]    Compiling regex-syntax v0.6.29
[INFO] [stderr]    Compiling async-trait v0.1.73
[INFO] [stderr]    Compiling quinn-udp v0.4.1
[INFO] [stderr]    Compiling tokio v1.32.0
[INFO] [stderr]    Compiling gmt_dos-actors-clients_interface v0.1.3
[INFO] [stderr]    Compiling regex-automata v0.3.8
[INFO] [stderr]    Compiling quinn-proto v0.10.4
[INFO] [stderr]    Compiling regex-automata v0.1.10
[INFO] [stderr]    Compiling time v0.1.45
[INFO] [stderr]    Compiling iana-time-zone v0.1.57
[INFO] [stderr]    Compiling overload v0.1.1
[INFO] [stderr]    Compiling nu-ansi-term v0.46.0
[INFO] [stderr]    Compiling regex v1.9.5
[INFO] [stderr]    Compiling chrono v0.4.29
[INFO] [stderr]    Compiling gmt_dos-actors_dsl v0.5.0
[INFO] [stderr]    Compiling matchers v0.1.0
[INFO] [stderr]    Compiling is-terminal v0.4.9
[INFO] [stderr]    Compiling sharded-slab v0.1.4
[INFO] [stderr]    Compiling quinn v0.10.2
[INFO] [stderr]    Compiling tracing-log v0.1.3
[INFO] [stderr]    Compiling flume v0.11.0
[INFO] [stderr]    Compiling thread_local v1.1.7
[INFO] [stderr]    Compiling vec_box v1.0.0
[INFO] [stderr]    Compiling smallvec v1.11.0
[INFO] [stderr]    Compiling termcolor v1.2.0
[INFO] [stderr]    Compiling tracing-subscriber v0.3.17
[INFO] [stderr]    Compiling gmt_dos-actors v10.0.0
[INFO] [stderr]    Compiling env_logger v0.10.0
[INFO] [stderr]    Compiling gmt_dos-clients_transceiver v1.2.0 (/opt/rustwide/workdir)
[INFO] [stdout] error: invalid character `' '` in crate name: `rx dsl`
[INFO] [stdout]   |
[INFO] [stdout]   = help: you can either pass `--crate-name` on the command line or add `#![crate_name="…"]` to set the crate name
[INFO] [stdout] 
[INFO] [stdout] 
[INFO] [stdout] error: invalid character `' '` in crate name: `tx dsl`
[INFO] [stdout]   |
[INFO] [stdout]   = help: you can either pass `--crate-name` on the command line or add `#![crate_name="…"]` to set the crate name
[INFO] [stdout] 
[INFO] [stdout] 
[INFO] [stdout] error: aborting due to previous error
[INFO] [stdout] 
[INFO] [stdout] 
[INFO] [stdout] error: aborting due to previous error
[INFO] [stdout] 
[INFO] [stdout] 
[INFO] [stderr] error: could not compile `gmt_dos-clients_transceiver` (example "tx dsl") due to 2 previous errors
[INFO] [stderr] warning: build failed, waiting for other jobs to finish...
[INFO] [stderr] error: could not compile `gmt_dos-clients_transceiver` (example "rx dsl") due to 2 previous errors
[INFO] [stdout] error: expected identifier
[INFO] [stdout]  --> examples/speedtest-server/main.rs:8:14
[INFO] [stdout]   |
[INFO] [stdout] 8 | #[uid(data = "Vec<u8>")]
[INFO] [stdout]   |              ^^^^^^^^^
[INFO] [stdout] 
[INFO] [stdout] 
[INFO] [stdout] error[E0432]: unresolved import `gmt_dos_clients`
[INFO] [stdout]  --> examples/tx.rs:2:5
[INFO] [stdout]   |
[INFO] [stdout] 2 | use gmt_dos_clients::Signals;
[INFO] [stdout]   |     ^^^^^^^^^^^^^^^ use of undeclared crate or module `gmt_dos_clients`
[INFO] [stdout] 
[INFO] [stdout] 
[INFO] [stdout] error[E0433]: failed to resolve: use of undeclared crate or module `gmt_dos_clients`
[INFO] [stdout]   --> examples/txrx.rs:16:6
[INFO] [stdout]    |
[INFO] [stdout] 16 | impl gmt_dos_clients::interface::Update for Print {}
[INFO] [stdout]    |      ^^^^^^^^^^^^^^^ use of undeclared crate or module `gmt_dos_clients`
[INFO] [stdout] 
[INFO] [stdout] 
[INFO] [stdout] error[E0433]: failed to resolve: use of undeclared crate or module `gmt_dos_clients`
[INFO] [stdout]   --> examples/txrx.rs:19:30
[INFO] [stdout]    |
[INFO] [stdout] 19 |     fn read(&mut self, data: gmt_dos_clients::interface::Data<U>) {
[INFO] [stdout]    |                              ^^^^^^^^^^^^^^^ use of undeclared crate or module `gmt_dos_clients`
[INFO] [stdout] 
[INFO] [stdout] 
[INFO] [stdout] error[E0433]: failed to resolve: use of undeclared crate or module `gmt_dos_clients`
[INFO] [stdout]   --> examples/tx.rs:17:52
[INFO] [stdout]    |
[INFO] [stdout] 17 |     let sin: Signals = Signals::new(1, 7).channels(gmt_dos_clients::Signal::Sinusoid {
[INFO] [stdout]    |                                                    ^^^^^^^^^^^^^^^ use of undeclared crate or module `gmt_dos_clients`
[INFO] [stdout] 
[INFO] [stdout] 
[INFO] [stdout] error[E0433]: failed to resolve: use of undeclared crate or module `gmt_dos_clients`
[INFO] [stdout]   --> examples/tx.rs:31:53
[INFO] [stdout]    |
[INFO] [stdout] 31 |     let isin: Signals = Signals::new(1, 7).channels(gmt_dos_clients::Signal::Sinusoid {
[INFO] [stdout]    |                                                     ^^^^^^^^^^^^^^^ use of undeclared crate or module `gmt_dos_clients`
[INFO] [stdout] 
[INFO] [stdout] 
[INFO] [stdout] error[E0277]: the trait bound `Packet: UnitsConversion` is not satisfied
[INFO] [stdout]   --> examples/speedtest-server/main.rs:27:6
[INFO] [stdout]    |
[INFO] [stdout] 27 | impl Write<Packet> for Payload {
[INFO] [stdout]    |      ^^^^^^^^^^^^^ the trait `UnitsConversion` is not implemented for `Packet`
[INFO] [stdout]    |
[INFO] [stdout]    = help: the following other types implement trait `UnitsConversion`:
[INFO] [stdout]              NM<U>
[INFO] [stdout]              MuM<U>
[INFO] [stdout]              Arcsec<U>
[INFO] [stdout]              Mas<U>
[INFO] [stdout]    = note: required for `Packet` to implement `UniqueIdentifier`
[INFO] [stdout] note: required by a bound in `gmt_dos_actors_clients_interface::Write`
[INFO] [stdout]   --> /opt/rustwide/cargo-home/registry/src/index.crates.io-6f17d22bba15001f/gmt_dos-actors-clients_interface-0.1.3/src/lib.rs:77:20
[INFO] [stdout]    |
[INFO] [stdout] 77 | pub trait Write<U: UniqueIdentifier>: Update {
[INFO] [stdout]    |                    ^^^^^^^^^^^^^^^^ required by this bound in `Write`
[INFO] [stdout] 
[INFO] [stdout] 
[INFO] [stdout] error: aborting due to 5 previous errors
[INFO] [stdout] 
[INFO] [stdout] 
[INFO] [stdout] Some errors have detailed explanations: E0432, E0433.
[INFO] [stdout] 
[INFO] [stdout] For more information about an error, try `rustc --explain E0432`.
[INFO] [stdout] 
[INFO] [stderr] error: could not compile `gmt_dos-clients_transceiver` (example "tx") due to 6 previous errors
[INFO] [stdout] error[E0433]: failed to resolve: use of undeclared crate or module `gmt_dos_clients`
[INFO] [stdout]   --> examples/txrx.rs:16:6
[INFO] [stdout]    |
[INFO] [stdout] 16 | impl gmt_dos_clients::interface::Update for Print {}
[INFO] [stdout]    |      ^^^^^^^^^^^^^^^ use of undeclared crate or module `gmt_dos_clients`
[INFO] [stdout] 
[INFO] [stdout] 
[INFO] [stdout] error[E0433]: failed to resolve: use of undeclared crate or module `gmt_dos_clients`
[INFO] [stdout]   --> examples/txrx.rs:19:30
[INFO] [stdout]    |
[INFO] [stdout] 19 |     fn read(&mut self, data: gmt_dos_clients::interface::Data<U>) {
[INFO] [stdout]    |                              ^^^^^^^^^^^^^^^ use of undeclared crate or module `gmt_dos_clients`
[INFO] [stdout] 
[INFO] [stdout] 
[INFO] [stdout] warning: unused import: `Blah`
[INFO] [stdout]  --> examples/rx.rs:5:12
[INFO] [stdout]   |
[INFO] [stdout] 5 | use txrx::{Blah, ISin, Print, Sin};
[INFO] [stdout]   |            ^^^^
[INFO] [stdout]   |
[INFO] [stdout]   = note: `#[warn(unused_imports)]` on by default
[INFO] [stdout] 
[INFO] [stdout] 
[INFO] [stdout] error[E0277]: the trait bound `Packet: UnitsConversion` is not satisfied
[INFO] [stdout]   --> examples/speedtest-server/main.rs:28:35
[INFO] [stdout]    |
[INFO] [stdout] 28 |     fn write(&mut self) -> Option<Data<Packet>> {
[INFO] [stdout]    |                                   ^^^^^^^^^^^^ the trait `UnitsConversion` is not implemented for `Packet`
[INFO] [stdout]    |
[INFO] [stdout]    = help: the following other types implement trait `UnitsConversion`:
[INFO] [stdout]              NM<U>
[INFO] [stdout]              MuM<U>
[INFO] [stdout]              Arcsec<U>
[INFO] [stdout]              Mas<U>
[INFO] [stdout]    = note: required for `Packet` to implement `UniqueIdentifier`
[INFO] [stdout] note: required by a bound in `Data`
[INFO] [stdout]   --> /opt/rustwide/cargo-home/registry/src/index.crates.io-6f17d22bba15001f/gmt_dos-actors-clients_interface-0.1.3/src/data.rs:14:20
[INFO] [stdout]    |
[INFO] [stdout] 14 | pub struct Data<U: UniqueIdentifier>(
[INFO] [stdout]    |                    ^^^^^^^^^^^^^^^^ required by this bound in `Data`
[INFO] [stdout] 
[INFO] [stdout] 
[INFO] [stdout] error: aborting due to 3 previous errors
[INFO] [stdout] 
[INFO] [stdout] 
[INFO] [stdout] For more information about this error, try `rustc --explain E0277`.
[INFO] [stdout] 
[INFO] [stdout] error: aborting due to 2 previous errors; 1 warning emitted
[INFO] [stdout] 
[INFO] [stdout] 
[INFO] [stdout] For more information about this error, try `rustc --explain E0433`.
[INFO] [stdout] 
[INFO] [stderr] error: could not compile `gmt_dos-clients_transceiver` (example "speedtest-server") due to 4 previous errors
[INFO] [stderr] error: could not compile `gmt_dos-clients_transceiver` (example "rx") due to 3 previous errors; 1 warning emitted
[INFO] running `Command { std: "docker" "inspect" "62f880ec06edbdee37b866157c05370ff275ce9be0a619b46d6146601659f203", kill_on_drop: false }`
[INFO] running `Command { std: "docker" "rm" "-f" "62f880ec06edbdee37b866157c05370ff275ce9be0a619b46d6146601659f203", kill_on_drop: false }`
[INFO] [stdout] 62f880ec06edbdee37b866157c05370ff275ce9be0a619b46d6146601659f203
