[INFO] fetching crate gmt-fem 5.0.0...
[INFO] testing gmt-fem-5.0.0 against 1.75.0 for beta-1.76-1
[INFO] extracting crate gmt-fem 5.0.0 into /workspace/builds/worker-0-tc1/source
[INFO] validating manifest of crates.io crate gmt-fem 5.0.0 on toolchain 1.75.0
[INFO] running `Command { std: CARGO_HOME="/workspace/cargo-home" RUSTUP_HOME="/workspace/rustup-home" "/workspace/cargo-home/bin/cargo" "+1.75.0" "metadata" "--manifest-path" "Cargo.toml" "--no-deps", kill_on_drop: false }`
[INFO] started tweaking crates.io crate gmt-fem 5.0.0
[INFO] finished tweaking crates.io crate gmt-fem 5.0.0
[INFO] tweaked toml for crates.io crate gmt-fem 5.0.0 written to /workspace/builds/worker-0-tc1/source/Cargo.toml
[INFO] crate crates.io crate gmt-fem 5.0.0 already has a lockfile, it will not be regenerated
[INFO] running `Command { std: CARGO_HOME="/workspace/cargo-home" RUSTUP_HOME="/workspace/rustup-home" "/workspace/cargo-home/bin/cargo" "+1.75.0" "fetch" "--manifest-path" "Cargo.toml", kill_on_drop: false }`
[INFO] [stderr]     Updating crates.io index
[INFO] [stderr]  Downloading crates ...
[INFO] [stderr]   Downloaded arrow v30.0.1
[INFO] [stderr]   Downloaded flatbuffers v22.9.29
[INFO] [stderr]   Downloaded const-cstr v0.3.0
[INFO] [stderr]   Downloaded float-ord v0.2.0
[INFO] [stderr]   Downloaded yeslogic-fontconfig-sys v3.2.0
[INFO] [stderr]   Downloaded wide v0.7.11
[INFO] [stderr]   Downloaded colorous v1.0.12
[INFO] [stderr]   Downloaded arrow-select v30.0.1
[INFO] [stderr]   Downloaded ttf-parser v0.17.1
[INFO] [stderr]   Downloaded parquet v30.0.1
[INFO] [stderr]   Downloaded brotli-decompressor v2.3.4
[INFO] [stderr]   Downloaded chrono v0.4.29
[INFO] [stderr]   Downloaded matio-rs-sys v0.2.2
[INFO] [stderr]   Downloaded matio-rs v1.3.1
[INFO] [stderr]   Downloaded matio-rs_derive v0.1.0
[INFO] [stderr]   Downloaded pest v2.7.3
[INFO] [stderr]   Downloaded arrow-json v30.0.1
[INFO] [stderr]   Downloaded serde-pickle v0.6.3
[INFO] [stderr]   Downloaded arrow-array v30.0.1
[INFO] [stderr]   Downloaded thrift v0.17.0
[INFO] [stderr]   Downloaded font-kit v0.11.0
[INFO] [stderr]   Downloaded arrow-row v30.0.1
[INFO] [stderr]   Downloaded arrow-ipc v30.0.1
[INFO] [stderr]   Downloaded pathfinder_geometry v0.5.1
[INFO] [stderr]   Downloaded pathfinder_simd v0.5.1
[INFO] [stderr]   Downloaded gmt-fem-code-builder v1.0.0
[INFO] [stderr]   Downloaded arrow-ord v30.0.1
[INFO] [stderr]   Downloaded plotters-bitmap v0.3.3
[INFO] [stderr]   Downloaded arrow-buffer v30.0.1
[INFO] [stderr]   Downloaded freetype v0.7.0
[INFO] [stderr]   Downloaded seq-macro v0.3.5
[INFO] [stderr]   Downloaded complot v0.3.4
[INFO] [stderr]   Downloaded arrow-arith v30.0.1
[INFO] [stderr]   Downloaded geotrans v0.1.1
[INFO] [stderr]   Downloaded arrow-csv v30.0.1
[INFO] [stderr]   Downloaded arrow-string v30.0.1
[INFO] [stderr]   Downloaded arrow-cast v30.0.1
[INFO] [stderr]   Downloaded arrow-data v30.0.1
[INFO] [stderr]   Downloaded arrow-schema v30.0.1
[INFO] [stderr]   Downloaded iter-read v0.3.1
[INFO] [stderr]   Downloaded triangle-rs v0.1.2
[INFO] running `Command { std: "docker" "create" "-v" "/var/lib/crater-agent-workspace/builds/worker-0-tc1/target:/opt/rustwide/target:rw,Z" "-v" "/var/lib/crater-agent-workspace/builds/worker-0-tc1/source:/opt/rustwide/workdir:ro,Z" "-v" "/var/lib/crater-agent-workspace/cargo-home:/opt/rustwide/cargo-home:ro,Z" "-v" "/var/lib/crater-agent-workspace/rustup-home:/opt/rustwide/rustup-home:ro,Z" "-e" "SOURCE_DIR=/opt/rustwide/workdir" "-e" "CARGO_TARGET_DIR=/opt/rustwide/target" "-e" "CARGO_HOME=/opt/rustwide/cargo-home" "-e" "RUSTUP_HOME=/opt/rustwide/rustup-home" "-w" "/opt/rustwide/workdir" "-m" "1610612736" "--user" "0:0" "--network" "none" "ghcr.io/rust-lang/crates-build-env/linux@sha256:2788e3201cd34a07e3172128adcd8b3090168a8e3bcc40d7c032b9dda1df7d1c" "/opt/rustwide/cargo-home/bin/cargo" "+1.75.0" "metadata" "--no-deps" "--format-version=1", kill_on_drop: false }`
[INFO] [stdout] f4748553b64558f4092d236da6009c2064864a9ac11e6302dfc105ae7ad70ab1
[INFO] running `Command { std: "docker" "start" "-a" "f4748553b64558f4092d236da6009c2064864a9ac11e6302dfc105ae7ad70ab1", kill_on_drop: false }`
[INFO] running `Command { std: "docker" "inspect" "f4748553b64558f4092d236da6009c2064864a9ac11e6302dfc105ae7ad70ab1", kill_on_drop: false }`
[INFO] running `Command { std: "docker" "rm" "-f" "f4748553b64558f4092d236da6009c2064864a9ac11e6302dfc105ae7ad70ab1", kill_on_drop: false }`
[INFO] [stdout] f4748553b64558f4092d236da6009c2064864a9ac11e6302dfc105ae7ad70ab1
[INFO] running `Command { std: "docker" "create" "-v" "/var/lib/crater-agent-workspace/builds/worker-0-tc1/target:/opt/rustwide/target:rw,Z" "-v" "/var/lib/crater-agent-workspace/builds/worker-0-tc1/source:/opt/rustwide/workdir:ro,Z" "-v" "/var/lib/crater-agent-workspace/cargo-home:/opt/rustwide/cargo-home:ro,Z" "-v" "/var/lib/crater-agent-workspace/rustup-home:/opt/rustwide/rustup-home:ro,Z" "-e" "SOURCE_DIR=/opt/rustwide/workdir" "-e" "CARGO_TARGET_DIR=/opt/rustwide/target" "-e" "CARGO_INCREMENTAL=0" "-e" "RUST_BACKTRACE=full" "-e" "RUSTFLAGS=--cap-lints=warn" "-e" "RUSTDOCFLAGS=--cap-lints=warn" "-e" "CARGO_HOME=/opt/rustwide/cargo-home" "-e" "RUSTUP_HOME=/opt/rustwide/rustup-home" "-w" "/opt/rustwide/workdir" "-m" "1610612736" "--user" "0:0" "--network" "none" "ghcr.io/rust-lang/crates-build-env/linux@sha256:2788e3201cd34a07e3172128adcd8b3090168a8e3bcc40d7c032b9dda1df7d1c" "/opt/rustwide/cargo-home/bin/cargo" "+1.75.0" "build" "--frozen" "--message-format=json", kill_on_drop: false }`
[INFO] [stdout] b0f352e05f8511ce1e493c27527b65e64466c702846ee670db0d2b9f37a88701
[INFO] running `Command { std: "docker" "start" "-a" "b0f352e05f8511ce1e493c27527b65e64466c702846ee670db0d2b9f37a88701", kill_on_drop: false }`
[INFO] [stderr]    Compiling autocfg v1.1.0
[INFO] [stderr]    Compiling libc v0.2.147
[INFO] [stderr]    Compiling cfg-if v1.0.0
[INFO] [stderr]    Compiling libm v0.2.7
[INFO] [stderr]    Compiling proc-macro2 v1.0.66
[INFO] [stderr]    Compiling unicode-ident v1.0.11
[INFO] [stderr]    Compiling crunchy v0.2.2
[INFO] [stderr]    Compiling proc-macro-hack v0.5.20+deprecated
[INFO] [stderr]    Compiling tiny-keccak v2.0.2
[INFO] [stderr]    Compiling memchr v2.6.3
[INFO] [stderr]    Compiling once_cell v1.18.0
[INFO] [stderr]    Compiling num-traits v0.2.16
[INFO] [stderr]    Compiling num-integer v0.1.45
[INFO] [stderr]    Compiling num-bigint v0.4.4
[INFO] [stderr]    Compiling num-rational v0.4.1
[INFO] [stderr]    Compiling quote v1.0.33
[INFO] [stderr]    Compiling num-iter v0.1.43
[INFO] [stderr]    Compiling syn v2.0.31
[INFO] [stderr]    Compiling version_check v0.9.4
[INFO] [stderr]    Compiling static_assertions v1.1.0
[INFO] [stderr]    Compiling iana-time-zone v0.1.57
[INFO] [stderr]    Compiling arrow-schema v30.0.1
[INFO] [stderr]    Compiling jobserver v0.1.26
[INFO] [stderr]    Compiling getrandom v0.2.10
[INFO] [stderr]    Compiling ahash v0.8.3
[INFO] [stderr]    Compiling cc v1.0.83
[INFO] [stderr]    Compiling const-random-macro v0.1.15
[INFO] [stderr]    Compiling time v0.1.45
[INFO] [stderr]    Compiling hashbrown v0.13.2
[INFO] [stderr]    Compiling num-complex v0.4.4
[INFO] [stderr]    Compiling half v2.3.1
[INFO] [stderr]    Compiling const-random v0.1.15
[INFO] [stderr]    Compiling chrono v0.4.29
[INFO] [stderr]    Compiling pkg-config v0.3.27
[INFO] [stderr]    Compiling lexical-util v0.8.5
[INFO] [stderr]    Compiling aho-corasick v1.0.5
[INFO] [stderr]    Compiling regex-syntax v0.7.5
[INFO] [stderr]    Compiling bitflags v1.3.2
[INFO] [stderr]    Compiling lexical-write-integer v0.8.5
[INFO] [stderr]    Compiling lexical-parse-integer v0.8.6
[INFO] [stderr]    Compiling serde v1.0.188
[INFO] [stderr]    Compiling thiserror v1.0.48
[INFO] [stderr]    Compiling lexical-write-float v0.8.5
[INFO] [stderr]    Compiling lexical-parse-float v0.8.5
[INFO] [stderr]    Compiling lazy_static v1.4.0
[INFO] [stderr]    Compiling zstd-sys v2.0.8+zstd.1.5.5
[INFO] [stderr]    Compiling num v0.4.1
[INFO] [stderr]    Compiling arrow-buffer v30.0.1
[INFO] [stderr]    Compiling lexical-core v0.8.5
[INFO] [stderr]    Compiling glob v0.3.1
[INFO] [stderr]    Compiling arrow-data v30.0.1
[INFO] [stderr]    Compiling rustix v0.38.11
[INFO] [stderr]    Compiling paste v1.0.14
[INFO] [stderr]    Compiling clang-sys v1.6.1
[INFO] [stderr]    Compiling bitflags v2.4.0
[INFO] [stderr]    Compiling regex-automata v0.3.8
[INFO] [stderr]    Compiling arrow-array v30.0.1
[INFO] [stderr]    Compiling ryu v1.0.15
[INFO] [stderr]    Compiling linux-raw-sys v0.4.5
[INFO] [stderr]    Compiling itoa v1.0.9
[INFO] [stderr]    Compiling crc32fast v1.3.2
[INFO] [stderr]    Compiling bzip2-sys v0.1.11+1.0.8
[INFO] [stderr]    Compiling lz4-sys v1.9.4
[INFO] [stderr]    Compiling atty v0.2.14
[INFO] [stderr]    Compiling indexmap v1.9.3
[INFO] [stderr]    Compiling thiserror-impl v1.0.48
[INFO] [stderr]    Compiling serde_derive v1.0.188
[INFO] [stderr]    Compiling crossbeam-utils v0.8.16
[INFO] [stderr]    Compiling arrow-select v30.0.1
[INFO] [stderr]    Compiling serde_json v1.0.105
[INFO] [stderr]    Compiling simd-adler32 v0.3.7
[INFO] [stderr]    Compiling zstd-safe v6.0.6
[INFO] [stderr]    Compiling alloc-no-stdlib v2.0.4
[INFO] [stderr]    Compiling arrow-cast v30.0.1
[INFO] [stderr]    Compiling either v1.9.0
[INFO] [stderr]    Compiling byteorder v1.4.3
[INFO] [stderr]    Compiling regex v1.9.5
[INFO] [stderr]    Compiling minimal-lexical v0.2.1
[INFO] [stderr]    Compiling adler v1.0.2
[INFO] [stderr]    Compiling unicode-width v0.1.10
[INFO] [stderr]    Compiling nom v7.1.3
[INFO] [stderr]    Compiling textwrap v0.11.0
[INFO] [stderr]    Compiling miniz_oxide v0.7.1
[INFO] [stderr]    Compiling flatbuffers v22.9.29
[INFO] [stderr]    Compiling alloc-stdlib v0.2.2
[INFO] [stderr]    Compiling csv-core v0.1.10
[INFO] [stderr]    Compiling memoffset v0.9.0
[INFO] [stderr]    Compiling libloading v0.7.4
[INFO] [stderr]    Compiling humantime v2.1.0
[INFO] [stderr]    Compiling home v0.5.5
[INFO] [stderr]    Compiling strsim v0.8.0
[INFO] [stderr]    Compiling snap v1.1.0
[INFO] [stderr]    Compiling ansi_term v0.12.1
[INFO] [stderr]    Compiling termcolor v1.2.0
[INFO] [stderr]    Compiling bindgen v0.59.2
[INFO] [stderr]    Compiling vec_map v0.8.2
[INFO] [stderr]    Compiling syn v1.0.109
[INFO] [stderr]    Compiling log v0.4.20
[INFO] [stderr]    Compiling hashbrown v0.12.3
[INFO] [stderr]    Compiling cexpr v0.6.0
[INFO] [stderr]    Compiling env_logger v0.9.3
[INFO] [stderr]    Compiling clap v2.34.0
[INFO] [stderr]    Compiling which v4.4.2
[INFO] [stderr]    Compiling flate2 v1.0.27
[INFO] [stderr]    Compiling brotli-decompressor v2.3.4
[INFO] [stderr]    Compiling arrow-ipc v30.0.1
[INFO] [stderr]    Compiling ordered-float v2.10.0
[INFO] [stderr]    Compiling crossbeam-epoch v0.9.15
[INFO] [stderr]    Compiling lazycell v1.3.0
[INFO] [stderr]    Compiling anyhow v1.0.75
[INFO] [stderr]    Compiling regex-syntax v0.6.29
[INFO] [stderr]    Compiling integer-encoding v3.0.4
[INFO] [stderr]    Compiling shlex v1.2.0
[INFO] [stderr]    Compiling peeking_take_while v0.1.2
[INFO] [stderr]    Compiling rustc-hash v1.1.0
[INFO] [stderr]    Compiling brotli v3.3.4
[INFO] [stderr]    Compiling csv v1.2.2
[INFO] [stderr]    Compiling arrow-json v30.0.1
[INFO] [stderr]    Compiling arrow-csv v30.0.1
[INFO] [stderr]    Compiling arrow-string v30.0.1
[INFO] [stderr]    Compiling thrift v0.17.0
[INFO] [stderr]    Compiling arrow-ord v30.0.1
[INFO] [stderr]    Compiling arrow-arith v30.0.1
[INFO] [stderr]    Compiling arrow-row v30.0.1
[INFO] [stderr]    Compiling cmake v0.1.50
[INFO] [stderr]    Compiling rand_core v0.6.4
[INFO] [stderr]    Compiling twox-hash v1.6.3
[INFO] [stderr]    Compiling bytemuck v1.14.0
[INFO] [stderr]    Compiling scopeguard v1.2.0
[INFO] [stderr]    Compiling seq-macro v0.3.5
[INFO] [stderr]    Compiling base64 v0.20.0
[INFO] [stderr]    Compiling bytes v1.4.0
[INFO] [stderr]    Compiling ppv-lite86 v0.2.17
[INFO] [stderr]    Compiling matio-rs-sys v0.2.2
[INFO] [stderr]    Compiling rand_chacha v0.3.1
[INFO] [stderr]    Compiling safe_arch v0.7.1
[INFO] [stderr]    Compiling arrow v30.0.1
[INFO] [stderr]    Compiling num-bigint v0.3.3
[INFO] [stderr]    Compiling matrixmultiply v0.3.7
[INFO] [stderr]    Compiling rayon-core v1.11.0
[INFO] [stderr]    Compiling typenum v1.16.0
[INFO] [stderr]    Compiling wide v0.7.11
[INFO] [stderr]    Compiling crossbeam-deque v0.8.3
[INFO] [stderr]    Compiling rand v0.8.5
[INFO] [stderr]    Compiling crossbeam-channel v0.5.8
[INFO] [stderr]    Compiling approx v0.5.1
[INFO] [stderr]    Compiling num_cpus v1.16.0
[INFO] [stderr]    Compiling rawpointer v0.2.1
[INFO] [stderr]    Compiling virtue v0.0.13
[INFO] [stderr]    Compiling rand_distr v0.4.3
[INFO] [stderr]    Compiling simba v0.8.1
[INFO] [stderr]    Compiling bincode_derive v2.0.0-rc.3
[INFO] [stderr]    Compiling matio-rs_derive v0.1.0
[INFO] [stderr]    Compiling nalgebra-macros v0.2.1
[INFO] [stderr]    Compiling fastrand v2.0.0
[INFO] [stderr]    Compiling iter-read v0.3.1
[INFO] [stderr]    Compiling serde-pickle v0.6.3
[INFO] [stderr]    Compiling tempfile v3.8.0
[INFO] [stderr]    Compiling bincode v2.0.0-rc.3
[INFO] [stderr]    Compiling rayon v1.7.0
[INFO] [stderr]    Compiling geotrans v0.1.1
[INFO] [stderr]    Compiling bzip2 v0.4.4
[INFO] [stderr]    Compiling zip v0.5.13
[INFO] [stderr]    Compiling nalgebra v0.32.3
[INFO] [stderr]    Compiling lz4 v1.24.0
[INFO] [stderr]    Compiling zstd v0.12.4
[INFO] [stderr]    Compiling parquet v30.0.1
[INFO] [stderr]    Compiling matio-rs v1.3.1
[INFO] [stderr]    Compiling gmt-fem-code-builder v1.0.0
[INFO] [stderr]    Compiling gmt-fem v5.0.0 (/opt/rustwide/workdir)
[INFO] [stderr] warning: gmt-fem@5.0.0: the FEM_REPO environment variable is not set, using dummy inputs and outputs instead
[INFO] [stderr]     Finished dev [unoptimized + debuginfo] target(s) in 2m 26s
[INFO] running `Command { std: "docker" "inspect" "b0f352e05f8511ce1e493c27527b65e64466c702846ee670db0d2b9f37a88701", kill_on_drop: false }`
[INFO] running `Command { std: "docker" "rm" "-f" "b0f352e05f8511ce1e493c27527b65e64466c702846ee670db0d2b9f37a88701", kill_on_drop: false }`
[INFO] [stdout] b0f352e05f8511ce1e493c27527b65e64466c702846ee670db0d2b9f37a88701
[INFO] running `Command { std: "docker" "create" "-v" "/var/lib/crater-agent-workspace/builds/worker-0-tc1/target:/opt/rustwide/target:rw,Z" "-v" "/var/lib/crater-agent-workspace/builds/worker-0-tc1/source:/opt/rustwide/workdir:ro,Z" "-v" "/var/lib/crater-agent-workspace/cargo-home:/opt/rustwide/cargo-home:ro,Z" "-v" "/var/lib/crater-agent-workspace/rustup-home:/opt/rustwide/rustup-home:ro,Z" "-e" "SOURCE_DIR=/opt/rustwide/workdir" "-e" "CARGO_TARGET_DIR=/opt/rustwide/target" "-e" "CARGO_INCREMENTAL=0" "-e" "RUST_BACKTRACE=full" "-e" "RUSTFLAGS=--cap-lints=warn" "-e" "RUSTDOCFLAGS=--cap-lints=warn" "-e" "CARGO_HOME=/opt/rustwide/cargo-home" "-e" "RUSTUP_HOME=/opt/rustwide/rustup-home" "-w" "/opt/rustwide/workdir" "-m" "1610612736" "--user" "0:0" "--network" "none" "ghcr.io/rust-lang/crates-build-env/linux@sha256:2788e3201cd34a07e3172128adcd8b3090168a8e3bcc40d7c032b9dda1df7d1c" "/opt/rustwide/cargo-home/bin/cargo" "+1.75.0" "test" "--frozen" "--no-run" "--message-format=json", kill_on_drop: false }`
[INFO] [stdout] 4516a0952a6cbebc928e3df402e6e5575bc75bdde56b4bf941bf274e9fcc4cea
[INFO] running `Command { std: "docker" "start" "-a" "4516a0952a6cbebc928e3df402e6e5575bc75bdde56b4bf941bf274e9fcc4cea", kill_on_drop: false }`
[INFO] [stderr]    Compiling ucd-trie v0.1.6
[INFO] [stderr]    Compiling freetype-sys v0.13.1
[INFO] [stderr]    Compiling yeslogic-fontconfig-sys v3.2.0
[INFO] [stderr]    Compiling anyhow v1.0.75
[INFO] [stderr]    Compiling fdeflate v0.3.0
[INFO] [stderr]    Compiling libloading v0.8.0
[INFO] [stderr]    Compiling color_quant v1.1.0
[INFO] [stderr]    Compiling dirs-sys-next v0.1.2
[INFO] [stderr]    Compiling pest v2.7.3
[INFO] [stderr]    Compiling dlib v0.5.2
[INFO] [stderr]    Compiling plotters-backend v0.3.5
[INFO] [stderr]    Compiling weezl v0.1.7
[INFO] [stderr]    Compiling font-kit v0.11.0
[INFO] [stderr]    Compiling same-file v1.0.6
[INFO] [stderr]    Compiling png v0.17.10
[INFO] [stderr]    Compiling const-cstr v0.3.0
[INFO] [stderr]    Compiling jpeg-decoder v0.3.0
[INFO] [stderr]    Compiling gif v0.12.0
[INFO] [stderr]    Compiling freetype v0.7.0
[INFO] [stderr]    Compiling walkdir v2.4.0
[INFO] [stderr]    Compiling gmt-fem-code-builder v1.0.0
[INFO] [stderr]    Compiling dirs-next v2.0.0
[INFO] [stderr]    Compiling matio-rs-sys v0.2.2
[INFO] [stderr]    Compiling float-ord v0.2.0
[INFO] [stderr]    Compiling colorous v1.0.12
[INFO] [stderr]    Compiling plotters-svg v0.3.5
[INFO] [stderr]    Compiling image v0.24.7
[INFO] [stderr]    Compiling triangle-rs v0.1.2
[INFO] [stderr]    Compiling ttf-parser v0.17.1
[INFO] [stderr]    Compiling semver-parser v0.10.2
[INFO] [stderr]    Compiling gmt-fem v5.0.0 (/opt/rustwide/workdir)
[INFO] [stderr]    Compiling semver v0.11.0
[INFO] [stderr]    Compiling rustc_version v0.3.3
[INFO] [stderr]    Compiling pathfinder_simd v0.5.1
[INFO] [stderr]    Compiling plotters-bitmap v0.3.3
[INFO] [stderr]    Compiling pathfinder_geometry v0.5.1
[INFO] [stderr]    Compiling plotters v0.3.5
[INFO] [stderr]    Compiling matio-rs v1.3.1
[INFO] [stderr]    Compiling complot v0.3.4
[INFO] [stderr] warning: gmt-fem@5.0.0: the FEM_REPO environment variable is not set, using dummy inputs and outputs instead
[INFO] [stdout] error[E0433]: failed to resolve: use of undeclared crate or module `fem`
[INFO] [stdout]  --> examples/state_space.rs:1:5
[INFO] [stdout]   |
[INFO] [stdout] 1 | use fem::{DiscreteApproximation::*, StateSpace2x2, Bilinear};
[INFO] [stdout]   |     ^^^ use of undeclared crate or module `fem`
[INFO] [stdout] 
[INFO] [stdout] 
[INFO] [stdout] error[E0432]: unresolved import `gmt_fem::dos`
[INFO] [stdout]  --> examples/fem_obj_with_kss.rs:2:5
[INFO] [stdout]   |
[INFO] [stdout] 2 |     dos::{DiscreteModalSolver, ExponentialMatrix, Get, Set},
[INFO] [stdout]   |     ^^^ could not find `dos` in `gmt_fem`
[INFO] [stdout] 
[INFO] [stdout] 
[INFO] [stdout] error[E0432]: unresolved import `gmt_fem::dos`
[INFO] [stdout]  --> examples/model_exp_dt_ex0.rs:4:14
[INFO] [stdout]   |
[INFO] [stdout] 4 | use gmt_fem::dos::{Solver, Exponential, ExponentialMatrix};
[INFO] [stdout]   |              ^^^ could not find `dos` in `gmt_fem`
[INFO] [stdout] 
[INFO] [stdout] 
[INFO] [stdout] error[E0432]: unresolved import `fem`
[INFO] [stdout]  --> examples/state_space.rs:1:5
[INFO] [stdout]   |
[INFO] [stdout] 1 | use fem::{DiscreteApproximation::*, StateSpace2x2, Bilinear};
[INFO] [stdout]   |     ^^^ use of undeclared crate or module `fem`
[INFO] [stdout] 
[INFO] [stdout] 
[INFO] [stdout] error[E0432]: unresolved import `fem`
[INFO] [stdout]  --> examples/dyn_fem.rs:1:5
[INFO] [stdout]   |
[INFO] [stdout] 1 | use fem::{IOTraits, ToPickle, FEM};
[INFO] [stdout]   |     ^^^ use of undeclared crate or module `fem`
[INFO] [stdout] 
[INFO] [stdout] 
[INFO] [stdout] error: aborting due to previous error
[INFO] [stdout] 
[INFO] [stdout] 
[INFO] [stdout] For more information about this error, try `rustc --explain E0432`.
[INFO] [stdout] 
[INFO] [stderr] The following warnings were emitted during compilation:
[INFO] [stderr] 
[INFO] [stderr] warning: gmt-fem@5.0.0: the FEM_REPO environment variable is not set, using dummy inputs and outputs instead
[INFO] [stderr] 
[INFO] [stderr] error: could not compile `gmt-fem` (example "model_exp_dt_ex0") due to 2 previous errors
[INFO] [stderr] warning: build failed, waiting for other jobs to finish...
[INFO] [stdout] error[E0432]: unresolved import `hdf5`
[INFO] [stdout]  --> examples/hdf5_load_fem.rs:1:5
[INFO] [stdout]   |
[INFO] [stdout] 1 | use hdf5::H5Type;
[INFO] [stdout]   |     ^^^^ use of undeclared crate or module `hdf5`
[INFO] [stdout] 
[INFO] [stdout] 
[INFO] [stdout] error[E0432]: unresolved import `hdf5_derive`
[INFO] [stdout]  --> examples/hdf5_load_fem.rs:2:5
[INFO] [stdout]   |
[INFO] [stdout] 2 | use hdf5_derive;
[INFO] [stdout]   |     ^^^^^^^^^^^ no external crate `hdf5_derive`
[INFO] [stdout] 
[INFO] [stdout] 
[INFO] [stdout] error[E0433]: failed to resolve: use of undeclared crate or module `hdf5`
[INFO] [stdout]  --> examples/hdf5_load_fem.rs:4:10
[INFO] [stdout]   |
[INFO] [stdout] 4 | #[derive(hdf5::H5Type, Clone, PartialEq, Debug)]
[INFO] [stdout]   |          ^^^^ use of undeclared crate or module `hdf5`
[INFO] [stdout] 
[INFO] [stdout] 
[INFO] [stdout] error[E0412]: cannot find type `OSSAzDriveTorque` in this scope
[INFO] [stdout]   --> examples/fem_obj_with_kss.rs:20:16
[INFO] [stdout]    |
[INFO] [stdout] 20 |         .ins::<OSSAzDriveTorque>()
[INFO] [stdout]    |                ^^^^^^^^^^^^^^^^ not found in this scope
[INFO] [stdout] 
[INFO] [stdout] 
[INFO] [stdout] error[E0433]: failed to resolve: use of undeclared crate or module `hdf5`
[INFO] [stdout]   --> examples/hdf5_load_fem.rs:11:16
[INFO] [stdout]    |
[INFO] [stdout] 11 |     let file = hdf5::File::open("examples/modal_state_space_model_2ndOrder.rs.mat")?;
[INFO] [stdout]    |                ^^^^ use of undeclared crate or module `hdf5`
[INFO] [stdout]    |
[INFO] [stdout] help: consider importing this struct
[INFO] [stdout]    |
[INFO] [stdout] 1  + use std::fs::File;
[INFO] [stdout]    |
[INFO] [stdout] help: if you import `File`, refer to it directly
[INFO] [stdout]    |
[INFO] [stdout] 11 -     let file = hdf5::File::open("examples/modal_state_space_model_2ndOrder.rs.mat")?;
[INFO] [stdout] 11 +     let file = File::open("examples/modal_state_space_model_2ndOrder.rs.mat")?;
[INFO] [stdout]    |
[INFO] [stdout] 
[INFO] [stdout] 
[INFO] [stdout] error[E0412]: cannot find type `OSSElDriveTorque` in this scope
[INFO] [stdout]   --> examples/fem_obj_with_kss.rs:21:16
[INFO] [stdout]    |
[INFO] [stdout] 21 |         .ins::<OSSElDriveTorque>()
[INFO] [stdout]    |                ^^^^^^^^^^^^^^^^ not found in this scope
[INFO] [stdout] 
[INFO] [stdout] 
[INFO] [stdout] error[E0412]: cannot find type `OSSRotDriveTorque` in this scope
[INFO] [stdout]   --> examples/fem_obj_with_kss.rs:22:16
[INFO] [stdout]    |
[INFO] [stdout] 22 |         .ins::<OSSRotDriveTorque>()
[INFO] [stdout]    |                ^^^^^^^^^^^^^^^^^ not found in this scope
[INFO] [stdout] 
[INFO] [stdout] 
[INFO] [stdout] error[E0412]: cannot find type `CFD2021106F` in this scope
[INFO] [stdout]   --> examples/fem_obj_with_kss.rs:23:16
[INFO] [stdout]    |
[INFO] [stdout] 23 |         .ins::<CFD2021106F>()
[INFO] [stdout]    |                ^^^^^^^^^^^ not found in this scope
[INFO] [stdout] 
[INFO] [stdout] 
[INFO] [stdout] error[E0412]: cannot find type `OSSM1Lcl6F` in this scope
[INFO] [stdout]   --> examples/fem_obj_with_kss.rs:24:16
[INFO] [stdout]    |
[INFO] [stdout] 24 |         .ins::<OSSM1Lcl6F>()
[INFO] [stdout]    |                ^^^^^^^^^^ not found in this scope
[INFO] [stdout] 
[INFO] [stdout] 
[INFO] [stdout] error[E0412]: cannot find type `OSSGIR6F` in this scope
[INFO] [stdout]   --> examples/fem_obj_with_kss.rs:25:16
[INFO] [stdout]    |
[INFO] [stdout] 25 |         .ins::<OSSGIR6F>()
[INFO] [stdout]    |                ^^^^^^^^ not found in this scope
[INFO] [stdout] 
[INFO] [stdout] 
[INFO] [stdout] error[E0412]: cannot find type `OSSAzEncoderAngle` in this scope
[INFO] [stdout]   --> examples/fem_obj_with_kss.rs:26:17
[INFO] [stdout]    |
[INFO] [stdout] 26 |         .outs::<OSSAzEncoderAngle>()
[INFO] [stdout]    |                 ^^^^^^^^^^^^^^^^^ not found in this scope
[INFO] [stdout] 
[INFO] [stdout] 
[INFO] [stdout] error[E0412]: cannot find type `OSSElEncoderAngle` in this scope
[INFO] [stdout]   --> examples/fem_obj_with_kss.rs:27:17
[INFO] [stdout]    |
[INFO] [stdout] 27 |         .outs::<OSSElEncoderAngle>()
[INFO] [stdout]    |                 ^^^^^^^^^^^^^^^^^ not found in this scope
[INFO] [stdout] 
[INFO] [stdout] 
[INFO] [stdout] error[E0412]: cannot find type `OSSRotEncoderAngle` in this scope
[INFO] [stdout]   --> examples/fem_obj_with_kss.rs:28:17
[INFO] [stdout]    |
[INFO] [stdout] 28 |         .outs::<OSSRotEncoderAngle>()
[INFO] [stdout]    |                 ^^^^^^^^^^^^^^^^^^ not found in this scope
[INFO] [stdout] 
[INFO] [stdout] 
[INFO] [stdout] error[E0412]: cannot find type `OSSM1Lcl` in this scope
[INFO] [stdout]   --> examples/fem_obj_with_kss.rs:29:17
[INFO] [stdout]    |
[INFO] [stdout] 29 |         .outs::<OSSM1Lcl>()
[INFO] [stdout]    |                 ^^^^^^^^ not found in this scope
[INFO] [stdout] 
[INFO] [stdout] 
[INFO] [stdout] error[E0412]: cannot find type `OSSGIR6d` in this scope
[INFO] [stdout]   --> examples/fem_obj_with_kss.rs:30:17
[INFO] [stdout]    |
[INFO] [stdout] 30 |         .outs::<OSSGIR6d>()
[INFO] [stdout]    |                 ^^^^^^^^ not found in this scope
[INFO] [stdout] 
[INFO] [stdout] 
[INFO] [stdout] error[E0412]: cannot find type `OSSM1Lcl6F` in this scope
[INFO] [stdout]   --> examples/fem_obj_with_kss.rs:44:16
[INFO] [stdout]    |
[INFO] [stdout] 44 |     <SS as Set<OSSM1Lcl6F>>::set(&mut state_space_obj, &u);
[INFO] [stdout]    |                ^^^^^^^^^^ not found in this scope
[INFO] [stdout] 
[INFO] [stdout] 
[INFO] [stdout] error[E0412]: cannot find type `OSSGIR6d` in this scope
[INFO] [stdout]   --> examples/fem_obj_with_kss.rs:46:36
[INFO] [stdout]    |
[INFO] [stdout] 46 |     println!("y: {:?}", <SS as Get<OSSGIR6d>>::get(&state_space_obj));
[INFO] [stdout]    |                                    ^^^^^^^^ not found in this scope
[INFO] [stdout] 
[INFO] [stdout] 
[INFO] [stdout] warning: unused import: `fem_io::*`
[INFO] [stdout]  --> examples/fem_obj_with_kss.rs:3:5
[INFO] [stdout]   |
[INFO] [stdout] 3 |     fem_io::*,
[INFO] [stdout]   |     ^^^^^^^^^
[INFO] [stdout]   |
[INFO] [stdout]   = note: `#[warn(unused_imports)]` on by default
[INFO] [stdout] 
[INFO] [stdout] 
[INFO] [stdout] error: aborting due to previous error
[INFO] [stdout] 
[INFO] [stdout] 
[INFO] [stdout] For more information about this error, try `rustc --explain E0432`.
[INFO] [stdout] 
[INFO] [stderr] The following warnings were emitted during compilation:
[INFO] [stderr] 
[INFO] [stderr] warning: gmt-fem@5.0.0: the FEM_REPO environment variable is not set, using dummy inputs and outputs instead
[INFO] [stderr] 
[INFO] [stderr] error: could not compile `gmt-fem` (example "dyn_fem") due to 2 previous errors
[INFO] [stdout] error[E0425]: cannot find function, tuple struct or tuple variant `BiLinear` in this scope
[INFO] [stdout]  --> examples/state_space.rs:9:51
[INFO] [stdout]   |
[INFO] [stdout] 9 |     let mut ss = StateSpace2x2::from_second_order(BiLinear(tau), omega, zeta, None, None);
[INFO] [stdout]   |                                                   ^^^^^^^^ not found in this scope
[INFO] [stdout] 
[INFO] [stdout] 
[INFO] [stdout] error[E0433]: failed to resolve: use of undeclared crate or module `hdf5`
[INFO] [stdout]   --> examples/hdf5_load_fem.rs:10:14
[INFO] [stdout]    |
[INFO] [stdout] 10 | fn main() -> hdf5::Result<()>  {
[INFO] [stdout]    |              ^^^^ use of undeclared crate or module `hdf5`
[INFO] [stdout] 
[INFO] [stdout] 
[INFO] [stdout] error: aborting due to 5 previous errors
[INFO] [stdout] 
[INFO] [stdout] 
[INFO] [stdout] Some errors have detailed explanations: E0432, E0433.
[INFO] [stdout] 
[INFO] [stdout] For more information about an error, try `rustc --explain E0432`.
[INFO] [stdout] 
[INFO] [stderr] The following warnings were emitted during compilation:
[INFO] [stderr] 
[INFO] [stderr] warning: gmt-fem@5.0.0: the FEM_REPO environment variable is not set, using dummy inputs and outputs instead
[INFO] [stderr] 
[INFO] [stderr] error: could not compile `gmt-fem` (example "hdf5_load_fem") due to 6 previous errors
[INFO] [stdout] error: aborting due to 3 previous errors
[INFO] [stdout] 
[INFO] [stdout] 
[INFO] [stdout] Some errors have detailed explanations: E0425, E0432, E0433.
[INFO] [stdout] 
[INFO] [stdout] For more information about an error, try `rustc --explain E0425`.
[INFO] [stdout] 
[INFO] [stdout] error[E0599]: no method named `static_from_env` found for struct `FEM` in the current scope
[INFO] [stdout]   --> examples/fem_obj_with_kss.rs:11:43
[INFO] [stdout]    |
[INFO] [stdout] 11 |     let mut gmt_fem_dt = FEM::from_env()?.static_from_env();
[INFO] [stdout]    |                                           ^^^^^^^^^^^^^^^ help: there is a method with a similar name: `static_gain`
[INFO] [stdout] 
[INFO] [stdout] 
[INFO] [stderr] The following warnings were emitted during compilation:
[INFO] [stderr] 
[INFO] [stderr] warning: gmt-fem@5.0.0: the FEM_REPO environment variable is not set, using dummy inputs and outputs instead
[INFO] [stderr] 
[INFO] [stderr] error: could not compile `gmt-fem` (example "state_space") due to 4 previous errors
[INFO] [stdout] error: aborting due to 15 previous errors; 1 warning emitted
[INFO] [stdout] 
[INFO] [stdout] 
[INFO] [stdout] Some errors have detailed explanations: E0412, E0432, E0599.
[INFO] [stdout] 
[INFO] [stdout] For more information about an error, try `rustc --explain E0412`.
[INFO] [stdout] 
[INFO] [stderr] The following warnings were emitted during compilation:
[INFO] [stderr] 
[INFO] [stderr] warning: gmt-fem@5.0.0: the FEM_REPO environment variable is not set, using dummy inputs and outputs instead
[INFO] [stderr] 
[INFO] [stderr] error: could not compile `gmt-fem` (example "fem_obj_with_kss") due to 16 previous errors; 1 warning emitted
[INFO] running `Command { std: "docker" "inspect" "4516a0952a6cbebc928e3df402e6e5575bc75bdde56b4bf941bf274e9fcc4cea", kill_on_drop: false }`
[INFO] running `Command { std: "docker" "rm" "-f" "4516a0952a6cbebc928e3df402e6e5575bc75bdde56b4bf941bf274e9fcc4cea", kill_on_drop: false }`
[INFO] [stdout] 4516a0952a6cbebc928e3df402e6e5575bc75bdde56b4bf941bf274e9fcc4cea
[INFO] testing gmt-fem-5.0.0 against beta-2023-12-22 for beta-1.76-1
[INFO] extracting crate gmt-fem 5.0.0 into /workspace/builds/worker-0-tc2/source
[INFO] validating manifest of crates.io crate gmt-fem 5.0.0 on toolchain beta-2023-12-22
[INFO] running `Command { std: CARGO_HOME="/workspace/cargo-home" RUSTUP_HOME="/workspace/rustup-home" "/workspace/cargo-home/bin/cargo" "+beta-2023-12-22" "metadata" "--manifest-path" "Cargo.toml" "--no-deps", kill_on_drop: false }`
[INFO] started tweaking crates.io crate gmt-fem 5.0.0
[INFO] finished tweaking crates.io crate gmt-fem 5.0.0
[INFO] tweaked toml for crates.io crate gmt-fem 5.0.0 written to /workspace/builds/worker-0-tc2/source/Cargo.toml
[INFO] crate crates.io crate gmt-fem 5.0.0 already has a lockfile, it will not be regenerated
[INFO] running `Command { std: CARGO_HOME="/workspace/cargo-home" RUSTUP_HOME="/workspace/rustup-home" "/workspace/cargo-home/bin/cargo" "+beta-2023-12-22" "fetch" "--manifest-path" "Cargo.toml", kill_on_drop: false }`
[INFO] running `Command { std: "docker" "create" "-v" "/var/lib/crater-agent-workspace/builds/worker-0-tc2/target:/opt/rustwide/target:rw,Z" "-v" "/var/lib/crater-agent-workspace/builds/worker-0-tc2/source:/opt/rustwide/workdir:ro,Z" "-v" "/var/lib/crater-agent-workspace/cargo-home:/opt/rustwide/cargo-home:ro,Z" "-v" "/var/lib/crater-agent-workspace/rustup-home:/opt/rustwide/rustup-home:ro,Z" "-e" "SOURCE_DIR=/opt/rustwide/workdir" "-e" "CARGO_TARGET_DIR=/opt/rustwide/target" "-e" "CARGO_HOME=/opt/rustwide/cargo-home" "-e" "RUSTUP_HOME=/opt/rustwide/rustup-home" "-w" "/opt/rustwide/workdir" "-m" "1610612736" "--user" "0:0" "--network" "none" "ghcr.io/rust-lang/crates-build-env/linux@sha256:2788e3201cd34a07e3172128adcd8b3090168a8e3bcc40d7c032b9dda1df7d1c" "/opt/rustwide/cargo-home/bin/cargo" "+beta-2023-12-22" "metadata" "--no-deps" "--format-version=1", kill_on_drop: false }`
[INFO] [stdout] a1ae6cd3aef598bfa6c7ee3aaa4dac837c01b4890e3d4d884908d277e11b336f
[INFO] running `Command { std: "docker" "start" "-a" "a1ae6cd3aef598bfa6c7ee3aaa4dac837c01b4890e3d4d884908d277e11b336f", kill_on_drop: false }`
[INFO] running `Command { std: "docker" "inspect" "a1ae6cd3aef598bfa6c7ee3aaa4dac837c01b4890e3d4d884908d277e11b336f", kill_on_drop: false }`
[INFO] running `Command { std: "docker" "rm" "-f" "a1ae6cd3aef598bfa6c7ee3aaa4dac837c01b4890e3d4d884908d277e11b336f", kill_on_drop: false }`
[INFO] [stdout] a1ae6cd3aef598bfa6c7ee3aaa4dac837c01b4890e3d4d884908d277e11b336f
[INFO] running `Command { std: "docker" "create" "-v" "/var/lib/crater-agent-workspace/builds/worker-0-tc2/target:/opt/rustwide/target:rw,Z" "-v" "/var/lib/crater-agent-workspace/builds/worker-0-tc2/source:/opt/rustwide/workdir:ro,Z" "-v" "/var/lib/crater-agent-workspace/cargo-home:/opt/rustwide/cargo-home:ro,Z" "-v" "/var/lib/crater-agent-workspace/rustup-home:/opt/rustwide/rustup-home:ro,Z" "-e" "SOURCE_DIR=/opt/rustwide/workdir" "-e" "CARGO_TARGET_DIR=/opt/rustwide/target" "-e" "CARGO_INCREMENTAL=0" "-e" "RUST_BACKTRACE=full" "-e" "RUSTFLAGS=--cap-lints=warn" "-e" "RUSTDOCFLAGS=--cap-lints=warn" "-e" "CARGO_HOME=/opt/rustwide/cargo-home" "-e" "RUSTUP_HOME=/opt/rustwide/rustup-home" "-w" "/opt/rustwide/workdir" "-m" "1610612736" "--user" "0:0" "--network" "none" "ghcr.io/rust-lang/crates-build-env/linux@sha256:2788e3201cd34a07e3172128adcd8b3090168a8e3bcc40d7c032b9dda1df7d1c" "/opt/rustwide/cargo-home/bin/cargo" "+beta-2023-12-22" "build" "--frozen" "--message-format=json", kill_on_drop: false }`
[INFO] [stdout] a430819d44deebbe3e2646bf2cea22ffcf207b88f21b202e05db5574728e9e95
[INFO] running `Command { std: "docker" "start" "-a" "a430819d44deebbe3e2646bf2cea22ffcf207b88f21b202e05db5574728e9e95", kill_on_drop: false }`
[INFO] [stderr]    Compiling autocfg v1.1.0
[INFO] [stderr]    Compiling libc v0.2.147
[INFO] [stderr]    Compiling cfg-if v1.0.0
[INFO] [stderr]    Compiling libm v0.2.7
[INFO] [stderr]    Compiling proc-macro2 v1.0.66
[INFO] [stderr]    Compiling unicode-ident v1.0.11
[INFO] [stderr]    Compiling crunchy v0.2.2
[INFO] [stderr]    Compiling proc-macro-hack v0.5.20+deprecated
[INFO] [stderr]    Compiling tiny-keccak v2.0.2
[INFO] [stderr]    Compiling memchr v2.6.3
[INFO] [stderr]    Compiling once_cell v1.18.0
[INFO] [stderr]    Compiling num-traits v0.2.16
[INFO] [stderr]    Compiling num-integer v0.1.45
[INFO] [stderr]    Compiling num-bigint v0.4.4
[INFO] [stderr]    Compiling num-rational v0.4.1
[INFO] [stderr]    Compiling num-iter v0.1.43
[INFO] [stderr]    Compiling quote v1.0.33
[INFO] [stderr]    Compiling syn v2.0.31
[INFO] [stderr]    Compiling version_check v0.9.4
[INFO] [stderr]    Compiling arrow-schema v30.0.1
[INFO] [stderr]    Compiling iana-time-zone v0.1.57
[INFO] [stderr]    Compiling ahash v0.8.3
[INFO] [stderr]    Compiling static_assertions v1.1.0
[INFO] [stderr]    Compiling hashbrown v0.13.2
[INFO] [stderr]    Compiling pkg-config v0.3.27
[INFO] [stderr]    Compiling lexical-util v0.8.5
[INFO] [stderr]    Compiling aho-corasick v1.0.5
[INFO] [stderr]    Compiling num-complex v0.4.4
[INFO] [stderr]    Compiling jobserver v0.1.26
[INFO] [stderr]    Compiling getrandom v0.2.10
[INFO] [stderr]    Compiling time v0.1.45
[INFO] [stderr]    Compiling cc v1.0.83
[INFO] [stderr]    Compiling const-random-macro v0.1.15
[INFO] [stderr]    Compiling half v2.3.1
[INFO] [stderr]    Compiling regex-syntax v0.7.5
[INFO] [stderr]    Compiling chrono v0.4.29
[INFO] [stderr]    Compiling const-random v0.1.15
[INFO] [stderr]    Compiling bitflags v1.3.2
[INFO] [stderr]    Compiling lexical-parse-integer v0.8.6
[INFO] [stderr]    Compiling lexical-write-integer v0.8.5
[INFO] [stderr]    Compiling serde v1.0.188
[INFO] [stderr]    Compiling thiserror v1.0.48
[INFO] [stderr]    Compiling lexical-write-float v0.8.5
[INFO] [stderr]    Compiling lexical-parse-float v0.8.5
[INFO] [stderr]    Compiling lazy_static v1.4.0
[INFO] [stderr]    Compiling zstd-sys v2.0.8+zstd.1.5.5
[INFO] [stderr]    Compiling num v0.4.1
[INFO] [stderr]    Compiling arrow-buffer v30.0.1
[INFO] [stderr]    Compiling arrow-data v30.0.1
[INFO] [stderr]    Compiling arrow-array v30.0.1
[INFO] [stderr]    Compiling regex-automata v0.3.8
[INFO] [stderr]    Compiling lexical-core v0.8.5
[INFO] [stderr]    Compiling rustix v0.38.11
[INFO] [stderr]    Compiling paste v1.0.14
[INFO] [stderr]    Compiling glob v0.3.1
[INFO] [stderr]    Compiling itoa v1.0.9
[INFO] [stderr]    Compiling crc32fast v1.3.2
[INFO] [stderr]    Compiling linux-raw-sys v0.4.5
[INFO] [stderr]    Compiling clang-sys v1.6.1
[INFO] [stderr]    Compiling bitflags v2.4.0
[INFO] [stderr]    Compiling ryu v1.0.15
[INFO] [stderr]    Compiling thiserror-impl v1.0.48
[INFO] [stderr]    Compiling serde_derive v1.0.188
[INFO] [stderr]    Compiling arrow-select v30.0.1
[INFO] [stderr]    Compiling regex v1.9.5
[INFO] [stderr]    Compiling arrow-cast v30.0.1
[INFO] [stderr]    Compiling lz4-sys v1.9.4
[INFO] [stderr]    Compiling bzip2-sys v0.1.11+1.0.8
[INFO] [stderr]    Compiling atty v0.2.14
[INFO] [stderr]    Compiling indexmap v1.9.3
[INFO] [stderr]    Compiling simd-adler32 v0.3.7
[INFO] [stderr]    Compiling unicode-width v0.1.10
[INFO] [stderr]    Compiling zstd-safe v6.0.6
[INFO] [stderr]    Compiling either v1.9.0
[INFO] [stderr]    Compiling adler v1.0.2
[INFO] [stderr]    Compiling serde_json v1.0.105
[INFO] [stderr]    Compiling minimal-lexical v0.2.1
[INFO] [stderr]    Compiling byteorder v1.4.3
[INFO] [stderr]    Compiling crossbeam-utils v0.8.16
[INFO] [stderr]    Compiling alloc-no-stdlib v2.0.4
[INFO] [stderr]    Compiling alloc-stdlib v0.2.2
[INFO] [stderr]    Compiling nom v7.1.3
[INFO] [stderr]    Compiling miniz_oxide v0.7.1
[INFO] [stderr]    Compiling textwrap v0.11.0
[INFO] [stderr]    Compiling flatbuffers v22.9.29
[INFO] [stderr]    Compiling csv-core v0.1.10
[INFO] [stderr]    Compiling memoffset v0.9.0
[INFO] [stderr]    Compiling libloading v0.7.4
[INFO] [stderr]    Compiling log v0.4.20
[INFO] [stderr]    Compiling ansi_term v0.12.1
[INFO] [stderr]    Compiling home v0.5.5
[INFO] [stderr]    Compiling vec_map v0.8.2
[INFO] [stderr]    Compiling humantime v2.1.0
[INFO] [stderr]    Compiling hashbrown v0.12.3
[INFO] [stderr]    Compiling termcolor v1.2.0
[INFO] [stderr]    Compiling syn v1.0.109
[INFO] [stderr]    Compiling snap v1.1.0
[INFO] [stderr]    Compiling bindgen v0.59.2
[INFO] [stderr]    Compiling strsim v0.8.0
[INFO] [stderr]    Compiling clap v2.34.0
[INFO] [stderr]    Compiling env_logger v0.9.3
[INFO] [stderr]    Compiling which v4.4.2
[INFO] [stderr]    Compiling cexpr v0.6.0
[INFO] [stderr]    Compiling flate2 v1.0.27
[INFO] [stderr]    Compiling arrow-ipc v30.0.1
[INFO] [stderr]    Compiling brotli-decompressor v2.3.4
[INFO] [stderr]    Compiling ordered-float v2.10.0
[INFO] [stderr]    Compiling crossbeam-epoch v0.9.15
[INFO] [stderr]    Compiling regex-syntax v0.6.29
[INFO] [stderr]    Compiling lazycell v1.3.0
[INFO] [stderr]    Compiling shlex v1.2.0
[INFO] [stderr]    Compiling peeking_take_while v0.1.2
[INFO] [stderr]    Compiling integer-encoding v3.0.4
[INFO] [stderr]    Compiling anyhow v1.0.75
[INFO] [stderr]    Compiling rustc-hash v1.1.0
[INFO] [stderr]    Compiling brotli v3.3.4
[INFO] [stderr]    Compiling csv v1.2.2
[INFO] [stderr]    Compiling arrow-csv v30.0.1
[INFO] [stderr]    Compiling arrow-json v30.0.1
[INFO] [stderr]    Compiling arrow-string v30.0.1
[INFO] [stderr]    Compiling thrift v0.17.0
[INFO] [stderr]    Compiling arrow-ord v30.0.1
[INFO] [stderr]    Compiling arrow-arith v30.0.1
[INFO] [stderr]    Compiling arrow-row v30.0.1
[INFO] [stderr]    Compiling cmake v0.1.50
[INFO] [stderr]    Compiling rand_core v0.6.4
[INFO] [stderr]    Compiling twox-hash v1.6.3
[INFO] [stderr]    Compiling seq-macro v0.3.5
[INFO] [stderr]    Compiling ppv-lite86 v0.2.17
[INFO] [stderr]    Compiling base64 v0.20.0
[INFO] [stderr]    Compiling bytes v1.4.0
[INFO] [stderr]    Compiling scopeguard v1.2.0
[INFO] [stderr]    Compiling bytemuck v1.14.0
[INFO] [stderr]    Compiling safe_arch v0.7.1
[INFO] [stderr]    Compiling matio-rs-sys v0.2.2
[INFO] [stderr]    Compiling rand_chacha v0.3.1
[INFO] [stderr]    Compiling arrow v30.0.1
[INFO] [stderr]    Compiling num-bigint v0.3.3
[INFO] [stderr]    Compiling matrixmultiply v0.3.7
[INFO] [stderr]    Compiling typenum v1.16.0
[INFO] [stderr]    Compiling rayon-core v1.11.0
[INFO] [stderr]    Compiling rand v0.8.5
[INFO] [stderr]    Compiling wide v0.7.11
[INFO] [stderr]    Compiling crossbeam-deque v0.8.3
[INFO] [stderr]    Compiling crossbeam-channel v0.5.8
[INFO] [stderr]    Compiling num_cpus v1.16.0
[INFO] [stderr]    Compiling approx v0.5.1
[INFO] [stderr]    Compiling virtue v0.0.13
[INFO] [stderr]    Compiling rawpointer v0.2.1
[INFO] [stderr]    Compiling rand_distr v0.4.3
[INFO] [stderr]    Compiling bincode_derive v2.0.0-rc.3
[INFO] [stderr]    Compiling simba v0.8.1
[INFO] [stderr]    Compiling nalgebra-macros v0.2.1
[INFO] [stderr]    Compiling matio-rs_derive v0.1.0
[INFO] [stderr]    Compiling fastrand v2.0.0
[INFO] [stderr]    Compiling iter-read v0.3.1
[INFO] [stderr]    Compiling bincode v2.0.0-rc.3
[INFO] [stderr]    Compiling rayon v1.7.0
[INFO] [stderr]    Compiling serde-pickle v0.6.3
[INFO] [stderr]    Compiling tempfile v3.8.0
[INFO] [stderr]    Compiling geotrans v0.1.1
[INFO] [stderr]    Compiling bzip2 v0.4.4
[INFO] [stderr]    Compiling zip v0.5.13
[INFO] [stderr]    Compiling nalgebra v0.32.3
[INFO] [stderr]    Compiling lz4 v1.24.0
[INFO] [stderr]    Compiling zstd v0.12.4
[INFO] [stderr]    Compiling parquet v30.0.1
[INFO] [stderr]    Compiling matio-rs v1.3.1
[INFO] [stderr]    Compiling gmt-fem-code-builder v1.0.0
[INFO] [stderr]    Compiling gmt-fem v5.0.0 (/opt/rustwide/workdir)
[INFO] [stderr] warning: gmt-fem@5.0.0: the FEM_REPO environment variable is not set, using dummy inputs and outputs instead
[INFO] [stderr]     Finished dev [unoptimized + debuginfo] target(s) in 3m 04s
[INFO] running `Command { std: "docker" "inspect" "a430819d44deebbe3e2646bf2cea22ffcf207b88f21b202e05db5574728e9e95", kill_on_drop: false }`
[INFO] running `Command { std: "docker" "rm" "-f" "a430819d44deebbe3e2646bf2cea22ffcf207b88f21b202e05db5574728e9e95", kill_on_drop: false }`
[INFO] [stdout] a430819d44deebbe3e2646bf2cea22ffcf207b88f21b202e05db5574728e9e95
[INFO] running `Command { std: "docker" "create" "-v" "/var/lib/crater-agent-workspace/builds/worker-0-tc2/target:/opt/rustwide/target:rw,Z" "-v" "/var/lib/crater-agent-workspace/builds/worker-0-tc2/source:/opt/rustwide/workdir:ro,Z" "-v" "/var/lib/crater-agent-workspace/cargo-home:/opt/rustwide/cargo-home:ro,Z" "-v" "/var/lib/crater-agent-workspace/rustup-home:/opt/rustwide/rustup-home:ro,Z" "-e" "SOURCE_DIR=/opt/rustwide/workdir" "-e" "CARGO_TARGET_DIR=/opt/rustwide/target" "-e" "CARGO_INCREMENTAL=0" "-e" "RUST_BACKTRACE=full" "-e" "RUSTFLAGS=--cap-lints=warn" "-e" "RUSTDOCFLAGS=--cap-lints=warn" "-e" "CARGO_HOME=/opt/rustwide/cargo-home" "-e" "RUSTUP_HOME=/opt/rustwide/rustup-home" "-w" "/opt/rustwide/workdir" "-m" "1610612736" "--user" "0:0" "--network" "none" "ghcr.io/rust-lang/crates-build-env/linux@sha256:2788e3201cd34a07e3172128adcd8b3090168a8e3bcc40d7c032b9dda1df7d1c" "/opt/rustwide/cargo-home/bin/cargo" "+beta-2023-12-22" "test" "--frozen" "--no-run" "--message-format=json", kill_on_drop: false }`
[INFO] [stdout] d687a282a12e39cb77796d6cb621398bad81f70d6a80e5b8535f927cf1f36256
[INFO] running `Command { std: "docker" "start" "-a" "d687a282a12e39cb77796d6cb621398bad81f70d6a80e5b8535f927cf1f36256", kill_on_drop: false }`
[INFO] [stderr]    Compiling ucd-trie v0.1.6
[INFO] [stderr]    Compiling freetype-sys v0.13.1
[INFO] [stderr]    Compiling yeslogic-fontconfig-sys v3.2.0
[INFO] [stderr]    Compiling anyhow v1.0.75
[INFO] [stderr]    Compiling fdeflate v0.3.0
[INFO] [stderr]    Compiling libloading v0.8.0
[INFO] [stderr]    Compiling color_quant v1.1.0
[INFO] [stderr]    Compiling dirs-sys-next v0.1.2
[INFO] [stderr]    Compiling pest v2.7.3
[INFO] [stderr]    Compiling dlib v0.5.2
[INFO] [stderr]    Compiling font-kit v0.11.0
[INFO] [stderr]    Compiling same-file v1.0.6
[INFO] [stderr]    Compiling weezl v0.1.7
[INFO] [stderr]    Compiling const-cstr v0.3.0
[INFO] [stderr]    Compiling jpeg-decoder v0.3.0
[INFO] [stderr]    Compiling plotters-backend v0.3.5
[INFO] [stderr]    Compiling png v0.17.10
[INFO] [stderr]    Compiling gif v0.12.0
[INFO] [stderr]    Compiling walkdir v2.4.0
[INFO] [stderr]    Compiling freetype v0.7.0
[INFO] [stderr]    Compiling gmt-fem-code-builder v1.0.0
[INFO] [stderr]    Compiling dirs-next v2.0.0
[INFO] [stderr]    Compiling matio-rs-sys v0.2.2
[INFO] [stderr]    Compiling float-ord v0.2.0
[INFO] [stderr]    Compiling colorous v1.0.12
[INFO] [stderr]    Compiling image v0.24.7
[INFO] [stderr]    Compiling semver-parser v0.10.2
[INFO] [stderr]    Compiling plotters-svg v0.3.5
[INFO] [stderr]    Compiling triangle-rs v0.1.2
[INFO] [stderr]    Compiling ttf-parser v0.17.1
[INFO] [stderr]    Compiling gmt-fem v5.0.0 (/opt/rustwide/workdir)
[INFO] [stderr]    Compiling semver v0.11.0
[INFO] [stderr]    Compiling rustc_version v0.3.3
[INFO] [stderr]    Compiling pathfinder_simd v0.5.1
[INFO] [stderr]    Compiling plotters-bitmap v0.3.3
[INFO] [stderr]    Compiling pathfinder_geometry v0.5.1
[INFO] [stderr]    Compiling matio-rs v1.3.1
[INFO] [stderr]    Compiling plotters v0.3.5
[INFO] [stderr]    Compiling complot v0.3.4
[INFO] [stderr] warning: gmt-fem@5.0.0: the FEM_REPO environment variable is not set, using dummy inputs and outputs instead
[INFO] [stdout] error[E0433]: failed to resolve: use of undeclared crate or module `arrow`
[INFO] [stdout]  --> examples/archive.rs:1:5
[INFO] [stdout]   |
[INFO] [stdout] 1 | use arrow::{array::StringArray, record_batch::RecordBatch};
[INFO] [stdout]   |     ^^^^^ use of undeclared crate or module `arrow`
[INFO] [stdout] 
[INFO] [stdout] 
[INFO] [stdout] warning: unused import: `std::path::Path`
[INFO] [stdout]  --> examples/load_fem.rs:2:5
[INFO] [stdout]   |
[INFO] [stdout] 2 | use std::path::Path;
[INFO] [stdout]   |     ^^^^^^^^^^^^^^^
[INFO] [stdout]   |
[INFO] [stdout]   = note: `#[warn(unused_imports)]` on by default
[INFO] [stdout] 
[INFO] [stdout] 
[INFO] [stdout] error[E0433]: failed to resolve: use of undeclared crate or module `fem`
[INFO] [stdout]  --> examples/proc_demo.rs:1:5
[INFO] [stdout]   |
[INFO] [stdout] 1 | use fem::io::{IOData, IO};
[INFO] [stdout]   |     ^^^ use of undeclared crate or module `fem`
[INFO] [stdout] 
[INFO] [stdout] 
[INFO] [stdout] error[E0432]: unresolved import `parquet::util::cursor`
[INFO] [stdout]  --> examples/archive.rs:5:11
[INFO] [stdout]   |
[INFO] [stdout] 5 |     util::cursor::SliceableCursor,
[INFO] [stdout]   |           ^^^^^^ could not find `cursor` in `util`
[INFO] [stdout] 
[INFO] [stdout] 
[INFO] [stdout] error[E0433]: failed to resolve: use of undeclared crate or module `arrow`
[INFO] [stdout]   --> examples/archive.rs:26:45
[INFO] [stdout]    |
[INFO] [stdout] 26 |         .collect::<Result<Vec<RecordBatch>, arrow::error::ArrowError>>()
[INFO] [stdout]    |                                             ^^^^^ use of undeclared crate or module `arrow`
[INFO] [stdout]    |
[INFO] [stdout] help: consider importing this module
[INFO] [stdout]    |
[INFO] [stdout] 1  + use apache_arrow::error;
[INFO] [stdout]    |
[INFO] [stdout] help: if you import `error`, refer to it directly
[INFO] [stdout]    |
[INFO] [stdout] 26 -         .collect::<Result<Vec<RecordBatch>, arrow::error::ArrowError>>()
[INFO] [stdout] 26 +         .collect::<Result<Vec<RecordBatch>, error::ArrowError>>()
[INFO] [stdout]    |
[INFO] [stdout] 
[INFO] [stdout] 
[INFO] [stdout] error[E0603]: module `util` is private
[INFO] [stdout]   --> examples/archive.rs:5:5
[INFO] [stdout]    |
[INFO] [stdout] 5  |     util::cursor::SliceableCursor,
[INFO] [stdout]    |     ^^^^ private module
[INFO] [stdout]    |
[INFO] [stdout] note: the module `util` is defined here
[INFO] [stdout]   --> /opt/rustwide/cargo-home/registry/src/index.crates.io-6f17d22bba15001f/parquet-30.0.1/src/lib.rs:81:1
[INFO] [stdout]    |
[INFO] [stdout] 81 | experimental!(#[macro_use] mod util);
[INFO] [stdout]    | ^^^^^^^^^^^^^^^^^^^^^^^^^^^^^^^^^^^^
[INFO] [stdout]    = note: this error originates in the macro `experimental` (in Nightly builds, run with -Z macro-backtrace for more info)
[INFO] [stdout] 
[INFO] [stdout] 
[INFO] [stdout] error[E0433]: failed to resolve: use of undeclared crate or module `spade`
[INFO] [stdout]  --> examples/m1_eigen_modes.rs:5:5
[INFO] [stdout]   |
[INFO] [stdout] 5 | use spade::{delaunay::FloatDelaunayTriangulation, HasPosition};
[INFO] [stdout]   |     ^^^^^ use of undeclared crate or module `spade`
[INFO] [stdout] 
[INFO] [stdout] 
[INFO] [stdout] error[E0432]: unresolved import `gmt_fem::Switch`
[INFO] [stdout]  --> tests/fem.rs:1:23
[INFO] [stdout]   |
[INFO] [stdout] 1 | use gmt_fem::{fem_io, Switch, FEM};
[INFO] [stdout]   |                       ^^^^^^ no `Switch` in the root
[INFO] [stdout] 
[INFO] [stdout] 
[INFO] [stdout] error[E0412]: cannot find type `MCM2S1VCDeltaF` in module `fem_io`
[INFO] [stdout]   --> tests/fem.rs:30:32
[INFO] [stdout]    |
[INFO] [stdout] 30 |     fem.switch_input::<fem_io::MCM2S1VCDeltaF>(Switch::On)
[INFO] [stdout]    |                                ^^^^^^^^^^^^^^ not found in `fem_io`
[INFO] [stdout] 
[INFO] [stdout] 
[INFO] [stdout] error[E0412]: cannot find type `MCM2S1VCDeltaD` in module `fem_io`
[INFO] [stdout]   --> tests/fem.rs:32:34
[INFO] [stdout]    |
[INFO] [stdout] 32 |         .switch_output::<fem_io::MCM2S1VCDeltaD>(Switch::On)
[INFO] [stdout]    |                                  ^^^^^^^^^^^^^^ not found in `fem_io`
[INFO] [stdout] 
[INFO] [stdout] 
[INFO] [stdout] error[E0432]: unresolved import `gmt_fem::dos`
[INFO] [stdout]  --> examples/fem_obj.rs:2:5
[INFO] [stdout]   |
[INFO] [stdout] 2 |     dos::{DiscreteModalSolver, Exponential, Get, Set},
[INFO] [stdout]   |     ^^^ could not find `dos` in `gmt_fem`
[INFO] [stdout] 
[INFO] [stdout] 
[INFO] [stdout] error[E0432]: unresolved import `spade`
[INFO] [stdout]  --> examples/m1_eigen_modes.rs:5:5
[INFO] [stdout]   |
[INFO] [stdout] 5 | use spade::{delaunay::FloatDelaunayTriangulation, HasPosition};
[INFO] [stdout]   |     ^^^^^ use of undeclared crate or module `spade`
[INFO] [stdout] 
[INFO] [stdout] 
[INFO] [stdout] error[E0432]: unresolved import `fem_proc`
[INFO] [stdout]  --> examples/proc_demo.rs:2:5
[INFO] [stdout]   |
[INFO] [stdout] 2 | use fem_proc::ad_hoc;
[INFO] [stdout]   |     ^^^^^^^^ use of undeclared crate or module `fem_proc`
[INFO] [stdout] 
[INFO] [stdout] 
[INFO] [stdout] error[E0432]: unresolved import `serde`
[INFO] [stdout]  --> examples/proc_demo.rs:3:5
[INFO] [stdout]   |
[INFO] [stdout] 3 | use serde;
[INFO] [stdout]   |     ^^^^^ no external crate `serde`
[INFO] [stdout] 
[INFO] [stdout] 
[INFO] [stdout] error: cannot determine resolution for the macro `ad_hoc`
[INFO] [stdout]  --> examples/proc_demo.rs:6:1
[INFO] [stdout]   |
[INFO] [stdout] 6 | ad_hoc!();
[INFO] [stdout]   | ^^^^^^
[INFO] [stdout]   |
[INFO] [stdout]   = note: import resolution is stuck, try simplifying macro imports
[INFO] [stdout] 
[INFO] [stdout] 
[INFO] [stdout] error[E0425]: cannot find function `serialize_into` in crate `bincode`
[INFO] [stdout]    --> examples/m1_eigen_modes.rs:410:22
[INFO] [stdout]     |
[INFO] [stdout] 410 |             bincode::serialize_into(file, &(left, n_mode))?;
[INFO] [stdout]     |                      ^^^^^^^^^^^^^^ not found in `bincode`
[INFO] [stdout] 
[INFO] [stdout] 
[INFO] [stdout] error: aborting due to 4 previous errors
[INFO] [stdout] 
[INFO] [stdout] 
[INFO] [stdout] error[E0412]: cannot find type `OSSRotDriveTorque` in this scope
[INFO] [stdout]   --> examples/fem_obj.rs:14:16
[INFO] [stdout]    |
[INFO] [stdout] 14 |         .ins::<OSSRotDriveTorque>()
[INFO] [stdout]    |                ^^^^^^^^^^^^^^^^^ not found in this scope
[INFO] [stdout] 
[INFO] [stdout] 
[INFO] [stdout] error[E0412]: cannot find type `OSSM1Lcl6F` in this scope
[INFO] [stdout]   --> examples/fem_obj.rs:15:16
[INFO] [stdout]    |
[INFO] [stdout] 15 |         .ins::<OSSM1Lcl6F>()
[INFO] [stdout]    |                ^^^^^^^^^^ not found in this scope
[INFO] [stdout] 
[INFO] [stdout] 
[INFO] [stdout] error[E0412]: cannot find type `OSSGIR6F` in this scope
[INFO] [stdout]   --> examples/fem_obj.rs:16:16
[INFO] [stdout]    |
[INFO] [stdout] 16 |         .ins::<OSSGIR6F>()
[INFO] [stdout]    |                ^^^^^^^^ not found in this scope
[INFO] [stdout] 
[INFO] [stdout] 
[INFO] [stdout] error[E0412]: cannot find type `OSSRotEncoderAngle` in this scope
[INFO] [stdout]   --> examples/fem_obj.rs:17:17
[INFO] [stdout]    |
[INFO] [stdout] 17 |         .outs::<OSSRotEncoderAngle>()
[INFO] [stdout]    |                 ^^^^^^^^^^^^^^^^^^ not found in this scope
[INFO] [stdout] 
[INFO] [stdout] 
[INFO] [stdout] error[E0412]: cannot find type `OSSM1Lcl` in this scope
[INFO] [stdout]   --> examples/fem_obj.rs:18:17
[INFO] [stdout]    |
[INFO] [stdout] 18 |         .outs::<OSSM1Lcl>()
[INFO] [stdout]    |                 ^^^^^^^^ not found in this scope
[INFO] [stdout] 
[INFO] [stdout] 
[INFO] [stdout] error[E0412]: cannot find type `OSSGIR6d` in this scope
[INFO] [stdout]   --> examples/fem_obj.rs:19:17
[INFO] [stdout]    |
[INFO] [stdout] 19 |         .outs::<OSSGIR6d>()
[INFO] [stdout]    |                 ^^^^^^^^ not found in this scope
[INFO] [stdout] 
[INFO] [stdout] 
[INFO] [stdout] error[E0412]: cannot find type `OSSM1Lcl6F` in this scope
[INFO] [stdout]   --> examples/fem_obj.rs:32:16
[INFO] [stdout]    |
[INFO] [stdout] 32 |     <SS as Set<OSSM1Lcl6F>>::set(&mut state_space_obj, &u);
[INFO] [stdout]    |                ^^^^^^^^^^ not found in this scope
[INFO] [stdout] 
[INFO] [stdout] 
[INFO] [stdout] error[E0412]: cannot find type `OSSGIR6d` in this scope
[INFO] [stdout]   --> examples/fem_obj.rs:34:36
[INFO] [stdout]    |
[INFO] [stdout] 34 |     println!("y: {:?}", <SS as Get<OSSGIR6d>>::get(&state_space_obj));
[INFO] [stdout]    |                                    ^^^^^^^^ not found in this scope
[INFO] [stdout] 
[INFO] [stdout] 
[INFO] [stdout] warning: unused import: `fem_io::*`
[INFO] [stdout]  --> examples/fem_obj.rs:3:5
[INFO] [stdout]   |
[INFO] [stdout] 3 |     fem_io::*,
[INFO] [stdout]   |     ^^^^^^^^^
[INFO] [stdout]   |
[INFO] [stdout]   = note: `#[warn(unused_imports)]` on by default
[INFO] [stdout] 
[INFO] [stdout] 
[INFO] [stdout] Some errors have detailed explanations: E0432, E0433.
[INFO] [stdout] 
[INFO] [stdout] For more information about an error, try `rustc --explain E0432`.
[INFO] [stdout] 
[INFO] [stderr] The following warnings were emitted during compilation:
[INFO] [stderr] 
[INFO] [stderr] warning: gmt-fem@5.0.0: the FEM_REPO environment variable is not set, using dummy inputs and outputs instead
[INFO] [stderr] 
[INFO] [stderr] error: could not compile `gmt-fem` (example "proc_demo") due to 5 previous errors
[INFO] [stderr] warning: build failed, waiting for other jobs to finish...
[INFO] [stdout] warning: unused import: `na::DMatrixSlice`
[INFO] [stdout]  --> examples/m1_eigen_modes.rs:3:5
[INFO] [stdout]   |
[INFO] [stdout] 3 | use na::DMatrixSlice;
[INFO] [stdout]   |     ^^^^^^^^^^^^^^^^
[INFO] [stdout]   |
[INFO] [stdout]   = note: `#[warn(unused_imports)]` on by default
[INFO] [stdout] 
[INFO] [stdout] 
[INFO] [stdout] warning: use of deprecated type alias `nalgebra::DMatrixSlice`: Use DMatrixView instead. See [issue #1076](https://github.com/dimforge/nalgebra/issues/1076) for more information.
[INFO] [stdout]  --> examples/m1_eigen_modes.rs:3:9
[INFO] [stdout]   |
[INFO] [stdout] 3 | use na::DMatrixSlice;
[INFO] [stdout]   |         ^^^^^^^^^^^^
[INFO] [stdout]   |
[INFO] [stdout]   = note: `#[warn(deprecated)]` on by default
[INFO] [stdout] 
[INFO] [stdout] 
[INFO] [stdout] error[E0433]: failed to resolve: use of undeclared crate or module `env_logger`
[INFO] [stdout]   --> examples/m1_eigen_modes.rs:25:5
[INFO] [stdout]    |
[INFO] [stdout] 25 |     env_logger::init();
[INFO] [stdout]    |     ^^^^^^^^^^ use of undeclared crate or module `env_logger`
[INFO] [stdout] 
[INFO] [stdout] 
[INFO] [stdout] error: aborting due to 4 previous errors; 2 warnings emitted
[INFO] [stdout] 
[INFO] [stdout] 
[INFO] [stdout] Some errors have detailed explanations: E0425, E0432, E0433.
[INFO] [stdout] 
[INFO] [stdout] For more information about an error, try `rustc --explain E0425`.
[INFO] [stdout] 
[INFO] [stderr] The following warnings were emitted during compilation:
[INFO] [stderr] 
[INFO] [stderr] warning: gmt-fem@5.0.0: the FEM_REPO environment variable is not set, using dummy inputs and outputs instead
[INFO] [stderr] 
[INFO] [stderr] error: could not compile `gmt-fem` (example "m1_eigen_modes") due to 5 previous errors; 2 warnings emitted
[INFO] [stdout] warning: use of deprecated trait `parquet::arrow::ArrowReader`: Use ParquetRecordBatchReaderBuilder instead
[INFO] [stdout]  --> examples/archive.rs:3:13
[INFO] [stdout]   |
[INFO] [stdout] 3 |     arrow::{ArrowReader, ParquetFileArrowReader},
[INFO] [stdout]   |             ^^^^^^^^^^^
[INFO] [stdout]   |
[INFO] [stdout]   = note: `#[warn(deprecated)]` on by default
[INFO] [stdout] 
[INFO] [stdout] 
[INFO] [stdout] warning: use of deprecated struct `parquet::arrow::ParquetFileArrowReader`: Use ParquetRecordBatchReaderBuilder instead
[INFO] [stdout]  --> examples/archive.rs:3:26
[INFO] [stdout]   |
[INFO] [stdout] 3 |     arrow::{ArrowReader, ParquetFileArrowReader},
[INFO] [stdout]   |                          ^^^^^^^^^^^^^^^^^^^^^^
[INFO] [stdout] 
[INFO] [stdout] 
[INFO] [stdout] warning: use of deprecated struct `parquet::arrow::ParquetFileArrowReader`: Use ParquetRecordBatchReaderBuilder instead
[INFO] [stdout]   --> examples/archive.rs:21:28
[INFO] [stdout]    |
[INFO] [stdout] 21 |     let mut arrow_reader = ParquetFileArrowReader::new(Arc::new(SerializedFileReader::new(
[INFO] [stdout]    |                            ^^^^^^^^^^^^^^^^^^^^^^
[INFO] [stdout] 
[INFO] [stdout] 
[INFO] [stdout] warning: use of deprecated method `parquet::arrow::ArrowReader::get_record_reader`: Use ParquetRecordBatchReaderBuilder instead
[INFO] [stdout]   --> examples/archive.rs:25:10
[INFO] [stdout]    |
[INFO] [stdout] 25 |         .get_record_reader(2048)?
[INFO] [stdout]    |          ^^^^^^^^^^^^^^^^^
[INFO] [stdout] 
[INFO] [stdout] 
[INFO] [stdout] error: aborting due to 9 previous errors; 1 warning emitted
[INFO] [stdout] 
[INFO] [stdout] 
[INFO] [stdout] Some errors have detailed explanations: E0412, E0432.
[INFO] [stdout] 
[INFO] [stdout] For more information about an error, try `rustc --explain E0412`.
[INFO] [stdout] 
[INFO] [stdout] error[E0599]: no method named `switch_inputs` found for struct `FEM` in the current scope
[INFO] [stdout]   --> tests/fem.rs:11:9
[INFO] [stdout]    |
[INFO] [stdout] 11 |     fem.switch_inputs(Switch::Off, Some(&[11]));
[INFO] [stdout]    |         ^^^^^^^^^^^^^ help: there is a method with a similar name: `n_inputs`
[INFO] [stdout] 
[INFO] [stdout] 
[INFO] [stdout] error: aborting due to 4 previous errors; 4 warnings emitted
[INFO] [stdout] 
[INFO] [stdout] 
[INFO] [stdout] Some errors have detailed explanations: E0432, E0433, E0603.
[INFO] [stdout] 
[INFO] [stdout] For more information about an error, try `rustc --explain E0432`.
[INFO] [stdout] 
[INFO] [stderr] The following warnings were emitted during compilation:
[INFO] [stderr] 
[INFO] [stderr] warning: gmt-fem@5.0.0: the FEM_REPO environment variable is not set, using dummy inputs and outputs instead
[INFO] [stderr] 
[INFO] [stderr] error: could not compile `gmt-fem` (example "fem_obj") due to 10 previous errors; 1 warning emitted
[INFO] [stdout] error[E0432]: unresolved import `gmt_fem::dos`
[INFO] [stdout]  --> examples/fem_obj_with_kss.rs:2:5
[INFO] [stdout]   |
[INFO] [stdout] 2 |     dos::{DiscreteModalSolver, ExponentialMatrix, Get, Set},
[INFO] [stdout]   |     ^^^ could not find `dos` in `gmt_fem`
[INFO] [stdout] 
[INFO] [stdout] 
[INFO] [stderr] The following warnings were emitted during compilation:
[INFO] [stderr] 
[INFO] [stderr] warning: gmt-fem@5.0.0: the FEM_REPO environment variable is not set, using dummy inputs and outputs instead
[INFO] [stderr] 
[INFO] [stderr] error: could not compile `gmt-fem` (example "archive") due to 5 previous errors; 4 warnings emitted
[INFO] [stdout] error[E0599]: no method named `switch_inputs` found for struct `FEM` in the current scope
[INFO] [stdout]   --> tests/fem.rs:16:9
[INFO] [stdout]    |
[INFO] [stdout] 16 |     fem.switch_inputs(Switch::On, Some(&[11]));
[INFO] [stdout]    |         ^^^^^^^^^^^^^ help: there is a method with a similar name: `n_inputs`
[INFO] [stdout] 
[INFO] [stdout] 
[INFO] [stdout] error[E0599]: no method named `switch_inputs` found for struct `FEM` in the current scope
[INFO] [stdout]   --> tests/fem.rs:26:9
[INFO] [stdout]    |
[INFO] [stdout] 26 |     fem.switch_inputs(Switch::Off, None)
[INFO] [stdout]    |         ^^^^^^^^^^^^^ help: there is a method with a similar name: `n_inputs`
[INFO] [stdout] 
[INFO] [stdout] 
[INFO] [stdout] error[E0599]: no method named `switch_input` found for struct `FEM` in the current scope
[INFO] [stdout]   --> tests/fem.rs:30:9
[INFO] [stdout]    |
[INFO] [stdout] 30 |     fem.switch_input::<fem_io::MCM2S1VCDeltaF>(Switch::On)
[INFO] [stdout]    |         ^^^^^^^^^^^^ method not found in `FEM`
[INFO] [stdout] 
[INFO] [stdout] 
[INFO] [stdout] error[E0412]: cannot find type `OSSAzDriveTorque` in this scope
[INFO] [stdout]   --> examples/fem_obj_with_kss.rs:20:16
[INFO] [stdout]    |
[INFO] [stdout] 20 |         .ins::<OSSAzDriveTorque>()
[INFO] [stdout]    |                ^^^^^^^^^^^^^^^^ not found in this scope
[INFO] [stdout] 
[INFO] [stdout] 
[INFO] [stdout] error[E0412]: cannot find type `OSSElDriveTorque` in this scope
[INFO] [stdout]   --> examples/fem_obj_with_kss.rs:21:16
[INFO] [stdout]    |
[INFO] [stdout] 21 |         .ins::<OSSElDriveTorque>()
[INFO] [stdout]    |                ^^^^^^^^^^^^^^^^ not found in this scope
[INFO] [stdout] 
[INFO] [stdout] 
[INFO] [stdout] error[E0412]: cannot find type `OSSRotDriveTorque` in this scope
[INFO] [stdout]   --> examples/fem_obj_with_kss.rs:22:16
[INFO] [stdout]    |
[INFO] [stdout] 22 |         .ins::<OSSRotDriveTorque>()
[INFO] [stdout]    |                ^^^^^^^^^^^^^^^^^ not found in this scope
[INFO] [stdout] 
[INFO] [stdout] 
[INFO] [stdout] error[E0412]: cannot find type `CFD2021106F` in this scope
[INFO] [stdout]   --> examples/fem_obj_with_kss.rs:23:16
[INFO] [stdout]    |
[INFO] [stdout] 23 |         .ins::<CFD2021106F>()
[INFO] [stdout]    |                ^^^^^^^^^^^ not found in this scope
[INFO] [stdout] 
[INFO] [stdout] 
[INFO] [stdout] error[E0412]: cannot find type `OSSM1Lcl6F` in this scope
[INFO] [stdout]   --> examples/fem_obj_with_kss.rs:24:16
[INFO] [stdout]    |
[INFO] [stdout] 24 |         .ins::<OSSM1Lcl6F>()
[INFO] [stdout]    |                ^^^^^^^^^^ not found in this scope
[INFO] [stdout] 
[INFO] [stdout] 
[INFO] [stdout] error[E0412]: cannot find type `OSSGIR6F` in this scope
[INFO] [stdout]   --> examples/fem_obj_with_kss.rs:25:16
[INFO] [stdout]    |
[INFO] [stdout] 25 |         .ins::<OSSGIR6F>()
[INFO] [stdout]    |                ^^^^^^^^ not found in this scope
[INFO] [stdout] 
[INFO] [stdout] 
[INFO] [stdout] error[E0412]: cannot find type `OSSAzEncoderAngle` in this scope
[INFO] [stdout]   --> examples/fem_obj_with_kss.rs:26:17
[INFO] [stdout]    |
[INFO] [stdout] 26 |         .outs::<OSSAzEncoderAngle>()
[INFO] [stdout]    |                 ^^^^^^^^^^^^^^^^^ not found in this scope
[INFO] [stdout] 
[INFO] [stdout] 
[INFO] [stdout] error[E0412]: cannot find type `OSSElEncoderAngle` in this scope
[INFO] [stdout]   --> examples/fem_obj_with_kss.rs:27:17
[INFO] [stdout]    |
[INFO] [stdout] 27 |         .outs::<OSSElEncoderAngle>()
[INFO] [stdout]    |                 ^^^^^^^^^^^^^^^^^ not found in this scope
[INFO] [stdout] 
[INFO] [stdout] 
[INFO] [stdout] error[E0412]: cannot find type `OSSRotEncoderAngle` in this scope
[INFO] [stdout]   --> examples/fem_obj_with_kss.rs:28:17
[INFO] [stdout]    |
[INFO] [stdout] 28 |         .outs::<OSSRotEncoderAngle>()
[INFO] [stdout]    |                 ^^^^^^^^^^^^^^^^^^ not found in this scope
[INFO] [stdout] 
[INFO] [stdout] 
[INFO] [stdout] error[E0412]: cannot find type `OSSM1Lcl` in this scope
[INFO] [stdout]   --> examples/fem_obj_with_kss.rs:29:17
[INFO] [stdout]    |
[INFO] [stdout] 29 |         .outs::<OSSM1Lcl>()
[INFO] [stdout]    |                 ^^^^^^^^ not found in this scope
[INFO] [stdout] 
[INFO] [stdout] 
[INFO] [stdout] error[E0412]: cannot find type `OSSGIR6d` in this scope
[INFO] [stdout]   --> examples/fem_obj_with_kss.rs:30:17
[INFO] [stdout]    |
[INFO] [stdout] 30 |         .outs::<OSSGIR6d>()
[INFO] [stdout]    |                 ^^^^^^^^ not found in this scope
[INFO] [stdout] 
[INFO] [stdout] 
[INFO] [stdout] error[E0412]: cannot find type `OSSM1Lcl6F` in this scope
[INFO] [stdout]   --> examples/fem_obj_with_kss.rs:44:16
[INFO] [stdout]    |
[INFO] [stdout] 44 |     <SS as Set<OSSM1Lcl6F>>::set(&mut state_space_obj, &u);
[INFO] [stdout]    |                ^^^^^^^^^^ not found in this scope
[INFO] [stdout] 
[INFO] [stdout] 
[INFO] [stdout] error[E0412]: cannot find type `OSSGIR6d` in this scope
[INFO] [stdout]   --> examples/fem_obj_with_kss.rs:46:36
[INFO] [stdout]    |
[INFO] [stdout] 46 |     println!("y: {:?}", <SS as Get<OSSGIR6d>>::get(&state_space_obj));
[INFO] [stdout]    |                                    ^^^^^^^^ not found in this scope
[INFO] [stdout] 
[INFO] [stdout] 
[INFO] [stdout] warning: unused import: `fem_io::*`
[INFO] [stdout]  --> examples/fem_obj_with_kss.rs:3:5
[INFO] [stdout]   |
[INFO] [stdout] 3 |     fem_io::*,
[INFO] [stdout]   |     ^^^^^^^^^
[INFO] [stdout]   |
[INFO] [stdout]   = note: `#[warn(unused_imports)]` on by default
[INFO] [stdout] 
[INFO] [stdout] 
[INFO] [stdout] error[E0599]: no method named `switch_inputs` found for struct `FEM` in the current scope
[INFO] [stdout]   --> tests/fem.rs:38:9
[INFO] [stdout]    |
[INFO] [stdout] 38 |     fem.switch_inputs(Switch::On, None)
[INFO] [stdout]    |         ^^^^^^^^^^^^^ help: there is a method with a similar name: `n_inputs`
[INFO] [stdout] 
[INFO] [stdout] 
[INFO] [stdout] error[E0599]: no method named `switch_inputs` found for struct `FEM` in the current scope
[INFO] [stdout]   --> tests/fem.rs:49:9
[INFO] [stdout]    |
[INFO] [stdout] 49 |     fem.switch_inputs(Switch::Off, None)
[INFO] [stdout]    |         ^^^^^^^^^^^^^ help: there is a method with a similar name: `n_inputs`
[INFO] [stdout] 
[INFO] [stdout] 
[INFO] [stdout] error[E0599]: no method named `switch_inputs_by_name` found for struct `FEM` in the current scope
[INFO] [stdout]   --> tests/fem.rs:53:9
[INFO] [stdout]    |
[INFO] [stdout] 53 |     fem.switch_inputs_by_name(vec!["MC_M2_S1_VC_delta_F"], Switch::On)
[INFO] [stdout]    |         ^^^^^^^^^^^^^^^^^^^^^ method not found in `FEM`
[INFO] [stdout] 
[INFO] [stdout] 
[INFO] [stdout] error[E0599]: no method named `static_from_env` found for struct `FEM` in the current scope
[INFO] [stdout]   --> examples/fem_obj_with_kss.rs:11:43
[INFO] [stdout]    |
[INFO] [stdout] 11 |     let mut gmt_fem_dt = FEM::from_env()?.static_from_env();
[INFO] [stdout]    |                                           ^^^^^^^^^^^^^^^ help: there is a method with a similar name: `static_gain`
[INFO] [stdout] 
[INFO] [stdout] 
[INFO] [stdout] error[E0599]: no method named `switch_inputs` found for struct `FEM` in the current scope
[INFO] [stdout]   --> tests/fem.rs:61:9
[INFO] [stdout]    |
[INFO] [stdout] 61 |     fem.switch_inputs(Switch::On, None)
[INFO] [stdout]    |         ^^^^^^^^^^^^^ help: there is a method with a similar name: `n_inputs`
[INFO] [stdout] 
[INFO] [stdout] 
[INFO] [stdout] error: aborting due to 15 previous errors; 1 warning emitted
[INFO] [stdout] 
[INFO] [stdout] 
[INFO] [stdout] error: aborting due to 11 previous errors
[INFO] [stdout] 
[INFO] [stdout] 
[INFO] [stdout] Some errors have detailed explanations: E0412, E0432, E0599.
[INFO] [stdout] 
[INFO] [stdout] For more information about an error, try `rustc --explain E0412`.
[INFO] [stdout] 
[INFO] [stdout] Some errors have detailed explanations: E0412, E0432, E0599.
[INFO] [stdout] 
[INFO] [stdout] For more information about an error, try `rustc --explain E0412`.
[INFO] [stdout] 
[INFO] [stderr] The following warnings were emitted during compilation:
[INFO] [stderr] 
[INFO] [stderr] warning: gmt-fem@5.0.0: the FEM_REPO environment variable is not set, using dummy inputs and outputs instead
[INFO] [stderr] 
[INFO] [stderr] error: could not compile `gmt-fem` (example "fem_obj_with_kss") due to 16 previous errors; 1 warning emitted
[INFO] [stderr] The following warnings were emitted during compilation:
[INFO] [stderr] 
[INFO] [stderr] warning: gmt-fem@5.0.0: the FEM_REPO environment variable is not set, using dummy inputs and outputs instead
[INFO] [stderr] 
[INFO] [stderr] error: could not compile `gmt-fem` (test "fem") due to 12 previous errors
[INFO] [stdout] warning: 1 warning emitted
[INFO] [stdout] 
[INFO] [stdout] 
[INFO] running `Command { std: "docker" "inspect" "d687a282a12e39cb77796d6cb621398bad81f70d6a80e5b8535f927cf1f36256", kill_on_drop: false }`
[INFO] running `Command { std: "docker" "rm" "-f" "d687a282a12e39cb77796d6cb621398bad81f70d6a80e5b8535f927cf1f36256", kill_on_drop: false }`
[INFO] [stdout] d687a282a12e39cb77796d6cb621398bad81f70d6a80e5b8535f927cf1f36256
