[INFO] fetching crate gluon_check 0.18.2...
[INFO] testing gluon_check-0.18.2 against 1.75.0 for beta-1.76-1
[INFO] extracting crate gluon_check 0.18.2 into /workspace/builds/worker-1-tc1/source
[INFO] validating manifest of crates.io crate gluon_check 0.18.2 on toolchain 1.75.0
[INFO] running `Command { std: CARGO_HOME="/workspace/cargo-home" RUSTUP_HOME="/workspace/rustup-home" "/workspace/cargo-home/bin/cargo" "+1.75.0" "metadata" "--manifest-path" "Cargo.toml" "--no-deps", kill_on_drop: false }`
[INFO] started tweaking crates.io crate gluon_check 0.18.2
[INFO] finished tweaking crates.io crate gluon_check 0.18.2
[INFO] tweaked toml for crates.io crate gluon_check 0.18.2 written to /workspace/builds/worker-1-tc1/source/Cargo.toml
[INFO] running `Command { std: CARGO_HOME="/workspace/cargo-home" RUSTUP_HOME="/workspace/rustup-home" "/workspace/cargo-home/bin/cargo" "+1.75.0" "generate-lockfile" "--manifest-path" "Cargo.toml", kill_on_drop: false }`
[INFO] [stderr]     Updating crates.io index
[INFO] running `Command { std: CARGO_HOME="/workspace/cargo-home" RUSTUP_HOME="/workspace/rustup-home" "/workspace/cargo-home/bin/cargo" "+1.75.0" "fetch" "--manifest-path" "Cargo.toml", kill_on_drop: false }`
[INFO] [stderr]  Downloading crates ...
[INFO] [stderr]   Downloaded collect-mac v0.1.0
[INFO] [stderr]   Downloaded gluon_codegen v0.18.2
[INFO] [stderr]   Downloaded gluon_parser v0.18.2
[INFO] [stderr]   Downloaded gluon_format v0.18.2
[INFO] [stderr]   Downloaded gluon_base v0.18.2
[INFO] [stderr]   Downloaded rpds v0.10.0
[INFO] [stderr]   Downloaded archery v0.4.0
[INFO] running `Command { std: "docker" "create" "-v" "/var/lib/crater-agent-workspace/builds/worker-1-tc1/target:/opt/rustwide/target:rw,Z" "-v" "/var/lib/crater-agent-workspace/builds/worker-1-tc1/source:/opt/rustwide/workdir:ro,Z" "-v" "/var/lib/crater-agent-workspace/cargo-home:/opt/rustwide/cargo-home:ro,Z" "-v" "/var/lib/crater-agent-workspace/rustup-home:/opt/rustwide/rustup-home:ro,Z" "-e" "SOURCE_DIR=/opt/rustwide/workdir" "-e" "CARGO_TARGET_DIR=/opt/rustwide/target" "-e" "CARGO_HOME=/opt/rustwide/cargo-home" "-e" "RUSTUP_HOME=/opt/rustwide/rustup-home" "-w" "/opt/rustwide/workdir" "-m" "1610612736" "--user" "0:0" "--network" "none" "ghcr.io/rust-lang/crates-build-env/linux@sha256:2788e3201cd34a07e3172128adcd8b3090168a8e3bcc40d7c032b9dda1df7d1c" "/opt/rustwide/cargo-home/bin/cargo" "+1.75.0" "metadata" "--no-deps" "--format-version=1", kill_on_drop: false }`
[INFO] [stdout] e444084d2b8e5222f9f2032a956718c77aa207a49817c11f1222e04f32b47e07
[INFO] running `Command { std: "docker" "start" "-a" "e444084d2b8e5222f9f2032a956718c77aa207a49817c11f1222e04f32b47e07", kill_on_drop: false }`
[INFO] running `Command { std: "docker" "inspect" "e444084d2b8e5222f9f2032a956718c77aa207a49817c11f1222e04f32b47e07", kill_on_drop: false }`
[INFO] running `Command { std: "docker" "rm" "-f" "e444084d2b8e5222f9f2032a956718c77aa207a49817c11f1222e04f32b47e07", kill_on_drop: false }`
[INFO] [stdout] e444084d2b8e5222f9f2032a956718c77aa207a49817c11f1222e04f32b47e07
[INFO] running `Command { std: "docker" "create" "-v" "/var/lib/crater-agent-workspace/builds/worker-1-tc1/target:/opt/rustwide/target:rw,Z" "-v" "/var/lib/crater-agent-workspace/builds/worker-1-tc1/source:/opt/rustwide/workdir:ro,Z" "-v" "/var/lib/crater-agent-workspace/cargo-home:/opt/rustwide/cargo-home:ro,Z" "-v" "/var/lib/crater-agent-workspace/rustup-home:/opt/rustwide/rustup-home:ro,Z" "-e" "SOURCE_DIR=/opt/rustwide/workdir" "-e" "CARGO_TARGET_DIR=/opt/rustwide/target" "-e" "CARGO_INCREMENTAL=0" "-e" "RUST_BACKTRACE=full" "-e" "RUSTFLAGS=--cap-lints=warn" "-e" "RUSTDOCFLAGS=--cap-lints=warn" "-e" "CARGO_HOME=/opt/rustwide/cargo-home" "-e" "RUSTUP_HOME=/opt/rustwide/rustup-home" "-w" "/opt/rustwide/workdir" "-m" "1610612736" "--user" "0:0" "--network" "none" "ghcr.io/rust-lang/crates-build-env/linux@sha256:2788e3201cd34a07e3172128adcd8b3090168a8e3bcc40d7c032b9dda1df7d1c" "/opt/rustwide/cargo-home/bin/cargo" "+1.75.0" "build" "--frozen" "--message-format=json", kill_on_drop: false }`
[INFO] [stdout] e83221e157f0e465feb38eb561ab60bfb572a5d107577db2cc91bdee16a0761e
[INFO] running `Command { std: "docker" "start" "-a" "e83221e157f0e465feb38eb561ab60bfb572a5d107577db2cc91bdee16a0761e", kill_on_drop: false }`
[INFO] [stderr]    Compiling libc v0.2.151
[INFO] [stderr]    Compiling proc-macro2 v1.0.75
[INFO] [stderr]    Compiling unicode-ident v1.0.12
[INFO] [stderr]    Compiling version_check v0.9.4
[INFO] [stderr]    Compiling autocfg v1.1.0
[INFO] [stderr]    Compiling syn v1.0.109
[INFO] [stderr]    Compiling cfg-if v1.0.0
[INFO] [stderr]    Compiling once_cell v1.19.0
[INFO] [stderr]    Compiling termcolor v1.4.0
[INFO] [stderr]    Compiling unicode-width v0.1.11
[INFO] [stderr]    Compiling typed-arena v2.0.2
[INFO] [stderr]    Compiling static_assertions v1.1.0
[INFO] [stderr]    Compiling arrayvec v0.5.2
[INFO] [stderr]    Compiling log v0.4.20
[INFO] [stderr]    Compiling ahash v0.7.7
[INFO] [stderr]    Compiling num-traits v0.2.17
[INFO] [stderr]    Compiling codespan-reporting v0.11.1
[INFO] [stderr]    Compiling either v1.9.0
[INFO] [stderr]    Compiling pretty v0.10.0
[INFO] [stderr]    Compiling archery v0.4.0
[INFO] [stderr]    Compiling itertools v0.10.5
[INFO] [stderr]    Compiling smallvec v1.11.2
[INFO] [stderr]    Compiling vec_map v0.8.2
[INFO] [stderr]    Compiling bitflags v1.3.2
[INFO] [stderr]    Compiling codespan v0.11.1
[INFO] [stderr]    Compiling quick-error v2.0.1
[INFO] [stderr]    Compiling collect-mac v0.1.0
[INFO] [stderr]    Compiling quote v1.0.35
[INFO] [stderr]    Compiling fnv v1.0.7
[INFO] [stderr]    Compiling rpds v0.10.0
[INFO] [stderr]    Compiling ena v0.14.2
[INFO] [stderr]    Compiling strsim v0.10.0
[INFO] [stderr]    Compiling getrandom v0.2.11
[INFO] [stderr]    Compiling ordered-float v2.10.1
[INFO] [stderr]    Compiling hashbrown v0.11.2
[INFO] [stderr]    Compiling gluon_codegen v0.18.2
[INFO] [stderr]    Compiling gluon_base v0.18.2
[INFO] [stderr]    Compiling gluon_check v0.18.2 (/opt/rustwide/workdir)
[INFO] [stdout] warning: unused imports: `TypeExt`, `TypePtr`
[INFO] [stdout]  --> src/typ.rs:1:56
[INFO] [stdout]   |
[INFO] [stdout] 1 | pub use crate::base::types::{ArcType as RcType, Flags, TypeExt, TypePtr};
[INFO] [stdout]   |                                                        ^^^^^^^  ^^^^^^^
[INFO] [stdout]   |
[INFO] [stdout]   = note: `#[warn(unused_imports)]` on by default
[INFO] [stdout] 
[INFO] [stdout] 
[INFO] [stdout] warning: 1 warning emitted
[INFO] [stdout] 
[INFO] [stdout] 
[INFO] [stderr]     Finished dev [unoptimized + debuginfo] target(s) in 24.63s
[INFO] running `Command { std: "docker" "inspect" "e83221e157f0e465feb38eb561ab60bfb572a5d107577db2cc91bdee16a0761e", kill_on_drop: false }`
[INFO] running `Command { std: "docker" "rm" "-f" "e83221e157f0e465feb38eb561ab60bfb572a5d107577db2cc91bdee16a0761e", kill_on_drop: false }`
[INFO] [stdout] e83221e157f0e465feb38eb561ab60bfb572a5d107577db2cc91bdee16a0761e
[INFO] running `Command { std: "docker" "create" "-v" "/var/lib/crater-agent-workspace/builds/worker-1-tc1/target:/opt/rustwide/target:rw,Z" "-v" "/var/lib/crater-agent-workspace/builds/worker-1-tc1/source:/opt/rustwide/workdir:ro,Z" "-v" "/var/lib/crater-agent-workspace/cargo-home:/opt/rustwide/cargo-home:ro,Z" "-v" "/var/lib/crater-agent-workspace/rustup-home:/opt/rustwide/rustup-home:ro,Z" "-e" "SOURCE_DIR=/opt/rustwide/workdir" "-e" "CARGO_TARGET_DIR=/opt/rustwide/target" "-e" "CARGO_INCREMENTAL=0" "-e" "RUST_BACKTRACE=full" "-e" "RUSTFLAGS=--cap-lints=warn" "-e" "RUSTDOCFLAGS=--cap-lints=warn" "-e" "CARGO_HOME=/opt/rustwide/cargo-home" "-e" "RUSTUP_HOME=/opt/rustwide/rustup-home" "-w" "/opt/rustwide/workdir" "-m" "1610612736" "--user" "0:0" "--network" "none" "ghcr.io/rust-lang/crates-build-env/linux@sha256:2788e3201cd34a07e3172128adcd8b3090168a8e3bcc40d7c032b9dda1df7d1c" "/opt/rustwide/cargo-home/bin/cargo" "+1.75.0" "test" "--frozen" "--no-run" "--message-format=json", kill_on_drop: false }`
[INFO] [stdout] 76620bd4f1b85bb1090671f2fe8c15808d44be76562482e13a1649df4f6c4294
[INFO] running `Command { std: "docker" "start" "-a" "76620bd4f1b85bb1090671f2fe8c15808d44be76562482e13a1649df4f6c4294", kill_on_drop: false }`
[INFO] [stderr]    Compiling memchr v2.7.1
[INFO] [stderr]    Compiling lock_api v0.4.11
[INFO] [stderr]    Compiling regex-syntax v0.8.2
[INFO] [stderr]    Compiling parking_lot_core v0.9.9
[INFO] [stderr]    Compiling dirs-sys-next v0.1.2
[INFO] [stderr]    Compiling crunchy v0.2.2
[INFO] [stderr]    Compiling rustix v0.38.28
[INFO] [stderr]    Compiling scopeguard v1.2.0
[INFO] [stderr]    Compiling equivalent v1.0.1
[INFO] [stderr]    Compiling dirs-next v2.0.0
[INFO] [stderr]    Compiling siphasher v0.3.11
[INFO] [stderr]    Compiling tiny-keccak v2.0.2
[INFO] [stderr]    Compiling aho-corasick v1.1.2
[INFO] [stderr]    Compiling hashbrown v0.14.3
[INFO] [stderr]    Compiling bitflags v2.4.1
[INFO] [stderr]    Compiling linux-raw-sys v0.4.12
[INFO] [stderr]    Compiling phf_shared v0.10.0
[INFO] [stderr]    Compiling term v0.7.0
[INFO] [stderr]    Compiling parking_lot v0.12.1
[INFO] [stderr]    Compiling fixedbitset v0.4.2
[INFO] [stderr]    Compiling new_debug_unreachable v1.0.4
[INFO] [stderr]    Compiling diff v0.1.13
[INFO] [stderr]    Compiling precomputed-hash v0.1.1
[INFO] [stderr]    Compiling bit-vec v0.6.3
[INFO] [stderr]    Compiling string_cache v0.8.7
[INFO] [stderr]    Compiling bit-set v0.5.3
[INFO] [stderr]    Compiling ascii-canvas v3.0.0
[INFO] [stderr]    Compiling unicode-xid v0.2.4
[INFO] [stderr]    Compiling indexmap v2.1.0
[INFO] [stderr]    Compiling regex-syntax v0.6.29
[INFO] [stderr]    Compiling linked-hash-map v0.5.6
[INFO] [stderr]    Compiling lazy_static v1.4.0
[INFO] [stderr]    Compiling console v0.15.7
[INFO] [stderr]    Compiling yaml-rust v0.4.5
[INFO] [stderr]    Compiling atty v0.2.14
[INFO] [stderr]    Compiling yansi v0.5.1
[INFO] [stderr]    Compiling is-terminal v0.4.10
[INFO] [stderr]    Compiling humantime v2.1.0
[INFO] [stderr]    Compiling petgraph v0.6.4
[INFO] [stderr]    Compiling similar v2.4.0
[INFO] [stderr]    Compiling pretty_assertions v1.4.0
[INFO] [stderr]    Compiling gluon_format v0.18.2
[INFO] [stderr]    Compiling difference v2.0.0
[INFO] [stderr]    Compiling regex-automata v0.4.3
[INFO] [stderr]    Compiling insta v1.34.0
[INFO] [stdout] warning: unused imports: `TypeExt`, `TypePtr`
[INFO] [stdout]  --> src/typ.rs:1:56
[INFO] [stdout]   |
[INFO] [stdout] 1 | pub use crate::base::types::{ArcType as RcType, Flags, TypeExt, TypePtr};
[INFO] [stdout]   |                                                        ^^^^^^^  ^^^^^^^
[INFO] [stdout]   |
[INFO] [stdout]   = note: `#[warn(unused_imports)]` on by default
[INFO] [stdout] 
[INFO] [stdout] 
[INFO] [stdout] warning: 1 warning emitted
[INFO] [stdout] 
[INFO] [stdout] 
[INFO] [stderr]    Compiling regex v1.10.2
[INFO] [stderr]    Compiling lalrpop-util v0.19.12
[INFO] [stderr]    Compiling env_logger v0.9.3
[INFO] [stderr]    Compiling lalrpop v0.19.12
[INFO] [stderr]    Compiling gluon_parser v0.18.2
[INFO] [stderr]    Compiling gluon_check v0.18.2 (/opt/rustwide/workdir)
[INFO] [stdout] warning: unused import: `TypeExt`
[INFO] [stdout]  --> src/typ.rs:1:56
[INFO] [stdout]   |
[INFO] [stdout] 1 | pub use crate::base::types::{ArcType as RcType, Flags, TypeExt, TypePtr};
[INFO] [stdout]   |                                                        ^^^^^^^
[INFO] [stdout]   |
[INFO] [stdout]   = note: `#[warn(unused_imports)]` on by default
[INFO] [stdout] 
[INFO] [stdout] 
[INFO] [stderr] error: could not compile `gluon_check` (lib test); 1 warning emitted
[INFO] [stderr] 
[INFO] [stderr] Caused by:
[INFO] [stderr]   process didn't exit successfully: `/opt/rustwide/rustup-home/toolchains/1.75.0-x86_64-unknown-linux-gnu/bin/rustc --crate-name gluon_check --edition=2018 src/lib.rs --error-format=json --json=diagnostic-rendered-ansi,artifacts,future-incompat --emit=dep-info,link -C embed-bitcode=no -C debuginfo=2 --test -C metadata=d9d041fe062fc864 -C extra-filename=-d9d041fe062fc864 --out-dir /opt/rustwide/target/debug/deps -L dependency=/opt/rustwide/target/debug/deps --extern codespan=/opt/rustwide/target/debug/deps/libcodespan-acac28678aad8602.rlib --extern codespan_reporting=/opt/rustwide/target/debug/deps/libcodespan_reporting-59f5065d168d3658.rlib --extern collect_mac=/opt/rustwide/target/debug/deps/libcollect_mac-c4762e61e2f20aa9.rlib --extern difference=/opt/rustwide/target/debug/deps/libdifference-d6d136d0781dc2bb.rlib --extern ena=/opt/rustwide/target/debug/deps/libena-70e0df9b5f78b434.rlib --extern env_logger=/opt/rustwide/target/debug/deps/libenv_logger-50c2397bd9ebb589.rlib --extern gluon_base=/opt/rustwide/target/debug/deps/libgluon_base-0ffdec7af34cd074.rlib --extern gluon_codegen=/opt/rustwide/target/debug/deps/libgluon_codegen-644926df28a46c72.so --extern gluon_format=/opt/rustwide/target/debug/deps/libgluon_format-1c142d5a0fdf543c.rlib --extern gluon_parser=/opt/rustwide/target/debug/deps/libgluon_parser-8ece0b5db61521df.rlib --extern insta=/opt/rustwide/target/debug/deps/libinsta-c3a4b3acddfa46b0.rlib --extern itertools=/opt/rustwide/target/debug/deps/libitertools-6cb14deec1f5a3d6.rlib --extern log=/opt/rustwide/target/debug/deps/liblog-e491f2c1d0b13538.rlib --extern pretty=/opt/rustwide/target/debug/deps/libpretty-6a75aeff9586203a.rlib --extern pretty_assertions=/opt/rustwide/target/debug/deps/libpretty_assertions-79bd69a9b27d8191.rlib --extern quick_error=/opt/rustwide/target/debug/deps/libquick_error-fe09749521d28088.rlib --extern rpds=/opt/rustwide/target/debug/deps/librpds-8aadc0d527907083.rlib --extern smallvec=/opt/rustwide/target/debug/deps/libsmallvec-19f6a51af3f3c214.rlib --extern strsim=/opt/rustwide/target/debug/deps/libstrsim-dec2701ee913c7f9.rlib --cap-lints=warn` (signal: 9, SIGKILL: kill)
[INFO] [stderr] warning: build failed, waiting for other jobs to finish...
[INFO] [stdout] error: linking with `cc` failed: exit status: 1
[INFO] [stdout]   |
[INFO] [stdout]   = note: LC_ALL="C" PATH="/opt/rustwide/rustup-home/toolchains/1.75.0-x86_64-unknown-linux-gnu/lib/rustlib/x86_64-unknown-linux-gnu/bin:/opt/rustwide/cargo-home/bin:/usr/local/sbin:/usr/local/bin:/usr/sbin:/usr/bin:/sbin:/bin" VSLANG="1033" "cc" "-m64" "/tmp/rustcK1XOlv/symbols.o" "/opt/rustwide/target/debug/deps/stack_overflow-c0e50a7265d9fc35.stack_overflow.4bc1616ba619f781-cgu.00.rcgu.o" "/opt/rustwide/target/debug/deps/stack_overflow-c0e50a7265d9fc35.stack_overflow.4bc1616ba619f781-cgu.01.rcgu.o" "/opt/rustwide/target/debug/deps/stack_overflow-c0e50a7265d9fc35.stack_overflow.4bc1616ba619f781-cgu.02.rcgu.o" "/opt/rustwide/target/debug/deps/stack_overflow-c0e50a7265d9fc35.stack_overflow.4bc1616ba619f781-cgu.03.rcgu.o" "/opt/rustwide/target/debug/deps/stack_overflow-c0e50a7265d9fc35.stack_overflow.4bc1616ba619f781-cgu.04.rcgu.o" "/opt/rustwide/target/debug/deps/stack_overflow-c0e50a7265d9fc35.stack_overflow.4bc1616ba619f781-cgu.05.rcgu.o" "/opt/rustwide/target/debug/deps/stack_overflow-c0e50a7265d9fc35.stack_overflow.4bc1616ba619f781-cgu.06.rcgu.o" "/opt/rustwide/target/debug/deps/stack_overflow-c0e50a7265d9fc35.stack_overflow.4bc1616ba619f781-cgu.07.rcgu.o" "/opt/rustwide/target/debug/deps/stack_overflow-c0e50a7265d9fc35.stack_overflow.4bc1616ba619f781-cgu.08.rcgu.o" "/opt/rustwide/target/debug/deps/stack_overflow-c0e50a7265d9fc35.stack_overflow.4bc1616ba619f781-cgu.09.rcgu.o" "/opt/rustwide/target/debug/deps/stack_overflow-c0e50a7265d9fc35.4266px58f4f3nthh.rcgu.o" "-Wl,--as-needed" "-L" "/opt/rustwide/target/debug/deps" "-L" "/opt/rustwide/rustup-home/toolchains/1.75.0-x86_64-unknown-linux-gnu/lib/rustlib/x86_64-unknown-linux-gnu/lib" "-Wl,-Bstatic" "/opt/rustwide/rustup-home/toolchains/1.75.0-x86_64-unknown-linux-gnu/lib/rustlib/x86_64-unknown-linux-gnu/lib/libtest-3df1bed8075ce1de.rlib" "/opt/rustwide/rustup-home/toolchains/1.75.0-x86_64-unknown-linux-gnu/lib/rustlib/x86_64-unknown-linux-gnu/lib/libgetopts-2076fd86b325cb5d.rlib" "/opt/rustwide/rustup-home/toolchains/1.75.0-x86_64-unknown-linux-gnu/lib/rustlib/x86_64-unknown-linux-gnu/lib/libunicode_width-caa7152ee70c190f.rlib" "/opt/rustwide/rustup-home/toolchains/1.75.0-x86_64-unknown-linux-gnu/lib/rustlib/x86_64-unknown-linux-gnu/lib/librustc_std_workspace_std-04e6425e07f02a3c.rlib" "/opt/rustwide/target/debug/deps/libgluon_parser-8ece0b5db61521df.rlib" "/opt/rustwide/target/debug/deps/liblalrpop_util-228a5e4094f99a9a.rlib" "/opt/rustwide/target/debug/deps/libregex-3fdc9a8f6eaf81cf.rlib" "/opt/rustwide/target/debug/deps/libregex_automata-7e239e4b359aa58c.rlib" "/opt/rustwide/target/debug/deps/libaho_corasick-c461b2416345444e.rlib" "/opt/rustwide/target/debug/deps/libmemchr-94009dd89ebb9d8d.rlib" "/opt/rustwide/target/debug/deps/libregex_syntax-e4dd3c3a3cb10e1d.rlib" "/opt/rustwide/target/debug/deps/libgluon_check-095b843512272ac2.rlib" "/opt/rustwide/target/debug/deps/libstrsim-dec2701ee913c7f9.rlib" "/opt/rustwide/target/debug/deps/libena-70e0df9b5f78b434.rlib" "/opt/rustwide/target/debug/deps/librpds-8aadc0d527907083.rlib" "/opt/rustwide/target/debug/deps/libarchery-5757798e1e3bc8cd.rlib" "/opt/rustwide/target/debug/deps/libgluon_base-0ffdec7af34cd074.rlib" "/opt/rustwide/target/debug/deps/libhashbrown-fdd2f61d814d729f.rlib" "/opt/rustwide/target/debug/deps/libahash-386b4bd937dff954.rlib" "/opt/rustwide/target/debug/deps/libgetrandom-6f8cebb06b407ea9.rlib" "/opt/rustwide/target/debug/deps/liblibc-4f34ddd04c373408.rlib" "/opt/rustwide/target/debug/deps/libcfg_if-61dc7a6799e72b18.rlib" "/opt/rustwide/target/debug/deps/libonce_cell-63be820ac0ed0954.rlib" "/opt/rustwide/target/debug/deps/libbitflags-b7cee2ca4fb438d0.rlib" "/opt/rustwide/target/debug/deps/libsmallvec-19f6a51af3f3c214.rlib" "/opt/rustwide/target/debug/deps/libcodespan-acac28678aad8602.rlib" "/opt/rustwide/target/debug/deps/libpretty-6a75aeff9586203a.rlib" "/opt/rustwide/target/debug/deps/libarrayvec-f94c7033895ae199.rlib" "/opt/rustwide/target/debug/deps/libtyped_arena-82b284bac3ec6391.rlib" "/opt/rustwide/target/debug/deps/libvec_map-f4b9763d49b4e0fe.rlib" "/opt/rustwide/target/debug/deps/libcodespan_reporting-59f5065d168d3658.rlib" "/opt/rustwide/target/debug/deps/libunicode_width-a645f17db2f885de.rlib" "/opt/rustwide/target/debug/deps/libtermcolor-6dec0f4bbbe42dd1.rlib" "/opt/rustwide/target/debug/deps/libordered_float-1f7ed88b288fd351.rlib" "/opt/rustwide/target/debug/deps/libnum_traits-021f0c8717b1cfd6.rlib" "/opt/rustwide/target/debug/deps/libitertools-6cb14deec1f5a3d6.rlib" "/opt/rustwide/target/debug/deps/libeither-ff4e6ab7d60eb8c1.rlib" "/opt/rustwide/target/debug/deps/libfnv-18bf5144d055e772.rlib" "/opt/rustwide/target/debug/deps/libquick_error-fe09749521d28088.rlib" "/opt/rustwide/target/debug/deps/liblog-e491f2c1d0b13538.rlib" "/opt/rustwide/target/debug/deps/libcollect_mac-c4762e61e2f20aa9.rlib" "/opt/rustwide/rustup-home/toolchains/1.75.0-x86_64-unknown-linux-gnu/lib/rustlib/x86_64-unknown-linux-gnu/lib/libstd-90f6ddbf82de36ec.rlib" "/opt/rustwide/rustup-home/toolchains/1.75.0-x86_64-unknown-linux-gnu/lib/rustlib/x86_64-unknown-linux-gnu/lib/libpanic_unwind-480c41e9d4e1f677.rlib" "/opt/rustwide/rustup-home/toolchains/1.75.0-x86_64-unknown-linux-gnu/lib/rustlib/x86_64-unknown-linux-gnu/lib/libobject-db744c0ca03eed1d.rlib" "/opt/rustwide/rustup-home/toolchains/1.75.0-x86_64-unknown-linux-gnu/lib/rustlib/x86_64-unknown-linux-gnu/lib/libmemchr-8ba652dc7d4b285a.rlib" "/opt/rustwide/rustup-home/toolchains/1.75.0-x86_64-unknown-linux-gnu/lib/rustlib/x86_64-unknown-linux-gnu/lib/libaddr2line-d5f4520a9ebc0d58.rlib" "/opt/rustwide/rustup-home/toolchains/1.75.0-x86_64-unknown-linux-gnu/lib/rustlib/x86_64-unknown-linux-gnu/lib/libgimli-4ad84de58f0cb463.rlib" "/opt/rustwide/rustup-home/toolchains/1.75.0-x86_64-unknown-linux-gnu/lib/rustlib/x86_64-unknown-linux-gnu/lib/librustc_demangle-0d10aae2e0f38735.rlib" "/opt/rustwide/rustup-home/toolchains/1.75.0-x86_64-unknown-linux-gnu/lib/rustlib/x86_64-unknown-linux-gnu/lib/libstd_detect-0c17cff739e6745b.rlib" "/opt/rustwide/rustup-home/toolchains/1.75.0-x86_64-unknown-linux-gnu/lib/rustlib/x86_64-unknown-linux-gnu/lib/libhashbrown-b29e17139dde1aa8.rlib" "/opt/rustwide/rustup-home/toolchains/1.75.0-x86_64-unknown-linux-gnu/lib/rustlib/x86_64-unknown-linux-gnu/lib/librustc_std_workspace_alloc-1f975299829cc7bd.rlib" "/opt/rustwide/rustup-home/toolchains/1.75.0-x86_64-unknown-linux-gnu/lib/rustlib/x86_64-unknown-linux-gnu/lib/libminiz_oxide-86bae3bc3079f89b.rlib" "/opt/rustwide/rustup-home/toolchains/1.75.0-x86_64-unknown-linux-gnu/lib/rustlib/x86_64-unknown-linux-gnu/lib/libadler-321b82c30dffdf5f.rlib" "/opt/rustwide/rustup-home/toolchains/1.75.0-x86_64-unknown-linux-gnu/lib/rustlib/x86_64-unknown-linux-gnu/lib/libunwind-3dd8a6810a0bdfef.rlib" "/opt/rustwide/rustup-home/toolchains/1.75.0-x86_64-unknown-linux-gnu/lib/rustlib/x86_64-unknown-linux-gnu/lib/libcfg_if-eb39a61c0c879984.rlib" "/opt/rustwide/rustup-home/toolchains/1.75.0-x86_64-unknown-linux-gnu/lib/rustlib/x86_64-unknown-linux-gnu/lib/liblibc-aa769569f91c3548.rlib" "/opt/rustwide/rustup-home/toolchains/1.75.0-x86_64-unknown-linux-gnu/lib/rustlib/x86_64-unknown-linux-gnu/lib/liballoc-510a192a50a983ed.rlib" "/opt/rustwide/rustup-home/toolchains/1.75.0-x86_64-unknown-linux-gnu/lib/rustlib/x86_64-unknown-linux-gnu/lib/librustc_std_workspace_core-0577018320f99037.rlib" "/opt/rustwide/rustup-home/toolchains/1.75.0-x86_64-unknown-linux-gnu/lib/rustlib/x86_64-unknown-linux-gnu/lib/libcore-193cf992125ccd4c.rlib" "/opt/rustwide/rustup-home/toolchains/1.75.0-x86_64-unknown-linux-gnu/lib/rustlib/x86_64-unknown-linux-gnu/lib/libcompiler_builtins-8e138eaf26ebb4a8.rlib" "-Wl,-Bdynamic" "-lgcc_s" "-lutil" "-lrt" "-lpthread" "-lm" "-ldl" "-lc" "-Wl,--eh-frame-hdr" "-Wl,-z,noexecstack" "-L" "/opt/rustwide/rustup-home/toolchains/1.75.0-x86_64-unknown-linux-gnu/lib/rustlib/x86_64-unknown-linux-gnu/lib" "-o" "/opt/rustwide/target/debug/deps/stack_overflow-c0e50a7265d9fc35" "-Wl,--gc-sections" "-pie" "-Wl,-z,relro,-z,now" "-nodefaultlibs"
[INFO] [stdout]   = note: collect2: fatal error: ld terminated with signal 9 [Killed]
[INFO] [stdout]           compilation terminated.
[INFO] [stdout]           
[INFO] [stdout] 
[INFO] [stdout] 
[INFO] [stdout] error: aborting due to previous error
[INFO] [stdout] 
[INFO] [stdout] 
[INFO] [stderr] error: could not compile `gluon_check` (test "stack_overflow") due to 2 previous errors
[INFO] [stdout] error: linking with `cc` failed: exit status: 1
[INFO] [stdout]   |
[INFO] [stdout]   = note: LC_ALL="C" PATH="/opt/rustwide/rustup-home/toolchains/1.75.0-x86_64-unknown-linux-gnu/lib/rustlib/x86_64-unknown-linux-gnu/bin:/opt/rustwide/cargo-home/bin:/usr/local/sbin:/usr/local/bin:/usr/sbin:/usr/bin:/sbin:/bin" VSLANG="1033" "cc" "-m64" "/tmp/rustcnq5oDW/symbols.o" "/opt/rustwide/target/debug/deps/fail-0702e21dfc0f91ee.fail.52ba66f47bcb2bfa-cgu.00.rcgu.o" "/opt/rustwide/target/debug/deps/fail-0702e21dfc0f91ee.fail.52ba66f47bcb2bfa-cgu.01.rcgu.o" "/opt/rustwide/target/debug/deps/fail-0702e21dfc0f91ee.fail.52ba66f47bcb2bfa-cgu.02.rcgu.o" "/opt/rustwide/target/debug/deps/fail-0702e21dfc0f91ee.fail.52ba66f47bcb2bfa-cgu.03.rcgu.o" "/opt/rustwide/target/debug/deps/fail-0702e21dfc0f91ee.fail.52ba66f47bcb2bfa-cgu.04.rcgu.o" "/opt/rustwide/target/debug/deps/fail-0702e21dfc0f91ee.fail.52ba66f47bcb2bfa-cgu.05.rcgu.o" "/opt/rustwide/target/debug/deps/fail-0702e21dfc0f91ee.fail.52ba66f47bcb2bfa-cgu.06.rcgu.o" "/opt/rustwide/target/debug/deps/fail-0702e21dfc0f91ee.fail.52ba66f47bcb2bfa-cgu.07.rcgu.o" "/opt/rustwide/target/debug/deps/fail-0702e21dfc0f91ee.fail.52ba66f47bcb2bfa-cgu.08.rcgu.o" "/opt/rustwide/target/debug/deps/fail-0702e21dfc0f91ee.fail.52ba66f47bcb2bfa-cgu.09.rcgu.o" "/opt/rustwide/target/debug/deps/fail-0702e21dfc0f91ee.1rote6qonw9xxamn.rcgu.o" "-Wl,--as-needed" "-L" "/opt/rustwide/target/debug/deps" "-L" "/opt/rustwide/rustup-home/toolchains/1.75.0-x86_64-unknown-linux-gnu/lib/rustlib/x86_64-unknown-linux-gnu/lib" "-Wl,-Bstatic" "/opt/rustwide/target/debug/deps/libenv_logger-50c2397bd9ebb589.rlib" "/opt/rustwide/target/debug/deps/libatty-29ccef1f558deb97.rlib" "/opt/rustwide/target/debug/deps/libhumantime-e2a10e0b2bfa2002.rlib" "/opt/rustwide/target/debug/deps/libinsta-c3a4b3acddfa46b0.rlib" "/opt/rustwide/target/debug/deps/libconsole-2d830fbdf5c1a805.rlib" "/opt/rustwide/target/debug/deps/liblazy_static-591486ebcb9a7ead.rlib" "/opt/rustwide/target/debug/deps/libsimilar-79ebb947dfb03a7d.rlib" "/opt/rustwide/target/debug/deps/libyaml_rust-dadeb9b0a1ae3c6e.rlib" "/opt/rustwide/target/debug/deps/liblinked_hash_map-55396135ba6b4b1c.rlib" "/opt/rustwide/rustup-home/toolchains/1.75.0-x86_64-unknown-linux-gnu/lib/rustlib/x86_64-unknown-linux-gnu/lib/libtest-3df1bed8075ce1de.rlib" "/opt/rustwide/rustup-home/toolchains/1.75.0-x86_64-unknown-linux-gnu/lib/rustlib/x86_64-unknown-linux-gnu/lib/libgetopts-2076fd86b325cb5d.rlib" "/opt/rustwide/rustup-home/toolchains/1.75.0-x86_64-unknown-linux-gnu/lib/rustlib/x86_64-unknown-linux-gnu/lib/libunicode_width-caa7152ee70c190f.rlib" "/opt/rustwide/rustup-home/toolchains/1.75.0-x86_64-unknown-linux-gnu/lib/rustlib/x86_64-unknown-linux-gnu/lib/librustc_std_workspace_std-04e6425e07f02a3c.rlib" "/opt/rustwide/target/debug/deps/libgluon_parser-8ece0b5db61521df.rlib" "/opt/rustwide/target/debug/deps/liblalrpop_util-228a5e4094f99a9a.rlib" "/opt/rustwide/target/debug/deps/libregex-3fdc9a8f6eaf81cf.rlib" "/opt/rustwide/target/debug/deps/libregex_automata-7e239e4b359aa58c.rlib" "/opt/rustwide/target/debug/deps/libaho_corasick-c461b2416345444e.rlib" "/opt/rustwide/target/debug/deps/libmemchr-94009dd89ebb9d8d.rlib" "/opt/rustwide/target/debug/deps/libregex_syntax-e4dd3c3a3cb10e1d.rlib" "/opt/rustwide/target/debug/deps/libgluon_check-095b843512272ac2.rlib" "/opt/rustwide/target/debug/deps/libstrsim-dec2701ee913c7f9.rlib" "/opt/rustwide/target/debug/deps/libena-70e0df9b5f78b434.rlib" "/opt/rustwide/target/debug/deps/librpds-8aadc0d527907083.rlib" "/opt/rustwide/target/debug/deps/libarchery-5757798e1e3bc8cd.rlib" "/opt/rustwide/target/debug/deps/libgluon_base-0ffdec7af34cd074.rlib" "/opt/rustwide/target/debug/deps/libhashbrown-fdd2f61d814d729f.rlib" "/opt/rustwide/target/debug/deps/libahash-386b4bd937dff954.rlib" "/opt/rustwide/target/debug/deps/libgetrandom-6f8cebb06b407ea9.rlib" "/opt/rustwide/target/debug/deps/liblibc-4f34ddd04c373408.rlib" "/opt/rustwide/target/debug/deps/libcfg_if-61dc7a6799e72b18.rlib" "/opt/rustwide/target/debug/deps/libonce_cell-63be820ac0ed0954.rlib" "/opt/rustwide/target/debug/deps/libbitflags-b7cee2ca4fb438d0.rlib" "/opt/rustwide/target/debug/deps/libsmallvec-19f6a51af3f3c214.rlib" "/opt/rustwide/target/debug/deps/libcodespan-acac28678aad8602.rlib" "/opt/rustwide/target/debug/deps/libpretty-6a75aeff9586203a.rlib" "/opt/rustwide/target/debug/deps/libarrayvec-f94c7033895ae199.rlib" "/opt/rustwide/target/debug/deps/libtyped_arena-82b284bac3ec6391.rlib" "/opt/rustwide/target/debug/deps/libvec_map-f4b9763d49b4e0fe.rlib" "/opt/rustwide/target/debug/deps/libcodespan_reporting-59f5065d168d3658.rlib" "/opt/rustwide/target/debug/deps/libunicode_width-a645f17db2f885de.rlib" "/opt/rustwide/target/debug/deps/libtermcolor-6dec0f4bbbe42dd1.rlib" "/opt/rustwide/target/debug/deps/libordered_float-1f7ed88b288fd351.rlib" "/opt/rustwide/target/debug/deps/libnum_traits-021f0c8717b1cfd6.rlib" "/opt/rustwide/target/debug/deps/libitertools-6cb14deec1f5a3d6.rlib" "/opt/rustwide/target/debug/deps/libeither-ff4e6ab7d60eb8c1.rlib" "/opt/rustwide/target/debug/deps/libfnv-18bf5144d055e772.rlib" "/opt/rustwide/target/debug/deps/libquick_error-fe09749521d28088.rlib" "/opt/rustwide/target/debug/deps/liblog-e491f2c1d0b13538.rlib" "/opt/rustwide/target/debug/deps/libcollect_mac-c4762e61e2f20aa9.rlib" "/opt/rustwide/target/debug/deps/libpretty_assertions-79bd69a9b27d8191.rlib" "/opt/rustwide/target/debug/deps/libdiff-9a7fed0f3ca624f7.rlib" "/opt/rustwide/target/debug/deps/libyansi-84e5ca0e07373032.rlib" "/opt/rustwide/rustup-home/toolchains/1.75.0-x86_64-unknown-linux-gnu/lib/rustlib/x86_64-unknown-linux-gnu/lib/libstd-90f6ddbf82de36ec.rlib" "/opt/rustwide/rustup-home/toolchains/1.75.0-x86_64-unknown-linux-gnu/lib/rustlib/x86_64-unknown-linux-gnu/lib/libpanic_unwind-480c41e9d4e1f677.rlib" "/opt/rustwide/rustup-home/toolchains/1.75.0-x86_64-unknown-linux-gnu/lib/rustlib/x86_64-unknown-linux-gnu/lib/libobject-db744c0ca03eed1d.rlib" "/opt/rustwide/rustup-home/toolchains/1.75.0-x86_64-unknown-linux-gnu/lib/rustlib/x86_64-unknown-linux-gnu/lib/libmemchr-8ba652dc7d4b285a.rlib" "/opt/rustwide/rustup-home/toolchains/1.75.0-x86_64-unknown-linux-gnu/lib/rustlib/x86_64-unknown-linux-gnu/lib/libaddr2line-d5f4520a9ebc0d58.rlib" "/opt/rustwide/rustup-home/toolchains/1.75.0-x86_64-unknown-linux-gnu/lib/rustlib/x86_64-unknown-linux-gnu/lib/libgimli-4ad84de58f0cb463.rlib" "/opt/rustwide/rustup-home/toolchains/1.75.0-x86_64-unknown-linux-gnu/lib/rustlib/x86_64-unknown-linux-gnu/lib/librustc_demangle-0d10aae2e0f38735.rlib" "/opt/rustwide/rustup-home/toolchains/1.75.0-x86_64-unknown-linux-gnu/lib/rustlib/x86_64-unknown-linux-gnu/lib/libstd_detect-0c17cff739e6745b.rlib" "/opt/rustwide/rustup-home/toolchains/1.75.0-x86_64-unknown-linux-gnu/lib/rustlib/x86_64-unknown-linux-gnu/lib/libhashbrown-b29e17139dde1aa8.rlib" "/opt/rustwide/rustup-home/toolchains/1.75.0-x86_64-unknown-linux-gnu/lib/rustlib/x86_64-unknown-linux-gnu/lib/librustc_std_workspace_alloc-1f975299829cc7bd.rlib" "/opt/rustwide/rustup-home/toolchains/1.75.0-x86_64-unknown-linux-gnu/lib/rustlib/x86_64-unknown-linux-gnu/lib/libminiz_oxide-86bae3bc3079f89b.rlib" "/opt/rustwide/rustup-home/toolchains/1.75.0-x86_64-unknown-linux-gnu/lib/rustlib/x86_64-unknown-linux-gnu/lib/libadler-321b82c30dffdf5f.rlib" "/opt/rustwide/rustup-home/toolchains/1.75.0-x86_64-unknown-linux-gnu/lib/rustlib/x86_64-unknown-linux-gnu/lib/libunwind-3dd8a6810a0bdfef.rlib" "/opt/rustwide/rustup-home/toolchains/1.75.0-x86_64-unknown-linux-gnu/lib/rustlib/x86_64-unknown-linux-gnu/lib/libcfg_if-eb39a61c0c879984.rlib" "/opt/rustwide/rustup-home/toolchains/1.75.0-x86_64-unknown-linux-gnu/lib/rustlib/x86_64-unknown-linux-gnu/lib/liblibc-aa769569f91c3548.rlib" "/opt/rustwide/rustup-home/toolchains/1.75.0-x86_64-unknown-linux-gnu/lib/rustlib/x86_64-unknown-linux-gnu/lib/liballoc-510a192a50a983ed.rlib" "/opt/rustwide/rustup-home/toolchains/1.75.0-x86_64-unknown-linux-gnu/lib/rustlib/x86_64-unknown-linux-gnu/lib/librustc_std_workspace_core-0577018320f99037.rlib" "/opt/rustwide/rustup-home/toolchains/1.75.0-x86_64-unknown-linux-gnu/lib/rustlib/x86_64-unknown-linux-gnu/lib/libcore-193cf992125ccd4c.rlib" "/opt/rustwide/rustup-home/toolchains/1.75.0-x86_64-unknown-linux-gnu/lib/rustlib/x86_64-unknown-linux-gnu/lib/libcompiler_builtins-8e138eaf26ebb4a8.rlib" "-Wl,-Bdynamic" "-lgcc_s" "-lutil" "-lrt" "-lpthread" "-lm" "-ldl" "-lc" "-Wl,--eh-frame-hdr" "-Wl,-z,noexecstack" "-L" "/opt/rustwide/rustup-home/toolchains/1.75.0-x86_64-unknown-linux-gnu/lib/rustlib/x86_64-unknown-linux-gnu/lib" "-o" "/opt/rustwide/target/debug/deps/fail-0702e21dfc0f91ee" "-Wl,--gc-sections" "-pie" "-Wl,-z,relro,-z,now" "-nodefaultlibs"
[INFO] [stdout]   = note: collect2: fatal error: ld terminated with signal 9 [Killed]
[INFO] [stdout]           compilation terminated.
[INFO] [stdout]           
[INFO] [stdout] 
[INFO] [stdout] 
[INFO] [stdout] error: aborting due to previous error
[INFO] [stdout] 
[INFO] [stdout] 
[INFO] [stderr] error: could not compile `gluon_check` (test "fail") due to 2 previous errors
[INFO] running `Command { std: "docker" "inspect" "76620bd4f1b85bb1090671f2fe8c15808d44be76562482e13a1649df4f6c4294", kill_on_drop: false }`
[INFO] running `Command { std: "docker" "rm" "-f" "76620bd4f1b85bb1090671f2fe8c15808d44be76562482e13a1649df4f6c4294", kill_on_drop: false }`
[INFO] [stdout] 76620bd4f1b85bb1090671f2fe8c15808d44be76562482e13a1649df4f6c4294
[INFO] testing gluon_check-0.18.2 against beta-2023-12-22 for beta-1.76-1
[INFO] extracting crate gluon_check 0.18.2 into /workspace/builds/worker-1-tc2/source
[INFO] validating manifest of crates.io crate gluon_check 0.18.2 on toolchain beta-2023-12-22
[INFO] running `Command { std: CARGO_HOME="/workspace/cargo-home" RUSTUP_HOME="/workspace/rustup-home" "/workspace/cargo-home/bin/cargo" "+beta-2023-12-22" "metadata" "--manifest-path" "Cargo.toml" "--no-deps", kill_on_drop: false }`
[INFO] started tweaking crates.io crate gluon_check 0.18.2
[INFO] finished tweaking crates.io crate gluon_check 0.18.2
[INFO] tweaked toml for crates.io crate gluon_check 0.18.2 written to /workspace/builds/worker-1-tc2/source/Cargo.toml
[INFO] running `Command { std: CARGO_HOME="/workspace/cargo-home" RUSTUP_HOME="/workspace/rustup-home" "/workspace/cargo-home/bin/cargo" "+beta-2023-12-22" "generate-lockfile" "--manifest-path" "Cargo.toml", kill_on_drop: false }`
[INFO] [stderr]     Updating crates.io index
[INFO] running `Command { std: CARGO_HOME="/workspace/cargo-home" RUSTUP_HOME="/workspace/rustup-home" "/workspace/cargo-home/bin/cargo" "+beta-2023-12-22" "fetch" "--manifest-path" "Cargo.toml", kill_on_drop: false }`
[INFO] running `Command { std: "docker" "create" "-v" "/var/lib/crater-agent-workspace/builds/worker-1-tc2/target:/opt/rustwide/target:rw,Z" "-v" "/var/lib/crater-agent-workspace/builds/worker-1-tc2/source:/opt/rustwide/workdir:ro,Z" "-v" "/var/lib/crater-agent-workspace/cargo-home:/opt/rustwide/cargo-home:ro,Z" "-v" "/var/lib/crater-agent-workspace/rustup-home:/opt/rustwide/rustup-home:ro,Z" "-e" "SOURCE_DIR=/opt/rustwide/workdir" "-e" "CARGO_TARGET_DIR=/opt/rustwide/target" "-e" "CARGO_HOME=/opt/rustwide/cargo-home" "-e" "RUSTUP_HOME=/opt/rustwide/rustup-home" "-w" "/opt/rustwide/workdir" "-m" "1610612736" "--user" "0:0" "--network" "none" "ghcr.io/rust-lang/crates-build-env/linux@sha256:2788e3201cd34a07e3172128adcd8b3090168a8e3bcc40d7c032b9dda1df7d1c" "/opt/rustwide/cargo-home/bin/cargo" "+beta-2023-12-22" "metadata" "--no-deps" "--format-version=1", kill_on_drop: false }`
[INFO] [stdout] e2ace2330db370a4419c996b5d8138aaca3148dfc5b2afc29c7127bc480986f0
[INFO] running `Command { std: "docker" "start" "-a" "e2ace2330db370a4419c996b5d8138aaca3148dfc5b2afc29c7127bc480986f0", kill_on_drop: false }`
[INFO] running `Command { std: "docker" "inspect" "e2ace2330db370a4419c996b5d8138aaca3148dfc5b2afc29c7127bc480986f0", kill_on_drop: false }`
[INFO] running `Command { std: "docker" "rm" "-f" "e2ace2330db370a4419c996b5d8138aaca3148dfc5b2afc29c7127bc480986f0", kill_on_drop: false }`
[INFO] [stdout] e2ace2330db370a4419c996b5d8138aaca3148dfc5b2afc29c7127bc480986f0
[INFO] running `Command { std: "docker" "create" "-v" "/var/lib/crater-agent-workspace/builds/worker-1-tc2/target:/opt/rustwide/target:rw,Z" "-v" "/var/lib/crater-agent-workspace/builds/worker-1-tc2/source:/opt/rustwide/workdir:ro,Z" "-v" "/var/lib/crater-agent-workspace/cargo-home:/opt/rustwide/cargo-home:ro,Z" "-v" "/var/lib/crater-agent-workspace/rustup-home:/opt/rustwide/rustup-home:ro,Z" "-e" "SOURCE_DIR=/opt/rustwide/workdir" "-e" "CARGO_TARGET_DIR=/opt/rustwide/target" "-e" "CARGO_INCREMENTAL=0" "-e" "RUST_BACKTRACE=full" "-e" "RUSTFLAGS=--cap-lints=warn" "-e" "RUSTDOCFLAGS=--cap-lints=warn" "-e" "CARGO_HOME=/opt/rustwide/cargo-home" "-e" "RUSTUP_HOME=/opt/rustwide/rustup-home" "-w" "/opt/rustwide/workdir" "-m" "1610612736" "--user" "0:0" "--network" "none" "ghcr.io/rust-lang/crates-build-env/linux@sha256:2788e3201cd34a07e3172128adcd8b3090168a8e3bcc40d7c032b9dda1df7d1c" "/opt/rustwide/cargo-home/bin/cargo" "+beta-2023-12-22" "build" "--frozen" "--message-format=json", kill_on_drop: false }`
[INFO] [stdout] 936b226668eb6853c310a0b0d298409c2acf3c3ab6d1b51ac83911da5d199730
[INFO] running `Command { std: "docker" "start" "-a" "936b226668eb6853c310a0b0d298409c2acf3c3ab6d1b51ac83911da5d199730", kill_on_drop: false }`
[INFO] [stderr]    Compiling libc v0.2.151
[INFO] [stderr]    Compiling proc-macro2 v1.0.75
[INFO] [stderr]    Compiling autocfg v1.1.0
[INFO] [stderr]    Compiling unicode-ident v1.0.12
[INFO] [stderr]    Compiling version_check v0.9.4
[INFO] [stderr]    Compiling syn v1.0.109
[INFO] [stderr]    Compiling cfg-if v1.0.0
[INFO] [stderr]    Compiling termcolor v1.4.0
[INFO] [stderr]    Compiling once_cell v1.19.0
[INFO] [stderr]    Compiling unicode-width v0.1.11
[INFO] [stderr]    Compiling typed-arena v2.0.2
[INFO] [stderr]    Compiling codespan-reporting v0.11.1
[INFO] [stderr]    Compiling arrayvec v0.5.2
[INFO] [stderr]    Compiling ahash v0.7.7
[INFO] [stderr]    Compiling num-traits v0.2.17
[INFO] [stderr]    Compiling log v0.4.20
[INFO] [stderr]    Compiling static_assertions v1.1.0
[INFO] [stderr]    Compiling either v1.9.0
[INFO] [stderr]    Compiling archery v0.4.0
[INFO] [stderr]    Compiling pretty v0.10.0
[INFO] [stderr]    Compiling collect-mac v0.1.0
[INFO] [stderr]    Compiling vec_map v0.8.2
[INFO] [stderr]    Compiling itertools v0.10.5
[INFO] [stderr]    Compiling codespan v0.11.1
[INFO] [stderr]    Compiling bitflags v1.3.2
[INFO] [stderr]    Compiling smallvec v1.11.2
[INFO] [stderr]    Compiling quote v1.0.35
[INFO] [stderr]    Compiling quick-error v2.0.1
[INFO] [stderr]    Compiling fnv v1.0.7
[INFO] [stderr]    Compiling rpds v0.10.0
[INFO] [stderr]    Compiling ena v0.14.2
[INFO] [stderr]    Compiling strsim v0.10.0
[INFO] [stderr]    Compiling getrandom v0.2.11
[INFO] [stderr]    Compiling ordered-float v2.10.1
[INFO] [stderr]    Compiling hashbrown v0.11.2
[INFO] [stderr]    Compiling gluon_codegen v0.18.2
[INFO] [stderr]    Compiling gluon_base v0.18.2
[INFO] [stderr]    Compiling gluon_check v0.18.2 (/opt/rustwide/workdir)
[INFO] [stdout] warning: unused imports: `TypeExt`, `TypePtr`
[INFO] [stdout]  --> src/typ.rs:1:56
[INFO] [stdout]   |
[INFO] [stdout] 1 | pub use crate::base::types::{ArcType as RcType, Flags, TypeExt, TypePtr};
[INFO] [stdout]   |                                                        ^^^^^^^  ^^^^^^^
[INFO] [stdout]   |
[INFO] [stdout]   = note: `#[warn(unused_imports)]` on by default
[INFO] [stdout] 
[INFO] [stdout] 
[INFO] [stdout] warning: 1 warning emitted
[INFO] [stdout] 
[INFO] [stdout] 
[INFO] [stderr]     Finished dev [unoptimized + debuginfo] target(s) in 17.65s
[INFO] running `Command { std: "docker" "inspect" "936b226668eb6853c310a0b0d298409c2acf3c3ab6d1b51ac83911da5d199730", kill_on_drop: false }`
[INFO] running `Command { std: "docker" "rm" "-f" "936b226668eb6853c310a0b0d298409c2acf3c3ab6d1b51ac83911da5d199730", kill_on_drop: false }`
[INFO] [stdout] 936b226668eb6853c310a0b0d298409c2acf3c3ab6d1b51ac83911da5d199730
[INFO] running `Command { std: "docker" "create" "-v" "/var/lib/crater-agent-workspace/builds/worker-1-tc2/target:/opt/rustwide/target:rw,Z" "-v" "/var/lib/crater-agent-workspace/builds/worker-1-tc2/source:/opt/rustwide/workdir:ro,Z" "-v" "/var/lib/crater-agent-workspace/cargo-home:/opt/rustwide/cargo-home:ro,Z" "-v" "/var/lib/crater-agent-workspace/rustup-home:/opt/rustwide/rustup-home:ro,Z" "-e" "SOURCE_DIR=/opt/rustwide/workdir" "-e" "CARGO_TARGET_DIR=/opt/rustwide/target" "-e" "CARGO_INCREMENTAL=0" "-e" "RUST_BACKTRACE=full" "-e" "RUSTFLAGS=--cap-lints=warn" "-e" "RUSTDOCFLAGS=--cap-lints=warn" "-e" "CARGO_HOME=/opt/rustwide/cargo-home" "-e" "RUSTUP_HOME=/opt/rustwide/rustup-home" "-w" "/opt/rustwide/workdir" "-m" "1610612736" "--user" "0:0" "--network" "none" "ghcr.io/rust-lang/crates-build-env/linux@sha256:2788e3201cd34a07e3172128adcd8b3090168a8e3bcc40d7c032b9dda1df7d1c" "/opt/rustwide/cargo-home/bin/cargo" "+beta-2023-12-22" "test" "--frozen" "--no-run" "--message-format=json", kill_on_drop: false }`
[INFO] [stdout] e39a098849084df5532473a4ebbe3db5c5a098abc169c59d884a6ff13b3abf5e
[INFO] running `Command { std: "docker" "start" "-a" "e39a098849084df5532473a4ebbe3db5c5a098abc169c59d884a6ff13b3abf5e", kill_on_drop: false }`
[INFO] [stderr]    Compiling memchr v2.7.1
[INFO] [stderr]    Compiling lock_api v0.4.11
[INFO] [stderr]    Compiling regex-syntax v0.8.2
[INFO] [stderr]    Compiling parking_lot_core v0.9.9
[INFO] [stderr]    Compiling dirs-sys-next v0.1.2
[INFO] [stderr]    Compiling scopeguard v1.2.0
[INFO] [stderr]    Compiling rustix v0.38.28
[INFO] [stderr]    Compiling crunchy v0.2.2
[INFO] [stderr]    Compiling bitflags v2.4.1
[INFO] [stderr]    Compiling dirs-next v2.0.0
[INFO] [stderr]    Compiling aho-corasick v1.1.2
[INFO] [stderr]    Compiling siphasher v0.3.11
[INFO] [stderr]    Compiling tiny-keccak v2.0.2
[INFO] [stderr]    Compiling hashbrown v0.14.3
[INFO] [stderr]    Compiling linux-raw-sys v0.4.12
[INFO] [stderr]    Compiling equivalent v1.0.1
[INFO] [stderr]    Compiling phf_shared v0.10.0
[INFO] [stderr]    Compiling parking_lot v0.12.1
[INFO] [stderr]    Compiling term v0.7.0
[INFO] [stderr]    Compiling diff v0.1.13
[INFO] [stderr]    Compiling new_debug_unreachable v1.0.4
[INFO] [stderr]    Compiling fixedbitset v0.4.2
[INFO] [stderr]    Compiling indexmap v2.1.0
[INFO] [stderr]    Compiling bit-vec v0.6.3
[INFO] [stderr]    Compiling precomputed-hash v0.1.1
[INFO] [stderr]    Compiling bit-set v0.5.3
[INFO] [stderr]    Compiling string_cache v0.8.7
[INFO] [stderr]    Compiling ascii-canvas v3.0.0
[INFO] [stderr]    Compiling unicode-xid v0.2.4
[INFO] [stderr]    Compiling regex-syntax v0.6.29
[INFO] [stderr]    Compiling lazy_static v1.4.0
[INFO] [stderr]    Compiling linked-hash-map v0.5.6
[INFO] [stderr]    Compiling console v0.15.7
[INFO] [stderr]    Compiling atty v0.2.14
[INFO] [stderr]    Compiling yansi v0.5.1
[INFO] [stderr]    Compiling yaml-rust v0.4.5
[INFO] [stderr]    Compiling petgraph v0.6.4
[INFO] [stderr]    Compiling humantime v2.1.0
[INFO] [stderr]    Compiling is-terminal v0.4.10
[INFO] [stderr]    Compiling similar v2.4.0
[INFO] [stderr]    Compiling pretty_assertions v1.4.0
[INFO] [stderr]    Compiling regex-automata v0.4.3
[INFO] [stderr]    Compiling gluon_format v0.18.2
[INFO] [stderr]    Compiling difference v2.0.0
[INFO] [stderr]    Compiling insta v1.34.0
[INFO] [stdout] warning: unused imports: `TypeExt`, `TypePtr`
[INFO] [stdout]  --> src/typ.rs:1:56
[INFO] [stdout]   |
[INFO] [stdout] 1 | pub use crate::base::types::{ArcType as RcType, Flags, TypeExt, TypePtr};
[INFO] [stdout]   |                                                        ^^^^^^^  ^^^^^^^
[INFO] [stdout]   |
[INFO] [stdout]   = note: `#[warn(unused_imports)]` on by default
[INFO] [stdout] 
[INFO] [stdout] 
[INFO] [stdout] warning: 1 warning emitted
[INFO] [stdout] 
[INFO] [stdout] 
[INFO] [stderr]    Compiling regex v1.10.2
[INFO] [stderr]    Compiling lalrpop-util v0.19.12
[INFO] [stderr]    Compiling env_logger v0.9.3
[INFO] [stderr]    Compiling lalrpop v0.19.12
[INFO] [stderr]    Compiling gluon_parser v0.18.2
[INFO] [stderr]    Compiling gluon_check v0.18.2 (/opt/rustwide/workdir)
[INFO] [stdout] warning: unused import: `TypeExt`
[INFO] [stdout]  --> src/typ.rs:1:56
[INFO] [stdout]   |
[INFO] [stdout] 1 | pub use crate::base::types::{ArcType as RcType, Flags, TypeExt, TypePtr};
[INFO] [stdout]   |                                                        ^^^^^^^
[INFO] [stdout]   |
[INFO] [stdout]   = note: `#[warn(unused_imports)]` on by default
[INFO] [stdout] 
[INFO] [stdout] 
[INFO] [stderr] error: could not compile `gluon_check` (lib test); 1 warning emitted
[INFO] [stderr] 
[INFO] [stderr] Caused by:
[INFO] [stderr]   process didn't exit successfully: `/opt/rustwide/rustup-home/toolchains/beta-2023-12-22-x86_64-unknown-linux-gnu/bin/rustc --crate-name gluon_check --edition=2018 src/lib.rs --error-format=json --json=diagnostic-rendered-ansi,artifacts,future-incompat --emit=dep-info,link -C embed-bitcode=no -C debuginfo=2 --test -C metadata=1da81c89204fe477 -C extra-filename=-1da81c89204fe477 --out-dir /opt/rustwide/target/debug/deps -L dependency=/opt/rustwide/target/debug/deps --extern codespan=/opt/rustwide/target/debug/deps/libcodespan-c6f248dcfebce3f6.rlib --extern codespan_reporting=/opt/rustwide/target/debug/deps/libcodespan_reporting-cb1a3d6071ce9a7b.rlib --extern collect_mac=/opt/rustwide/target/debug/deps/libcollect_mac-7797ac66fce5764f.rlib --extern difference=/opt/rustwide/target/debug/deps/libdifference-547350eca1f9acdf.rlib --extern ena=/opt/rustwide/target/debug/deps/libena-3e6724a0b75f461a.rlib --extern env_logger=/opt/rustwide/target/debug/deps/libenv_logger-581503583298aba1.rlib --extern gluon_base=/opt/rustwide/target/debug/deps/libgluon_base-7b53bdec77121347.rlib --extern gluon_codegen=/opt/rustwide/target/debug/deps/libgluon_codegen-d467b5dbf2a1fea5.so --extern gluon_format=/opt/rustwide/target/debug/deps/libgluon_format-b1621c984dc3201f.rlib --extern gluon_parser=/opt/rustwide/target/debug/deps/libgluon_parser-0881cdff34711abc.rlib --extern insta=/opt/rustwide/target/debug/deps/libinsta-0d2ea3196ad69f87.rlib --extern itertools=/opt/rustwide/target/debug/deps/libitertools-f37bf5f4dbab65be.rlib --extern log=/opt/rustwide/target/debug/deps/liblog-2cf4a51dfa4e790a.rlib --extern pretty=/opt/rustwide/target/debug/deps/libpretty-4861d0499776cb36.rlib --extern pretty_assertions=/opt/rustwide/target/debug/deps/libpretty_assertions-d03696617e4c9890.rlib --extern quick_error=/opt/rustwide/target/debug/deps/libquick_error-2742df0ff7352323.rlib --extern rpds=/opt/rustwide/target/debug/deps/librpds-a6bfe384c17011c5.rlib --extern smallvec=/opt/rustwide/target/debug/deps/libsmallvec-2fe51d264bce6b98.rlib --extern strsim=/opt/rustwide/target/debug/deps/libstrsim-7c2291ed86ef7041.rlib --cap-lints=warn` (signal: 9, SIGKILL: kill)
[INFO] [stderr] warning: build failed, waiting for other jobs to finish...
[INFO] [stdout] error: linking with `cc` failed: exit status: 1
[INFO] [stdout]   |
[INFO] [stdout]   = note: LC_ALL="C" PATH="/opt/rustwide/rustup-home/toolchains/beta-2023-12-22-x86_64-unknown-linux-gnu/lib/rustlib/x86_64-unknown-linux-gnu/bin:/opt/rustwide/cargo-home/bin:/usr/local/sbin:/usr/local/bin:/usr/sbin:/usr/bin:/sbin:/bin" VSLANG="1033" "cc" "-m64" "/tmp/rustcbLSYXs/symbols.o" "/opt/rustwide/target/debug/deps/metadata-004bc55ce96dc9f3.metadata.8bae389d82f3d2b3-cgu.00.rcgu.o" "/opt/rustwide/target/debug/deps/metadata-004bc55ce96dc9f3.metadata.8bae389d82f3d2b3-cgu.01.rcgu.o" "/opt/rustwide/target/debug/deps/metadata-004bc55ce96dc9f3.metadata.8bae389d82f3d2b3-cgu.02.rcgu.o" "/opt/rustwide/target/debug/deps/metadata-004bc55ce96dc9f3.metadata.8bae389d82f3d2b3-cgu.03.rcgu.o" "/opt/rustwide/target/debug/deps/metadata-004bc55ce96dc9f3.metadata.8bae389d82f3d2b3-cgu.04.rcgu.o" "/opt/rustwide/target/debug/deps/metadata-004bc55ce96dc9f3.metadata.8bae389d82f3d2b3-cgu.05.rcgu.o" "/opt/rustwide/target/debug/deps/metadata-004bc55ce96dc9f3.metadata.8bae389d82f3d2b3-cgu.06.rcgu.o" "/opt/rustwide/target/debug/deps/metadata-004bc55ce96dc9f3.metadata.8bae389d82f3d2b3-cgu.07.rcgu.o" "/opt/rustwide/target/debug/deps/metadata-004bc55ce96dc9f3.metadata.8bae389d82f3d2b3-cgu.08.rcgu.o" "/opt/rustwide/target/debug/deps/metadata-004bc55ce96dc9f3.metadata.8bae389d82f3d2b3-cgu.09.rcgu.o" "/opt/rustwide/target/debug/deps/metadata-004bc55ce96dc9f3.n5su3t3o5hzuu4i.rcgu.o" "-Wl,--as-needed" "-L" "/opt/rustwide/target/debug/deps" "-L" "/opt/rustwide/rustup-home/toolchains/beta-2023-12-22-x86_64-unknown-linux-gnu/lib/rustlib/x86_64-unknown-linux-gnu/lib" "-Wl,-Bstatic" "/opt/rustwide/target/debug/deps/libenv_logger-581503583298aba1.rlib" "/opt/rustwide/target/debug/deps/libatty-63f22be39ba661e3.rlib" "/opt/rustwide/target/debug/deps/libhumantime-ce381c4933d03978.rlib" "/opt/rustwide/rustup-home/toolchains/beta-2023-12-22-x86_64-unknown-linux-gnu/lib/rustlib/x86_64-unknown-linux-gnu/lib/libtest-cbab71697df97b00.rlib" "/opt/rustwide/rustup-home/toolchains/beta-2023-12-22-x86_64-unknown-linux-gnu/lib/rustlib/x86_64-unknown-linux-gnu/lib/libgetopts-2a2cf8f16c536007.rlib" "/opt/rustwide/rustup-home/toolchains/beta-2023-12-22-x86_64-unknown-linux-gnu/lib/rustlib/x86_64-unknown-linux-gnu/lib/libunicode_width-c5f3cc3cceaf9070.rlib" "/opt/rustwide/rustup-home/toolchains/beta-2023-12-22-x86_64-unknown-linux-gnu/lib/rustlib/x86_64-unknown-linux-gnu/lib/librustc_std_workspace_std-a31324ec815b09db.rlib" "/opt/rustwide/target/debug/deps/libgluon_parser-0881cdff34711abc.rlib" "/opt/rustwide/target/debug/deps/liblalrpop_util-eefa0befb35dc5bf.rlib" "/opt/rustwide/target/debug/deps/libregex-6b2e15812834269a.rlib" "/opt/rustwide/target/debug/deps/libregex_automata-18e9b4bafe25d656.rlib" "/opt/rustwide/target/debug/deps/libaho_corasick-0efee17d6ff570a3.rlib" "/opt/rustwide/target/debug/deps/libmemchr-14a47255884553ca.rlib" "/opt/rustwide/target/debug/deps/libregex_syntax-2fba322c2516c6a3.rlib" "/opt/rustwide/target/debug/deps/libgluon_check-44c28f8b52fe3adc.rlib" "/opt/rustwide/target/debug/deps/libstrsim-7c2291ed86ef7041.rlib" "/opt/rustwide/target/debug/deps/libena-3e6724a0b75f461a.rlib" "/opt/rustwide/target/debug/deps/librpds-a6bfe384c17011c5.rlib" "/opt/rustwide/target/debug/deps/libarchery-85f6c4aa79da0a09.rlib" "/opt/rustwide/target/debug/deps/libgluon_base-7b53bdec77121347.rlib" "/opt/rustwide/target/debug/deps/libhashbrown-29dba7ba2912c30c.rlib" "/opt/rustwide/target/debug/deps/libahash-f5dc539b624bd3b7.rlib" "/opt/rustwide/target/debug/deps/libgetrandom-1ff3a1dfc3f32fd8.rlib" "/opt/rustwide/target/debug/deps/liblibc-a3863744b2422075.rlib" "/opt/rustwide/target/debug/deps/libcfg_if-e7002d307f97bc56.rlib" "/opt/rustwide/target/debug/deps/libonce_cell-334d739f4e3a4961.rlib" "/opt/rustwide/target/debug/deps/libbitflags-85e13ed1e0c6d910.rlib" "/opt/rustwide/target/debug/deps/libsmallvec-2fe51d264bce6b98.rlib" "/opt/rustwide/target/debug/deps/libcodespan-c6f248dcfebce3f6.rlib" "/opt/rustwide/target/debug/deps/libpretty-4861d0499776cb36.rlib" "/opt/rustwide/target/debug/deps/libarrayvec-75060192f0e3d452.rlib" "/opt/rustwide/target/debug/deps/libtyped_arena-eeaaf69153df7969.rlib" "/opt/rustwide/target/debug/deps/libvec_map-5b55b3a0782d93d8.rlib" "/opt/rustwide/target/debug/deps/libcodespan_reporting-cb1a3d6071ce9a7b.rlib" "/opt/rustwide/target/debug/deps/libunicode_width-0ea374cdbf7c3a56.rlib" "/opt/rustwide/target/debug/deps/libtermcolor-35be6d70e8358f35.rlib" "/opt/rustwide/target/debug/deps/libordered_float-b2eca2b6fe14e1a7.rlib" "/opt/rustwide/target/debug/deps/libnum_traits-2f4fbeb8927164b4.rlib" "/opt/rustwide/target/debug/deps/libitertools-f37bf5f4dbab65be.rlib" "/opt/rustwide/target/debug/deps/libeither-bc25dbceced3a40f.rlib" "/opt/rustwide/target/debug/deps/libfnv-953831fe314029b4.rlib" "/opt/rustwide/target/debug/deps/libquick_error-2742df0ff7352323.rlib" "/opt/rustwide/target/debug/deps/liblog-2cf4a51dfa4e790a.rlib" "/opt/rustwide/target/debug/deps/libcollect_mac-7797ac66fce5764f.rlib" "/opt/rustwide/rustup-home/toolchains/beta-2023-12-22-x86_64-unknown-linux-gnu/lib/rustlib/x86_64-unknown-linux-gnu/lib/libstd-0672489a78b613de.rlib" "/opt/rustwide/rustup-home/toolchains/beta-2023-12-22-x86_64-unknown-linux-gnu/lib/rustlib/x86_64-unknown-linux-gnu/lib/libpanic_unwind-7eb3ffc34a49f675.rlib" "/opt/rustwide/rustup-home/toolchains/beta-2023-12-22-x86_64-unknown-linux-gnu/lib/rustlib/x86_64-unknown-linux-gnu/lib/libobject-6478a9daa4bee8e2.rlib" "/opt/rustwide/rustup-home/toolchains/beta-2023-12-22-x86_64-unknown-linux-gnu/lib/rustlib/x86_64-unknown-linux-gnu/lib/libmemchr-0c75d871a5c3923d.rlib" "/opt/rustwide/rustup-home/toolchains/beta-2023-12-22-x86_64-unknown-linux-gnu/lib/rustlib/x86_64-unknown-linux-gnu/lib/libaddr2line-d163ef63ad37bb71.rlib" "/opt/rustwide/rustup-home/toolchains/beta-2023-12-22-x86_64-unknown-linux-gnu/lib/rustlib/x86_64-unknown-linux-gnu/lib/libgimli-8a3fd810a85b9f4c.rlib" "/opt/rustwide/rustup-home/toolchains/beta-2023-12-22-x86_64-unknown-linux-gnu/lib/rustlib/x86_64-unknown-linux-gnu/lib/librustc_demangle-462a2cde8c5dfc10.rlib" "/opt/rustwide/rustup-home/toolchains/beta-2023-12-22-x86_64-unknown-linux-gnu/lib/rustlib/x86_64-unknown-linux-gnu/lib/libstd_detect-cb06ac9f54713f71.rlib" "/opt/rustwide/rustup-home/toolchains/beta-2023-12-22-x86_64-unknown-linux-gnu/lib/rustlib/x86_64-unknown-linux-gnu/lib/libhashbrown-f20bfd1f8e59b393.rlib" "/opt/rustwide/rustup-home/toolchains/beta-2023-12-22-x86_64-unknown-linux-gnu/lib/rustlib/x86_64-unknown-linux-gnu/lib/librustc_std_workspace_alloc-1ef460949b49da4b.rlib" "/opt/rustwide/rustup-home/toolchains/beta-2023-12-22-x86_64-unknown-linux-gnu/lib/rustlib/x86_64-unknown-linux-gnu/lib/libminiz_oxide-2cb0c0ffe4f87514.rlib" "/opt/rustwide/rustup-home/toolchains/beta-2023-12-22-x86_64-unknown-linux-gnu/lib/rustlib/x86_64-unknown-linux-gnu/lib/libadler-58d841eb322a11a2.rlib" "/opt/rustwide/rustup-home/toolchains/beta-2023-12-22-x86_64-unknown-linux-gnu/lib/rustlib/x86_64-unknown-linux-gnu/lib/libunwind-aa2ae0b0a9d11533.rlib" "/opt/rustwide/rustup-home/toolchains/beta-2023-12-22-x86_64-unknown-linux-gnu/lib/rustlib/x86_64-unknown-linux-gnu/lib/libcfg_if-23874e15830ed336.rlib" "/opt/rustwide/rustup-home/toolchains/beta-2023-12-22-x86_64-unknown-linux-gnu/lib/rustlib/x86_64-unknown-linux-gnu/lib/liblibc-e47cddc003bce885.rlib" "/opt/rustwide/rustup-home/toolchains/beta-2023-12-22-x86_64-unknown-linux-gnu/lib/rustlib/x86_64-unknown-linux-gnu/lib/liballoc-c22b13b48a8f128e.rlib" "/opt/rustwide/rustup-home/toolchains/beta-2023-12-22-x86_64-unknown-linux-gnu/lib/rustlib/x86_64-unknown-linux-gnu/lib/librustc_std_workspace_core-e46bc3da6d7c462f.rlib" "/opt/rustwide/rustup-home/toolchains/beta-2023-12-22-x86_64-unknown-linux-gnu/lib/rustlib/x86_64-unknown-linux-gnu/lib/libcore-8d1ac131d3cb2645.rlib" "/opt/rustwide/rustup-home/toolchains/beta-2023-12-22-x86_64-unknown-linux-gnu/lib/rustlib/x86_64-unknown-linux-gnu/lib/libcompiler_builtins-a1b43df8c6899c1f.rlib" "-Wl,-Bdynamic" "-lgcc_s" "-lutil" "-lrt" "-lpthread" "-lm" "-ldl" "-lc" "-Wl,--eh-frame-hdr" "-Wl,-z,noexecstack" "-L" "/opt/rustwide/rustup-home/toolchains/beta-2023-12-22-x86_64-unknown-linux-gnu/lib/rustlib/x86_64-unknown-linux-gnu/lib" "-o" "/opt/rustwide/target/debug/deps/metadata-004bc55ce96dc9f3" "-Wl,--gc-sections" "-pie" "-Wl,-z,relro,-z,now" "-nodefaultlibs"
[INFO] [stdout]   = note: collect2: fatal error: ld terminated with signal 9 [Killed]
[INFO] [stdout]           compilation terminated.
[INFO] [stdout]           
[INFO] [stdout] 
[INFO] [stdout] 
[INFO] [stdout] error: aborting due to 1 previous error
[INFO] [stdout] 
[INFO] [stdout] 
[INFO] [stderr] error: could not compile `gluon_check` (test "metadata") due to 2 previous errors
[INFO] [stdout] error: linking with `cc` failed: exit status: 1
[INFO] [stdout]   |
[INFO] [stdout]   = note: LC_ALL="C" PATH="/opt/rustwide/rustup-home/toolchains/beta-2023-12-22-x86_64-unknown-linux-gnu/lib/rustlib/x86_64-unknown-linux-gnu/bin:/opt/rustwide/cargo-home/bin:/usr/local/sbin:/usr/local/bin:/usr/sbin:/usr/bin:/sbin:/bin" VSLANG="1033" "cc" "-m64" "/tmp/rustceY6DOD/symbols.o" "/opt/rustwide/target/debug/deps/fail-20339f7da8eb19f6.fail.b08f26c18a35495d-cgu.00.rcgu.o" "/opt/rustwide/target/debug/deps/fail-20339f7da8eb19f6.fail.b08f26c18a35495d-cgu.01.rcgu.o" "/opt/rustwide/target/debug/deps/fail-20339f7da8eb19f6.fail.b08f26c18a35495d-cgu.02.rcgu.o" "/opt/rustwide/target/debug/deps/fail-20339f7da8eb19f6.fail.b08f26c18a35495d-cgu.03.rcgu.o" "/opt/rustwide/target/debug/deps/fail-20339f7da8eb19f6.fail.b08f26c18a35495d-cgu.04.rcgu.o" "/opt/rustwide/target/debug/deps/fail-20339f7da8eb19f6.fail.b08f26c18a35495d-cgu.05.rcgu.o" "/opt/rustwide/target/debug/deps/fail-20339f7da8eb19f6.fail.b08f26c18a35495d-cgu.06.rcgu.o" "/opt/rustwide/target/debug/deps/fail-20339f7da8eb19f6.fail.b08f26c18a35495d-cgu.07.rcgu.o" "/opt/rustwide/target/debug/deps/fail-20339f7da8eb19f6.fail.b08f26c18a35495d-cgu.08.rcgu.o" "/opt/rustwide/target/debug/deps/fail-20339f7da8eb19f6.fail.b08f26c18a35495d-cgu.09.rcgu.o" "/opt/rustwide/target/debug/deps/fail-20339f7da8eb19f6.5e3j76z8snc1xqwb.rcgu.o" "-Wl,--as-needed" "-L" "/opt/rustwide/target/debug/deps" "-L" "/opt/rustwide/rustup-home/toolchains/beta-2023-12-22-x86_64-unknown-linux-gnu/lib/rustlib/x86_64-unknown-linux-gnu/lib" "-Wl,-Bstatic" "/opt/rustwide/target/debug/deps/libenv_logger-581503583298aba1.rlib" "/opt/rustwide/target/debug/deps/libatty-63f22be39ba661e3.rlib" "/opt/rustwide/target/debug/deps/libhumantime-ce381c4933d03978.rlib" "/opt/rustwide/target/debug/deps/libinsta-0d2ea3196ad69f87.rlib" "/opt/rustwide/target/debug/deps/libconsole-8fe0159e462d4c09.rlib" "/opt/rustwide/target/debug/deps/liblazy_static-efa3519517df6cf0.rlib" "/opt/rustwide/target/debug/deps/libsimilar-15f473f2fad589ad.rlib" "/opt/rustwide/target/debug/deps/libyaml_rust-4a308368ddddc975.rlib" "/opt/rustwide/target/debug/deps/liblinked_hash_map-d832c69510805464.rlib" "/opt/rustwide/rustup-home/toolchains/beta-2023-12-22-x86_64-unknown-linux-gnu/lib/rustlib/x86_64-unknown-linux-gnu/lib/libtest-cbab71697df97b00.rlib" "/opt/rustwide/rustup-home/toolchains/beta-2023-12-22-x86_64-unknown-linux-gnu/lib/rustlib/x86_64-unknown-linux-gnu/lib/libgetopts-2a2cf8f16c536007.rlib" "/opt/rustwide/rustup-home/toolchains/beta-2023-12-22-x86_64-unknown-linux-gnu/lib/rustlib/x86_64-unknown-linux-gnu/lib/libunicode_width-c5f3cc3cceaf9070.rlib" "/opt/rustwide/rustup-home/toolchains/beta-2023-12-22-x86_64-unknown-linux-gnu/lib/rustlib/x86_64-unknown-linux-gnu/lib/librustc_std_workspace_std-a31324ec815b09db.rlib" "/opt/rustwide/target/debug/deps/libgluon_parser-0881cdff34711abc.rlib" "/opt/rustwide/target/debug/deps/liblalrpop_util-eefa0befb35dc5bf.rlib" "/opt/rustwide/target/debug/deps/libregex-6b2e15812834269a.rlib" "/opt/rustwide/target/debug/deps/libregex_automata-18e9b4bafe25d656.rlib" "/opt/rustwide/target/debug/deps/libaho_corasick-0efee17d6ff570a3.rlib" "/opt/rustwide/target/debug/deps/libmemchr-14a47255884553ca.rlib" "/opt/rustwide/target/debug/deps/libregex_syntax-2fba322c2516c6a3.rlib" "/opt/rustwide/target/debug/deps/libgluon_check-44c28f8b52fe3adc.rlib" "/opt/rustwide/target/debug/deps/libstrsim-7c2291ed86ef7041.rlib" "/opt/rustwide/target/debug/deps/libena-3e6724a0b75f461a.rlib" "/opt/rustwide/target/debug/deps/librpds-a6bfe384c17011c5.rlib" "/opt/rustwide/target/debug/deps/libarchery-85f6c4aa79da0a09.rlib" "/opt/rustwide/target/debug/deps/libgluon_base-7b53bdec77121347.rlib" "/opt/rustwide/target/debug/deps/libhashbrown-29dba7ba2912c30c.rlib" "/opt/rustwide/target/debug/deps/libahash-f5dc539b624bd3b7.rlib" "/opt/rustwide/target/debug/deps/libgetrandom-1ff3a1dfc3f32fd8.rlib" "/opt/rustwide/target/debug/deps/liblibc-a3863744b2422075.rlib" "/opt/rustwide/target/debug/deps/libcfg_if-e7002d307f97bc56.rlib" "/opt/rustwide/target/debug/deps/libonce_cell-334d739f4e3a4961.rlib" "/opt/rustwide/target/debug/deps/libbitflags-85e13ed1e0c6d910.rlib" "/opt/rustwide/target/debug/deps/libsmallvec-2fe51d264bce6b98.rlib" "/opt/rustwide/target/debug/deps/libcodespan-c6f248dcfebce3f6.rlib" "/opt/rustwide/target/debug/deps/libpretty-4861d0499776cb36.rlib" "/opt/rustwide/target/debug/deps/libarrayvec-75060192f0e3d452.rlib" "/opt/rustwide/target/debug/deps/libtyped_arena-eeaaf69153df7969.rlib" "/opt/rustwide/target/debug/deps/libvec_map-5b55b3a0782d93d8.rlib" "/opt/rustwide/target/debug/deps/libcodespan_reporting-cb1a3d6071ce9a7b.rlib" "/opt/rustwide/target/debug/deps/libunicode_width-0ea374cdbf7c3a56.rlib" "/opt/rustwide/target/debug/deps/libtermcolor-35be6d70e8358f35.rlib" "/opt/rustwide/target/debug/deps/libordered_float-b2eca2b6fe14e1a7.rlib" "/opt/rustwide/target/debug/deps/libnum_traits-2f4fbeb8927164b4.rlib" "/opt/rustwide/target/debug/deps/libitertools-f37bf5f4dbab65be.rlib" "/opt/rustwide/target/debug/deps/libeither-bc25dbceced3a40f.rlib" "/opt/rustwide/target/debug/deps/libfnv-953831fe314029b4.rlib" "/opt/rustwide/target/debug/deps/libquick_error-2742df0ff7352323.rlib" "/opt/rustwide/target/debug/deps/liblog-2cf4a51dfa4e790a.rlib" "/opt/rustwide/target/debug/deps/libcollect_mac-7797ac66fce5764f.rlib" "/opt/rustwide/target/debug/deps/libpretty_assertions-d03696617e4c9890.rlib" "/opt/rustwide/target/debug/deps/libdiff-f6228193e395c656.rlib" "/opt/rustwide/target/debug/deps/libyansi-fe77e7901970feab.rlib" "/opt/rustwide/rustup-home/toolchains/beta-2023-12-22-x86_64-unknown-linux-gnu/lib/rustlib/x86_64-unknown-linux-gnu/lib/libstd-0672489a78b613de.rlib" "/opt/rustwide/rustup-home/toolchains/beta-2023-12-22-x86_64-unknown-linux-gnu/lib/rustlib/x86_64-unknown-linux-gnu/lib/libpanic_unwind-7eb3ffc34a49f675.rlib" "/opt/rustwide/rustup-home/toolchains/beta-2023-12-22-x86_64-unknown-linux-gnu/lib/rustlib/x86_64-unknown-linux-gnu/lib/libobject-6478a9daa4bee8e2.rlib" "/opt/rustwide/rustup-home/toolchains/beta-2023-12-22-x86_64-unknown-linux-gnu/lib/rustlib/x86_64-unknown-linux-gnu/lib/libmemchr-0c75d871a5c3923d.rlib" "/opt/rustwide/rustup-home/toolchains/beta-2023-12-22-x86_64-unknown-linux-gnu/lib/rustlib/x86_64-unknown-linux-gnu/lib/libaddr2line-d163ef63ad37bb71.rlib" "/opt/rustwide/rustup-home/toolchains/beta-2023-12-22-x86_64-unknown-linux-gnu/lib/rustlib/x86_64-unknown-linux-gnu/lib/libgimli-8a3fd810a85b9f4c.rlib" "/opt/rustwide/rustup-home/toolchains/beta-2023-12-22-x86_64-unknown-linux-gnu/lib/rustlib/x86_64-unknown-linux-gnu/lib/librustc_demangle-462a2cde8c5dfc10.rlib" "/opt/rustwide/rustup-home/toolchains/beta-2023-12-22-x86_64-unknown-linux-gnu/lib/rustlib/x86_64-unknown-linux-gnu/lib/libstd_detect-cb06ac9f54713f71.rlib" "/opt/rustwide/rustup-home/toolchains/beta-2023-12-22-x86_64-unknown-linux-gnu/lib/rustlib/x86_64-unknown-linux-gnu/lib/libhashbrown-f20bfd1f8e59b393.rlib" "/opt/rustwide/rustup-home/toolchains/beta-2023-12-22-x86_64-unknown-linux-gnu/lib/rustlib/x86_64-unknown-linux-gnu/lib/librustc_std_workspace_alloc-1ef460949b49da4b.rlib" "/opt/rustwide/rustup-home/toolchains/beta-2023-12-22-x86_64-unknown-linux-gnu/lib/rustlib/x86_64-unknown-linux-gnu/lib/libminiz_oxide-2cb0c0ffe4f87514.rlib" "/opt/rustwide/rustup-home/toolchains/beta-2023-12-22-x86_64-unknown-linux-gnu/lib/rustlib/x86_64-unknown-linux-gnu/lib/libadler-58d841eb322a11a2.rlib" "/opt/rustwide/rustup-home/toolchains/beta-2023-12-22-x86_64-unknown-linux-gnu/lib/rustlib/x86_64-unknown-linux-gnu/lib/libunwind-aa2ae0b0a9d11533.rlib" "/opt/rustwide/rustup-home/toolchains/beta-2023-12-22-x86_64-unknown-linux-gnu/lib/rustlib/x86_64-unknown-linux-gnu/lib/libcfg_if-23874e15830ed336.rlib" "/opt/rustwide/rustup-home/toolchains/beta-2023-12-22-x86_64-unknown-linux-gnu/lib/rustlib/x86_64-unknown-linux-gnu/lib/liblibc-e47cddc003bce885.rlib" "/opt/rustwide/rustup-home/toolchains/beta-2023-12-22-x86_64-unknown-linux-gnu/lib/rustlib/x86_64-unknown-linux-gnu/lib/liballoc-c22b13b48a8f128e.rlib" "/opt/rustwide/rustup-home/toolchains/beta-2023-12-22-x86_64-unknown-linux-gnu/lib/rustlib/x86_64-unknown-linux-gnu/lib/librustc_std_workspace_core-e46bc3da6d7c462f.rlib" "/opt/rustwide/rustup-home/toolchains/beta-2023-12-22-x86_64-unknown-linux-gnu/lib/rustlib/x86_64-unknown-linux-gnu/lib/libcore-8d1ac131d3cb2645.rlib" "/opt/rustwide/rustup-home/toolchains/beta-2023-12-22-x86_64-unknown-linux-gnu/lib/rustlib/x86_64-unknown-linux-gnu/lib/libcompiler_builtins-a1b43df8c6899c1f.rlib" "-Wl,-Bdynamic" "-lgcc_s" "-lutil" "-lrt" "-lpthread" "-lm" "-ldl" "-lc" "-Wl,--eh-frame-hdr" "-Wl,-z,noexecstack" "-L" "/opt/rustwide/rustup-home/toolchains/beta-2023-12-22-x86_64-unknown-linux-gnu/lib/rustlib/x86_64-unknown-linux-gnu/lib" "-o" "/opt/rustwide/target/debug/deps/fail-20339f7da8eb19f6" "-Wl,--gc-sections" "-pie" "-Wl,-z,relro,-z,now" "-nodefaultlibs"
[INFO] [stdout]   = note: collect2: fatal error: ld terminated with signal 9 [Killed]
[INFO] [stdout]           compilation terminated.
[INFO] [stdout]           
[INFO] [stdout] 
[INFO] [stdout] 
[INFO] [stdout] error: aborting due to 1 previous error
[INFO] [stdout] 
[INFO] [stdout] 
[INFO] [stderr] error: could not compile `gluon_check` (test "fail") due to 2 previous errors
[INFO] running `Command { std: "docker" "inspect" "e39a098849084df5532473a4ebbe3db5c5a098abc169c59d884a6ff13b3abf5e", kill_on_drop: false }`
[INFO] running `Command { std: "docker" "rm" "-f" "e39a098849084df5532473a4ebbe3db5c5a098abc169c59d884a6ff13b3abf5e", kill_on_drop: false }`
[INFO] [stdout] e39a098849084df5532473a4ebbe3db5c5a098abc169c59d884a6ff13b3abf5e
