[INFO] fetching crate gluesql-csv-storage 0.15.0...
[INFO] testing gluesql-csv-storage-0.15.0 against 1.75.0 for beta-1.76-1
[INFO] extracting crate gluesql-csv-storage 0.15.0 into /workspace/builds/worker-7-tc1/source
[INFO] validating manifest of crates.io crate gluesql-csv-storage 0.15.0 on toolchain 1.75.0
[INFO] running `Command { std: CARGO_HOME="/workspace/cargo-home" RUSTUP_HOME="/workspace/rustup-home" "/workspace/cargo-home/bin/cargo" "+1.75.0" "metadata" "--manifest-path" "Cargo.toml" "--no-deps", kill_on_drop: false }`
[INFO] started tweaking crates.io crate gluesql-csv-storage 0.15.0
[INFO] finished tweaking crates.io crate gluesql-csv-storage 0.15.0
[INFO] tweaked toml for crates.io crate gluesql-csv-storage 0.15.0 written to /workspace/builds/worker-7-tc1/source/Cargo.toml
[INFO] running `Command { std: CARGO_HOME="/workspace/cargo-home" RUSTUP_HOME="/workspace/rustup-home" "/workspace/cargo-home/bin/cargo" "+1.75.0" "generate-lockfile" "--manifest-path" "Cargo.toml", kill_on_drop: false }`
[INFO] [stderr]     Updating crates.io index
[INFO] running `Command { std: CARGO_HOME="/workspace/cargo-home" RUSTUP_HOME="/workspace/rustup-home" "/workspace/cargo-home/bin/cargo" "+1.75.0" "fetch" "--manifest-path" "Cargo.toml", kill_on_drop: false }`
[INFO] [stderr]  Downloading crates ...
[INFO] [stderr]   Downloaded gluesql-utils v0.15.0
[INFO] [stderr]   Downloaded rust_decimal_macros v1.33.1
[INFO] [stderr]   Downloaded iter-enum v1.1.1
[INFO] [stderr]   Downloaded gluesql-core v0.15.0
[INFO] [stderr]   Downloaded gluesql-test-suite v0.15.0
[INFO] [stderr]   Downloaded sqlparser v0.36.1
[INFO] running `Command { std: "docker" "create" "-v" "/var/lib/crater-agent-workspace/builds/worker-7-tc1/target:/opt/rustwide/target:rw,Z" "-v" "/var/lib/crater-agent-workspace/builds/worker-7-tc1/source:/opt/rustwide/workdir:ro,Z" "-v" "/var/lib/crater-agent-workspace/cargo-home:/opt/rustwide/cargo-home:ro,Z" "-v" "/var/lib/crater-agent-workspace/rustup-home:/opt/rustwide/rustup-home:ro,Z" "-e" "SOURCE_DIR=/opt/rustwide/workdir" "-e" "CARGO_TARGET_DIR=/opt/rustwide/target" "-e" "CARGO_HOME=/opt/rustwide/cargo-home" "-e" "RUSTUP_HOME=/opt/rustwide/rustup-home" "-w" "/opt/rustwide/workdir" "-m" "1610612736" "--user" "0:0" "--network" "none" "ghcr.io/rust-lang/crates-build-env/linux@sha256:2788e3201cd34a07e3172128adcd8b3090168a8e3bcc40d7c032b9dda1df7d1c" "/opt/rustwide/cargo-home/bin/cargo" "+1.75.0" "metadata" "--no-deps" "--format-version=1", kill_on_drop: false }`
[INFO] [stdout] ebe6b034e334c208928c08f51905eb968c62bb1cf64c2567755639c6e5cfa610
[INFO] running `Command { std: "docker" "start" "-a" "ebe6b034e334c208928c08f51905eb968c62bb1cf64c2567755639c6e5cfa610", kill_on_drop: false }`
[INFO] running `Command { std: "docker" "inspect" "ebe6b034e334c208928c08f51905eb968c62bb1cf64c2567755639c6e5cfa610", kill_on_drop: false }`
[INFO] running `Command { std: "docker" "rm" "-f" "ebe6b034e334c208928c08f51905eb968c62bb1cf64c2567755639c6e5cfa610", kill_on_drop: false }`
[INFO] [stdout] ebe6b034e334c208928c08f51905eb968c62bb1cf64c2567755639c6e5cfa610
[INFO] running `Command { std: "docker" "create" "-v" "/var/lib/crater-agent-workspace/builds/worker-7-tc1/target:/opt/rustwide/target:rw,Z" "-v" "/var/lib/crater-agent-workspace/builds/worker-7-tc1/source:/opt/rustwide/workdir:ro,Z" "-v" "/var/lib/crater-agent-workspace/cargo-home:/opt/rustwide/cargo-home:ro,Z" "-v" "/var/lib/crater-agent-workspace/rustup-home:/opt/rustwide/rustup-home:ro,Z" "-e" "SOURCE_DIR=/opt/rustwide/workdir" "-e" "CARGO_TARGET_DIR=/opt/rustwide/target" "-e" "CARGO_INCREMENTAL=0" "-e" "RUST_BACKTRACE=full" "-e" "RUSTFLAGS=--cap-lints=warn" "-e" "RUSTDOCFLAGS=--cap-lints=warn" "-e" "CARGO_HOME=/opt/rustwide/cargo-home" "-e" "RUSTUP_HOME=/opt/rustwide/rustup-home" "-w" "/opt/rustwide/workdir" "-m" "1610612736" "--user" "0:0" "--network" "none" "ghcr.io/rust-lang/crates-build-env/linux@sha256:2788e3201cd34a07e3172128adcd8b3090168a8e3bcc40d7c032b9dda1df7d1c" "/opt/rustwide/cargo-home/bin/cargo" "+1.75.0" "build" "--frozen" "--message-format=json", kill_on_drop: false }`
[INFO] [stdout] ff108ad6121b72d78d56df4ef9a5da8e6b4365a5a49f3e200694a96333b266b0
[INFO] running `Command { std: "docker" "start" "-a" "ff108ad6121b72d78d56df4ef9a5da8e6b4365a5a49f3e200694a96333b266b0", kill_on_drop: false }`
[INFO] [stderr]    Compiling futures-sink v0.3.30
[INFO] [stderr]    Compiling futures-core v0.3.30
[INFO] [stderr]    Compiling syn v1.0.109
[INFO] [stderr]    Compiling libm v0.2.8
[INFO] [stderr]    Compiling num-traits v0.2.17
[INFO] [stderr]    Compiling libc v0.2.151
[INFO] [stderr]    Compiling serde v1.0.194
[INFO] [stderr]    Compiling num-bigint v0.4.4
[INFO] [stderr]    Compiling bigdecimal v0.4.2
[INFO] [stderr]    Compiling syn v2.0.48
[INFO] [stderr]    Compiling bitmaps v2.1.0
[INFO] [stderr]    Compiling crypto-common v0.1.6
[INFO] [stderr]    Compiling block-buffer v0.10.4
[INFO] [stderr]    Compiling im-rc v15.1.0
[INFO] [stderr]    Compiling rust_decimal v1.33.1
[INFO] [stderr]    Compiling serde_json v1.0.111
[INFO] [stderr]    Compiling futures-channel v0.3.30
[INFO] [stderr]    Compiling arrayvec v0.7.4
[INFO] [stderr]    Compiling digest v0.10.7
[INFO] [stderr]    Compiling iana-time-zone v0.1.59
[INFO] [stderr]    Compiling csv-core v0.1.11
[INFO] [stderr]    Compiling md-5 v0.10.6
[INFO] [stderr]    Compiling sized-chunks v0.6.5
[INFO] [stderr]    Compiling getrandom v0.2.11
[INFO] [stderr]    Compiling rand_core v0.6.4
[INFO] [stderr]    Compiling uuid v1.6.1
[INFO] [stderr]    Compiling rand_xoshiro v0.6.0
[INFO] [stderr]    Compiling rand_chacha v0.3.1
[INFO] [stderr]    Compiling rand v0.8.5
[INFO] [stderr]    Compiling num-integer v0.1.45
[INFO] [stderr]    Compiling derive_utils v0.13.2
[INFO] [stderr]    Compiling serde_derive v1.0.194
[INFO] [stderr]    Compiling futures-macro v0.3.30
[INFO] [stderr]    Compiling pin-project-internal v1.1.3
[INFO] [stderr]    Compiling thiserror-impl v1.0.56
[INFO] [stderr]    Compiling async-recursion v1.0.5
[INFO] [stderr]    Compiling async-trait v0.1.77
[INFO] [stderr]    Compiling iter-enum v1.1.1
[INFO] [stderr]    Compiling toml v0.5.11
[INFO] [stderr]    Compiling derive_utils v0.11.2
[INFO] [stderr]    Compiling find-crate v0.6.3
[INFO] [stderr]    Compiling futures-util v0.3.30
[INFO] [stderr]    Compiling pin-project v1.1.3
[INFO] [stderr]    Compiling futures-enum v0.1.17
[INFO] [stderr]    Compiling strum_macros v0.24.3
[INFO] [stderr]    Compiling thiserror v1.0.56
[INFO] [stderr]    Compiling futures-executor v0.3.30
[INFO] [stderr]    Compiling futures v0.3.30
[INFO] [stderr]    Compiling gluesql-utils v0.15.0
[INFO] [stderr]    Compiling ordered-float v3.9.2
[INFO] [stderr]    Compiling chrono v0.4.31
[INFO] [stderr]    Compiling csv v1.3.0
[INFO] [stderr]    Compiling sqlparser v0.36.1
[INFO] [stderr]    Compiling gluesql-core v0.15.0
[INFO] [stderr]    Compiling gluesql-csv-storage v0.15.0 (/opt/rustwide/workdir)
[INFO] [stderr]     Finished dev [unoptimized + debuginfo] target(s) in 24.34s
[INFO] running `Command { std: "docker" "inspect" "ff108ad6121b72d78d56df4ef9a5da8e6b4365a5a49f3e200694a96333b266b0", kill_on_drop: false }`
[INFO] running `Command { std: "docker" "rm" "-f" "ff108ad6121b72d78d56df4ef9a5da8e6b4365a5a49f3e200694a96333b266b0", kill_on_drop: false }`
[INFO] [stdout] ff108ad6121b72d78d56df4ef9a5da8e6b4365a5a49f3e200694a96333b266b0
[INFO] running `Command { std: "docker" "create" "-v" "/var/lib/crater-agent-workspace/builds/worker-7-tc1/target:/opt/rustwide/target:rw,Z" "-v" "/var/lib/crater-agent-workspace/builds/worker-7-tc1/source:/opt/rustwide/workdir:ro,Z" "-v" "/var/lib/crater-agent-workspace/cargo-home:/opt/rustwide/cargo-home:ro,Z" "-v" "/var/lib/crater-agent-workspace/rustup-home:/opt/rustwide/rustup-home:ro,Z" "-e" "SOURCE_DIR=/opt/rustwide/workdir" "-e" "CARGO_TARGET_DIR=/opt/rustwide/target" "-e" "CARGO_INCREMENTAL=0" "-e" "RUST_BACKTRACE=full" "-e" "RUSTFLAGS=--cap-lints=warn" "-e" "RUSTDOCFLAGS=--cap-lints=warn" "-e" "CARGO_HOME=/opt/rustwide/cargo-home" "-e" "RUSTUP_HOME=/opt/rustwide/rustup-home" "-w" "/opt/rustwide/workdir" "-m" "1610612736" "--user" "0:0" "--network" "none" "ghcr.io/rust-lang/crates-build-env/linux@sha256:2788e3201cd34a07e3172128adcd8b3090168a8e3bcc40d7c032b9dda1df7d1c" "/opt/rustwide/cargo-home/bin/cargo" "+1.75.0" "test" "--frozen" "--no-run" "--message-format=json", kill_on_drop: false }`
[INFO] [stdout] e3f23acd82d1475e0e1839eb6a5d77878efb28b5034ca5d096cf655a2c168f26
[INFO] running `Command { std: "docker" "start" "-a" "e3f23acd82d1475e0e1839eb6a5d77878efb28b5034ca5d096cf655a2c168f26", kill_on_drop: false }`
[INFO] [stderr]    Compiling num-traits v0.2.17
[INFO] [stderr]    Compiling rust_decimal v1.33.1
[INFO] [stderr]    Compiling arrayvec v0.7.4
[INFO] [stderr]    Compiling yansi v0.5.1
[INFO] [stderr]    Compiling diff v0.1.13
[INFO] [stderr]    Compiling tokio-macros v2.2.0
[INFO] [stderr]    Compiling pretty_assertions v1.4.0
[INFO] [stderr]    Compiling gluesql-test-suite v0.15.0
[INFO] [stderr]    Compiling tokio v1.35.1
[INFO] [stderr]    Compiling rust_decimal_macros v1.33.1
[INFO] [stderr]    Compiling gluesql-csv-storage v0.15.0 (/opt/rustwide/workdir)
[INFO] [stderr] error: could not compile `gluesql-csv-storage` (test "types_only")
[INFO] [stderr] 
[INFO] [stderr] Caused by:
[INFO] [stderr]   process didn't exit successfully: `/opt/rustwide/rustup-home/toolchains/1.75.0-x86_64-unknown-linux-gnu/bin/rustc --crate-name types_only --edition=2021 tests/types_only.rs --error-format=json --json=diagnostic-rendered-ansi,artifacts,future-incompat --emit=dep-info,link -C embed-bitcode=no -C debuginfo=2 --test -C metadata=ea6b7632666a5039 -C extra-filename=-ea6b7632666a5039 --out-dir /opt/rustwide/target/debug/deps -L dependency=/opt/rustwide/target/debug/deps --extern async_trait=/opt/rustwide/target/debug/deps/libasync_trait-704b92bb6dcf31b8.so --extern csv=/opt/rustwide/target/debug/deps/libcsv-541516acec1fb962.rlib --extern futures=/opt/rustwide/target/debug/deps/libfutures-c942585e6551a766.rlib --extern gluesql_core=/opt/rustwide/target/debug/deps/libgluesql_core-63f2018451c396f5.rlib --extern gluesql_csv_storage=/opt/rustwide/target/debug/deps/libgluesql_csv_storage-2161edc40eb458b1.rlib --extern test_suite=/opt/rustwide/target/debug/deps/libgluesql_test_suite-00a97a32baabacd6.rlib --extern utils=/opt/rustwide/target/debug/deps/libgluesql_utils-a260985be42ef271.rlib --extern rust_decimal=/opt/rustwide/target/debug/deps/librust_decimal-30d7320764deaadc.rlib --extern rust_decimal_macros=/opt/rustwide/target/debug/deps/librust_decimal_macros-ca7e7d63320c5fa8.so --extern serde=/opt/rustwide/target/debug/deps/libserde-4243fd887ab9c7e6.rlib --extern serde_json=/opt/rustwide/target/debug/deps/libserde_json-b8c63570e4c5f99d.rlib --extern thiserror=/opt/rustwide/target/debug/deps/libthiserror-5438ccd7463bcf75.rlib --extern tokio=/opt/rustwide/target/debug/deps/libtokio-561794c9067c42f1.rlib --cap-lints=warn` (signal: 9, SIGKILL: kill)
[INFO] [stderr] warning: build failed, waiting for other jobs to finish...
[INFO] [stderr] error: could not compile `gluesql-csv-storage` (test "schema")
[INFO] [stderr] 
[INFO] [stderr] Caused by:
[INFO] [stderr]   process didn't exit successfully: `/opt/rustwide/rustup-home/toolchains/1.75.0-x86_64-unknown-linux-gnu/bin/rustc --crate-name schema --edition=2021 tests/schema.rs --error-format=json --json=diagnostic-rendered-ansi,artifacts,future-incompat --emit=dep-info,link -C embed-bitcode=no -C debuginfo=2 --test -C metadata=01da3a37fff1573a -C extra-filename=-01da3a37fff1573a --out-dir /opt/rustwide/target/debug/deps -L dependency=/opt/rustwide/target/debug/deps --extern async_trait=/opt/rustwide/target/debug/deps/libasync_trait-704b92bb6dcf31b8.so --extern csv=/opt/rustwide/target/debug/deps/libcsv-541516acec1fb962.rlib --extern futures=/opt/rustwide/target/debug/deps/libfutures-c942585e6551a766.rlib --extern gluesql_core=/opt/rustwide/target/debug/deps/libgluesql_core-63f2018451c396f5.rlib --extern gluesql_csv_storage=/opt/rustwide/target/debug/deps/libgluesql_csv_storage-2161edc40eb458b1.rlib --extern test_suite=/opt/rustwide/target/debug/deps/libgluesql_test_suite-00a97a32baabacd6.rlib --extern utils=/opt/rustwide/target/debug/deps/libgluesql_utils-a260985be42ef271.rlib --extern rust_decimal=/opt/rustwide/target/debug/deps/librust_decimal-30d7320764deaadc.rlib --extern rust_decimal_macros=/opt/rustwide/target/debug/deps/librust_decimal_macros-ca7e7d63320c5fa8.so --extern serde=/opt/rustwide/target/debug/deps/libserde-4243fd887ab9c7e6.rlib --extern serde_json=/opt/rustwide/target/debug/deps/libserde_json-b8c63570e4c5f99d.rlib --extern thiserror=/opt/rustwide/target/debug/deps/libthiserror-5438ccd7463bcf75.rlib --extern tokio=/opt/rustwide/target/debug/deps/libtokio-561794c9067c42f1.rlib --cap-lints=warn` (signal: 9, SIGKILL: kill)
[INFO] [stderr] error: could not compile `gluesql-csv-storage` (test "csv_storage")
[INFO] [stderr] 
[INFO] [stderr] Caused by:
[INFO] [stderr]   process didn't exit successfully: `/opt/rustwide/rustup-home/toolchains/1.75.0-x86_64-unknown-linux-gnu/bin/rustc --crate-name csv_storage --edition=2021 tests/csv_storage.rs --error-format=json --json=diagnostic-rendered-ansi,artifacts,future-incompat --emit=dep-info,link -C embed-bitcode=no -C debuginfo=2 --test -C metadata=934bffcf923b8285 -C extra-filename=-934bffcf923b8285 --out-dir /opt/rustwide/target/debug/deps -L dependency=/opt/rustwide/target/debug/deps --extern async_trait=/opt/rustwide/target/debug/deps/libasync_trait-704b92bb6dcf31b8.so --extern csv=/opt/rustwide/target/debug/deps/libcsv-541516acec1fb962.rlib --extern futures=/opt/rustwide/target/debug/deps/libfutures-c942585e6551a766.rlib --extern gluesql_core=/opt/rustwide/target/debug/deps/libgluesql_core-63f2018451c396f5.rlib --extern gluesql_csv_storage=/opt/rustwide/target/debug/deps/libgluesql_csv_storage-2161edc40eb458b1.rlib --extern test_suite=/opt/rustwide/target/debug/deps/libgluesql_test_suite-00a97a32baabacd6.rlib --extern utils=/opt/rustwide/target/debug/deps/libgluesql_utils-a260985be42ef271.rlib --extern rust_decimal=/opt/rustwide/target/debug/deps/librust_decimal-30d7320764deaadc.rlib --extern rust_decimal_macros=/opt/rustwide/target/debug/deps/librust_decimal_macros-ca7e7d63320c5fa8.so --extern serde=/opt/rustwide/target/debug/deps/libserde-4243fd887ab9c7e6.rlib --extern serde_json=/opt/rustwide/target/debug/deps/libserde_json-b8c63570e4c5f99d.rlib --extern thiserror=/opt/rustwide/target/debug/deps/libthiserror-5438ccd7463bcf75.rlib --extern tokio=/opt/rustwide/target/debug/deps/libtokio-561794c9067c42f1.rlib --cap-lints=warn` (signal: 9, SIGKILL: kill)
[INFO] [stderr] error: could not compile `gluesql-csv-storage` (test "error")
[INFO] [stderr] 
[INFO] [stderr] Caused by:
[INFO] [stderr]   process didn't exit successfully: `/opt/rustwide/rustup-home/toolchains/1.75.0-x86_64-unknown-linux-gnu/bin/rustc --crate-name error --edition=2021 tests/error.rs --error-format=json --json=diagnostic-rendered-ansi,artifacts,future-incompat --emit=dep-info,link -C embed-bitcode=no -C debuginfo=2 --test -C metadata=510753ff1832afd8 -C extra-filename=-510753ff1832afd8 --out-dir /opt/rustwide/target/debug/deps -L dependency=/opt/rustwide/target/debug/deps --extern async_trait=/opt/rustwide/target/debug/deps/libasync_trait-704b92bb6dcf31b8.so --extern csv=/opt/rustwide/target/debug/deps/libcsv-541516acec1fb962.rlib --extern futures=/opt/rustwide/target/debug/deps/libfutures-c942585e6551a766.rlib --extern gluesql_core=/opt/rustwide/target/debug/deps/libgluesql_core-63f2018451c396f5.rlib --extern gluesql_csv_storage=/opt/rustwide/target/debug/deps/libgluesql_csv_storage-2161edc40eb458b1.rlib --extern test_suite=/opt/rustwide/target/debug/deps/libgluesql_test_suite-00a97a32baabacd6.rlib --extern utils=/opt/rustwide/target/debug/deps/libgluesql_utils-a260985be42ef271.rlib --extern rust_decimal=/opt/rustwide/target/debug/deps/librust_decimal-30d7320764deaadc.rlib --extern rust_decimal_macros=/opt/rustwide/target/debug/deps/librust_decimal_macros-ca7e7d63320c5fa8.so --extern serde=/opt/rustwide/target/debug/deps/libserde-4243fd887ab9c7e6.rlib --extern serde_json=/opt/rustwide/target/debug/deps/libserde_json-b8c63570e4c5f99d.rlib --extern thiserror=/opt/rustwide/target/debug/deps/libthiserror-5438ccd7463bcf75.rlib --extern tokio=/opt/rustwide/target/debug/deps/libtokio-561794c9067c42f1.rlib --cap-lints=warn` (signal: 9, SIGKILL: kill)
[INFO] [stdout] error: linking with `cc` failed: exit status: 1
[INFO] [stdout]   |
[INFO] [stdout]   = note: LC_ALL="C" PATH="/opt/rustwide/rustup-home/toolchains/1.75.0-x86_64-unknown-linux-gnu/lib/rustlib/x86_64-unknown-linux-gnu/bin:/opt/rustwide/cargo-home/bin:/usr/local/sbin:/usr/local/bin:/usr/sbin:/usr/bin:/sbin:/bin" VSLANG="1033" "cc" "-m64" "/tmp/rustc6VU9cH/symbols.o" "/opt/rustwide/target/debug/deps/schemaless-8716661fd00dcbc8.schemaless.a50c8374422007fc-cgu.00.rcgu.o" "/opt/rustwide/target/debug/deps/schemaless-8716661fd00dcbc8.schemaless.a50c8374422007fc-cgu.01.rcgu.o" "/opt/rustwide/target/debug/deps/schemaless-8716661fd00dcbc8.schemaless.a50c8374422007fc-cgu.02.rcgu.o" "/opt/rustwide/target/debug/deps/schemaless-8716661fd00dcbc8.schemaless.a50c8374422007fc-cgu.03.rcgu.o" "/opt/rustwide/target/debug/deps/schemaless-8716661fd00dcbc8.schemaless.a50c8374422007fc-cgu.04.rcgu.o" "/opt/rustwide/target/debug/deps/schemaless-8716661fd00dcbc8.schemaless.a50c8374422007fc-cgu.05.rcgu.o" "/opt/rustwide/target/debug/deps/schemaless-8716661fd00dcbc8.schemaless.a50c8374422007fc-cgu.06.rcgu.o" "/opt/rustwide/target/debug/deps/schemaless-8716661fd00dcbc8.schemaless.a50c8374422007fc-cgu.07.rcgu.o" "/opt/rustwide/target/debug/deps/schemaless-8716661fd00dcbc8.schemaless.a50c8374422007fc-cgu.08.rcgu.o" "/opt/rustwide/target/debug/deps/schemaless-8716661fd00dcbc8.schemaless.a50c8374422007fc-cgu.09.rcgu.o" "/opt/rustwide/target/debug/deps/schemaless-8716661fd00dcbc8.schemaless.a50c8374422007fc-cgu.10.rcgu.o" "/opt/rustwide/target/debug/deps/schemaless-8716661fd00dcbc8.schemaless.a50c8374422007fc-cgu.11.rcgu.o" "/opt/rustwide/target/debug/deps/schemaless-8716661fd00dcbc8.schemaless.a50c8374422007fc-cgu.12.rcgu.o" "/opt/rustwide/target/debug/deps/schemaless-8716661fd00dcbc8.schemaless.a50c8374422007fc-cgu.13.rcgu.o" "/opt/rustwide/target/debug/deps/schemaless-8716661fd00dcbc8.schemaless.a50c8374422007fc-cgu.14.rcgu.o" "/opt/rustwide/target/debug/deps/schemaless-8716661fd00dcbc8.schemaless.a50c8374422007fc-cgu.15.rcgu.o" "/opt/rustwide/target/debug/deps/schemaless-8716661fd00dcbc8.4sfqcfg5293q74ct.rcgu.o" "-Wl,--as-needed" "-L" "/opt/rustwide/target/debug/deps" "-L" "/opt/rustwide/rustup-home/toolchains/1.75.0-x86_64-unknown-linux-gnu/lib/rustlib/x86_64-unknown-linux-gnu/lib" "-Wl,-Bstatic" "/opt/rustwide/rustup-home/toolchains/1.75.0-x86_64-unknown-linux-gnu/lib/rustlib/x86_64-unknown-linux-gnu/lib/libtest-3df1bed8075ce1de.rlib" "/opt/rustwide/rustup-home/toolchains/1.75.0-x86_64-unknown-linux-gnu/lib/rustlib/x86_64-unknown-linux-gnu/lib/libgetopts-2076fd86b325cb5d.rlib" "/opt/rustwide/rustup-home/toolchains/1.75.0-x86_64-unknown-linux-gnu/lib/rustlib/x86_64-unknown-linux-gnu/lib/libunicode_width-caa7152ee70c190f.rlib" "/opt/rustwide/rustup-home/toolchains/1.75.0-x86_64-unknown-linux-gnu/lib/rustlib/x86_64-unknown-linux-gnu/lib/librustc_std_workspace_std-04e6425e07f02a3c.rlib" "/opt/rustwide/target/debug/deps/libtokio-561794c9067c42f1.rlib" "/opt/rustwide/target/debug/deps/libgluesql_test_suite-00a97a32baabacd6.rlib" "/opt/rustwide/target/debug/deps/libpretty_assertions-79bd69a9b27d8191.rlib" "/opt/rustwide/target/debug/deps/libdiff-9a7fed0f3ca624f7.rlib" "/opt/rustwide/target/debug/deps/libyansi-84e5ca0e07373032.rlib" "/opt/rustwide/target/debug/deps/libgluesql_csv_storage-2161edc40eb458b1.rlib" "/opt/rustwide/target/debug/deps/libcsv-541516acec1fb962.rlib" "/opt/rustwide/target/debug/deps/libcsv_core-b4b80b32c3f50adb.rlib" "/opt/rustwide/target/debug/deps/libgluesql_core-63f2018451c396f5.rlib" "/opt/rustwide/target/debug/deps/libhex-05644b5497b79c5b.rlib" "/opt/rustwide/target/debug/deps/librand-6685b980a9e9ee7c.rlib" "/opt/rustwide/target/debug/deps/librand_chacha-843a97edf8b29758.rlib" "/opt/rustwide/target/debug/deps/libppv_lite86-9f808eb911999ef2.rlib" "/opt/rustwide/target/debug/deps/libmd5-4eb6f21a67579e49.rlib" "/opt/rustwide/target/debug/deps/libdigest-de2dc59efd15c225.rlib" "/opt/rustwide/target/debug/deps/libblock_buffer-7e9270fb9b7ff635.rlib" "/opt/rustwide/target/debug/deps/libcrypto_common-145014adf1649651.rlib" "/opt/rustwide/target/debug/deps/libgeneric_array-18b3188a0c567140.rlib" "/opt/rustwide/target/debug/deps/libgluesql_utils-a260985be42ef271.rlib" "/opt/rustwide/target/debug/deps/libpin_project-b9839f3ef3d9aaa4.rlib" "/opt/rustwide/target/debug/deps/libindexmap-7b2113ac7fccbab6.rlib" "/opt/rustwide/target/debug/deps/libhashbrown-567986452cb9bc94.rlib" "/opt/rustwide/target/debug/deps/libim_rc-d13067b8812b59b5.rlib" "/opt/rustwide/target/debug/deps/librand_xoshiro-599b72d92418cb14.rlib" "/opt/rustwide/target/debug/deps/librand_core-6fa27236058cb8c8.rlib" "/opt/rustwide/target/debug/deps/libsized_chunks-93436f4438423bdd.rlib" "/opt/rustwide/target/debug/deps/libbitmaps-91c790d1d01de74b.rlib" "/opt/rustwide/target/debug/deps/libtypenum-da95465dc70d2c95.rlib" "/opt/rustwide/target/debug/deps/libserde_json-b8c63570e4c5f99d.rlib" "/opt/rustwide/target/debug/deps/libryu-5f304b1b6393964f.rlib" "/opt/rustwide/target/debug/deps/libitoa-5f181af53b99b92c.rlib" "/opt/rustwide/target/debug/deps/libuuid-f64568dfe4d48e6c.rlib" "/opt/rustwide/target/debug/deps/libgetrandom-c78bd293558182e6.rlib" "/opt/rustwide/target/debug/deps/liblibc-b911f0b3efb8300e.rlib" "/opt/rustwide/target/debug/deps/libcfg_if-61dc7a6799e72b18.rlib" "/opt/rustwide/target/debug/deps/libregex-3fdc9a8f6eaf81cf.rlib" "/opt/rustwide/target/debug/deps/libregex_automata-7e239e4b359aa58c.rlib" "/opt/rustwide/target/debug/deps/libaho_corasick-c461b2416345444e.rlib" "/opt/rustwide/target/debug/deps/libregex_syntax-e4dd3c3a3cb10e1d.rlib" "/opt/rustwide/target/debug/deps/libordered_float-e31e86c63995c668.rlib" "/opt/rustwide/target/debug/deps/librust_decimal-30d7320764deaadc.rlib" "/opt/rustwide/target/debug/deps/libarrayvec-89a139d8c5aeb27d.rlib" "/opt/rustwide/target/debug/deps/libitertools-d23258e09cafc198.rlib" "/opt/rustwide/target/debug/deps/libeither-133233cc595b9fa0.rlib" "/opt/rustwide/target/debug/deps/libthiserror-5438ccd7463bcf75.rlib" "/opt/rustwide/target/debug/deps/libfutures-c942585e6551a766.rlib" "/opt/rustwide/target/debug/deps/libfutures_executor-089f062cf30b60a2.rlib" "/opt/rustwide/target/debug/deps/libfutures_util-054f7feaf0e6424a.rlib" "/opt/rustwide/target/debug/deps/libmemchr-94009dd89ebb9d8d.rlib" "/opt/rustwide/target/debug/deps/libfutures_io-06ca5b85b7f1c406.rlib" "/opt/rustwide/target/debug/deps/libslab-6eb39baadbe9101c.rlib" "/opt/rustwide/target/debug/deps/libfutures_channel-53f0ed2f748347d4.rlib" "/opt/rustwide/target/debug/deps/libpin_project_lite-e0757e0deaa2f8a0.rlib" "/opt/rustwide/target/debug/deps/libfutures_sink-50fc48ec23ff5f80.rlib" "/opt/rustwide/target/debug/deps/libfutures_task-c1403167034c79e1.rlib" "/opt/rustwide/target/debug/deps/libpin_utils-741f7d9d160e4a16.rlib" "/opt/rustwide/target/debug/deps/libfutures_core-408247f29faf1ec8.rlib" "/opt/rustwide/target/debug/deps/libsqlparser-9089e6ae6d625d25.rlib" "/opt/rustwide/target/debug/deps/liblog-4f472032e8cdd371.rlib" "/opt/rustwide/target/debug/deps/libbigdecimal-8b36aeaf47fd7ae0.rlib" "/opt/rustwide/target/debug/deps/liblibm-86e0518b70fd2a45.rlib" "/opt/rustwide/target/debug/deps/libnum_bigint-fb3e052f5073d45b.rlib" "/opt/rustwide/target/debug/deps/libnum_integer-94f4e0749f0861fa.rlib" "/opt/rustwide/target/debug/deps/libchrono-c974f7c2ebbbca16.rlib" "/opt/rustwide/target/debug/deps/libnum_traits-06726977a85ebb76.rlib" "/opt/rustwide/target/debug/deps/libiana_time_zone-528d9768cce5eb89.rlib" "/opt/rustwide/target/debug/deps/libserde-4243fd887ab9c7e6.rlib" "/opt/rustwide/rustup-home/toolchains/1.75.0-x86_64-unknown-linux-gnu/lib/rustlib/x86_64-unknown-linux-gnu/lib/libstd-90f6ddbf82de36ec.rlib" "/opt/rustwide/rustup-home/toolchains/1.75.0-x86_64-unknown-linux-gnu/lib/rustlib/x86_64-unknown-linux-gnu/lib/libpanic_unwind-480c41e9d4e1f677.rlib" "/opt/rustwide/rustup-home/toolchains/1.75.0-x86_64-unknown-linux-gnu/lib/rustlib/x86_64-unknown-linux-gnu/lib/libobject-db744c0ca03eed1d.rlib" "/opt/rustwide/rustup-home/toolchains/1.75.0-x86_64-unknown-linux-gnu/lib/rustlib/x86_64-unknown-linux-gnu/lib/libmemchr-8ba652dc7d4b285a.rlib" "/opt/rustwide/rustup-home/toolchains/1.75.0-x86_64-unknown-linux-gnu/lib/rustlib/x86_64-unknown-linux-gnu/lib/libaddr2line-d5f4520a9ebc0d58.rlib" "/opt/rustwide/rustup-home/toolchains/1.75.0-x86_64-unknown-linux-gnu/lib/rustlib/x86_64-unknown-linux-gnu/lib/libgimli-4ad84de58f0cb463.rlib" "/opt/rustwide/rustup-home/toolchains/1.75.0-x86_64-unknown-linux-gnu/lib/rustlib/x86_64-unknown-linux-gnu/lib/librustc_demangle-0d10aae2e0f38735.rlib" "/opt/rustwide/rustup-home/toolchains/1.75.0-x86_64-unknown-linux-gnu/lib/rustlib/x86_64-unknown-linux-gnu/lib/libstd_detect-0c17cff739e6745b.rlib" "/opt/rustwide/rustup-home/toolchains/1.75.0-x86_64-unknown-linux-gnu/lib/rustlib/x86_64-unknown-linux-gnu/lib/libhashbrown-b29e17139dde1aa8.rlib" "/opt/rustwide/rustup-home/toolchains/1.75.0-x86_64-unknown-linux-gnu/lib/rustlib/x86_64-unknown-linux-gnu/lib/librustc_std_workspace_alloc-1f975299829cc7bd.rlib" "/opt/rustwide/rustup-home/toolchains/1.75.0-x86_64-unknown-linux-gnu/lib/rustlib/x86_64-unknown-linux-gnu/lib/libminiz_oxide-86bae3bc3079f89b.rlib" "/opt/rustwide/rustup-home/toolchains/1.75.0-x86_64-unknown-linux-gnu/lib/rustlib/x86_64-unknown-linux-gnu/lib/libadler-321b82c30dffdf5f.rlib" "/opt/rustwide/rustup-home/toolchains/1.75.0-x86_64-unknown-linux-gnu/lib/rustlib/x86_64-unknown-linux-gnu/lib/libunwind-3dd8a6810a0bdfef.rlib" "/opt/rustwide/rustup-home/toolchains/1.75.0-x86_64-unknown-linux-gnu/lib/rustlib/x86_64-unknown-linux-gnu/lib/libcfg_if-eb39a61c0c879984.rlib" "/opt/rustwide/rustup-home/toolchains/1.75.0-x86_64-unknown-linux-gnu/lib/rustlib/x86_64-unknown-linux-gnu/lib/liblibc-aa769569f91c3548.rlib" "/opt/rustwide/rustup-home/toolchains/1.75.0-x86_64-unknown-linux-gnu/lib/rustlib/x86_64-unknown-linux-gnu/lib/liballoc-510a192a50a983ed.rlib" "/opt/rustwide/rustup-home/toolchains/1.75.0-x86_64-unknown-linux-gnu/lib/rustlib/x86_64-unknown-linux-gnu/lib/librustc_std_workspace_core-0577018320f99037.rlib" "/opt/rustwide/rustup-home/toolchains/1.75.0-x86_64-unknown-linux-gnu/lib/rustlib/x86_64-unknown-linux-gnu/lib/libcore-193cf992125ccd4c.rlib" "/opt/rustwide/rustup-home/toolchains/1.75.0-x86_64-unknown-linux-gnu/lib/rustlib/x86_64-unknown-linux-gnu/lib/libcompiler_builtins-8e138eaf26ebb4a8.rlib" "-Wl,-Bdynamic" "-lc" "-lm" "-lrt" "-lpthread" "-lgcc_s" "-lutil" "-lrt" "-lpthread" "-lm" "-ldl" "-lc" "-Wl,--eh-frame-hdr" "-Wl,-z,noexecstack" "-L" "/opt/rustwide/rustup-home/toolchains/1.75.0-x86_64-unknown-linux-gnu/lib/rustlib/x86_64-unknown-linux-gnu/lib" "-o" "/opt/rustwide/target/debug/deps/schemaless-8716661fd00dcbc8" "-Wl,--gc-sections" "-pie" "-Wl,-z,relro,-z,now" "-nodefaultlibs"
[INFO] [stdout]   = note: collect2: fatal error: ld terminated with signal 9 [Killed]
[INFO] [stdout]           compilation terminated.
[INFO] [stdout]           
[INFO] [stdout] 
[INFO] [stdout] 
[INFO] [stdout] error: aborting due to previous error
[INFO] [stdout] 
[INFO] [stdout] 
[INFO] [stderr] error: could not compile `gluesql-csv-storage` (test "schemaless") due to 2 previous errors
[INFO] running `Command { std: "docker" "inspect" "e3f23acd82d1475e0e1839eb6a5d77878efb28b5034ca5d096cf655a2c168f26", kill_on_drop: false }`
[INFO] running `Command { std: "docker" "rm" "-f" "e3f23acd82d1475e0e1839eb6a5d77878efb28b5034ca5d096cf655a2c168f26", kill_on_drop: false }`
[INFO] [stdout] e3f23acd82d1475e0e1839eb6a5d77878efb28b5034ca5d096cf655a2c168f26
[INFO] testing gluesql-csv-storage-0.15.0 against beta-2023-12-22 for beta-1.76-1
[INFO] extracting crate gluesql-csv-storage 0.15.0 into /workspace/builds/worker-7-tc2/source
[INFO] validating manifest of crates.io crate gluesql-csv-storage 0.15.0 on toolchain beta-2023-12-22
[INFO] running `Command { std: CARGO_HOME="/workspace/cargo-home" RUSTUP_HOME="/workspace/rustup-home" "/workspace/cargo-home/bin/cargo" "+beta-2023-12-22" "metadata" "--manifest-path" "Cargo.toml" "--no-deps", kill_on_drop: false }`
[INFO] started tweaking crates.io crate gluesql-csv-storage 0.15.0
[INFO] finished tweaking crates.io crate gluesql-csv-storage 0.15.0
[INFO] tweaked toml for crates.io crate gluesql-csv-storage 0.15.0 written to /workspace/builds/worker-7-tc2/source/Cargo.toml
[INFO] running `Command { std: CARGO_HOME="/workspace/cargo-home" RUSTUP_HOME="/workspace/rustup-home" "/workspace/cargo-home/bin/cargo" "+beta-2023-12-22" "generate-lockfile" "--manifest-path" "Cargo.toml", kill_on_drop: false }`
[INFO] [stderr]     Updating crates.io index
[INFO] running `Command { std: CARGO_HOME="/workspace/cargo-home" RUSTUP_HOME="/workspace/rustup-home" "/workspace/cargo-home/bin/cargo" "+beta-2023-12-22" "fetch" "--manifest-path" "Cargo.toml", kill_on_drop: false }`
[INFO] [stderr]     Blocking waiting for file lock on package cache
[INFO] [stderr]     Blocking waiting for file lock on package cache
[INFO] running `Command { std: "docker" "create" "-v" "/var/lib/crater-agent-workspace/builds/worker-7-tc2/target:/opt/rustwide/target:rw,Z" "-v" "/var/lib/crater-agent-workspace/builds/worker-7-tc2/source:/opt/rustwide/workdir:ro,Z" "-v" "/var/lib/crater-agent-workspace/cargo-home:/opt/rustwide/cargo-home:ro,Z" "-v" "/var/lib/crater-agent-workspace/rustup-home:/opt/rustwide/rustup-home:ro,Z" "-e" "SOURCE_DIR=/opt/rustwide/workdir" "-e" "CARGO_TARGET_DIR=/opt/rustwide/target" "-e" "CARGO_HOME=/opt/rustwide/cargo-home" "-e" "RUSTUP_HOME=/opt/rustwide/rustup-home" "-w" "/opt/rustwide/workdir" "-m" "1610612736" "--user" "0:0" "--network" "none" "ghcr.io/rust-lang/crates-build-env/linux@sha256:2788e3201cd34a07e3172128adcd8b3090168a8e3bcc40d7c032b9dda1df7d1c" "/opt/rustwide/cargo-home/bin/cargo" "+beta-2023-12-22" "metadata" "--no-deps" "--format-version=1", kill_on_drop: false }`
[INFO] [stdout] 4a0d6e37bc478c99d2e3d498ffadd3e165dec03f45936e5971d0d1a0831eb802
[INFO] running `Command { std: "docker" "start" "-a" "4a0d6e37bc478c99d2e3d498ffadd3e165dec03f45936e5971d0d1a0831eb802", kill_on_drop: false }`
[INFO] running `Command { std: "docker" "inspect" "4a0d6e37bc478c99d2e3d498ffadd3e165dec03f45936e5971d0d1a0831eb802", kill_on_drop: false }`
[INFO] running `Command { std: "docker" "rm" "-f" "4a0d6e37bc478c99d2e3d498ffadd3e165dec03f45936e5971d0d1a0831eb802", kill_on_drop: false }`
[INFO] [stdout] 4a0d6e37bc478c99d2e3d498ffadd3e165dec03f45936e5971d0d1a0831eb802
[INFO] running `Command { std: "docker" "create" "-v" "/var/lib/crater-agent-workspace/builds/worker-7-tc2/target:/opt/rustwide/target:rw,Z" "-v" "/var/lib/crater-agent-workspace/builds/worker-7-tc2/source:/opt/rustwide/workdir:ro,Z" "-v" "/var/lib/crater-agent-workspace/cargo-home:/opt/rustwide/cargo-home:ro,Z" "-v" "/var/lib/crater-agent-workspace/rustup-home:/opt/rustwide/rustup-home:ro,Z" "-e" "SOURCE_DIR=/opt/rustwide/workdir" "-e" "CARGO_TARGET_DIR=/opt/rustwide/target" "-e" "CARGO_INCREMENTAL=0" "-e" "RUST_BACKTRACE=full" "-e" "RUSTFLAGS=--cap-lints=warn" "-e" "RUSTDOCFLAGS=--cap-lints=warn" "-e" "CARGO_HOME=/opt/rustwide/cargo-home" "-e" "RUSTUP_HOME=/opt/rustwide/rustup-home" "-w" "/opt/rustwide/workdir" "-m" "1610612736" "--user" "0:0" "--network" "none" "ghcr.io/rust-lang/crates-build-env/linux@sha256:2788e3201cd34a07e3172128adcd8b3090168a8e3bcc40d7c032b9dda1df7d1c" "/opt/rustwide/cargo-home/bin/cargo" "+beta-2023-12-22" "build" "--frozen" "--message-format=json", kill_on_drop: false }`
[INFO] [stdout] e9db541ca96afee7cf62326a2928b0bc53a16b3a2d219be71d608c23697b68ef
[INFO] running `Command { std: "docker" "start" "-a" "e9db541ca96afee7cf62326a2928b0bc53a16b3a2d219be71d608c23697b68ef", kill_on_drop: false }`
[INFO] [stderr]    Compiling futures-core v0.3.30
[INFO] [stderr]    Compiling futures-sink v0.3.30
[INFO] [stderr]    Compiling syn v1.0.109
[INFO] [stderr]    Compiling num-traits v0.2.17
[INFO] [stderr]    Compiling serde v1.0.194
[INFO] [stderr]    Compiling libc v0.2.151
[INFO] [stderr]    Compiling num-bigint v0.4.4
[INFO] [stderr]    Compiling libm v0.2.8
[INFO] [stderr]    Compiling bigdecimal v0.4.2
[INFO] [stderr]    Compiling syn v2.0.48
[INFO] [stderr]    Compiling bitmaps v2.1.0
[INFO] [stderr]    Compiling crypto-common v0.1.6
[INFO] [stderr]    Compiling im-rc v15.1.0
[INFO] [stderr]    Compiling rust_decimal v1.33.1
[INFO] [stderr]    Compiling serde_json v1.0.111
[INFO] [stderr]    Compiling futures-channel v0.3.30
[INFO] [stderr]    Compiling iana-time-zone v0.1.59
[INFO] [stderr]    Compiling arrayvec v0.7.4
[INFO] [stderr]    Compiling digest v0.10.7
[INFO] [stderr]    Compiling csv-core v0.1.11
[INFO] [stderr]    Compiling md-5 v0.10.6
[INFO] [stderr]    Compiling getrandom v0.2.11
[INFO] [stderr]    Compiling sized-chunks v0.6.5
[INFO] [stderr]    Compiling rand_core v0.6.4
[INFO] [stderr]    Compiling uuid v1.6.1
[INFO] [stderr]    Compiling rand_chacha v0.3.1
[INFO] [stderr]    Compiling rand_xoshiro v0.6.0
[INFO] [stderr]    Compiling rand v0.8.5
[INFO] [stderr]    Compiling num-integer v0.1.45
[INFO] [stderr]    Compiling derive_utils v0.13.2
[INFO] [stderr]    Compiling toml v0.5.11
[INFO] [stderr]    Compiling derive_utils v0.11.2
[INFO] [stderr]    Compiling serde_derive v1.0.194
[INFO] [stderr]    Compiling futures-macro v0.3.30
[INFO] [stderr]    Compiling pin-project-internal v1.1.3
[INFO] [stderr]    Compiling thiserror-impl v1.0.56
[INFO] [stderr]    Compiling async-recursion v1.0.5
[INFO] [stderr]    Compiling iter-enum v1.1.1
[INFO] [stderr]    Compiling async-trait v0.1.77
[INFO] [stderr]    Compiling find-crate v0.6.3
[INFO] [stderr]    Compiling strum_macros v0.24.3
[INFO] [stderr]    Compiling futures-enum v0.1.17
[INFO] [stderr]    Compiling futures-util v0.3.30
[INFO] [stderr]    Compiling pin-project v1.1.3
[INFO] [stderr]    Compiling thiserror v1.0.56
[INFO] [stderr]    Compiling futures-executor v0.3.30
[INFO] [stderr]    Compiling futures v0.3.30
[INFO] [stderr]    Compiling gluesql-utils v0.15.0
[INFO] [stderr]    Compiling ordered-float v3.9.2
[INFO] [stderr]    Compiling chrono v0.4.31
[INFO] [stderr]    Compiling csv v1.3.0
[INFO] [stderr]    Compiling sqlparser v0.36.1
[INFO] [stderr]    Compiling gluesql-core v0.15.0
[INFO] [stderr]    Compiling gluesql-csv-storage v0.15.0 (/opt/rustwide/workdir)
[INFO] [stderr]     Finished dev [unoptimized + debuginfo] target(s) in 28.94s
[INFO] running `Command { std: "docker" "inspect" "e9db541ca96afee7cf62326a2928b0bc53a16b3a2d219be71d608c23697b68ef", kill_on_drop: false }`
[INFO] running `Command { std: "docker" "rm" "-f" "e9db541ca96afee7cf62326a2928b0bc53a16b3a2d219be71d608c23697b68ef", kill_on_drop: false }`
[INFO] [stdout] e9db541ca96afee7cf62326a2928b0bc53a16b3a2d219be71d608c23697b68ef
[INFO] running `Command { std: "docker" "create" "-v" "/var/lib/crater-agent-workspace/builds/worker-7-tc2/target:/opt/rustwide/target:rw,Z" "-v" "/var/lib/crater-agent-workspace/builds/worker-7-tc2/source:/opt/rustwide/workdir:ro,Z" "-v" "/var/lib/crater-agent-workspace/cargo-home:/opt/rustwide/cargo-home:ro,Z" "-v" "/var/lib/crater-agent-workspace/rustup-home:/opt/rustwide/rustup-home:ro,Z" "-e" "SOURCE_DIR=/opt/rustwide/workdir" "-e" "CARGO_TARGET_DIR=/opt/rustwide/target" "-e" "CARGO_INCREMENTAL=0" "-e" "RUST_BACKTRACE=full" "-e" "RUSTFLAGS=--cap-lints=warn" "-e" "RUSTDOCFLAGS=--cap-lints=warn" "-e" "CARGO_HOME=/opt/rustwide/cargo-home" "-e" "RUSTUP_HOME=/opt/rustwide/rustup-home" "-w" "/opt/rustwide/workdir" "-m" "1610612736" "--user" "0:0" "--network" "none" "ghcr.io/rust-lang/crates-build-env/linux@sha256:2788e3201cd34a07e3172128adcd8b3090168a8e3bcc40d7c032b9dda1df7d1c" "/opt/rustwide/cargo-home/bin/cargo" "+beta-2023-12-22" "test" "--frozen" "--no-run" "--message-format=json", kill_on_drop: false }`
[INFO] [stdout] 43590f1643320d2432ccd038e8192bb8a26514523635c14ff434857389112f79
[INFO] running `Command { std: "docker" "start" "-a" "43590f1643320d2432ccd038e8192bb8a26514523635c14ff434857389112f79", kill_on_drop: false }`
[INFO] [stderr]    Compiling num-traits v0.2.17
[INFO] [stderr]    Compiling rust_decimal v1.33.1
[INFO] [stderr]    Compiling diff v0.1.13
[INFO] [stderr]    Compiling arrayvec v0.7.4
[INFO] [stderr]    Compiling yansi v0.5.1
[INFO] [stderr]    Compiling tokio-macros v2.2.0
[INFO] [stderr]    Compiling pretty_assertions v1.4.0
[INFO] [stderr]    Compiling gluesql-test-suite v0.15.0
[INFO] [stderr]    Compiling tokio v1.35.1
[INFO] [stderr]    Compiling rust_decimal_macros v1.33.1
[INFO] [stderr]    Compiling gluesql-csv-storage v0.15.0 (/opt/rustwide/workdir)
[INFO] [stderr] error: could not compile `gluesql-csv-storage` (test "schemaless")
[INFO] [stderr] 
[INFO] [stderr] Caused by:
[INFO] [stderr]   process didn't exit successfully: `/opt/rustwide/rustup-home/toolchains/beta-2023-12-22-x86_64-unknown-linux-gnu/bin/rustc --crate-name schemaless --edition=2021 tests/schemaless.rs --error-format=json --json=diagnostic-rendered-ansi,artifacts,future-incompat --emit=dep-info,link -C embed-bitcode=no -C debuginfo=2 --test -C metadata=631ddc1a493e77a2 -C extra-filename=-631ddc1a493e77a2 --out-dir /opt/rustwide/target/debug/deps -L dependency=/opt/rustwide/target/debug/deps --extern async_trait=/opt/rustwide/target/debug/deps/libasync_trait-92ece615649d3d09.so --extern csv=/opt/rustwide/target/debug/deps/libcsv-dc6cfa8cf0613b79.rlib --extern futures=/opt/rustwide/target/debug/deps/libfutures-419012a4c86ed9eb.rlib --extern gluesql_core=/opt/rustwide/target/debug/deps/libgluesql_core-fee192f29a29542b.rlib --extern gluesql_csv_storage=/opt/rustwide/target/debug/deps/libgluesql_csv_storage-8516d32810a23f4e.rlib --extern test_suite=/opt/rustwide/target/debug/deps/libgluesql_test_suite-47be346db663ad6a.rlib --extern utils=/opt/rustwide/target/debug/deps/libgluesql_utils-c55d03e6c4381069.rlib --extern rust_decimal=/opt/rustwide/target/debug/deps/librust_decimal-0476f6ad499c64fc.rlib --extern rust_decimal_macros=/opt/rustwide/target/debug/deps/librust_decimal_macros-db87f251706e31dc.so --extern serde=/opt/rustwide/target/debug/deps/libserde-f3c46586a6ad71f1.rlib --extern serde_json=/opt/rustwide/target/debug/deps/libserde_json-bef4c063d498986b.rlib --extern thiserror=/opt/rustwide/target/debug/deps/libthiserror-f0bb31ac8df14d4b.rlib --extern tokio=/opt/rustwide/target/debug/deps/libtokio-4f20f92ad3a7de83.rlib --cap-lints=warn` (signal: 9, SIGKILL: kill)
[INFO] [stderr] warning: build failed, waiting for other jobs to finish...
[INFO] [stderr] error: could not compile `gluesql-csv-storage` (test "schemaless_without_types")
[INFO] [stderr] 
[INFO] [stderr] Caused by:
[INFO] [stderr]   process didn't exit successfully: `/opt/rustwide/rustup-home/toolchains/beta-2023-12-22-x86_64-unknown-linux-gnu/bin/rustc --crate-name schemaless_without_types --edition=2021 tests/schemaless_without_types.rs --error-format=json --json=diagnostic-rendered-ansi,artifacts,future-incompat --emit=dep-info,link -C embed-bitcode=no -C debuginfo=2 --test -C metadata=6950526bcfa1821c -C extra-filename=-6950526bcfa1821c --out-dir /opt/rustwide/target/debug/deps -L dependency=/opt/rustwide/target/debug/deps --extern async_trait=/opt/rustwide/target/debug/deps/libasync_trait-92ece615649d3d09.so --extern csv=/opt/rustwide/target/debug/deps/libcsv-dc6cfa8cf0613b79.rlib --extern futures=/opt/rustwide/target/debug/deps/libfutures-419012a4c86ed9eb.rlib --extern gluesql_core=/opt/rustwide/target/debug/deps/libgluesql_core-fee192f29a29542b.rlib --extern gluesql_csv_storage=/opt/rustwide/target/debug/deps/libgluesql_csv_storage-8516d32810a23f4e.rlib --extern test_suite=/opt/rustwide/target/debug/deps/libgluesql_test_suite-47be346db663ad6a.rlib --extern utils=/opt/rustwide/target/debug/deps/libgluesql_utils-c55d03e6c4381069.rlib --extern rust_decimal=/opt/rustwide/target/debug/deps/librust_decimal-0476f6ad499c64fc.rlib --extern rust_decimal_macros=/opt/rustwide/target/debug/deps/librust_decimal_macros-db87f251706e31dc.so --extern serde=/opt/rustwide/target/debug/deps/libserde-f3c46586a6ad71f1.rlib --extern serde_json=/opt/rustwide/target/debug/deps/libserde_json-bef4c063d498986b.rlib --extern thiserror=/opt/rustwide/target/debug/deps/libthiserror-f0bb31ac8df14d4b.rlib --extern tokio=/opt/rustwide/target/debug/deps/libtokio-4f20f92ad3a7de83.rlib --cap-lints=warn` (signal: 9, SIGKILL: kill)
[INFO] [stderr] error: could not compile `gluesql-csv-storage` (test "csv_storage")
[INFO] [stderr] 
[INFO] [stderr] Caused by:
[INFO] [stderr]   process didn't exit successfully: `/opt/rustwide/rustup-home/toolchains/beta-2023-12-22-x86_64-unknown-linux-gnu/bin/rustc --crate-name csv_storage --edition=2021 tests/csv_storage.rs --error-format=json --json=diagnostic-rendered-ansi,artifacts,future-incompat --emit=dep-info,link -C embed-bitcode=no -C debuginfo=2 --test -C metadata=e29f23559ad7c63e -C extra-filename=-e29f23559ad7c63e --out-dir /opt/rustwide/target/debug/deps -L dependency=/opt/rustwide/target/debug/deps --extern async_trait=/opt/rustwide/target/debug/deps/libasync_trait-92ece615649d3d09.so --extern csv=/opt/rustwide/target/debug/deps/libcsv-dc6cfa8cf0613b79.rlib --extern futures=/opt/rustwide/target/debug/deps/libfutures-419012a4c86ed9eb.rlib --extern gluesql_core=/opt/rustwide/target/debug/deps/libgluesql_core-fee192f29a29542b.rlib --extern gluesql_csv_storage=/opt/rustwide/target/debug/deps/libgluesql_csv_storage-8516d32810a23f4e.rlib --extern test_suite=/opt/rustwide/target/debug/deps/libgluesql_test_suite-47be346db663ad6a.rlib --extern utils=/opt/rustwide/target/debug/deps/libgluesql_utils-c55d03e6c4381069.rlib --extern rust_decimal=/opt/rustwide/target/debug/deps/librust_decimal-0476f6ad499c64fc.rlib --extern rust_decimal_macros=/opt/rustwide/target/debug/deps/librust_decimal_macros-db87f251706e31dc.so --extern serde=/opt/rustwide/target/debug/deps/libserde-f3c46586a6ad71f1.rlib --extern serde_json=/opt/rustwide/target/debug/deps/libserde_json-bef4c063d498986b.rlib --extern thiserror=/opt/rustwide/target/debug/deps/libthiserror-f0bb31ac8df14d4b.rlib --extern tokio=/opt/rustwide/target/debug/deps/libtokio-4f20f92ad3a7de83.rlib --cap-lints=warn` (signal: 9, SIGKILL: kill)
[INFO] [stderr] error: could not compile `gluesql-csv-storage` (test "types_only")
[INFO] [stderr] 
[INFO] [stderr] Caused by:
[INFO] [stderr]   process didn't exit successfully: `/opt/rustwide/rustup-home/toolchains/beta-2023-12-22-x86_64-unknown-linux-gnu/bin/rustc --crate-name types_only --edition=2021 tests/types_only.rs --error-format=json --json=diagnostic-rendered-ansi,artifacts,future-incompat --emit=dep-info,link -C embed-bitcode=no -C debuginfo=2 --test -C metadata=523157d3a9a92993 -C extra-filename=-523157d3a9a92993 --out-dir /opt/rustwide/target/debug/deps -L dependency=/opt/rustwide/target/debug/deps --extern async_trait=/opt/rustwide/target/debug/deps/libasync_trait-92ece615649d3d09.so --extern csv=/opt/rustwide/target/debug/deps/libcsv-dc6cfa8cf0613b79.rlib --extern futures=/opt/rustwide/target/debug/deps/libfutures-419012a4c86ed9eb.rlib --extern gluesql_core=/opt/rustwide/target/debug/deps/libgluesql_core-fee192f29a29542b.rlib --extern gluesql_csv_storage=/opt/rustwide/target/debug/deps/libgluesql_csv_storage-8516d32810a23f4e.rlib --extern test_suite=/opt/rustwide/target/debug/deps/libgluesql_test_suite-47be346db663ad6a.rlib --extern utils=/opt/rustwide/target/debug/deps/libgluesql_utils-c55d03e6c4381069.rlib --extern rust_decimal=/opt/rustwide/target/debug/deps/librust_decimal-0476f6ad499c64fc.rlib --extern rust_decimal_macros=/opt/rustwide/target/debug/deps/librust_decimal_macros-db87f251706e31dc.so --extern serde=/opt/rustwide/target/debug/deps/libserde-f3c46586a6ad71f1.rlib --extern serde_json=/opt/rustwide/target/debug/deps/libserde_json-bef4c063d498986b.rlib --extern thiserror=/opt/rustwide/target/debug/deps/libthiserror-f0bb31ac8df14d4b.rlib --extern tokio=/opt/rustwide/target/debug/deps/libtokio-4f20f92ad3a7de83.rlib --cap-lints=warn` (signal: 9, SIGKILL: kill)
[INFO] [stdout] error: linking with `cc` failed: exit status: 1
[INFO] [stdout]   |
[INFO] [stdout]   = note: LC_ALL="C" PATH="/opt/rustwide/rustup-home/toolchains/beta-2023-12-22-x86_64-unknown-linux-gnu/lib/rustlib/x86_64-unknown-linux-gnu/bin:/opt/rustwide/cargo-home/bin:/usr/local/sbin:/usr/local/bin:/usr/sbin:/usr/bin:/sbin:/bin" VSLANG="1033" "cc" "-m64" "/tmp/rustccvKgnf/symbols.o" "/opt/rustwide/target/debug/deps/error-84f89c2c49db2b1a.error.cc647bcbd0e8a340-cgu.00.rcgu.o" "/opt/rustwide/target/debug/deps/error-84f89c2c49db2b1a.error.cc647bcbd0e8a340-cgu.01.rcgu.o" "/opt/rustwide/target/debug/deps/error-84f89c2c49db2b1a.error.cc647bcbd0e8a340-cgu.02.rcgu.o" "/opt/rustwide/target/debug/deps/error-84f89c2c49db2b1a.error.cc647bcbd0e8a340-cgu.03.rcgu.o" "/opt/rustwide/target/debug/deps/error-84f89c2c49db2b1a.error.cc647bcbd0e8a340-cgu.04.rcgu.o" "/opt/rustwide/target/debug/deps/error-84f89c2c49db2b1a.error.cc647bcbd0e8a340-cgu.05.rcgu.o" "/opt/rustwide/target/debug/deps/error-84f89c2c49db2b1a.error.cc647bcbd0e8a340-cgu.06.rcgu.o" "/opt/rustwide/target/debug/deps/error-84f89c2c49db2b1a.error.cc647bcbd0e8a340-cgu.07.rcgu.o" "/opt/rustwide/target/debug/deps/error-84f89c2c49db2b1a.error.cc647bcbd0e8a340-cgu.08.rcgu.o" "/opt/rustwide/target/debug/deps/error-84f89c2c49db2b1a.error.cc647bcbd0e8a340-cgu.09.rcgu.o" "/opt/rustwide/target/debug/deps/error-84f89c2c49db2b1a.error.cc647bcbd0e8a340-cgu.10.rcgu.o" "/opt/rustwide/target/debug/deps/error-84f89c2c49db2b1a.error.cc647bcbd0e8a340-cgu.11.rcgu.o" "/opt/rustwide/target/debug/deps/error-84f89c2c49db2b1a.error.cc647bcbd0e8a340-cgu.12.rcgu.o" "/opt/rustwide/target/debug/deps/error-84f89c2c49db2b1a.error.cc647bcbd0e8a340-cgu.13.rcgu.o" "/opt/rustwide/target/debug/deps/error-84f89c2c49db2b1a.error.cc647bcbd0e8a340-cgu.14.rcgu.o" "/opt/rustwide/target/debug/deps/error-84f89c2c49db2b1a.error.cc647bcbd0e8a340-cgu.15.rcgu.o" "/opt/rustwide/target/debug/deps/error-84f89c2c49db2b1a.3hepvtfrnqjwd2wx.rcgu.o" "-Wl,--as-needed" "-L" "/opt/rustwide/target/debug/deps" "-L" "/opt/rustwide/rustup-home/toolchains/beta-2023-12-22-x86_64-unknown-linux-gnu/lib/rustlib/x86_64-unknown-linux-gnu/lib" "-Wl,-Bstatic" "/opt/rustwide/rustup-home/toolchains/beta-2023-12-22-x86_64-unknown-linux-gnu/lib/rustlib/x86_64-unknown-linux-gnu/lib/libtest-cbab71697df97b00.rlib" "/opt/rustwide/rustup-home/toolchains/beta-2023-12-22-x86_64-unknown-linux-gnu/lib/rustlib/x86_64-unknown-linux-gnu/lib/libgetopts-2a2cf8f16c536007.rlib" "/opt/rustwide/rustup-home/toolchains/beta-2023-12-22-x86_64-unknown-linux-gnu/lib/rustlib/x86_64-unknown-linux-gnu/lib/libunicode_width-c5f3cc3cceaf9070.rlib" "/opt/rustwide/rustup-home/toolchains/beta-2023-12-22-x86_64-unknown-linux-gnu/lib/rustlib/x86_64-unknown-linux-gnu/lib/librustc_std_workspace_std-a31324ec815b09db.rlib" "/opt/rustwide/target/debug/deps/libtokio-4f20f92ad3a7de83.rlib" "/opt/rustwide/target/debug/deps/libgluesql_csv_storage-8516d32810a23f4e.rlib" "/opt/rustwide/target/debug/deps/libcsv-dc6cfa8cf0613b79.rlib" "/opt/rustwide/target/debug/deps/libcsv_core-d58bb5559c5db158.rlib" "/opt/rustwide/target/debug/deps/libgluesql_core-fee192f29a29542b.rlib" "/opt/rustwide/target/debug/deps/libhex-bf5d7c1623e40692.rlib" "/opt/rustwide/target/debug/deps/librand-570f730dcf05391c.rlib" "/opt/rustwide/target/debug/deps/librand_chacha-9e89102445ac5d69.rlib" "/opt/rustwide/target/debug/deps/libppv_lite86-db48c90fa293bcfe.rlib" "/opt/rustwide/target/debug/deps/libmd5-a5e06b5f95ffe9ad.rlib" "/opt/rustwide/target/debug/deps/libdigest-ff24fdedbe7f9184.rlib" "/opt/rustwide/target/debug/deps/libblock_buffer-d5751409ab05b00a.rlib" "/opt/rustwide/target/debug/deps/libcrypto_common-2346b4a3e8082086.rlib" "/opt/rustwide/target/debug/deps/libgeneric_array-8204c0397cddb82b.rlib" "/opt/rustwide/target/debug/deps/libgluesql_utils-c55d03e6c4381069.rlib" "/opt/rustwide/target/debug/deps/libpin_project-c82f3d46a4488bf1.rlib" "/opt/rustwide/target/debug/deps/libindexmap-62fedebfd28271ec.rlib" "/opt/rustwide/target/debug/deps/libhashbrown-e273ba0f8cdcbe5b.rlib" "/opt/rustwide/target/debug/deps/libim_rc-ada7ea33a46ee484.rlib" "/opt/rustwide/target/debug/deps/librand_xoshiro-4fc0a6b2de191328.rlib" "/opt/rustwide/target/debug/deps/librand_core-f3599372481e7abf.rlib" "/opt/rustwide/target/debug/deps/libsized_chunks-02171cb5c349557e.rlib" "/opt/rustwide/target/debug/deps/libbitmaps-a93e9907a3d00ea6.rlib" "/opt/rustwide/target/debug/deps/libtypenum-b40ba058056b0bf8.rlib" "/opt/rustwide/target/debug/deps/libserde_json-bef4c063d498986b.rlib" "/opt/rustwide/target/debug/deps/libryu-4b03a7708da1319d.rlib" "/opt/rustwide/target/debug/deps/libitoa-34968a9f29c36fec.rlib" "/opt/rustwide/target/debug/deps/libuuid-e18d77b9c45dec8f.rlib" "/opt/rustwide/target/debug/deps/libgetrandom-ad535883d8628c89.rlib" "/opt/rustwide/target/debug/deps/liblibc-449fce0ba19f2718.rlib" "/opt/rustwide/target/debug/deps/libcfg_if-e7002d307f97bc56.rlib" "/opt/rustwide/target/debug/deps/libregex-6b2e15812834269a.rlib" "/opt/rustwide/target/debug/deps/libregex_automata-18e9b4bafe25d656.rlib" "/opt/rustwide/target/debug/deps/libaho_corasick-0efee17d6ff570a3.rlib" "/opt/rustwide/target/debug/deps/libregex_syntax-2fba322c2516c6a3.rlib" "/opt/rustwide/target/debug/deps/libordered_float-c3fb064b16081ce1.rlib" "/opt/rustwide/target/debug/deps/librust_decimal-0476f6ad499c64fc.rlib" "/opt/rustwide/target/debug/deps/libarrayvec-8dae9714ba2cbe70.rlib" "/opt/rustwide/target/debug/deps/libitertools-75a658cc99e029ef.rlib" "/opt/rustwide/target/debug/deps/libeither-49b31dd90481588d.rlib" "/opt/rustwide/target/debug/deps/libthiserror-f0bb31ac8df14d4b.rlib" "/opt/rustwide/target/debug/deps/libfutures-419012a4c86ed9eb.rlib" "/opt/rustwide/target/debug/deps/libfutures_executor-496ccef53486e808.rlib" "/opt/rustwide/target/debug/deps/libfutures_util-035b09106935bd3b.rlib" "/opt/rustwide/target/debug/deps/libmemchr-14a47255884553ca.rlib" "/opt/rustwide/target/debug/deps/libfutures_io-fd3828dd557c3cad.rlib" "/opt/rustwide/target/debug/deps/libslab-0a39a638bccea296.rlib" "/opt/rustwide/target/debug/deps/libfutures_channel-98999700d533bbdb.rlib" "/opt/rustwide/target/debug/deps/libpin_project_lite-085b19c93bbb2231.rlib" "/opt/rustwide/target/debug/deps/libfutures_sink-1aa2a76067a44ae0.rlib" "/opt/rustwide/target/debug/deps/libfutures_task-a05886844ea8dd2c.rlib" "/opt/rustwide/target/debug/deps/libpin_utils-9c5dcf17efb91bff.rlib" "/opt/rustwide/target/debug/deps/libfutures_core-ec15e04550c81235.rlib" "/opt/rustwide/target/debug/deps/libsqlparser-94402e0131fe6364.rlib" "/opt/rustwide/target/debug/deps/liblog-8188d82fb061445d.rlib" "/opt/rustwide/target/debug/deps/libbigdecimal-26df9fda7b795bf1.rlib" "/opt/rustwide/target/debug/deps/liblibm-2926f8ca05f777c2.rlib" "/opt/rustwide/target/debug/deps/libnum_bigint-81c9a8d993db2114.rlib" "/opt/rustwide/target/debug/deps/libnum_integer-35c7c896783a7373.rlib" "/opt/rustwide/target/debug/deps/libchrono-14d38637c1b20187.rlib" "/opt/rustwide/target/debug/deps/libnum_traits-e45dc823cfccaa55.rlib" "/opt/rustwide/target/debug/deps/libiana_time_zone-0d3ced6f0a9aca0f.rlib" "/opt/rustwide/target/debug/deps/libserde-f3c46586a6ad71f1.rlib" "/opt/rustwide/rustup-home/toolchains/beta-2023-12-22-x86_64-unknown-linux-gnu/lib/rustlib/x86_64-unknown-linux-gnu/lib/libstd-0672489a78b613de.rlib" "/opt/rustwide/rustup-home/toolchains/beta-2023-12-22-x86_64-unknown-linux-gnu/lib/rustlib/x86_64-unknown-linux-gnu/lib/libpanic_unwind-7eb3ffc34a49f675.rlib" "/opt/rustwide/rustup-home/toolchains/beta-2023-12-22-x86_64-unknown-linux-gnu/lib/rustlib/x86_64-unknown-linux-gnu/lib/libobject-6478a9daa4bee8e2.rlib" "/opt/rustwide/rustup-home/toolchains/beta-2023-12-22-x86_64-unknown-linux-gnu/lib/rustlib/x86_64-unknown-linux-gnu/lib/libmemchr-0c75d871a5c3923d.rlib" "/opt/rustwide/rustup-home/toolchains/beta-2023-12-22-x86_64-unknown-linux-gnu/lib/rustlib/x86_64-unknown-linux-gnu/lib/libaddr2line-d163ef63ad37bb71.rlib" "/opt/rustwide/rustup-home/toolchains/beta-2023-12-22-x86_64-unknown-linux-gnu/lib/rustlib/x86_64-unknown-linux-gnu/lib/libgimli-8a3fd810a85b9f4c.rlib" "/opt/rustwide/rustup-home/toolchains/beta-2023-12-22-x86_64-unknown-linux-gnu/lib/rustlib/x86_64-unknown-linux-gnu/lib/librustc_demangle-462a2cde8c5dfc10.rlib" "/opt/rustwide/rustup-home/toolchains/beta-2023-12-22-x86_64-unknown-linux-gnu/lib/rustlib/x86_64-unknown-linux-gnu/lib/libstd_detect-cb06ac9f54713f71.rlib" "/opt/rustwide/rustup-home/toolchains/beta-2023-12-22-x86_64-unknown-linux-gnu/lib/rustlib/x86_64-unknown-linux-gnu/lib/libhashbrown-f20bfd1f8e59b393.rlib" "/opt/rustwide/rustup-home/toolchains/beta-2023-12-22-x86_64-unknown-linux-gnu/lib/rustlib/x86_64-unknown-linux-gnu/lib/librustc_std_workspace_alloc-1ef460949b49da4b.rlib" "/opt/rustwide/rustup-home/toolchains/beta-2023-12-22-x86_64-unknown-linux-gnu/lib/rustlib/x86_64-unknown-linux-gnu/lib/libminiz_oxide-2cb0c0ffe4f87514.rlib" "/opt/rustwide/rustup-home/toolchains/beta-2023-12-22-x86_64-unknown-linux-gnu/lib/rustlib/x86_64-unknown-linux-gnu/lib/libadler-58d841eb322a11a2.rlib" "/opt/rustwide/rustup-home/toolchains/beta-2023-12-22-x86_64-unknown-linux-gnu/lib/rustlib/x86_64-unknown-linux-gnu/lib/libunwind-aa2ae0b0a9d11533.rlib" "/opt/rustwide/rustup-home/toolchains/beta-2023-12-22-x86_64-unknown-linux-gnu/lib/rustlib/x86_64-unknown-linux-gnu/lib/libcfg_if-23874e15830ed336.rlib" "/opt/rustwide/rustup-home/toolchains/beta-2023-12-22-x86_64-unknown-linux-gnu/lib/rustlib/x86_64-unknown-linux-gnu/lib/liblibc-e47cddc003bce885.rlib" "/opt/rustwide/rustup-home/toolchains/beta-2023-12-22-x86_64-unknown-linux-gnu/lib/rustlib/x86_64-unknown-linux-gnu/lib/liballoc-c22b13b48a8f128e.rlib" "/opt/rustwide/rustup-home/toolchains/beta-2023-12-22-x86_64-unknown-linux-gnu/lib/rustlib/x86_64-unknown-linux-gnu/lib/librustc_std_workspace_core-e46bc3da6d7c462f.rlib" "/opt/rustwide/rustup-home/toolchains/beta-2023-12-22-x86_64-unknown-linux-gnu/lib/rustlib/x86_64-unknown-linux-gnu/lib/libcore-8d1ac131d3cb2645.rlib" "/opt/rustwide/rustup-home/toolchains/beta-2023-12-22-x86_64-unknown-linux-gnu/lib/rustlib/x86_64-unknown-linux-gnu/lib/libcompiler_builtins-a1b43df8c6899c1f.rlib" "-Wl,-Bdynamic" "-lc" "-lm" "-lrt" "-lpthread" "-lgcc_s" "-lutil" "-lrt" "-lpthread" "-lm" "-ldl" "-lc" "-Wl,--eh-frame-hdr" "-Wl,-z,noexecstack" "-L" "/opt/rustwide/rustup-home/toolchains/beta-2023-12-22-x86_64-unknown-linux-gnu/lib/rustlib/x86_64-unknown-linux-gnu/lib" "-o" "/opt/rustwide/target/debug/deps/error-84f89c2c49db2b1a" "-Wl,--gc-sections" "-pie" "-Wl,-z,relro,-z,now" "-nodefaultlibs"
[INFO] [stdout]   = note: collect2: fatal error: ld terminated with signal 9 [Killed]
[INFO] [stdout]           compilation terminated.
[INFO] [stdout]           
[INFO] [stdout] 
[INFO] [stdout] 
[INFO] [stdout] error: aborting due to 1 previous error
[INFO] [stdout] 
[INFO] [stdout] 
[INFO] [stderr] error: could not compile `gluesql-csv-storage` (test "error") due to 2 previous errors
[INFO] [stdout] error: linking with `cc` failed: exit status: 1
[INFO] [stdout]   |
[INFO] [stdout]   = note: LC_ALL="C" PATH="/opt/rustwide/rustup-home/toolchains/beta-2023-12-22-x86_64-unknown-linux-gnu/lib/rustlib/x86_64-unknown-linux-gnu/bin:/opt/rustwide/cargo-home/bin:/usr/local/sbin:/usr/local/bin:/usr/sbin:/usr/bin:/sbin:/bin" VSLANG="1033" "cc" "-m64" "/tmp/rustcvkeDQu/symbols.o" "/opt/rustwide/target/debug/deps/basic-31b5c646f290d58f.basic.f6323db36bd2dbe6-cgu.00.rcgu.o" "/opt/rustwide/target/debug/deps/basic-31b5c646f290d58f.basic.f6323db36bd2dbe6-cgu.01.rcgu.o" "/opt/rustwide/target/debug/deps/basic-31b5c646f290d58f.basic.f6323db36bd2dbe6-cgu.02.rcgu.o" "/opt/rustwide/target/debug/deps/basic-31b5c646f290d58f.basic.f6323db36bd2dbe6-cgu.03.rcgu.o" "/opt/rustwide/target/debug/deps/basic-31b5c646f290d58f.basic.f6323db36bd2dbe6-cgu.04.rcgu.o" "/opt/rustwide/target/debug/deps/basic-31b5c646f290d58f.basic.f6323db36bd2dbe6-cgu.05.rcgu.o" "/opt/rustwide/target/debug/deps/basic-31b5c646f290d58f.basic.f6323db36bd2dbe6-cgu.06.rcgu.o" "/opt/rustwide/target/debug/deps/basic-31b5c646f290d58f.basic.f6323db36bd2dbe6-cgu.07.rcgu.o" "/opt/rustwide/target/debug/deps/basic-31b5c646f290d58f.basic.f6323db36bd2dbe6-cgu.08.rcgu.o" "/opt/rustwide/target/debug/deps/basic-31b5c646f290d58f.basic.f6323db36bd2dbe6-cgu.09.rcgu.o" "/opt/rustwide/target/debug/deps/basic-31b5c646f290d58f.basic.f6323db36bd2dbe6-cgu.10.rcgu.o" "/opt/rustwide/target/debug/deps/basic-31b5c646f290d58f.basic.f6323db36bd2dbe6-cgu.11.rcgu.o" "/opt/rustwide/target/debug/deps/basic-31b5c646f290d58f.basic.f6323db36bd2dbe6-cgu.12.rcgu.o" "/opt/rustwide/target/debug/deps/basic-31b5c646f290d58f.basic.f6323db36bd2dbe6-cgu.13.rcgu.o" "/opt/rustwide/target/debug/deps/basic-31b5c646f290d58f.basic.f6323db36bd2dbe6-cgu.14.rcgu.o" "/opt/rustwide/target/debug/deps/basic-31b5c646f290d58f.basic.f6323db36bd2dbe6-cgu.15.rcgu.o" "/opt/rustwide/target/debug/deps/basic-31b5c646f290d58f.4a22s88ttyjl6zak.rcgu.o" "-Wl,--as-needed" "-L" "/opt/rustwide/target/debug/deps" "-L" "/opt/rustwide/rustup-home/toolchains/beta-2023-12-22-x86_64-unknown-linux-gnu/lib/rustlib/x86_64-unknown-linux-gnu/lib" "-Wl,-Bstatic" "/opt/rustwide/rustup-home/toolchains/beta-2023-12-22-x86_64-unknown-linux-gnu/lib/rustlib/x86_64-unknown-linux-gnu/lib/libtest-cbab71697df97b00.rlib" "/opt/rustwide/rustup-home/toolchains/beta-2023-12-22-x86_64-unknown-linux-gnu/lib/rustlib/x86_64-unknown-linux-gnu/lib/libgetopts-2a2cf8f16c536007.rlib" "/opt/rustwide/rustup-home/toolchains/beta-2023-12-22-x86_64-unknown-linux-gnu/lib/rustlib/x86_64-unknown-linux-gnu/lib/libunicode_width-c5f3cc3cceaf9070.rlib" "/opt/rustwide/rustup-home/toolchains/beta-2023-12-22-x86_64-unknown-linux-gnu/lib/rustlib/x86_64-unknown-linux-gnu/lib/librustc_std_workspace_std-a31324ec815b09db.rlib" "/opt/rustwide/target/debug/deps/libtokio-4f20f92ad3a7de83.rlib" "/opt/rustwide/target/debug/deps/libgluesql_test_suite-47be346db663ad6a.rlib" "/opt/rustwide/target/debug/deps/libpretty_assertions-d03696617e4c9890.rlib" "/opt/rustwide/target/debug/deps/libdiff-f6228193e395c656.rlib" "/opt/rustwide/target/debug/deps/libyansi-fe77e7901970feab.rlib" "/opt/rustwide/target/debug/deps/libgluesql_csv_storage-8516d32810a23f4e.rlib" "/opt/rustwide/target/debug/deps/libcsv-dc6cfa8cf0613b79.rlib" "/opt/rustwide/target/debug/deps/libcsv_core-d58bb5559c5db158.rlib" "/opt/rustwide/target/debug/deps/libgluesql_core-fee192f29a29542b.rlib" "/opt/rustwide/target/debug/deps/libhex-bf5d7c1623e40692.rlib" "/opt/rustwide/target/debug/deps/librand-570f730dcf05391c.rlib" "/opt/rustwide/target/debug/deps/librand_chacha-9e89102445ac5d69.rlib" "/opt/rustwide/target/debug/deps/libppv_lite86-db48c90fa293bcfe.rlib" "/opt/rustwide/target/debug/deps/libmd5-a5e06b5f95ffe9ad.rlib" "/opt/rustwide/target/debug/deps/libdigest-ff24fdedbe7f9184.rlib" "/opt/rustwide/target/debug/deps/libblock_buffer-d5751409ab05b00a.rlib" "/opt/rustwide/target/debug/deps/libcrypto_common-2346b4a3e8082086.rlib" "/opt/rustwide/target/debug/deps/libgeneric_array-8204c0397cddb82b.rlib" "/opt/rustwide/target/debug/deps/libgluesql_utils-c55d03e6c4381069.rlib" "/opt/rustwide/target/debug/deps/libpin_project-c82f3d46a4488bf1.rlib" "/opt/rustwide/target/debug/deps/libindexmap-62fedebfd28271ec.rlib" "/opt/rustwide/target/debug/deps/libhashbrown-e273ba0f8cdcbe5b.rlib" "/opt/rustwide/target/debug/deps/libim_rc-ada7ea33a46ee484.rlib" "/opt/rustwide/target/debug/deps/librand_xoshiro-4fc0a6b2de191328.rlib" "/opt/rustwide/target/debug/deps/librand_core-f3599372481e7abf.rlib" "/opt/rustwide/target/debug/deps/libsized_chunks-02171cb5c349557e.rlib" "/opt/rustwide/target/debug/deps/libbitmaps-a93e9907a3d00ea6.rlib" "/opt/rustwide/target/debug/deps/libtypenum-b40ba058056b0bf8.rlib" "/opt/rustwide/target/debug/deps/libserde_json-bef4c063d498986b.rlib" "/opt/rustwide/target/debug/deps/libryu-4b03a7708da1319d.rlib" "/opt/rustwide/target/debug/deps/libitoa-34968a9f29c36fec.rlib" "/opt/rustwide/target/debug/deps/libuuid-e18d77b9c45dec8f.rlib" "/opt/rustwide/target/debug/deps/libgetrandom-ad535883d8628c89.rlib" "/opt/rustwide/target/debug/deps/liblibc-449fce0ba19f2718.rlib" "/opt/rustwide/target/debug/deps/libcfg_if-e7002d307f97bc56.rlib" "/opt/rustwide/target/debug/deps/libregex-6b2e15812834269a.rlib" "/opt/rustwide/target/debug/deps/libregex_automata-18e9b4bafe25d656.rlib" "/opt/rustwide/target/debug/deps/libaho_corasick-0efee17d6ff570a3.rlib" "/opt/rustwide/target/debug/deps/libregex_syntax-2fba322c2516c6a3.rlib" "/opt/rustwide/target/debug/deps/libordered_float-c3fb064b16081ce1.rlib" "/opt/rustwide/target/debug/deps/librust_decimal-0476f6ad499c64fc.rlib" "/opt/rustwide/target/debug/deps/libarrayvec-8dae9714ba2cbe70.rlib" "/opt/rustwide/target/debug/deps/libitertools-75a658cc99e029ef.rlib" "/opt/rustwide/target/debug/deps/libeither-49b31dd90481588d.rlib" "/opt/rustwide/target/debug/deps/libthiserror-f0bb31ac8df14d4b.rlib" "/opt/rustwide/target/debug/deps/libfutures-419012a4c86ed9eb.rlib" "/opt/rustwide/target/debug/deps/libfutures_executor-496ccef53486e808.rlib" "/opt/rustwide/target/debug/deps/libfutures_util-035b09106935bd3b.rlib" "/opt/rustwide/target/debug/deps/libmemchr-14a47255884553ca.rlib" "/opt/rustwide/target/debug/deps/libfutures_io-fd3828dd557c3cad.rlib" "/opt/rustwide/target/debug/deps/libslab-0a39a638bccea296.rlib" "/opt/rustwide/target/debug/deps/libfutures_channel-98999700d533bbdb.rlib" "/opt/rustwide/target/debug/deps/libpin_project_lite-085b19c93bbb2231.rlib" "/opt/rustwide/target/debug/deps/libfutures_sink-1aa2a76067a44ae0.rlib" "/opt/rustwide/target/debug/deps/libfutures_task-a05886844ea8dd2c.rlib" "/opt/rustwide/target/debug/deps/libpin_utils-9c5dcf17efb91bff.rlib" "/opt/rustwide/target/debug/deps/libfutures_core-ec15e04550c81235.rlib" "/opt/rustwide/target/debug/deps/libsqlparser-94402e0131fe6364.rlib" "/opt/rustwide/target/debug/deps/liblog-8188d82fb061445d.rlib" "/opt/rustwide/target/debug/deps/libbigdecimal-26df9fda7b795bf1.rlib" "/opt/rustwide/target/debug/deps/liblibm-2926f8ca05f777c2.rlib" "/opt/rustwide/target/debug/deps/libnum_bigint-81c9a8d993db2114.rlib" "/opt/rustwide/target/debug/deps/libnum_integer-35c7c896783a7373.rlib" "/opt/rustwide/target/debug/deps/libchrono-14d38637c1b20187.rlib" "/opt/rustwide/target/debug/deps/libnum_traits-e45dc823cfccaa55.rlib" "/opt/rustwide/target/debug/deps/libiana_time_zone-0d3ced6f0a9aca0f.rlib" "/opt/rustwide/target/debug/deps/libserde-f3c46586a6ad71f1.rlib" "/opt/rustwide/rustup-home/toolchains/beta-2023-12-22-x86_64-unknown-linux-gnu/lib/rustlib/x86_64-unknown-linux-gnu/lib/libstd-0672489a78b613de.rlib" "/opt/rustwide/rustup-home/toolchains/beta-2023-12-22-x86_64-unknown-linux-gnu/lib/rustlib/x86_64-unknown-linux-gnu/lib/libpanic_unwind-7eb3ffc34a49f675.rlib" "/opt/rustwide/rustup-home/toolchains/beta-2023-12-22-x86_64-unknown-linux-gnu/lib/rustlib/x86_64-unknown-linux-gnu/lib/libobject-6478a9daa4bee8e2.rlib" "/opt/rustwide/rustup-home/toolchains/beta-2023-12-22-x86_64-unknown-linux-gnu/lib/rustlib/x86_64-unknown-linux-gnu/lib/libmemchr-0c75d871a5c3923d.rlib" "/opt/rustwide/rustup-home/toolchains/beta-2023-12-22-x86_64-unknown-linux-gnu/lib/rustlib/x86_64-unknown-linux-gnu/lib/libaddr2line-d163ef63ad37bb71.rlib" "/opt/rustwide/rustup-home/toolchains/beta-2023-12-22-x86_64-unknown-linux-gnu/lib/rustlib/x86_64-unknown-linux-gnu/lib/libgimli-8a3fd810a85b9f4c.rlib" "/opt/rustwide/rustup-home/toolchains/beta-2023-12-22-x86_64-unknown-linux-gnu/lib/rustlib/x86_64-unknown-linux-gnu/lib/librustc_demangle-462a2cde8c5dfc10.rlib" "/opt/rustwide/rustup-home/toolchains/beta-2023-12-22-x86_64-unknown-linux-gnu/lib/rustlib/x86_64-unknown-linux-gnu/lib/libstd_detect-cb06ac9f54713f71.rlib" "/opt/rustwide/rustup-home/toolchains/beta-2023-12-22-x86_64-unknown-linux-gnu/lib/rustlib/x86_64-unknown-linux-gnu/lib/libhashbrown-f20bfd1f8e59b393.rlib" "/opt/rustwide/rustup-home/toolchains/beta-2023-12-22-x86_64-unknown-linux-gnu/lib/rustlib/x86_64-unknown-linux-gnu/lib/librustc_std_workspace_alloc-1ef460949b49da4b.rlib" "/opt/rustwide/rustup-home/toolchains/beta-2023-12-22-x86_64-unknown-linux-gnu/lib/rustlib/x86_64-unknown-linux-gnu/lib/libminiz_oxide-2cb0c0ffe4f87514.rlib" "/opt/rustwide/rustup-home/toolchains/beta-2023-12-22-x86_64-unknown-linux-gnu/lib/rustlib/x86_64-unknown-linux-gnu/lib/libadler-58d841eb322a11a2.rlib" "/opt/rustwide/rustup-home/toolchains/beta-2023-12-22-x86_64-unknown-linux-gnu/lib/rustlib/x86_64-unknown-linux-gnu/lib/libunwind-aa2ae0b0a9d11533.rlib" "/opt/rustwide/rustup-home/toolchains/beta-2023-12-22-x86_64-unknown-linux-gnu/lib/rustlib/x86_64-unknown-linux-gnu/lib/libcfg_if-23874e15830ed336.rlib" "/opt/rustwide/rustup-home/toolchains/beta-2023-12-22-x86_64-unknown-linux-gnu/lib/rustlib/x86_64-unknown-linux-gnu/lib/liblibc-e47cddc003bce885.rlib" "/opt/rustwide/rustup-home/toolchains/beta-2023-12-22-x86_64-unknown-linux-gnu/lib/rustlib/x86_64-unknown-linux-gnu/lib/liballoc-c22b13b48a8f128e.rlib" "/opt/rustwide/rustup-home/toolchains/beta-2023-12-22-x86_64-unknown-linux-gnu/lib/rustlib/x86_64-unknown-linux-gnu/lib/librustc_std_workspace_core-e46bc3da6d7c462f.rlib" "/opt/rustwide/rustup-home/toolchains/beta-2023-12-22-x86_64-unknown-linux-gnu/lib/rustlib/x86_64-unknown-linux-gnu/lib/libcore-8d1ac131d3cb2645.rlib" "/opt/rustwide/rustup-home/toolchains/beta-2023-12-22-x86_64-unknown-linux-gnu/lib/rustlib/x86_64-unknown-linux-gnu/lib/libcompiler_builtins-a1b43df8c6899c1f.rlib" "-Wl,-Bdynamic" "-lc" "-lm" "-lrt" "-lpthread" "-lgcc_s" "-lutil" "-lrt" "-lpthread" "-lm" "-ldl" "-lc" "-Wl,--eh-frame-hdr" "-Wl,-z,noexecstack" "-L" "/opt/rustwide/rustup-home/toolchains/beta-2023-12-22-x86_64-unknown-linux-gnu/lib/rustlib/x86_64-unknown-linux-gnu/lib" "-o" "/opt/rustwide/target/debug/deps/basic-31b5c646f290d58f" "-Wl,--gc-sections" "-pie" "-Wl,-z,relro,-z,now" "-nodefaultlibs"
[INFO] [stdout]   = note: collect2: fatal error: ld terminated with signal 9 [Killed]
[INFO] [stdout]           compilation terminated.
[INFO] [stdout]           
[INFO] [stdout] 
[INFO] [stdout] 
[INFO] [stdout] error: aborting due to 1 previous error
[INFO] [stdout] 
[INFO] [stdout] 
[INFO] [stderr] error: could not compile `gluesql-csv-storage` (test "basic") due to 2 previous errors
[INFO] running `Command { std: "docker" "inspect" "43590f1643320d2432ccd038e8192bb8a26514523635c14ff434857389112f79", kill_on_drop: false }`
[INFO] running `Command { std: "docker" "rm" "-f" "43590f1643320d2432ccd038e8192bb8a26514523635c14ff434857389112f79", kill_on_drop: false }`
[INFO] [stdout] 43590f1643320d2432ccd038e8192bb8a26514523635c14ff434857389112f79
