[INFO] fetching crate glory-routing 0.3.0...
[INFO] testing glory-routing-0.3.0 against 1.75.0 for beta-1.76-1
[INFO] extracting crate glory-routing 0.3.0 into /workspace/builds/worker-7-tc1/source
[INFO] validating manifest of crates.io crate glory-routing 0.3.0 on toolchain 1.75.0
[INFO] running `Command { std: CARGO_HOME="/workspace/cargo-home" RUSTUP_HOME="/workspace/rustup-home" "/workspace/cargo-home/bin/cargo" "+1.75.0" "metadata" "--manifest-path" "Cargo.toml" "--no-deps", kill_on_drop: false }`
[INFO] started tweaking crates.io crate glory-routing 0.3.0
[INFO] finished tweaking crates.io crate glory-routing 0.3.0
[INFO] tweaked toml for crates.io crate glory-routing 0.3.0 written to /workspace/builds/worker-7-tc1/source/Cargo.toml
[INFO] running `Command { std: CARGO_HOME="/workspace/cargo-home" RUSTUP_HOME="/workspace/rustup-home" "/workspace/cargo-home/bin/cargo" "+1.75.0" "generate-lockfile" "--manifest-path" "Cargo.toml", kill_on_drop: false }`
[INFO] [stderr]     Updating crates.io index
[INFO] running `Command { std: CARGO_HOME="/workspace/cargo-home" RUSTUP_HOME="/workspace/rustup-home" "/workspace/cargo-home/bin/cargo" "+1.75.0" "fetch" "--manifest-path" "Cargo.toml", kill_on_drop: false }`
[INFO] [stderr]  Downloading crates ...
[INFO] [stderr]   Downloaded path-slash v0.2.1
[INFO] [stderr]   Downloaded http-body v1.0.0-rc.2
[INFO] [stderr]   Downloaded salvo_macros v0.58.5
[INFO] [stderr]   Downloaded multimap v0.9.1
[INFO] [stderr]   Downloaded mime-infer v3.0.0
[INFO] [stderr]   Downloaded enum-ordinalize-derive v4.3.1
[INFO] [stderr]   Downloaded enum-ordinalize v4.3.0
[INFO] [stderr]   Downloaded cruet v0.14.0
[INFO] [stderr]   Downloaded salvo v0.60.0
[INFO] [stderr]   Downloaded educe v0.5.9
[INFO] [stderr]   Downloaded http-body-util v0.1.0-rc.3
[INFO] [stderr]   Downloaded mime-infer v2.0.5
[INFO] [stderr]   Downloaded hyper v1.0.0-rc.4
[INFO] [stderr]   Downloaded salvo-utils v0.0.6
[INFO] [stderr]   Downloaded salvo_core v0.60.0
[INFO] [stderr]   Downloaded salvo_core v0.58.5
[INFO] [stderr]   Downloaded salvo v0.58.5
[INFO] [stderr]   Downloaded salvo_macros v0.60.0
[INFO] [stderr]   Downloaded glory-hot-reload v0.3.1
[INFO] [stderr]   Downloaded glory-core v0.3.1
[INFO] running `Command { std: "docker" "create" "-v" "/var/lib/crater-agent-workspace/builds/worker-7-tc1/target:/opt/rustwide/target:rw,Z" "-v" "/var/lib/crater-agent-workspace/builds/worker-7-tc1/source:/opt/rustwide/workdir:ro,Z" "-v" "/var/lib/crater-agent-workspace/cargo-home:/opt/rustwide/cargo-home:ro,Z" "-v" "/var/lib/crater-agent-workspace/rustup-home:/opt/rustwide/rustup-home:ro,Z" "-e" "SOURCE_DIR=/opt/rustwide/workdir" "-e" "CARGO_TARGET_DIR=/opt/rustwide/target" "-e" "CARGO_HOME=/opt/rustwide/cargo-home" "-e" "RUSTUP_HOME=/opt/rustwide/rustup-home" "-w" "/opt/rustwide/workdir" "-m" "1610612736" "--user" "0:0" "--network" "none" "ghcr.io/rust-lang/crates-build-env/linux@sha256:2788e3201cd34a07e3172128adcd8b3090168a8e3bcc40d7c032b9dda1df7d1c" "/opt/rustwide/cargo-home/bin/cargo" "+1.75.0" "metadata" "--no-deps" "--format-version=1", kill_on_drop: false }`
[INFO] [stdout] a62246f212af70f69a94b598552c822876cad83057ff4f2f8e4a3b3986b0cad8
[INFO] running `Command { std: "docker" "start" "-a" "a62246f212af70f69a94b598552c822876cad83057ff4f2f8e4a3b3986b0cad8", kill_on_drop: false }`
[INFO] running `Command { std: "docker" "inspect" "a62246f212af70f69a94b598552c822876cad83057ff4f2f8e4a3b3986b0cad8", kill_on_drop: false }`
[INFO] running `Command { std: "docker" "rm" "-f" "a62246f212af70f69a94b598552c822876cad83057ff4f2f8e4a3b3986b0cad8", kill_on_drop: false }`
[INFO] [stdout] a62246f212af70f69a94b598552c822876cad83057ff4f2f8e4a3b3986b0cad8
[INFO] running `Command { std: "docker" "create" "-v" "/var/lib/crater-agent-workspace/builds/worker-7-tc1/target:/opt/rustwide/target:rw,Z" "-v" "/var/lib/crater-agent-workspace/builds/worker-7-tc1/source:/opt/rustwide/workdir:ro,Z" "-v" "/var/lib/crater-agent-workspace/cargo-home:/opt/rustwide/cargo-home:ro,Z" "-v" "/var/lib/crater-agent-workspace/rustup-home:/opt/rustwide/rustup-home:ro,Z" "-e" "SOURCE_DIR=/opt/rustwide/workdir" "-e" "CARGO_TARGET_DIR=/opt/rustwide/target" "-e" "CARGO_INCREMENTAL=0" "-e" "RUST_BACKTRACE=full" "-e" "RUSTFLAGS=--cap-lints=warn" "-e" "RUSTDOCFLAGS=--cap-lints=warn" "-e" "CARGO_HOME=/opt/rustwide/cargo-home" "-e" "RUSTUP_HOME=/opt/rustwide/rustup-home" "-w" "/opt/rustwide/workdir" "-m" "1610612736" "--user" "0:0" "--network" "none" "ghcr.io/rust-lang/crates-build-env/linux@sha256:2788e3201cd34a07e3172128adcd8b3090168a8e3bcc40d7c032b9dda1df7d1c" "/opt/rustwide/cargo-home/bin/cargo" "+1.75.0" "build" "--frozen" "--message-format=json", kill_on_drop: false }`
[INFO] [stdout] c006d1ef9e5ec4a07fafc4a53a6ec449a9578ede33f239a153fb837937e9d23d
[INFO] running `Command { std: "docker" "start" "-a" "c006d1ef9e5ec4a07fafc4a53a6ec449a9578ede33f239a153fb837937e9d23d", kill_on_drop: false }`
[INFO] [stderr]    Compiling unicode-ident v1.0.12
[INFO] [stderr]    Compiling wasm-bindgen-shared v0.2.89
[INFO] [stderr]    Compiling serde v1.0.194
[INFO] [stderr]    Compiling proc-macro2 v1.0.75
[INFO] [stderr]    Compiling log v0.4.20
[INFO] [stderr]    Compiling bumpalo v3.14.0
[INFO] [stderr]    Compiling num-traits v0.2.17
[INFO] [stderr]    Compiling proc-macro-error v1.0.4
[INFO] [stderr]    Compiling num-integer v0.1.45
[INFO] [stderr]    Compiling proc-macro2-diagnostics v0.10.1
[INFO] [stderr]    Compiling futures-sink v0.3.30
[INFO] [stderr]    Compiling futures-core v0.3.30
[INFO] [stderr]    Compiling parking_lot_core v0.9.9
[INFO] [stderr]    Compiling wasm-bindgen v0.2.89
[INFO] [stderr]    Compiling futures-channel v0.3.30
[INFO] [stderr]    Compiling quote v1.0.35
[INFO] [stderr]    Compiling num-bigint v0.4.4
[INFO] [stderr]    Compiling anyhow v1.0.79
[INFO] [stderr]    Compiling futures-io v0.3.30
[INFO] [stderr]    Compiling camino v1.1.6
[INFO] [stderr]    Compiling yansi v1.0.0-rc.1
[INFO] [stderr]    Compiling syn v2.0.48
[INFO] [stderr]    Compiling proc-macro-error-attr v1.0.4
[INFO] [stderr]    Compiling aho-corasick v1.1.2
[INFO] [stderr]    Compiling syn v1.0.109
[INFO] [stderr]    Compiling regex-syntax v0.8.2
[INFO] [stderr]    Compiling walkdir v2.4.0
[INFO] [stderr]    Compiling nom v7.1.3
[INFO] [stderr]    Compiling parking_lot v0.12.1
[INFO] [stderr]    Compiling pathdiff v0.2.1
[INFO] [stderr]    Compiling path-slash v0.2.1
[INFO] [stderr]    Compiling regex-automata v0.4.3
[INFO] [stderr]    Compiling wasm-bindgen-backend v0.2.89
[INFO] [stderr]    Compiling wasm-bindgen-macro-support v0.2.89
[INFO] [stderr]    Compiling serde_derive v1.0.194
[INFO] [stderr]    Compiling thiserror-impl v1.0.56
[INFO] [stderr]    Compiling futures-macro v0.3.30
[INFO] [stderr]    Compiling enum-ordinalize-derive v4.3.1
[INFO] [stderr]    Compiling syn_derive v0.1.8
[INFO] [stderr]    Compiling wasm-bindgen-macro v0.2.89
[INFO] [stderr]    Compiling futures-util v0.3.30
[INFO] [stderr]    Compiling enum-ordinalize v4.3.0
[INFO] [stderr]    Compiling tracing-attributes v0.1.27
[INFO] [stderr]    Compiling async-trait v0.1.77
[INFO] [stderr]    Compiling thiserror v1.0.56
[INFO] [stderr]    Compiling rstml v0.11.2
[INFO] [stderr]    Compiling js-sys v0.3.66
[INFO] [stderr]    Compiling educe v0.5.9
[INFO] [stderr]    Compiling regex v1.10.2
[INFO] [stderr]    Compiling enum-ordinalize v3.1.15
[INFO] [stderr]    Compiling futures-executor v0.3.30
[INFO] [stderr]    Compiling futures v0.3.30
[INFO] [stderr]    Compiling tracing v0.1.40
[INFO] [stderr]    Compiling educe v0.4.23
[INFO] [stderr]    Compiling web-sys v0.3.66
[INFO] [stderr]    Compiling toml v0.5.11
[INFO] [stderr]    Compiling multimap v0.9.1
[INFO] [stderr]    Compiling glory-hot-reload v0.3.1
[INFO] [stderr]    Compiling serde_json v1.0.111
[INFO] [stderr]    Compiling config v0.13.4
[INFO] [stderr]    Compiling glory-core v0.3.1
[INFO] [stderr]    Compiling glory-routing v0.3.0 (/opt/rustwide/workdir)
[INFO] [stdout] warning: unused import: `std::cell::RefCell`
[INFO] [stdout]  --> src/router.rs:1:5
[INFO] [stdout]   |
[INFO] [stdout] 1 | use std::cell::RefCell;
[INFO] [stdout]   |     ^^^^^^^^^^^^^^^^^^
[INFO] [stdout]   |
[INFO] [stdout]   = note: `#[warn(unused_imports)]` on by default
[INFO] [stdout] 
[INFO] [stdout] 
[INFO] [stdout] warning: 1 warning emitted
[INFO] [stdout] 
[INFO] [stdout] 
[INFO] [stderr]     Finished dev [unoptimized + debuginfo] target(s) in 55.11s
[INFO] running `Command { std: "docker" "inspect" "c006d1ef9e5ec4a07fafc4a53a6ec449a9578ede33f239a153fb837937e9d23d", kill_on_drop: false }`
[INFO] running `Command { std: "docker" "rm" "-f" "c006d1ef9e5ec4a07fafc4a53a6ec449a9578ede33f239a153fb837937e9d23d", kill_on_drop: false }`
[INFO] [stdout] c006d1ef9e5ec4a07fafc4a53a6ec449a9578ede33f239a153fb837937e9d23d
[INFO] running `Command { std: "docker" "create" "-v" "/var/lib/crater-agent-workspace/builds/worker-7-tc1/target:/opt/rustwide/target:rw,Z" "-v" "/var/lib/crater-agent-workspace/builds/worker-7-tc1/source:/opt/rustwide/workdir:ro,Z" "-v" "/var/lib/crater-agent-workspace/cargo-home:/opt/rustwide/cargo-home:ro,Z" "-v" "/var/lib/crater-agent-workspace/rustup-home:/opt/rustwide/rustup-home:ro,Z" "-e" "SOURCE_DIR=/opt/rustwide/workdir" "-e" "CARGO_TARGET_DIR=/opt/rustwide/target" "-e" "CARGO_INCREMENTAL=0" "-e" "RUST_BACKTRACE=full" "-e" "RUSTFLAGS=--cap-lints=warn" "-e" "RUSTDOCFLAGS=--cap-lints=warn" "-e" "CARGO_HOME=/opt/rustwide/cargo-home" "-e" "RUSTUP_HOME=/opt/rustwide/rustup-home" "-w" "/opt/rustwide/workdir" "-m" "1610612736" "--user" "0:0" "--network" "none" "ghcr.io/rust-lang/crates-build-env/linux@sha256:2788e3201cd34a07e3172128adcd8b3090168a8e3bcc40d7c032b9dda1df7d1c" "/opt/rustwide/cargo-home/bin/cargo" "+1.75.0" "test" "--frozen" "--no-run" "--message-format=json", kill_on_drop: false }`
[INFO] [stdout] 5065fb54b098c53dfc97931a9d5c820300e7cd53dc7c533c14d62cb2b05fa643
[INFO] running `Command { std: "docker" "start" "-a" "5065fb54b098c53dfc97931a9d5c820300e7cd53dc7c533c14d62cb2b05fa643", kill_on_drop: false }`
[INFO] [stdout] warning: unused import: `std::cell::RefCell`
[INFO] [stdout]  --> src/router.rs:1:5
[INFO] [stdout]   |
[INFO] [stdout] 1 | use std::cell::RefCell;
[INFO] [stdout]   |     ^^^^^^^^^^^^^^^^^^
[INFO] [stdout]   |
[INFO] [stdout]   = note: `#[warn(unused_imports)]` on by default
[INFO] [stdout] 
[INFO] [stdout] 
[INFO] [stdout] warning: 1 warning emitted
[INFO] [stdout] 
[INFO] [stdout] 
[INFO] [stderr]    Compiling glory-routing v0.3.0 (/opt/rustwide/workdir)
[INFO] [stdout] error[E0432]: unresolved import `crate::routing`
[INFO] [stdout]    --> src/filters/path.rs:893:16
[INFO] [stdout]     |
[INFO] [stdout] 893 |     use crate::routing::{PathFilter, PathState};
[INFO] [stdout]     |                ^^^^^^^ could not find `routing` in the crate root
[INFO] [stdout] 
[INFO] [stdout] 
[INFO] [stdout] error[E0425]: cannot find function `head` in this scope
[INFO] [stdout]    --> src/filters/mod.rs:109:17
[INFO] [stdout]     |
[INFO] [stdout] 109 |         assert!(head() == MethodFilter(Method::HEAD));
[INFO] [stdout]     |                 ^^^^ not found in this scope
[INFO] [stdout]     |
[INFO] [stdout] help: consider importing this function
[INFO] [stdout]     |
[INFO] [stdout] 104 +     use glory_core::web::widgets::head;
[INFO] [stdout]     |
[INFO] [stdout] 
[INFO] [stdout] 
[INFO] [stdout] error[E0412]: cannot find type `Request` in this scope
[INFO] [stdout]    --> src/filters/mod.rs:119:31
[INFO] [stdout]     |
[INFO] [stdout] 119 |         fn has_one(_req: &mut Request, path: &mut PathState) -> bool {
[INFO] [stdout]     |                               ^^^^^^^ not found in this scope
[INFO] [stdout]     |
[INFO] [stdout] help: consider importing one of these items
[INFO] [stdout]     |
[INFO] [stdout] 104 +     use core::error::Request;
[INFO] [stdout]     |
[INFO] [stdout] 104 +     use std::error::Request;
[INFO] [stdout]     |
[INFO] [stdout] 
[INFO] [stdout] 
[INFO] [stdout] error[E0412]: cannot find type `Request` in this scope
[INFO] [stdout]    --> src/filters/mod.rs:122:31
[INFO] [stdout]     |
[INFO] [stdout] 122 |         fn has_two(_req: &mut Request, path: &mut PathState) -> bool {
[INFO] [stdout]     |                               ^^^^^^^ not found in this scope
[INFO] [stdout]     |
[INFO] [stdout] help: consider importing one of these items
[INFO] [stdout]     |
[INFO] [stdout] 104 +     use core::error::Request;
[INFO] [stdout]     |
[INFO] [stdout] 104 +     use std::error::Request;
[INFO] [stdout]     |
[INFO] [stdout] 
[INFO] [stdout] 
[INFO] [stdout] error[E0433]: failed to resolve: use of undeclared type `Request`
[INFO] [stdout]    --> src/filters/mod.rs:129:23
[INFO] [stdout]     |
[INFO] [stdout] 129 |         let mut req = Request::default();
[INFO] [stdout]     |                       ^^^^^^^ use of undeclared type `Request`
[INFO] [stdout]     |
[INFO] [stdout] help: consider importing one of these items
[INFO] [stdout]     |
[INFO] [stdout] 104 +     use core::error::Request;
[INFO] [stdout]     |
[INFO] [stdout] 104 +     use std::error::Request;
[INFO] [stdout]     |
[INFO] [stdout] 
[INFO] [stdout] 
[INFO] [stdout] warning: unused import: `std::cell::RefCell`
[INFO] [stdout]  --> src/router.rs:1:5
[INFO] [stdout]   |
[INFO] [stdout] 1 | use std::cell::RefCell;
[INFO] [stdout]   |     ^^^^^^^^^^^^^^^^^^
[INFO] [stdout]   |
[INFO] [stdout]   = note: `#[warn(unused_imports)]` on by default
[INFO] [stdout] 
[INFO] [stdout] 
[INFO] [stdout] error[E0425]: cannot find function `get` in this scope
[INFO] [stdout]    --> src/filters/mod.rs:108:17
[INFO] [stdout]     |
[INFO] [stdout] 108 |         assert!(get() == MethodFilter(Method::GET));
[INFO] [stdout]     |                 ^^^ not found in this scope
[INFO] [stdout] 
[INFO] [stdout] 
[INFO] [stdout] error[E0433]: failed to resolve: use of undeclared type `Method`
[INFO] [stdout]    --> src/filters/mod.rs:108:39
[INFO] [stdout]     |
[INFO] [stdout] 108 |         assert!(get() == MethodFilter(Method::GET));
[INFO] [stdout]     |                                       ^^^^^^ use of undeclared type `Method`
[INFO] [stdout] 
[INFO] [stdout] 
[INFO] [stdout] error[E0425]: cannot find function, tuple struct or tuple variant `MethodFilter` in this scope
[INFO] [stdout]    --> src/filters/mod.rs:108:26
[INFO] [stdout]     |
[INFO] [stdout] 108 |         assert!(get() == MethodFilter(Method::GET));
[INFO] [stdout]     |                          ^^^^^^^^^^^^ not found in this scope
[INFO] [stdout] 
[INFO] [stdout] 
[INFO] [stdout] error[E0433]: failed to resolve: use of undeclared type `Method`
[INFO] [stdout]    --> src/filters/mod.rs:109:40
[INFO] [stdout]     |
[INFO] [stdout] 109 |         assert!(head() == MethodFilter(Method::HEAD));
[INFO] [stdout]     |                                        ^^^^^^ use of undeclared type `Method`
[INFO] [stdout] 
[INFO] [stdout] 
[INFO] [stdout] error[E0425]: cannot find function, tuple struct or tuple variant `MethodFilter` in this scope
[INFO] [stdout]    --> src/filters/mod.rs:109:27
[INFO] [stdout]     |
[INFO] [stdout] 109 |         assert!(head() == MethodFilter(Method::HEAD));
[INFO] [stdout]     |                           ^^^^^^^^^^^^ not found in this scope
[INFO] [stdout] 
[INFO] [stdout] 
[INFO] [stdout] error[E0425]: cannot find function `options` in this scope
[INFO] [stdout]    --> src/filters/mod.rs:110:17
[INFO] [stdout]     |
[INFO] [stdout] 110 |         assert!(options() == MethodFilter(Method::OPTIONS));
[INFO] [stdout]     |                 ^^^^^^^ not found in this scope
[INFO] [stdout] 
[INFO] [stdout] 
[INFO] [stdout] error[E0433]: failed to resolve: use of undeclared type `Method`
[INFO] [stdout]    --> src/filters/mod.rs:110:43
[INFO] [stdout]     |
[INFO] [stdout] 110 |         assert!(options() == MethodFilter(Method::OPTIONS));
[INFO] [stdout]     |                                           ^^^^^^ use of undeclared type `Method`
[INFO] [stdout] 
[INFO] [stdout] 
[INFO] [stdout] error[E0425]: cannot find function, tuple struct or tuple variant `MethodFilter` in this scope
[INFO] [stdout]    --> src/filters/mod.rs:110:30
[INFO] [stdout]     |
[INFO] [stdout] 110 |         assert!(options() == MethodFilter(Method::OPTIONS));
[INFO] [stdout]     |                              ^^^^^^^^^^^^ not found in this scope
[INFO] [stdout] 
[INFO] [stdout] 
[INFO] [stdout] error[E0425]: cannot find function `post` in this scope
[INFO] [stdout]    --> src/filters/mod.rs:111:17
[INFO] [stdout]     |
[INFO] [stdout] 111 |         assert!(post() == MethodFilter(Method::POST));
[INFO] [stdout]     |                 ^^^^ not found in this scope
[INFO] [stdout] 
[INFO] [stdout] 
[INFO] [stdout] error[E0433]: failed to resolve: use of undeclared type `Method`
[INFO] [stdout]    --> src/filters/mod.rs:111:40
[INFO] [stdout]     |
[INFO] [stdout] 111 |         assert!(post() == MethodFilter(Method::POST));
[INFO] [stdout]     |                                        ^^^^^^ use of undeclared type `Method`
[INFO] [stdout] 
[INFO] [stdout] 
[INFO] [stdout] error[E0425]: cannot find function, tuple struct or tuple variant `MethodFilter` in this scope
[INFO] [stdout]    --> src/filters/mod.rs:111:27
[INFO] [stdout]     |
[INFO] [stdout] 111 |         assert!(post() == MethodFilter(Method::POST));
[INFO] [stdout]     |                           ^^^^^^^^^^^^ not found in this scope
[INFO] [stdout] 
[INFO] [stdout] 
[INFO] [stdout] error[E0425]: cannot find function `patch` in this scope
[INFO] [stdout]    --> src/filters/mod.rs:112:17
[INFO] [stdout]     |
[INFO] [stdout] 98  | pub fn path(path: impl Into<String>) -> PathFilter {
[INFO] [stdout]     | -------------------------------------------------- similarly named function `path` defined here
[INFO] [stdout] ...
[INFO] [stdout] 112 |         assert!(patch() == MethodFilter(Method::PATCH));
[INFO] [stdout]     |                 ^^^^^ help: a function with a similar name exists: `path`
[INFO] [stdout] 
[INFO] [stdout] 
[INFO] [stdout] error[E0433]: failed to resolve: use of undeclared type `Method`
[INFO] [stdout]    --> src/filters/mod.rs:112:41
[INFO] [stdout]     |
[INFO] [stdout] 112 |         assert!(patch() == MethodFilter(Method::PATCH));
[INFO] [stdout]     |                                         ^^^^^^ use of undeclared type `Method`
[INFO] [stdout] 
[INFO] [stdout] 
[INFO] [stdout] error[E0425]: cannot find function, tuple struct or tuple variant `MethodFilter` in this scope
[INFO] [stdout]    --> src/filters/mod.rs:112:28
[INFO] [stdout]     |
[INFO] [stdout] 112 |         assert!(patch() == MethodFilter(Method::PATCH));
[INFO] [stdout]     |                            ^^^^^^^^^^^^ not found in this scope
[INFO] [stdout] 
[INFO] [stdout] 
[INFO] [stdout] error[E0425]: cannot find function `put` in this scope
[INFO] [stdout]    --> src/filters/mod.rs:113:17
[INFO] [stdout]     |
[INFO] [stdout] 113 |         assert!(put() == MethodFilter(Method::PUT));
[INFO] [stdout]     |                 ^^^ not found in this scope
[INFO] [stdout] 
[INFO] [stdout] 
[INFO] [stdout] error[E0433]: failed to resolve: use of undeclared type `Method`
[INFO] [stdout]    --> src/filters/mod.rs:113:39
[INFO] [stdout]     |
[INFO] [stdout] 113 |         assert!(put() == MethodFilter(Method::PUT));
[INFO] [stdout]     |                                       ^^^^^^ use of undeclared type `Method`
[INFO] [stdout] 
[INFO] [stdout] 
[INFO] [stdout] error[E0425]: cannot find function, tuple struct or tuple variant `MethodFilter` in this scope
[INFO] [stdout]    --> src/filters/mod.rs:113:26
[INFO] [stdout]     |
[INFO] [stdout] 113 |         assert!(put() == MethodFilter(Method::PUT));
[INFO] [stdout]     |                          ^^^^^^^^^^^^ not found in this scope
[INFO] [stdout] 
[INFO] [stdout] 
[INFO] [stdout] error[E0425]: cannot find function `delete` in this scope
[INFO] [stdout]    --> src/filters/mod.rs:114:17
[INFO] [stdout]     |
[INFO] [stdout] 114 |         assert!(delete() == MethodFilter(Method::DELETE));
[INFO] [stdout]     |                 ^^^^^^ not found in this scope
[INFO] [stdout] 
[INFO] [stdout] 
[INFO] [stdout] error[E0433]: failed to resolve: use of undeclared type `Method`
[INFO] [stdout]    --> src/filters/mod.rs:114:42
[INFO] [stdout]     |
[INFO] [stdout] 114 |         assert!(delete() == MethodFilter(Method::DELETE));
[INFO] [stdout]     |                                          ^^^^^^ use of undeclared type `Method`
[INFO] [stdout] 
[INFO] [stdout] 
[INFO] [stdout] error[E0425]: cannot find function, tuple struct or tuple variant `MethodFilter` in this scope
[INFO] [stdout]    --> src/filters/mod.rs:114:29
[INFO] [stdout]     |
[INFO] [stdout] 114 |         assert!(delete() == MethodFilter(Method::DELETE));
[INFO] [stdout]     |                             ^^^^^^^^^^^^ not found in this scope
[INFO] [stdout] 
[INFO] [stdout] 
[INFO] [stdout] error[E0599]: the method `filter` exists for struct `FnFilter<fn(&mut {type error}, &mut PathState) -> bool {has_one}>`, but its trait bounds were not satisfied
[INFO] [stdout]    --> src/filters/mod.rs:131:28
[INFO] [stdout]     |
[INFO] [stdout] 77  | pub struct FnFilter<F>(pub F);
[INFO] [stdout]     | ----------------------
[INFO] [stdout]     | |
[INFO] [stdout]     | method `filter` not found for this struct
[INFO] [stdout]     | doesn't satisfy `_: Filter`
[INFO] [stdout]     | doesn't satisfy `_: Iterator`
[INFO] [stdout] ...
[INFO] [stdout] 131 |         assert!(one_filter.filter(&mut req, &mut path_state));
[INFO] [stdout]     |                            ^^^^^^ method cannot be called due to unsatisfied trait bounds
[INFO] [stdout]     |
[INFO] [stdout] note: the following trait bounds were not satisfied:
[INFO] [stdout]       `<for<'a, 'b> fn(&'a mut {type error}, &'b mut PathState) -> bool {has_one} as FnOnce<(&ssr::Url, &Truck, &mut PathState)>>::Output = bool`
[INFO] [stdout]       `for<'a, 'b> fn(&'a mut {type error}, &'b mut PathState) -> bool {has_one}: Fn<(&ssr::Url, &Truck, &mut PathState)>`
[INFO] [stdout]    --> src/filters/mod.rs:81:8
[INFO] [stdout]     |
[INFO] [stdout] 79  | impl<F> Filter for FnFilter<F>
[INFO] [stdout]     |         ------     -----------
[INFO] [stdout] 80  | where
[INFO] [stdout] 81  |     F: Fn(&Url, &Truck, &mut PathState) -> bool + 'static,
[INFO] [stdout]     |        ^^^^^^^^^^^^^^^^^^^^^^^^^^^^^^^^^^^^^^^^
[INFO] [stdout]     |        |                                   |
[INFO] [stdout]     |        |                                   unsatisfied trait bound introduced here
[INFO] [stdout]     |        unsatisfied trait bound introduced here
[INFO] [stdout]     = note: the following trait bounds were not satisfied:
[INFO] [stdout]             `filters::FnFilter<for<'a, 'b> fn(&'a mut {type error}, &'b mut PathState) -> bool {has_one}>: Iterator`
[INFO] [stdout]             which is required by `&mut filters::FnFilter<for<'a, 'b> fn(&'a mut {type error}, &'b mut PathState) -> bool {has_one}>: Iterator`
[INFO] [stdout] note: the trait `Iterator` must be implemented
[INFO] [stdout]    --> /rustc/82e1608dfa6e0b5569232559e3d385fea5a93112/library/core/src/iter/traits/iterator.rs:75:1
[INFO] [stdout] 
[INFO] [stdout] 
[INFO] [stdout] error[E0599]: the method `filter` exists for struct `FnFilter<fn(&mut {type error}, &mut PathState) -> bool {has_two}>`, but its trait bounds were not satisfied
[INFO] [stdout]    --> src/filters/mod.rs:132:29
[INFO] [stdout]     |
[INFO] [stdout] 77  | pub struct FnFilter<F>(pub F);
[INFO] [stdout]     | ----------------------
[INFO] [stdout]     | |
[INFO] [stdout]     | method `filter` not found for this struct
[INFO] [stdout]     | doesn't satisfy `_: Filter`
[INFO] [stdout]     | doesn't satisfy `_: Iterator`
[INFO] [stdout] ...
[INFO] [stdout] 132 |         assert!(!two_filter.filter(&mut req, &mut path_state));
[INFO] [stdout]     |                             ^^^^^^ method cannot be called due to unsatisfied trait bounds
[INFO] [stdout]     |
[INFO] [stdout] note: the following trait bounds were not satisfied:
[INFO] [stdout]       `<for<'a, 'b> fn(&'a mut {type error}, &'b mut PathState) -> bool {has_two} as FnOnce<(&ssr::Url, &Truck, &mut PathState)>>::Output = bool`
[INFO] [stdout]       `for<'a, 'b> fn(&'a mut {type error}, &'b mut PathState) -> bool {has_two}: Fn<(&ssr::Url, &Truck, &mut PathState)>`
[INFO] [stdout]    --> src/filters/mod.rs:81:8
[INFO] [stdout]     |
[INFO] [stdout] 79  | impl<F> Filter for FnFilter<F>
[INFO] [stdout]     |         ------     -----------
[INFO] [stdout] 80  | where
[INFO] [stdout] 81  |     F: Fn(&Url, &Truck, &mut PathState) -> bool + 'static,
[INFO] [stdout]     |        ^^^^^^^^^^^^^^^^^^^^^^^^^^^^^^^^^^^^^^^^
[INFO] [stdout]     |        |                                   |
[INFO] [stdout]     |        |                                   unsatisfied trait bound introduced here
[INFO] [stdout]     |        unsatisfied trait bound introduced here
[INFO] [stdout]     = note: the following trait bounds were not satisfied:
[INFO] [stdout]             `filters::FnFilter<for<'a, 'b> fn(&'a mut {type error}, &'b mut PathState) -> bool {has_two}>: Iterator`
[INFO] [stdout]             which is required by `&mut filters::FnFilter<for<'a, 'b> fn(&'a mut {type error}, &'b mut PathState) -> bool {has_two}>: Iterator`
[INFO] [stdout] note: the trait `Iterator` must be implemented
[INFO] [stdout]    --> /rustc/82e1608dfa6e0b5569232559e3d385fea5a93112/library/core/src/iter/traits/iterator.rs:75:1
[INFO] [stdout] 
[INFO] [stdout] 
[INFO] [stdout] error[E0599]: the method `or_else` exists for struct `FnFilter<fn(&mut {type error}, &mut PathState) -> bool {has_one}>`, but its trait bounds were not satisfied
[INFO] [stdout]    --> src/filters/mod.rs:133:28
[INFO] [stdout]     |
[INFO] [stdout] 77  | pub struct FnFilter<F>(pub F);
[INFO] [stdout]     | ----------------------
[INFO] [stdout]     | |
[INFO] [stdout]     | method `or_else` not found for this struct
[INFO] [stdout]     | doesn't satisfy `_: Filter`
[INFO] [stdout] ...
[INFO] [stdout] 133 |         assert!(one_filter.or_else(has_two).filter(&mut req, &mut path_state));
[INFO] [stdout]     |                            ^^^^^^^ method cannot be called due to unsatisfied trait bounds
[INFO] [stdout]     |
[INFO] [stdout] note: the following trait bounds were not satisfied:
[INFO] [stdout]       `<for<'a, 'b> fn(&'a mut {type error}, &'b mut PathState) -> bool {has_one} as FnOnce<(&ssr::Url, &Truck, &mut PathState)>>::Output = bool`
[INFO] [stdout]       `for<'a, 'b> fn(&'a mut {type error}, &'b mut PathState) -> bool {has_one}: Fn<(&ssr::Url, &Truck, &mut PathState)>`
[INFO] [stdout]    --> src/filters/mod.rs:81:8
[INFO] [stdout]     |
[INFO] [stdout] 79  | impl<F> Filter for FnFilter<F>
[INFO] [stdout]     |         ------     -----------
[INFO] [stdout] 80  | where
[INFO] [stdout] 81  |     F: Fn(&Url, &Truck, &mut PathState) -> bool + 'static,
[INFO] [stdout]     |        ^^^^^^^^^^^^^^^^^^^^^^^^^^^^^^^^^^^^^^^^
[INFO] [stdout]     |        |                                   |
[INFO] [stdout]     |        |                                   unsatisfied trait bound introduced here
[INFO] [stdout]     |        unsatisfied trait bound introduced here
[INFO] [stdout] 
[INFO] [stdout] 
[INFO] [stdout] error[E0599]: the method `or` exists for struct `FnFilter<fn(&mut {type error}, &mut PathState) -> bool {has_one}>`, but its trait bounds were not satisfied
[INFO] [stdout]    --> src/filters/mod.rs:134:28
[INFO] [stdout]     |
[INFO] [stdout] 77  | pub struct FnFilter<F>(pub F);
[INFO] [stdout]     | ----------------------
[INFO] [stdout]     | |
[INFO] [stdout]     | method `or` not found for this struct
[INFO] [stdout]     | doesn't satisfy `_: Filter`
[INFO] [stdout] ...
[INFO] [stdout] 134 |         assert!(one_filter.or(two_filter).filter(&mut req, &mut path_state));
[INFO] [stdout]     |                            ^^ method cannot be called due to unsatisfied trait bounds
[INFO] [stdout]     |
[INFO] [stdout] note: the following trait bounds were not satisfied:
[INFO] [stdout]       `<for<'a, 'b> fn(&'a mut {type error}, &'b mut PathState) -> bool {has_one} as FnOnce<(&ssr::Url, &Truck, &mut PathState)>>::Output = bool`
[INFO] [stdout]       `for<'a, 'b> fn(&'a mut {type error}, &'b mut PathState) -> bool {has_one}: Fn<(&ssr::Url, &Truck, &mut PathState)>`
[INFO] [stdout]    --> src/filters/mod.rs:81:8
[INFO] [stdout]     |
[INFO] [stdout] 79  | impl<F> Filter for FnFilter<F>
[INFO] [stdout]     |         ------     -----------
[INFO] [stdout] 80  | where
[INFO] [stdout] 81  |     F: Fn(&Url, &Truck, &mut PathState) -> bool + 'static,
[INFO] [stdout]     |        ^^^^^^^^^^^^^^^^^^^^^^^^^^^^^^^^^^^^^^^^
[INFO] [stdout]     |        |                                   |
[INFO] [stdout]     |        |                                   unsatisfied trait bound introduced here
[INFO] [stdout]     |        unsatisfied trait bound introduced here
[INFO] [stdout] 
[INFO] [stdout] 
[INFO] [stdout] error[E0599]: the method `and_then` exists for struct `FnFilter<fn(&mut {type error}, &mut PathState) -> bool {has_one}>`, but its trait bounds were not satisfied
[INFO] [stdout]    --> src/filters/mod.rs:135:29
[INFO] [stdout]     |
[INFO] [stdout] 77  | pub struct FnFilter<F>(pub F);
[INFO] [stdout]     | ----------------------
[INFO] [stdout]     | |
[INFO] [stdout]     | method `and_then` not found for this struct
[INFO] [stdout]     | doesn't satisfy `_: Filter`
[INFO] [stdout] ...
[INFO] [stdout] 135 |         assert!(!one_filter.and_then(has_two).filter(&mut req, &mut path_state));
[INFO] [stdout]     |                             ^^^^^^^^ method cannot be called due to unsatisfied trait bounds
[INFO] [stdout]     |
[INFO] [stdout] note: the following trait bounds were not satisfied:
[INFO] [stdout]       `<for<'a, 'b> fn(&'a mut {type error}, &'b mut PathState) -> bool {has_one} as FnOnce<(&ssr::Url, &Truck, &mut PathState)>>::Output = bool`
[INFO] [stdout]       `for<'a, 'b> fn(&'a mut {type error}, &'b mut PathState) -> bool {has_one}: Fn<(&ssr::Url, &Truck, &mut PathState)>`
[INFO] [stdout]    --> src/filters/mod.rs:81:8
[INFO] [stdout]     |
[INFO] [stdout] 79  | impl<F> Filter for FnFilter<F>
[INFO] [stdout]     |         ------     -----------
[INFO] [stdout] 80  | where
[INFO] [stdout] 81  |     F: Fn(&Url, &Truck, &mut PathState) -> bool + 'static,
[INFO] [stdout]     |        ^^^^^^^^^^^^^^^^^^^^^^^^^^^^^^^^^^^^^^^^
[INFO] [stdout]     |        |                                   |
[INFO] [stdout]     |        |                                   unsatisfied trait bound introduced here
[INFO] [stdout]     |        unsatisfied trait bound introduced here
[INFO] [stdout] 
[INFO] [stdout] 
[INFO] [stdout] error[E0599]: the method `and` exists for struct `FnFilter<fn(&mut {type error}, &mut PathState) -> bool {has_one}>`, but its trait bounds were not satisfied
[INFO] [stdout]    --> src/filters/mod.rs:136:29
[INFO] [stdout]     |
[INFO] [stdout] 77  | pub struct FnFilter<F>(pub F);
[INFO] [stdout]     | ----------------------
[INFO] [stdout]     | |
[INFO] [stdout]     | method `and` not found for this struct
[INFO] [stdout]     | doesn't satisfy `_: Filter`
[INFO] [stdout] ...
[INFO] [stdout] 136 |         assert!(!one_filter.and(two_filter).filter(&mut req, &mut path_state));
[INFO] [stdout]     |                             ^^^ method cannot be called due to unsatisfied trait bounds
[INFO] [stdout]     |
[INFO] [stdout] note: the following trait bounds were not satisfied:
[INFO] [stdout]       `<for<'a, 'b> fn(&'a mut {type error}, &'b mut PathState) -> bool {has_one} as FnOnce<(&ssr::Url, &Truck, &mut PathState)>>::Output = bool`
[INFO] [stdout]       `for<'a, 'b> fn(&'a mut {type error}, &'b mut PathState) -> bool {has_one}: Fn<(&ssr::Url, &Truck, &mut PathState)>`
[INFO] [stdout]    --> src/filters/mod.rs:81:8
[INFO] [stdout]     |
[INFO] [stdout] 79  | impl<F> Filter for FnFilter<F>
[INFO] [stdout]     |         ------     -----------
[INFO] [stdout] 80  | where
[INFO] [stdout] 81  |     F: Fn(&Url, &Truck, &mut PathState) -> bool + 'static,
[INFO] [stdout]     |        ^^^^^^^^^^^^^^^^^^^^^^^^^^^^^^^^^^^^^^^^
[INFO] [stdout]     |        |                                   |
[INFO] [stdout]     |        |                                   unsatisfied trait bound introduced here
[INFO] [stdout]     |        unsatisfied trait bound introduced here
[INFO] [stdout] 
[INFO] [stdout] 
[INFO] [stdout] error[E0599]: the method `filter` exists for struct `FnFilter<fn(&mut {type error}, &mut PathState) -> bool {has_one}>`, but its trait bounds were not satisfied
[INFO] [stdout]    --> src/filters/mod.rs:139:28
[INFO] [stdout]     |
[INFO] [stdout] 77  | pub struct FnFilter<F>(pub F);
[INFO] [stdout]     | ----------------------
[INFO] [stdout]     | |
[INFO] [stdout]     | method `filter` not found for this struct
[INFO] [stdout]     | doesn't satisfy `_: Filter`
[INFO] [stdout]     | doesn't satisfy `_: Iterator`
[INFO] [stdout] ...
[INFO] [stdout] 139 |         assert!(one_filter.filter(&mut req, &mut path_state));
[INFO] [stdout]     |                            ^^^^^^ method cannot be called due to unsatisfied trait bounds
[INFO] [stdout]     |
[INFO] [stdout] note: the following trait bounds were not satisfied:
[INFO] [stdout]       `<for<'a, 'b> fn(&'a mut {type error}, &'b mut PathState) -> bool {has_one} as FnOnce<(&ssr::Url, &Truck, &mut PathState)>>::Output = bool`
[INFO] [stdout]       `for<'a, 'b> fn(&'a mut {type error}, &'b mut PathState) -> bool {has_one}: Fn<(&ssr::Url, &Truck, &mut PathState)>`
[INFO] [stdout]    --> src/filters/mod.rs:81:8
[INFO] [stdout]     |
[INFO] [stdout] 79  | impl<F> Filter for FnFilter<F>
[INFO] [stdout]     |         ------     -----------
[INFO] [stdout] 80  | where
[INFO] [stdout] 81  |     F: Fn(&Url, &Truck, &mut PathState) -> bool + 'static,
[INFO] [stdout]     |        ^^^^^^^^^^^^^^^^^^^^^^^^^^^^^^^^^^^^^^^^
[INFO] [stdout]     |        |                                   |
[INFO] [stdout]     |        |                                   unsatisfied trait bound introduced here
[INFO] [stdout]     |        unsatisfied trait bound introduced here
[INFO] [stdout]     = note: the following trait bounds were not satisfied:
[INFO] [stdout]             `filters::FnFilter<for<'a, 'b> fn(&'a mut {type error}, &'b mut PathState) -> bool {has_one}>: Iterator`
[INFO] [stdout]             which is required by `&mut filters::FnFilter<for<'a, 'b> fn(&'a mut {type error}, &'b mut PathState) -> bool {has_one}>: Iterator`
[INFO] [stdout] note: the trait `Iterator` must be implemented
[INFO] [stdout]    --> /rustc/82e1608dfa6e0b5569232559e3d385fea5a93112/library/core/src/iter/traits/iterator.rs:75:1
[INFO] [stdout] 
[INFO] [stdout] 
[INFO] [stdout] error[E0599]: the method `filter` exists for struct `FnFilter<fn(&mut {type error}, &mut PathState) -> bool {has_two}>`, but its trait bounds were not satisfied
[INFO] [stdout]    --> src/filters/mod.rs:140:28
[INFO] [stdout]     |
[INFO] [stdout] 77  | pub struct FnFilter<F>(pub F);
[INFO] [stdout]     | ----------------------
[INFO] [stdout]     | |
[INFO] [stdout]     | method `filter` not found for this struct
[INFO] [stdout]     | doesn't satisfy `_: Filter`
[INFO] [stdout]     | doesn't satisfy `_: Iterator`
[INFO] [stdout] ...
[INFO] [stdout] 140 |         assert!(two_filter.filter(&mut req, &mut path_state));
[INFO] [stdout]     |                            ^^^^^^ method cannot be called due to unsatisfied trait bounds
[INFO] [stdout]     |
[INFO] [stdout] note: the following trait bounds were not satisfied:
[INFO] [stdout]       `<for<'a, 'b> fn(&'a mut {type error}, &'b mut PathState) -> bool {has_two} as FnOnce<(&ssr::Url, &Truck, &mut PathState)>>::Output = bool`
[INFO] [stdout]       `for<'a, 'b> fn(&'a mut {type error}, &'b mut PathState) -> bool {has_two}: Fn<(&ssr::Url, &Truck, &mut PathState)>`
[INFO] [stdout]    --> src/filters/mod.rs:81:8
[INFO] [stdout]     |
[INFO] [stdout] 79  | impl<F> Filter for FnFilter<F>
[INFO] [stdout]     |         ------     -----------
[INFO] [stdout] 80  | where
[INFO] [stdout] 81  |     F: Fn(&Url, &Truck, &mut PathState) -> bool + 'static,
[INFO] [stdout]     |        ^^^^^^^^^^^^^^^^^^^^^^^^^^^^^^^^^^^^^^^^
[INFO] [stdout]     |        |                                   |
[INFO] [stdout]     |        |                                   unsatisfied trait bound introduced here
[INFO] [stdout]     |        unsatisfied trait bound introduced here
[INFO] [stdout]     = note: the following trait bounds were not satisfied:
[INFO] [stdout]             `filters::FnFilter<for<'a, 'b> fn(&'a mut {type error}, &'b mut PathState) -> bool {has_two}>: Iterator`
[INFO] [stdout]             which is required by `&mut filters::FnFilter<for<'a, 'b> fn(&'a mut {type error}, &'b mut PathState) -> bool {has_two}>: Iterator`
[INFO] [stdout] note: the trait `Iterator` must be implemented
[INFO] [stdout]    --> /rustc/82e1608dfa6e0b5569232559e3d385fea5a93112/library/core/src/iter/traits/iterator.rs:75:1
[INFO] [stdout] 
[INFO] [stdout] 
[INFO] [stdout] error[E0599]: the method `or_else` exists for struct `FnFilter<fn(&mut {type error}, &mut PathState) -> bool {has_one}>`, but its trait bounds were not satisfied
[INFO] [stdout]    --> src/filters/mod.rs:141:28
[INFO] [stdout]     |
[INFO] [stdout] 77  | pub struct FnFilter<F>(pub F);
[INFO] [stdout]     | ----------------------
[INFO] [stdout]     | |
[INFO] [stdout]     | method `or_else` not found for this struct
[INFO] [stdout]     | doesn't satisfy `_: Filter`
[INFO] [stdout] ...
[INFO] [stdout] 141 |         assert!(one_filter.or_else(has_two).filter(&mut req, &mut path_state));
[INFO] [stdout]     |                            ^^^^^^^ method cannot be called due to unsatisfied trait bounds
[INFO] [stdout]     |
[INFO] [stdout] note: the following trait bounds were not satisfied:
[INFO] [stdout]       `<for<'a, 'b> fn(&'a mut {type error}, &'b mut PathState) -> bool {has_one} as FnOnce<(&ssr::Url, &Truck, &mut PathState)>>::Output = bool`
[INFO] [stdout]       `for<'a, 'b> fn(&'a mut {type error}, &'b mut PathState) -> bool {has_one}: Fn<(&ssr::Url, &Truck, &mut PathState)>`
[INFO] [stdout]    --> src/filters/mod.rs:81:8
[INFO] [stdout]     |
[INFO] [stdout] 79  | impl<F> Filter for FnFilter<F>
[INFO] [stdout]     |         ------     -----------
[INFO] [stdout] 80  | where
[INFO] [stdout] 81  |     F: Fn(&Url, &Truck, &mut PathState) -> bool + 'static,
[INFO] [stdout]     |        ^^^^^^^^^^^^^^^^^^^^^^^^^^^^^^^^^^^^^^^^
[INFO] [stdout]     |        |                                   |
[INFO] [stdout]     |        |                                   unsatisfied trait bound introduced here
[INFO] [stdout]     |        unsatisfied trait bound introduced here
[INFO] [stdout] 
[INFO] [stdout] 
[INFO] [stdout] error[E0599]: the method `or` exists for struct `FnFilter<fn(&mut {type error}, &mut PathState) -> bool {has_one}>`, but its trait bounds were not satisfied
[INFO] [stdout]    --> src/filters/mod.rs:142:28
[INFO] [stdout]     |
[INFO] [stdout] 77  | pub struct FnFilter<F>(pub F);
[INFO] [stdout]     | ----------------------
[INFO] [stdout]     | |
[INFO] [stdout]     | method `or` not found for this struct
[INFO] [stdout]     | doesn't satisfy `_: Filter`
[INFO] [stdout] ...
[INFO] [stdout] 142 |         assert!(one_filter.or(two_filter).filter(&mut req, &mut path_state));
[INFO] [stdout]     |                            ^^ method cannot be called due to unsatisfied trait bounds
[INFO] [stdout]     |
[INFO] [stdout] note: the following trait bounds were not satisfied:
[INFO] [stdout]       `<for<'a, 'b> fn(&'a mut {type error}, &'b mut PathState) -> bool {has_one} as FnOnce<(&ssr::Url, &Truck, &mut PathState)>>::Output = bool`
[INFO] [stdout]       `for<'a, 'b> fn(&'a mut {type error}, &'b mut PathState) -> bool {has_one}: Fn<(&ssr::Url, &Truck, &mut PathState)>`
[INFO] [stdout]    --> src/filters/mod.rs:81:8
[INFO] [stdout]     |
[INFO] [stdout] 79  | impl<F> Filter for FnFilter<F>
[INFO] [stdout]     |         ------     -----------
[INFO] [stdout] 80  | where
[INFO] [stdout] 81  |     F: Fn(&Url, &Truck, &mut PathState) -> bool + 'static,
[INFO] [stdout]     |        ^^^^^^^^^^^^^^^^^^^^^^^^^^^^^^^^^^^^^^^^
[INFO] [stdout]     |        |                                   |
[INFO] [stdout]     |        |                                   unsatisfied trait bound introduced here
[INFO] [stdout]     |        unsatisfied trait bound introduced here
[INFO] [stdout] 
[INFO] [stdout] 
[INFO] [stdout] error[E0599]: the method `and_then` exists for struct `FnFilter<fn(&mut {type error}, &mut PathState) -> bool {has_one}>`, but its trait bounds were not satisfied
[INFO] [stdout]    --> src/filters/mod.rs:143:28
[INFO] [stdout]     |
[INFO] [stdout] 77  | pub struct FnFilter<F>(pub F);
[INFO] [stdout]     | ----------------------
[INFO] [stdout]     | |
[INFO] [stdout]     | method `and_then` not found for this struct
[INFO] [stdout]     | doesn't satisfy `_: Filter`
[INFO] [stdout] ...
[INFO] [stdout] 143 |         assert!(one_filter.and_then(has_two).filter(&mut req, &mut path_state));
[INFO] [stdout]     |                            ^^^^^^^^ method cannot be called due to unsatisfied trait bounds
[INFO] [stdout]     |
[INFO] [stdout] note: the following trait bounds were not satisfied:
[INFO] [stdout]       `<for<'a, 'b> fn(&'a mut {type error}, &'b mut PathState) -> bool {has_one} as FnOnce<(&ssr::Url, &Truck, &mut PathState)>>::Output = bool`
[INFO] [stdout]       `for<'a, 'b> fn(&'a mut {type error}, &'b mut PathState) -> bool {has_one}: Fn<(&ssr::Url, &Truck, &mut PathState)>`
[INFO] [stdout]    --> src/filters/mod.rs:81:8
[INFO] [stdout]     |
[INFO] [stdout] 79  | impl<F> Filter for FnFilter<F>
[INFO] [stdout]     |         ------     -----------
[INFO] [stdout] 80  | where
[INFO] [stdout] 81  |     F: Fn(&Url, &Truck, &mut PathState) -> bool + 'static,
[INFO] [stdout]     |        ^^^^^^^^^^^^^^^^^^^^^^^^^^^^^^^^^^^^^^^^
[INFO] [stdout]     |        |                                   |
[INFO] [stdout]     |        |                                   unsatisfied trait bound introduced here
[INFO] [stdout]     |        unsatisfied trait bound introduced here
[INFO] [stdout] 
[INFO] [stdout] 
[INFO] [stdout] error[E0599]: the method `and` exists for struct `FnFilter<fn(&mut {type error}, &mut PathState) -> bool {has_one}>`, but its trait bounds were not satisfied
[INFO] [stdout]    --> src/filters/mod.rs:144:28
[INFO] [stdout]     |
[INFO] [stdout] 77  | pub struct FnFilter<F>(pub F);
[INFO] [stdout]     | ----------------------
[INFO] [stdout]     | |
[INFO] [stdout]     | method `and` not found for this struct
[INFO] [stdout]     | doesn't satisfy `_: Filter`
[INFO] [stdout] ...
[INFO] [stdout] 144 |         assert!(one_filter.and(two_filter).filter(&mut req, &mut path_state));
[INFO] [stdout]     |                            ^^^ method cannot be called due to unsatisfied trait bounds
[INFO] [stdout]     |
[INFO] [stdout] note: the following trait bounds were not satisfied:
[INFO] [stdout]       `<for<'a, 'b> fn(&'a mut {type error}, &'b mut PathState) -> bool {has_one} as FnOnce<(&ssr::Url, &Truck, &mut PathState)>>::Output = bool`
[INFO] [stdout]       `for<'a, 'b> fn(&'a mut {type error}, &'b mut PathState) -> bool {has_one}: Fn<(&ssr::Url, &Truck, &mut PathState)>`
[INFO] [stdout]    --> src/filters/mod.rs:81:8
[INFO] [stdout]     |
[INFO] [stdout] 79  | impl<F> Filter for FnFilter<F>
[INFO] [stdout]     |         ------     -----------
[INFO] [stdout] 80  | where
[INFO] [stdout] 81  |     F: Fn(&Url, &Truck, &mut PathState) -> bool + 'static,
[INFO] [stdout]     |        ^^^^^^^^^^^^^^^^^^^^^^^^^^^^^^^^^^^^^^^^
[INFO] [stdout]     |        |                                   |
[INFO] [stdout]     |        |                                   unsatisfied trait bound introduced here
[INFO] [stdout]     |        unsatisfied trait bound introduced here
[INFO] [stdout] 
[INFO] [stdout] 
[INFO] [stdout] error[E0599]: the method `filter` exists for struct `FnFilter<fn(&mut {type error}, &mut PathState) -> bool {has_one}>`, but its trait bounds were not satisfied
[INFO] [stdout]    --> src/filters/mod.rs:147:29
[INFO] [stdout]     |
[INFO] [stdout] 77  | pub struct FnFilter<F>(pub F);
[INFO] [stdout]     | ----------------------
[INFO] [stdout]     | |
[INFO] [stdout]     | method `filter` not found for this struct
[INFO] [stdout]     | doesn't satisfy `_: Filter`
[INFO] [stdout]     | doesn't satisfy `_: Iterator`
[INFO] [stdout] ...
[INFO] [stdout] 147 |         assert!(!one_filter.filter(&mut req, &mut path_state));
[INFO] [stdout]     |                             ^^^^^^ method cannot be called due to unsatisfied trait bounds
[INFO] [stdout]     |
[INFO] [stdout] note: the following trait bounds were not satisfied:
[INFO] [stdout]       `<for<'a, 'b> fn(&'a mut {type error}, &'b mut PathState) -> bool {has_one} as FnOnce<(&ssr::Url, &Truck, &mut PathState)>>::Output = bool`
[INFO] [stdout]       `for<'a, 'b> fn(&'a mut {type error}, &'b mut PathState) -> bool {has_one}: Fn<(&ssr::Url, &Truck, &mut PathState)>`
[INFO] [stdout]    --> src/filters/mod.rs:81:8
[INFO] [stdout]     |
[INFO] [stdout] 79  | impl<F> Filter for FnFilter<F>
[INFO] [stdout]     |         ------     -----------
[INFO] [stdout] 80  | where
[INFO] [stdout] 81  |     F: Fn(&Url, &Truck, &mut PathState) -> bool + 'static,
[INFO] [stdout]     |        ^^^^^^^^^^^^^^^^^^^^^^^^^^^^^^^^^^^^^^^^
[INFO] [stdout]     |        |                                   |
[INFO] [stdout]     |        |                                   unsatisfied trait bound introduced here
[INFO] [stdout]     |        unsatisfied trait bound introduced here
[INFO] [stdout]     = note: the following trait bounds were not satisfied:
[INFO] [stdout]             `filters::FnFilter<for<'a, 'b> fn(&'a mut {type error}, &'b mut PathState) -> bool {has_one}>: Iterator`
[INFO] [stdout]             which is required by `&mut filters::FnFilter<for<'a, 'b> fn(&'a mut {type error}, &'b mut PathState) -> bool {has_one}>: Iterator`
[INFO] [stdout] note: the trait `Iterator` must be implemented
[INFO] [stdout]    --> /rustc/82e1608dfa6e0b5569232559e3d385fea5a93112/library/core/src/iter/traits/iterator.rs:75:1
[INFO] [stdout] 
[INFO] [stdout] 
[INFO] [stdout] error[E0599]: the method `filter` exists for struct `FnFilter<fn(&mut {type error}, &mut PathState) -> bool {has_two}>`, but its trait bounds were not satisfied
[INFO] [stdout]    --> src/filters/mod.rs:148:28
[INFO] [stdout]     |
[INFO] [stdout] 77  | pub struct FnFilter<F>(pub F);
[INFO] [stdout]     | ----------------------
[INFO] [stdout]     | |
[INFO] [stdout]     | method `filter` not found for this struct
[INFO] [stdout]     | doesn't satisfy `_: Filter`
[INFO] [stdout]     | doesn't satisfy `_: Iterator`
[INFO] [stdout] ...
[INFO] [stdout] 148 |         assert!(two_filter.filter(&mut req, &mut path_state));
[INFO] [stdout]     |                            ^^^^^^ method cannot be called due to unsatisfied trait bounds
[INFO] [stdout]     |
[INFO] [stdout] note: the following trait bounds were not satisfied:
[INFO] [stdout]       `<for<'a, 'b> fn(&'a mut {type error}, &'b mut PathState) -> bool {has_two} as FnOnce<(&ssr::Url, &Truck, &mut PathState)>>::Output = bool`
[INFO] [stdout]       `for<'a, 'b> fn(&'a mut {type error}, &'b mut PathState) -> bool {has_two}: Fn<(&ssr::Url, &Truck, &mut PathState)>`
[INFO] [stdout]    --> src/filters/mod.rs:81:8
[INFO] [stdout]     |
[INFO] [stdout] 79  | impl<F> Filter for FnFilter<F>
[INFO] [stdout]     |         ------     -----------
[INFO] [stdout] 80  | where
[INFO] [stdout] 81  |     F: Fn(&Url, &Truck, &mut PathState) -> bool + 'static,
[INFO] [stdout]     |        ^^^^^^^^^^^^^^^^^^^^^^^^^^^^^^^^^^^^^^^^
[INFO] [stdout]     |        |                                   |
[INFO] [stdout]     |        |                                   unsatisfied trait bound introduced here
[INFO] [stdout]     |        unsatisfied trait bound introduced here
[INFO] [stdout]     = note: the following trait bounds were not satisfied:
[INFO] [stdout]             `filters::FnFilter<for<'a, 'b> fn(&'a mut {type error}, &'b mut PathState) -> bool {has_two}>: Iterator`
[INFO] [stdout]             which is required by `&mut filters::FnFilter<for<'a, 'b> fn(&'a mut {type error}, &'b mut PathState) -> bool {has_two}>: Iterator`
[INFO] [stdout] note: the trait `Iterator` must be implemented
[INFO] [stdout]    --> /rustc/82e1608dfa6e0b5569232559e3d385fea5a93112/library/core/src/iter/traits/iterator.rs:75:1
[INFO] [stdout] 
[INFO] [stdout] 
[INFO] [stdout] error[E0599]: the method `or_else` exists for struct `FnFilter<fn(&mut {type error}, &mut PathState) -> bool {has_one}>`, but its trait bounds were not satisfied
[INFO] [stdout]    --> src/filters/mod.rs:149:28
[INFO] [stdout]     |
[INFO] [stdout] 77  | pub struct FnFilter<F>(pub F);
[INFO] [stdout]     | ----------------------
[INFO] [stdout]     | |
[INFO] [stdout]     | method `or_else` not found for this struct
[INFO] [stdout]     | doesn't satisfy `_: Filter`
[INFO] [stdout] ...
[INFO] [stdout] 149 |         assert!(one_filter.or_else(has_two).filter(&mut req, &mut path_state));
[INFO] [stdout]     |                            ^^^^^^^ method cannot be called due to unsatisfied trait bounds
[INFO] [stdout]     |
[INFO] [stdout] note: the following trait bounds were not satisfied:
[INFO] [stdout]       `<for<'a, 'b> fn(&'a mut {type error}, &'b mut PathState) -> bool {has_one} as FnOnce<(&ssr::Url, &Truck, &mut PathState)>>::Output = bool`
[INFO] [stdout]       `for<'a, 'b> fn(&'a mut {type error}, &'b mut PathState) -> bool {has_one}: Fn<(&ssr::Url, &Truck, &mut PathState)>`
[INFO] [stdout]    --> src/filters/mod.rs:81:8
[INFO] [stdout]     |
[INFO] [stdout] 79  | impl<F> Filter for FnFilter<F>
[INFO] [stdout]     |         ------     -----------
[INFO] [stdout] 80  | where
[INFO] [stdout] 81  |     F: Fn(&Url, &Truck, &mut PathState) -> bool + 'static,
[INFO] [stdout]     |        ^^^^^^^^^^^^^^^^^^^^^^^^^^^^^^^^^^^^^^^^
[INFO] [stdout]     |        |                                   |
[INFO] [stdout]     |        |                                   unsatisfied trait bound introduced here
[INFO] [stdout]     |        unsatisfied trait bound introduced here
[INFO] [stdout] 
[INFO] [stdout] 
[INFO] [stdout] error[E0599]: the method `or` exists for struct `FnFilter<fn(&mut {type error}, &mut PathState) -> bool {has_one}>`, but its trait bounds were not satisfied
[INFO] [stdout]    --> src/filters/mod.rs:150:28
[INFO] [stdout]     |
[INFO] [stdout] 77  | pub struct FnFilter<F>(pub F);
[INFO] [stdout]     | ----------------------
[INFO] [stdout]     | |
[INFO] [stdout]     | method `or` not found for this struct
[INFO] [stdout]     | doesn't satisfy `_: Filter`
[INFO] [stdout] ...
[INFO] [stdout] 150 |         assert!(one_filter.or(two_filter).filter(&mut req, &mut path_state));
[INFO] [stdout]     |                            ^^ method cannot be called due to unsatisfied trait bounds
[INFO] [stdout]     |
[INFO] [stdout] note: the following trait bounds were not satisfied:
[INFO] [stdout]       `<for<'a, 'b> fn(&'a mut {type error}, &'b mut PathState) -> bool {has_one} as FnOnce<(&ssr::Url, &Truck, &mut PathState)>>::Output = bool`
[INFO] [stdout]       `for<'a, 'b> fn(&'a mut {type error}, &'b mut PathState) -> bool {has_one}: Fn<(&ssr::Url, &Truck, &mut PathState)>`
[INFO] [stdout]    --> src/filters/mod.rs:81:8
[INFO] [stdout]     |
[INFO] [stdout] 79  | impl<F> Filter for FnFilter<F>
[INFO] [stdout]     |         ------     -----------
[INFO] [stdout] 80  | where
[INFO] [stdout] 81  |     F: Fn(&Url, &Truck, &mut PathState) -> bool + 'static,
[INFO] [stdout]     |        ^^^^^^^^^^^^^^^^^^^^^^^^^^^^^^^^^^^^^^^^
[INFO] [stdout]     |        |                                   |
[INFO] [stdout]     |        |                                   unsatisfied trait bound introduced here
[INFO] [stdout]     |        unsatisfied trait bound introduced here
[INFO] [stdout] 
[INFO] [stdout] 
[INFO] [stdout] error[E0599]: the method `and_then` exists for struct `FnFilter<fn(&mut {type error}, &mut PathState) -> bool {has_one}>`, but its trait bounds were not satisfied
[INFO] [stdout]    --> src/filters/mod.rs:151:29
[INFO] [stdout]     |
[INFO] [stdout] 77  | pub struct FnFilter<F>(pub F);
[INFO] [stdout]     | ----------------------
[INFO] [stdout]     | |
[INFO] [stdout]     | method `and_then` not found for this struct
[INFO] [stdout]     | doesn't satisfy `_: Filter`
[INFO] [stdout] ...
[INFO] [stdout] 151 |         assert!(!one_filter.and_then(has_two).filter(&mut req, &mut path_state));
[INFO] [stdout]     |                             ^^^^^^^^ method cannot be called due to unsatisfied trait bounds
[INFO] [stdout]     |
[INFO] [stdout] note: the following trait bounds were not satisfied:
[INFO] [stdout]       `<for<'a, 'b> fn(&'a mut {type error}, &'b mut PathState) -> bool {has_one} as FnOnce<(&ssr::Url, &Truck, &mut PathState)>>::Output = bool`
[INFO] [stdout]       `for<'a, 'b> fn(&'a mut {type error}, &'b mut PathState) -> bool {has_one}: Fn<(&ssr::Url, &Truck, &mut PathState)>`
[INFO] [stdout]    --> src/filters/mod.rs:81:8
[INFO] [stdout]     |
[INFO] [stdout] 79  | impl<F> Filter for FnFilter<F>
[INFO] [stdout]     |         ------     -----------
[INFO] [stdout] 80  | where
[INFO] [stdout] 81  |     F: Fn(&Url, &Truck, &mut PathState) -> bool + 'static,
[INFO] [stdout]     |        ^^^^^^^^^^^^^^^^^^^^^^^^^^^^^^^^^^^^^^^^
[INFO] [stdout]     |        |                                   |
[INFO] [stdout]     |        |                                   unsatisfied trait bound introduced here
[INFO] [stdout]     |        unsatisfied trait bound introduced here
[INFO] [stdout] 
[INFO] [stdout] 
[INFO] [stdout] error[E0599]: the method `and` exists for struct `FnFilter<fn(&mut {type error}, &mut PathState) -> bool {has_one}>`, but its trait bounds were not satisfied
[INFO] [stdout]    --> src/filters/mod.rs:152:29
[INFO] [stdout]     |
[INFO] [stdout] 77  | pub struct FnFilter<F>(pub F);
[INFO] [stdout]     | ----------------------
[INFO] [stdout]     | |
[INFO] [stdout]     | method `and` not found for this struct
[INFO] [stdout]     | doesn't satisfy `_: Filter`
[INFO] [stdout] ...
[INFO] [stdout] 152 |         assert!(!one_filter.and(two_filter).filter(&mut req, &mut path_state));
[INFO] [stdout]     |                             ^^^ method cannot be called due to unsatisfied trait bounds
[INFO] [stdout]     |
[INFO] [stdout] note: the following trait bounds were not satisfied:
[INFO] [stdout]       `<for<'a, 'b> fn(&'a mut {type error}, &'b mut PathState) -> bool {has_one} as FnOnce<(&ssr::Url, &Truck, &mut PathState)>>::Output = bool`
[INFO] [stdout]       `for<'a, 'b> fn(&'a mut {type error}, &'b mut PathState) -> bool {has_one}: Fn<(&ssr::Url, &Truck, &mut PathState)>`
[INFO] [stdout]    --> src/filters/mod.rs:81:8
[INFO] [stdout]     |
[INFO] [stdout] 79  | impl<F> Filter for FnFilter<F>
[INFO] [stdout]     |         ------     -----------
[INFO] [stdout] 80  | where
[INFO] [stdout] 81  |     F: Fn(&Url, &Truck, &mut PathState) -> bool + 'static,
[INFO] [stdout]     |        ^^^^^^^^^^^^^^^^^^^^^^^^^^^^^^^^^^^^^^^^
[INFO] [stdout]     |        |                                   |
[INFO] [stdout]     |        |                                   unsatisfied trait bound introduced here
[INFO] [stdout]     |        unsatisfied trait bound introduced here
[INFO] [stdout] 
[INFO] [stdout] 
[INFO] [stdout] error: aborting due to 43 previous errors; 1 warning emitted
[INFO] [stdout] 
[INFO] [stdout] 
[INFO] [stdout] Some errors have detailed explanations: E0412, E0425, E0432, E0433, E0599.
[INFO] [stdout] 
[INFO] [stdout] For more information about an error, try `rustc --explain E0412`.
[INFO] [stdout] 
[INFO] [stderr] error: could not compile `glory-routing` (lib test) due to 44 previous errors; 1 warning emitted
[INFO] running `Command { std: "docker" "inspect" "5065fb54b098c53dfc97931a9d5c820300e7cd53dc7c533c14d62cb2b05fa643", kill_on_drop: false }`
[INFO] running `Command { std: "docker" "rm" "-f" "5065fb54b098c53dfc97931a9d5c820300e7cd53dc7c533c14d62cb2b05fa643", kill_on_drop: false }`
[INFO] [stdout] 5065fb54b098c53dfc97931a9d5c820300e7cd53dc7c533c14d62cb2b05fa643
