[INFO] fetching crate glory-core 0.3.0...
[INFO] testing glory-core-0.3.0 against 1.75.0 for beta-1.76-1
[INFO] extracting crate glory-core 0.3.0 into /workspace/builds/worker-2-tc1/source
[INFO] validating manifest of crates.io crate glory-core 0.3.0 on toolchain 1.75.0
[INFO] running `Command { std: CARGO_HOME="/workspace/cargo-home" RUSTUP_HOME="/workspace/rustup-home" "/workspace/cargo-home/bin/cargo" "+1.75.0" "metadata" "--manifest-path" "Cargo.toml" "--no-deps", kill_on_drop: false }`
[INFO] started tweaking crates.io crate glory-core 0.3.0
[INFO] finished tweaking crates.io crate glory-core 0.3.0
[INFO] tweaked toml for crates.io crate glory-core 0.3.0 written to /workspace/builds/worker-2-tc1/source/Cargo.toml
[INFO] running `Command { std: CARGO_HOME="/workspace/cargo-home" RUSTUP_HOME="/workspace/rustup-home" "/workspace/cargo-home/bin/cargo" "+1.75.0" "generate-lockfile" "--manifest-path" "Cargo.toml", kill_on_drop: false }`
[INFO] [stderr]     Updating crates.io index
[INFO] running `Command { std: CARGO_HOME="/workspace/cargo-home" RUSTUP_HOME="/workspace/rustup-home" "/workspace/cargo-home/bin/cargo" "+1.75.0" "fetch" "--manifest-path" "Cargo.toml", kill_on_drop: false }`
[INFO] [stderr]  Downloading crates ...
[INFO] [stderr]   Downloaded salvo v0.58.5
[INFO] [stderr]   Downloaded cruet v0.14.0
[INFO] [stderr]   Downloaded http-body v1.0.0-rc.2
[INFO] [stderr]   Downloaded multimap v0.9.1
[INFO] [stderr]   Downloaded salvo_macros v0.58.5
[INFO] [stderr]   Downloaded yansi v1.0.0-rc.1
[INFO] [stderr]   Downloaded mime-infer v2.0.5
[INFO] [stderr]   Downloaded salvo_core v0.58.5
[INFO] [stderr]   Downloaded hyper v1.0.0-rc.4
[INFO] [stderr]   Downloaded rstml v0.11.2
[INFO] [stderr]   Downloaded http-body-util v0.1.0-rc.3
[INFO] [stderr]   Downloaded proc-macro2-diagnostics v0.10.1
[INFO] [stderr]   Downloaded cookie v0.18.0
[INFO] [stderr]   Downloaded salvo-utils v0.0.6
[INFO] [stderr]   Downloaded glory-hot-reload v0.3.1
[INFO] running `Command { std: "docker" "create" "-v" "/var/lib/crater-agent-workspace/builds/worker-2-tc1/target:/opt/rustwide/target:rw,Z" "-v" "/var/lib/crater-agent-workspace/builds/worker-2-tc1/source:/opt/rustwide/workdir:ro,Z" "-v" "/var/lib/crater-agent-workspace/cargo-home:/opt/rustwide/cargo-home:ro,Z" "-v" "/var/lib/crater-agent-workspace/rustup-home:/opt/rustwide/rustup-home:ro,Z" "-e" "SOURCE_DIR=/opt/rustwide/workdir" "-e" "CARGO_TARGET_DIR=/opt/rustwide/target" "-e" "CARGO_HOME=/opt/rustwide/cargo-home" "-e" "RUSTUP_HOME=/opt/rustwide/rustup-home" "-w" "/opt/rustwide/workdir" "-m" "1610612736" "--user" "0:0" "--network" "none" "ghcr.io/rust-lang/crates-build-env/linux@sha256:2788e3201cd34a07e3172128adcd8b3090168a8e3bcc40d7c032b9dda1df7d1c" "/opt/rustwide/cargo-home/bin/cargo" "+1.75.0" "metadata" "--no-deps" "--format-version=1", kill_on_drop: false }`
[INFO] [stdout] 2f13ca5450fef08ba713f59ef494ec99a2b60ce98f3b87531ed2e2b2a499edda
[INFO] running `Command { std: "docker" "start" "-a" "2f13ca5450fef08ba713f59ef494ec99a2b60ce98f3b87531ed2e2b2a499edda", kill_on_drop: false }`
[INFO] running `Command { std: "docker" "inspect" "2f13ca5450fef08ba713f59ef494ec99a2b60ce98f3b87531ed2e2b2a499edda", kill_on_drop: false }`
[INFO] running `Command { std: "docker" "rm" "-f" "2f13ca5450fef08ba713f59ef494ec99a2b60ce98f3b87531ed2e2b2a499edda", kill_on_drop: false }`
[INFO] [stdout] 2f13ca5450fef08ba713f59ef494ec99a2b60ce98f3b87531ed2e2b2a499edda
[INFO] running `Command { std: "docker" "create" "-v" "/var/lib/crater-agent-workspace/builds/worker-2-tc1/target:/opt/rustwide/target:rw,Z" "-v" "/var/lib/crater-agent-workspace/builds/worker-2-tc1/source:/opt/rustwide/workdir:ro,Z" "-v" "/var/lib/crater-agent-workspace/cargo-home:/opt/rustwide/cargo-home:ro,Z" "-v" "/var/lib/crater-agent-workspace/rustup-home:/opt/rustwide/rustup-home:ro,Z" "-e" "SOURCE_DIR=/opt/rustwide/workdir" "-e" "CARGO_TARGET_DIR=/opt/rustwide/target" "-e" "CARGO_INCREMENTAL=0" "-e" "RUST_BACKTRACE=full" "-e" "RUSTFLAGS=--cap-lints=warn" "-e" "RUSTDOCFLAGS=--cap-lints=warn" "-e" "CARGO_HOME=/opt/rustwide/cargo-home" "-e" "RUSTUP_HOME=/opt/rustwide/rustup-home" "-w" "/opt/rustwide/workdir" "-m" "1610612736" "--user" "0:0" "--network" "none" "ghcr.io/rust-lang/crates-build-env/linux@sha256:2788e3201cd34a07e3172128adcd8b3090168a8e3bcc40d7c032b9dda1df7d1c" "/opt/rustwide/cargo-home/bin/cargo" "+1.75.0" "build" "--frozen" "--message-format=json", kill_on_drop: false }`
[INFO] [stdout] c897869780161cd491b4e0c37b727cbcb71cc5578bed148b5f6ee58636546b8b
[INFO] running `Command { std: "docker" "start" "-a" "c897869780161cd491b4e0c37b727cbcb71cc5578bed148b5f6ee58636546b8b", kill_on_drop: false }`
[INFO] [stderr]    Compiling version_check v0.9.4
[INFO] [stderr]    Compiling wasm-bindgen-shared v0.2.89
[INFO] [stderr]    Compiling serde v1.0.194
[INFO] [stderr]    Compiling proc-macro2 v1.0.75
[INFO] [stderr]    Compiling num-traits v0.2.17
[INFO] [stderr]    Compiling log v0.4.20
[INFO] [stderr]    Compiling bumpalo v3.14.0
[INFO] [stderr]    Compiling proc-macro-error-attr v1.0.4
[INFO] [stderr]    Compiling proc-macro-error v1.0.4
[INFO] [stderr]    Compiling num-integer v0.1.45
[INFO] [stderr]    Compiling proc-macro2-diagnostics v0.10.1
[INFO] [stderr]    Compiling num-bigint v0.4.4
[INFO] [stderr]    Compiling wasm-bindgen v0.2.89
[INFO] [stderr]    Compiling syn v1.0.109
[INFO] [stderr]    Compiling camino v1.1.6
[INFO] [stderr]    Compiling quote v1.0.35
[INFO] [stderr]    Compiling yansi v1.0.0-rc.1
[INFO] [stderr]    Compiling syn v2.0.48
[INFO] [stderr]    Compiling aho-corasick v1.1.2
[INFO] [stderr]    Compiling minimal-lexical v0.2.1
[INFO] [stderr]    Compiling regex-syntax v0.8.2
[INFO] [stderr]    Compiling same-file v1.0.6
[INFO] [stderr]    Compiling paste v1.0.14
[INFO] [stderr]    Compiling walkdir v2.4.0
[INFO] [stderr]    Compiling nom v7.1.3
[INFO] [stderr]    Compiling pathdiff v0.2.1
[INFO] [stderr]    Compiling regex-automata v0.4.3
[INFO] [stderr]    Compiling wasm-bindgen-backend v0.2.89
[INFO] [stderr]    Compiling wasm-bindgen-macro-support v0.2.89
[INFO] [stderr]    Compiling serde_derive v1.0.194
[INFO] [stderr]    Compiling futures-macro v0.3.30
[INFO] [stderr]    Compiling thiserror-impl v1.0.56
[INFO] [stderr]    Compiling syn_derive v0.1.8
[INFO] [stderr]    Compiling wasm-bindgen-macro v0.2.89
[INFO] [stderr]    Compiling futures-util v0.3.30
[INFO] [stderr]    Compiling tracing-attributes v0.1.27
[INFO] [stderr]    Compiling thiserror v1.0.56
[INFO] [stderr]    Compiling rstml v0.11.2
[INFO] [stderr]    Compiling async-trait v0.1.77
[INFO] [stderr]    Compiling enum-ordinalize v3.1.15
[INFO] [stderr]    Compiling js-sys v0.3.66
[INFO] [stderr]    Compiling regex v1.10.2
[INFO] [stderr]    Compiling tracing v0.1.40
[INFO] [stderr]    Compiling educe v0.4.23
[INFO] [stderr]    Compiling futures-executor v0.3.30
[INFO] [stderr]    Compiling futures v0.3.30
[INFO] [stderr]    Compiling web-sys v0.3.66
[INFO] [stderr]    Compiling toml v0.5.11
[INFO] [stderr]    Compiling multimap v0.9.1
[INFO] [stderr]    Compiling serde_json v1.0.111
[INFO] [stderr]    Compiling glory-hot-reload v0.3.1
[INFO] [stderr]    Compiling config v0.13.4
[INFO] [stderr]    Compiling glory-core v0.3.0 (/opt/rustwide/workdir)
[INFO] [stderr]     Finished dev [unoptimized + debuginfo] target(s) in 1m 21s
[INFO] running `Command { std: "docker" "inspect" "c897869780161cd491b4e0c37b727cbcb71cc5578bed148b5f6ee58636546b8b", kill_on_drop: false }`
[INFO] running `Command { std: "docker" "rm" "-f" "c897869780161cd491b4e0c37b727cbcb71cc5578bed148b5f6ee58636546b8b", kill_on_drop: false }`
[INFO] [stdout] c897869780161cd491b4e0c37b727cbcb71cc5578bed148b5f6ee58636546b8b
[INFO] running `Command { std: "docker" "create" "-v" "/var/lib/crater-agent-workspace/builds/worker-2-tc1/target:/opt/rustwide/target:rw,Z" "-v" "/var/lib/crater-agent-workspace/builds/worker-2-tc1/source:/opt/rustwide/workdir:ro,Z" "-v" "/var/lib/crater-agent-workspace/cargo-home:/opt/rustwide/cargo-home:ro,Z" "-v" "/var/lib/crater-agent-workspace/rustup-home:/opt/rustwide/rustup-home:ro,Z" "-e" "SOURCE_DIR=/opt/rustwide/workdir" "-e" "CARGO_TARGET_DIR=/opt/rustwide/target" "-e" "CARGO_INCREMENTAL=0" "-e" "RUST_BACKTRACE=full" "-e" "RUSTFLAGS=--cap-lints=warn" "-e" "RUSTDOCFLAGS=--cap-lints=warn" "-e" "CARGO_HOME=/opt/rustwide/cargo-home" "-e" "RUSTUP_HOME=/opt/rustwide/rustup-home" "-w" "/opt/rustwide/workdir" "-m" "1610612736" "--user" "0:0" "--network" "none" "ghcr.io/rust-lang/crates-build-env/linux@sha256:2788e3201cd34a07e3172128adcd8b3090168a8e3bcc40d7c032b9dda1df7d1c" "/opt/rustwide/cargo-home/bin/cargo" "+1.75.0" "test" "--frozen" "--no-run" "--message-format=json", kill_on_drop: false }`
[INFO] [stdout] e0b2dd38a958ef1a5d0d5f1cad3add55816644d6271277f52e377f44a7449218
[INFO] running `Command { std: "docker" "start" "-a" "e0b2dd38a958ef1a5d0d5f1cad3add55816644d6271277f52e377f44a7449218", kill_on_drop: false }`
[INFO] [stderr]    Compiling glory-core v0.3.0 (/opt/rustwide/workdir)
[INFO] [stdout] error[E0432]: unresolved import `crate::prelude`
[INFO] [stdout]    --> src/truck.rs:176:16
[INFO] [stdout]     |
[INFO] [stdout] 176 |     use crate::prelude::*;
[INFO] [stdout]     |                ^^^^^^^
[INFO] [stdout]     |                |
[INFO] [stdout]     |                unresolved import
[INFO] [stdout]     |                help: a similar path exists: `core::prelude`
[INFO] [stdout] 
[INFO] [stdout] 
[INFO] [stdout] error[E0432]: unresolved import `crate::test`
[INFO] [stdout]    --> src/truck.rs:177:16
[INFO] [stdout]     |
[INFO] [stdout] 177 |     use crate::test::{ResponseExt, TestClient};
[INFO] [stdout]     |                ^^^^
[INFO] [stdout]     |                |
[INFO] [stdout]     |                unresolved import
[INFO] [stdout]     |                help: a similar path exists: `crate::truck::test`
[INFO] [stdout] 
[INFO] [stdout] 
[INFO] [stdout] error[E0599]: no method named `transfer` found for struct `truck::Truck` in the current scope
[INFO] [stdout]    --> src/truck.rs:198:27
[INFO] [stdout]     |
[INFO] [stdout] 30  | pub struct Truck {
[INFO] [stdout]     | ---------------- method `transfer` not found for this struct
[INFO] [stdout] ...
[INFO] [stdout] 198 |         let truck = truck.transfer();
[INFO] [stdout]     |                           ^^^^^^^^ method not found in `Truck`
[INFO] [stdout] 
[INFO] [stdout] 
[INFO] [stdout] error[E0433]: failed to resolve: use of undeclared crate or module `tokio_test`
[INFO] [stdout]   --> src/spawn.rs:15:13
[INFO] [stdout]    |
[INFO] [stdout] 15 |             tokio_test::block_on(fut);
[INFO] [stdout]    |             ^^^^^^^^^^ use of undeclared crate or module `tokio_test`
[INFO] [stdout] 
[INFO] [stdout] 
[INFO] [stdout] error: aborting due to 4 previous errors
[INFO] [stdout] 
[INFO] [stdout] 
[INFO] [stdout] Some errors have detailed explanations: E0432, E0433, E0599.
[INFO] [stdout] 
[INFO] [stdout] For more information about an error, try `rustc --explain E0432`.
[INFO] [stdout] 
[INFO] [stderr] error: could not compile `glory-core` (lib test) due to 5 previous errors
[INFO] running `Command { std: "docker" "inspect" "e0b2dd38a958ef1a5d0d5f1cad3add55816644d6271277f52e377f44a7449218", kill_on_drop: false }`
[INFO] running `Command { std: "docker" "rm" "-f" "e0b2dd38a958ef1a5d0d5f1cad3add55816644d6271277f52e377f44a7449218", kill_on_drop: false }`
[INFO] [stdout] e0b2dd38a958ef1a5d0d5f1cad3add55816644d6271277f52e377f44a7449218
