[INFO] fetching crate gix-ref 0.38.0...
[INFO] testing gix-ref-0.38.0 against 1.75.0 for beta-1.76-1
[INFO] extracting crate gix-ref 0.38.0 into /workspace/builds/worker-0-tc1/source
[INFO] validating manifest of crates.io crate gix-ref 0.38.0 on toolchain 1.75.0
[INFO] running `Command { std: CARGO_HOME="/workspace/cargo-home" RUSTUP_HOME="/workspace/rustup-home" "/workspace/cargo-home/bin/cargo" "+1.75.0" "metadata" "--manifest-path" "Cargo.toml" "--no-deps", kill_on_drop: false }`
[INFO] started tweaking crates.io crate gix-ref 0.38.0
[INFO] finished tweaking crates.io crate gix-ref 0.38.0
[INFO] tweaked toml for crates.io crate gix-ref 0.38.0 written to /workspace/builds/worker-0-tc1/source/Cargo.toml
[INFO] running `Command { std: CARGO_HOME="/workspace/cargo-home" RUSTUP_HOME="/workspace/rustup-home" "/workspace/cargo-home/bin/cargo" "+1.75.0" "generate-lockfile" "--manifest-path" "Cargo.toml", kill_on_drop: false }`
[INFO] [stderr]     Updating crates.io index
[INFO] running `Command { std: CARGO_HOME="/workspace/cargo-home" RUSTUP_HOME="/workspace/rustup-home" "/workspace/cargo-home/bin/cargo" "+1.75.0" "fetch" "--manifest-path" "Cargo.toml", kill_on_drop: false }`
[INFO] [stderr]  Downloading crates ...
[INFO] [stderr]   Downloaded gix-validate v0.8.3
[INFO] [stderr]   Downloaded gix-tempfile v11.0.1
[INFO] [stderr]   Downloaded gix-actor v0.28.1
[INFO] [stderr]   Downloaded gix-utils v0.1.8
[INFO] [stderr]   Downloaded gix-date v0.8.3
[INFO] [stderr]   Downloaded gix-trace v0.1.6
[INFO] [stderr]   Downloaded gix-path v0.10.3
[INFO] [stderr]   Downloaded gix-hash v0.13.3
[INFO] [stderr]   Downloaded gix-fs v0.8.1
[INFO] [stderr]   Downloaded gix-lock v11.0.1
[INFO] [stderr]   Downloaded faster-hex v0.9.0
[INFO] [stderr]   Downloaded gix-features v0.36.1
[INFO] [stderr]   Downloaded gix-object v0.38.0
[INFO] running `Command { std: "docker" "create" "-v" "/var/lib/crater-agent-workspace/builds/worker-0-tc1/target:/opt/rustwide/target:rw,Z" "-v" "/var/lib/crater-agent-workspace/builds/worker-0-tc1/source:/opt/rustwide/workdir:ro,Z" "-v" "/var/lib/crater-agent-workspace/cargo-home:/opt/rustwide/cargo-home:ro,Z" "-v" "/var/lib/crater-agent-workspace/rustup-home:/opt/rustwide/rustup-home:ro,Z" "-e" "SOURCE_DIR=/opt/rustwide/workdir" "-e" "CARGO_TARGET_DIR=/opt/rustwide/target" "-e" "CARGO_HOME=/opt/rustwide/cargo-home" "-e" "RUSTUP_HOME=/opt/rustwide/rustup-home" "-w" "/opt/rustwide/workdir" "-m" "1610612736" "--user" "0:0" "--network" "none" "ghcr.io/rust-lang/crates-build-env/linux@sha256:2788e3201cd34a07e3172128adcd8b3090168a8e3bcc40d7c032b9dda1df7d1c" "/opt/rustwide/cargo-home/bin/cargo" "+1.75.0" "metadata" "--no-deps" "--format-version=1", kill_on_drop: false }`
[INFO] [stdout] c478c7a93d12bf5237cae05d3d262c6d13eccd1113a56e930e22faa857784565
[INFO] running `Command { std: "docker" "start" "-a" "c478c7a93d12bf5237cae05d3d262c6d13eccd1113a56e930e22faa857784565", kill_on_drop: false }`
[INFO] running `Command { std: "docker" "inspect" "c478c7a93d12bf5237cae05d3d262c6d13eccd1113a56e930e22faa857784565", kill_on_drop: false }`
[INFO] running `Command { std: "docker" "rm" "-f" "c478c7a93d12bf5237cae05d3d262c6d13eccd1113a56e930e22faa857784565", kill_on_drop: false }`
[INFO] [stdout] c478c7a93d12bf5237cae05d3d262c6d13eccd1113a56e930e22faa857784565
[INFO] running `Command { std: "docker" "create" "-v" "/var/lib/crater-agent-workspace/builds/worker-0-tc1/target:/opt/rustwide/target:rw,Z" "-v" "/var/lib/crater-agent-workspace/builds/worker-0-tc1/source:/opt/rustwide/workdir:ro,Z" "-v" "/var/lib/crater-agent-workspace/cargo-home:/opt/rustwide/cargo-home:ro,Z" "-v" "/var/lib/crater-agent-workspace/rustup-home:/opt/rustwide/rustup-home:ro,Z" "-e" "SOURCE_DIR=/opt/rustwide/workdir" "-e" "CARGO_TARGET_DIR=/opt/rustwide/target" "-e" "CARGO_INCREMENTAL=0" "-e" "RUST_BACKTRACE=full" "-e" "RUSTFLAGS=--cap-lints=warn" "-e" "RUSTDOCFLAGS=--cap-lints=warn" "-e" "CARGO_HOME=/opt/rustwide/cargo-home" "-e" "RUSTUP_HOME=/opt/rustwide/rustup-home" "-w" "/opt/rustwide/workdir" "-m" "1610612736" "--user" "0:0" "--network" "none" "ghcr.io/rust-lang/crates-build-env/linux@sha256:2788e3201cd34a07e3172128adcd8b3090168a8e3bcc40d7c032b9dda1df7d1c" "/opt/rustwide/cargo-home/bin/cargo" "+1.75.0" "build" "--frozen" "--message-format=json", kill_on_drop: false }`
[INFO] [stdout] 64cafa00a26d37768a3f1d41cb1337d83d4855c073cbffc70616e37f05a690e6
[INFO] running `Command { std: "docker" "start" "-a" "64cafa00a26d37768a3f1d41cb1337d83d4855c073cbffc70616e37f05a690e6", kill_on_drop: false }`
[INFO] [stderr]    Compiling memchr v2.7.1
[INFO] [stderr]    Compiling same-file v1.0.6
[INFO] [stderr]    Compiling gix-trace v0.1.6
[INFO] [stderr]    Compiling regex-automata v0.4.3
[INFO] [stderr]    Compiling rustix v0.38.28
[INFO] [stderr]    Compiling sha1_smol v1.0.0
[INFO] [stderr]    Compiling parking_lot_core v0.9.9
[INFO] [stderr]    Compiling smallvec v1.11.2
[INFO] [stderr]    Compiling lock_api v0.4.11
[INFO] [stderr]    Compiling num-traits v0.2.17
[INFO] [stderr]    Compiling prodash v26.2.2
[INFO] [stderr]    Compiling time-macros v0.2.16
[INFO] [stderr]    Compiling deranged v0.3.11
[INFO] [stderr]    Compiling faster-hex v0.9.0
[INFO] [stderr]    Compiling itoa v1.0.10
[INFO] [stderr]    Compiling bitflags v2.4.1
[INFO] [stderr]    Compiling walkdir v2.4.0
[INFO] [stderr]    Compiling linux-raw-sys v0.4.12
[INFO] [stderr]    Compiling fastrand v2.0.1
[INFO] [stderr]    Compiling once_cell v1.19.0
[INFO] [stderr]    Compiling home v0.5.9
[INFO] [stderr]    Compiling gix-hash v0.13.3
[INFO] [stderr]    Compiling gix-utils v0.1.8
[INFO] [stderr]    Compiling memmap2 v0.7.1
[INFO] [stderr]    Compiling gix-features v0.36.1
[INFO] [stderr]    Compiling winnow v0.5.32
[INFO] [stderr]    Compiling gix-fs v0.8.1
[INFO] [stderr]    Compiling parking_lot v0.12.1
[INFO] [stderr]    Compiling bstr v1.9.0
[INFO] [stderr]    Compiling time v0.3.31
[INFO] [stderr]    Compiling gix-validate v0.8.3
[INFO] [stderr]    Compiling gix-path v0.10.3
[INFO] [stderr]    Compiling btoi v0.4.3
[INFO] [stderr]    Compiling tempfile v3.9.0
[INFO] [stderr]    Compiling gix-tempfile v11.0.1
[INFO] [stderr]    Compiling gix-lock v11.0.1
[INFO] [stderr]    Compiling gix-date v0.8.3
[INFO] [stderr]    Compiling gix-actor v0.28.1
[INFO] [stderr]    Compiling gix-object v0.38.0
[INFO] [stderr]    Compiling gix-ref v0.38.0 (/opt/rustwide/workdir)
[INFO] [stderr]     Finished dev [unoptimized + debuginfo] target(s) in 7.46s
[INFO] running `Command { std: "docker" "inspect" "64cafa00a26d37768a3f1d41cb1337d83d4855c073cbffc70616e37f05a690e6", kill_on_drop: false }`
[INFO] running `Command { std: "docker" "rm" "-f" "64cafa00a26d37768a3f1d41cb1337d83d4855c073cbffc70616e37f05a690e6", kill_on_drop: false }`
[INFO] [stdout] 64cafa00a26d37768a3f1d41cb1337d83d4855c073cbffc70616e37f05a690e6
[INFO] running `Command { std: "docker" "create" "-v" "/var/lib/crater-agent-workspace/builds/worker-0-tc1/target:/opt/rustwide/target:rw,Z" "-v" "/var/lib/crater-agent-workspace/builds/worker-0-tc1/source:/opt/rustwide/workdir:ro,Z" "-v" "/var/lib/crater-agent-workspace/cargo-home:/opt/rustwide/cargo-home:ro,Z" "-v" "/var/lib/crater-agent-workspace/rustup-home:/opt/rustwide/rustup-home:ro,Z" "-e" "SOURCE_DIR=/opt/rustwide/workdir" "-e" "CARGO_TARGET_DIR=/opt/rustwide/target" "-e" "CARGO_INCREMENTAL=0" "-e" "RUST_BACKTRACE=full" "-e" "RUSTFLAGS=--cap-lints=warn" "-e" "RUSTDOCFLAGS=--cap-lints=warn" "-e" "CARGO_HOME=/opt/rustwide/cargo-home" "-e" "RUSTUP_HOME=/opt/rustwide/rustup-home" "-w" "/opt/rustwide/workdir" "-m" "1610612736" "--user" "0:0" "--network" "none" "ghcr.io/rust-lang/crates-build-env/linux@sha256:2788e3201cd34a07e3172128adcd8b3090168a8e3bcc40d7c032b9dda1df7d1c" "/opt/rustwide/cargo-home/bin/cargo" "+1.75.0" "test" "--frozen" "--no-run" "--message-format=json", kill_on_drop: false }`
[INFO] [stdout] d5bf13a30c4bfd0847662c47711f38b9e22e422123a94283ab2a957067b7ac22
[INFO] running `Command { std: "docker" "start" "-a" "d5bf13a30c4bfd0847662c47711f38b9e22e422123a94283ab2a957067b7ac22", kill_on_drop: false }`
[INFO] [stderr]    Compiling gix-ref v0.38.0 (/opt/rustwide/workdir)
[INFO] [stdout] error[E0433]: failed to resolve: use of undeclared crate or module `gix_testtools`
[INFO] [stdout]  --> src/store/file/loose/reflog/create_or_update/tests.rs:6:5
[INFO] [stdout]   |
[INFO] [stdout] 6 | use gix_testtools::tempfile::TempDir;
[INFO] [stdout]   |     ^^^^^^^^^^^^^ use of undeclared crate or module `gix_testtools`
[INFO] [stdout] 
[INFO] [stdout] 
[INFO] [stdout] error[E0432]: unresolved import `gix_testtools`
[INFO] [stdout]    --> src/store/file/log/line.rs:186:17
[INFO] [stdout]     |
[INFO] [stdout] 186 |             use gix_testtools::to_bstr_err;
[INFO] [stdout]     |                 ^^^^^^^^^^^^^ use of undeclared crate or module `gix_testtools`
[INFO] [stdout] 
[INFO] [stdout] 
[INFO] [stdout] error[E0432]: unresolved import `gix_testtools`
[INFO] [stdout]   --> src/store/packed/decode/tests.rs:61:9
[INFO] [stdout]    |
[INFO] [stdout] 61 |     use gix_testtools::to_bstr_err;
[INFO] [stdout]    |         ^^^^^^^^^^^^^ use of undeclared crate or module `gix_testtools`
[INFO] [stdout] 
[INFO] [stdout] 
[INFO] [stdout] warning: unused import: `gix_object::bstr::ByteSlice`
[INFO] [stdout]   --> src/store/packed/decode/tests.rs:60:9
[INFO] [stdout]    |
[INFO] [stdout] 60 |     use gix_object::bstr::ByteSlice;
[INFO] [stdout]    |         ^^^^^^^^^^^^^^^^^^^^^^^^^^^
[INFO] [stdout]    |
[INFO] [stdout]    = note: `#[warn(unused_imports)]` on by default
[INFO] [stdout] 
[INFO] [stdout] 
[INFO] [stdout] error: aborting due to 3 previous errors; 1 warning emitted
[INFO] [stdout] 
[INFO] [stdout] 
[INFO] [stdout] Some errors have detailed explanations: E0432, E0433.
[INFO] [stdout] 
[INFO] [stdout] For more information about an error, try `rustc --explain E0432`.
[INFO] [stdout] 
[INFO] [stderr] error: could not compile `gix-ref` (lib test) due to 4 previous errors; 1 warning emitted
[INFO] running `Command { std: "docker" "inspect" "d5bf13a30c4bfd0847662c47711f38b9e22e422123a94283ab2a957067b7ac22", kill_on_drop: false }`
[INFO] running `Command { std: "docker" "rm" "-f" "d5bf13a30c4bfd0847662c47711f38b9e22e422123a94283ab2a957067b7ac22", kill_on_drop: false }`
[INFO] [stdout] d5bf13a30c4bfd0847662c47711f38b9e22e422123a94283ab2a957067b7ac22
[INFO] testing gix-ref-0.38.0 against beta-2023-12-22 for beta-1.76-1
[INFO] extracting crate gix-ref 0.38.0 into /workspace/builds/worker-0-tc2/source
[INFO] validating manifest of crates.io crate gix-ref 0.38.0 on toolchain beta-2023-12-22
[INFO] running `Command { std: CARGO_HOME="/workspace/cargo-home" RUSTUP_HOME="/workspace/rustup-home" "/workspace/cargo-home/bin/cargo" "+beta-2023-12-22" "metadata" "--manifest-path" "Cargo.toml" "--no-deps", kill_on_drop: false }`
[INFO] started tweaking crates.io crate gix-ref 0.38.0
[INFO] finished tweaking crates.io crate gix-ref 0.38.0
[INFO] tweaked toml for crates.io crate gix-ref 0.38.0 written to /workspace/builds/worker-0-tc2/source/Cargo.toml
[INFO] running `Command { std: CARGO_HOME="/workspace/cargo-home" RUSTUP_HOME="/workspace/rustup-home" "/workspace/cargo-home/bin/cargo" "+beta-2023-12-22" "generate-lockfile" "--manifest-path" "Cargo.toml", kill_on_drop: false }`
[INFO] [stderr]     Updating crates.io index
[INFO] running `Command { std: CARGO_HOME="/workspace/cargo-home" RUSTUP_HOME="/workspace/rustup-home" "/workspace/cargo-home/bin/cargo" "+beta-2023-12-22" "fetch" "--manifest-path" "Cargo.toml", kill_on_drop: false }`
[INFO] running `Command { std: "docker" "create" "-v" "/var/lib/crater-agent-workspace/builds/worker-0-tc2/target:/opt/rustwide/target:rw,Z" "-v" "/var/lib/crater-agent-workspace/builds/worker-0-tc2/source:/opt/rustwide/workdir:ro,Z" "-v" "/var/lib/crater-agent-workspace/cargo-home:/opt/rustwide/cargo-home:ro,Z" "-v" "/var/lib/crater-agent-workspace/rustup-home:/opt/rustwide/rustup-home:ro,Z" "-e" "SOURCE_DIR=/opt/rustwide/workdir" "-e" "CARGO_TARGET_DIR=/opt/rustwide/target" "-e" "CARGO_HOME=/opt/rustwide/cargo-home" "-e" "RUSTUP_HOME=/opt/rustwide/rustup-home" "-w" "/opt/rustwide/workdir" "-m" "1610612736" "--user" "0:0" "--network" "none" "ghcr.io/rust-lang/crates-build-env/linux@sha256:2788e3201cd34a07e3172128adcd8b3090168a8e3bcc40d7c032b9dda1df7d1c" "/opt/rustwide/cargo-home/bin/cargo" "+beta-2023-12-22" "metadata" "--no-deps" "--format-version=1", kill_on_drop: false }`
[INFO] [stdout] 3350ebb154d9fc71c582b3a44987526c52e32407ac59703b88b50b00859cc22b
[INFO] running `Command { std: "docker" "start" "-a" "3350ebb154d9fc71c582b3a44987526c52e32407ac59703b88b50b00859cc22b", kill_on_drop: false }`
[INFO] running `Command { std: "docker" "inspect" "3350ebb154d9fc71c582b3a44987526c52e32407ac59703b88b50b00859cc22b", kill_on_drop: false }`
[INFO] running `Command { std: "docker" "rm" "-f" "3350ebb154d9fc71c582b3a44987526c52e32407ac59703b88b50b00859cc22b", kill_on_drop: false }`
[INFO] [stdout] 3350ebb154d9fc71c582b3a44987526c52e32407ac59703b88b50b00859cc22b
[INFO] running `Command { std: "docker" "create" "-v" "/var/lib/crater-agent-workspace/builds/worker-0-tc2/target:/opt/rustwide/target:rw,Z" "-v" "/var/lib/crater-agent-workspace/builds/worker-0-tc2/source:/opt/rustwide/workdir:ro,Z" "-v" "/var/lib/crater-agent-workspace/cargo-home:/opt/rustwide/cargo-home:ro,Z" "-v" "/var/lib/crater-agent-workspace/rustup-home:/opt/rustwide/rustup-home:ro,Z" "-e" "SOURCE_DIR=/opt/rustwide/workdir" "-e" "CARGO_TARGET_DIR=/opt/rustwide/target" "-e" "CARGO_INCREMENTAL=0" "-e" "RUST_BACKTRACE=full" "-e" "RUSTFLAGS=--cap-lints=warn" "-e" "RUSTDOCFLAGS=--cap-lints=warn" "-e" "CARGO_HOME=/opt/rustwide/cargo-home" "-e" "RUSTUP_HOME=/opt/rustwide/rustup-home" "-w" "/opt/rustwide/workdir" "-m" "1610612736" "--user" "0:0" "--network" "none" "ghcr.io/rust-lang/crates-build-env/linux@sha256:2788e3201cd34a07e3172128adcd8b3090168a8e3bcc40d7c032b9dda1df7d1c" "/opt/rustwide/cargo-home/bin/cargo" "+beta-2023-12-22" "build" "--frozen" "--message-format=json", kill_on_drop: false }`
[INFO] [stdout] a361ffd508afd683e7b29827cafe295af7197401056d9811940f69531d5bd5a5
[INFO] running `Command { std: "docker" "start" "-a" "a361ffd508afd683e7b29827cafe295af7197401056d9811940f69531d5bd5a5", kill_on_drop: false }`
[INFO] [stderr]    Compiling memchr v2.7.1
[INFO] [stderr]    Compiling gix-trace v0.1.6
[INFO] [stderr]    Compiling same-file v1.0.6
[INFO] [stderr]    Compiling regex-automata v0.4.3
[INFO] [stderr]    Compiling rustix v0.38.28
[INFO] [stderr]    Compiling smallvec v1.11.2
[INFO] [stderr]    Compiling parking_lot_core v0.9.9
[INFO] [stderr]    Compiling prodash v26.2.2
[INFO] [stderr]    Compiling sha1_smol v1.0.0
[INFO] [stderr]    Compiling num-traits v0.2.17
[INFO] [stderr]    Compiling lock_api v0.4.11
[INFO] [stderr]    Compiling time-macros v0.2.16
[INFO] [stderr]    Compiling faster-hex v0.9.0
[INFO] [stderr]    Compiling deranged v0.3.11
[INFO] [stderr]    Compiling fastrand v2.0.1
[INFO] [stderr]    Compiling itoa v1.0.10
[INFO] [stderr]    Compiling walkdir v2.4.0
[INFO] [stderr]    Compiling linux-raw-sys v0.4.12
[INFO] [stderr]    Compiling bitflags v2.4.1
[INFO] [stderr]    Compiling gix-hash v0.13.3
[INFO] [stderr]    Compiling once_cell v1.19.0
[INFO] [stderr]    Compiling gix-utils v0.1.8
[INFO] [stderr]    Compiling home v0.5.9
[INFO] [stderr]    Compiling memmap2 v0.7.1
[INFO] [stderr]    Compiling gix-features v0.36.1
[INFO] [stderr]    Compiling parking_lot v0.12.1
[INFO] [stderr]    Compiling winnow v0.5.32
[INFO] [stderr]    Compiling gix-fs v0.8.1
[INFO] [stderr]    Compiling bstr v1.9.0
[INFO] [stderr]    Compiling time v0.3.31
[INFO] [stderr]    Compiling gix-validate v0.8.3
[INFO] [stderr]    Compiling gix-path v0.10.3
[INFO] [stderr]    Compiling btoi v0.4.3
[INFO] [stderr]    Compiling tempfile v3.9.0
[INFO] [stderr]    Compiling gix-tempfile v11.0.1
[INFO] [stderr]    Compiling gix-lock v11.0.1
[INFO] [stderr]    Compiling gix-date v0.8.3
[INFO] [stderr]    Compiling gix-actor v0.28.1
[INFO] [stderr]    Compiling gix-object v0.38.0
[INFO] [stderr]    Compiling gix-ref v0.38.0 (/opt/rustwide/workdir)
[INFO] [stderr]     Finished dev [unoptimized + debuginfo] target(s) in 5.02s
[INFO] running `Command { std: "docker" "inspect" "a361ffd508afd683e7b29827cafe295af7197401056d9811940f69531d5bd5a5", kill_on_drop: false }`
[INFO] running `Command { std: "docker" "rm" "-f" "a361ffd508afd683e7b29827cafe295af7197401056d9811940f69531d5bd5a5", kill_on_drop: false }`
[INFO] [stdout] a361ffd508afd683e7b29827cafe295af7197401056d9811940f69531d5bd5a5
[INFO] running `Command { std: "docker" "create" "-v" "/var/lib/crater-agent-workspace/builds/worker-0-tc2/target:/opt/rustwide/target:rw,Z" "-v" "/var/lib/crater-agent-workspace/builds/worker-0-tc2/source:/opt/rustwide/workdir:ro,Z" "-v" "/var/lib/crater-agent-workspace/cargo-home:/opt/rustwide/cargo-home:ro,Z" "-v" "/var/lib/crater-agent-workspace/rustup-home:/opt/rustwide/rustup-home:ro,Z" "-e" "SOURCE_DIR=/opt/rustwide/workdir" "-e" "CARGO_TARGET_DIR=/opt/rustwide/target" "-e" "CARGO_INCREMENTAL=0" "-e" "RUST_BACKTRACE=full" "-e" "RUSTFLAGS=--cap-lints=warn" "-e" "RUSTDOCFLAGS=--cap-lints=warn" "-e" "CARGO_HOME=/opt/rustwide/cargo-home" "-e" "RUSTUP_HOME=/opt/rustwide/rustup-home" "-w" "/opt/rustwide/workdir" "-m" "1610612736" "--user" "0:0" "--network" "none" "ghcr.io/rust-lang/crates-build-env/linux@sha256:2788e3201cd34a07e3172128adcd8b3090168a8e3bcc40d7c032b9dda1df7d1c" "/opt/rustwide/cargo-home/bin/cargo" "+beta-2023-12-22" "test" "--frozen" "--no-run" "--message-format=json", kill_on_drop: false }`
[INFO] [stdout] 39984ab0e87080e7407993ee14c89e8d39f4d6fffc886c62dad546fb51bc8fe8
[INFO] running `Command { std: "docker" "start" "-a" "39984ab0e87080e7407993ee14c89e8d39f4d6fffc886c62dad546fb51bc8fe8", kill_on_drop: false }`
[INFO] [stderr]    Compiling gix-ref v0.38.0 (/opt/rustwide/workdir)
[INFO] [stdout] error[E0433]: failed to resolve: use of undeclared crate or module `gix_testtools`
[INFO] [stdout]  --> src/store/file/loose/reflog/create_or_update/tests.rs:6:5
[INFO] [stdout]   |
[INFO] [stdout] 6 | use gix_testtools::tempfile::TempDir;
[INFO] [stdout]   |     ^^^^^^^^^^^^^ use of undeclared crate or module `gix_testtools`
[INFO] [stdout] 
[INFO] [stdout] 
[INFO] [stdout] error[E0432]: unresolved import `gix_testtools`
[INFO] [stdout]    --> src/store/file/log/line.rs:186:17
[INFO] [stdout]     |
[INFO] [stdout] 186 |             use gix_testtools::to_bstr_err;
[INFO] [stdout]     |                 ^^^^^^^^^^^^^ use of undeclared crate or module `gix_testtools`
[INFO] [stdout] 
[INFO] [stdout] 
[INFO] [stdout] error[E0432]: unresolved import `gix_testtools`
[INFO] [stdout]   --> src/store/packed/decode/tests.rs:61:9
[INFO] [stdout]    |
[INFO] [stdout] 61 |     use gix_testtools::to_bstr_err;
[INFO] [stdout]    |         ^^^^^^^^^^^^^ use of undeclared crate or module `gix_testtools`
[INFO] [stdout] 
[INFO] [stdout] 
[INFO] [stdout] warning: unused import: `gix_object::bstr::ByteSlice`
[INFO] [stdout]   --> src/store/packed/decode/tests.rs:60:9
[INFO] [stdout]    |
[INFO] [stdout] 60 |     use gix_object::bstr::ByteSlice;
[INFO] [stdout]    |         ^^^^^^^^^^^^^^^^^^^^^^^^^^^
[INFO] [stdout]    |
[INFO] [stdout]    = note: `#[warn(unused_imports)]` on by default
[INFO] [stdout] 
[INFO] [stdout] 
[INFO] [stdout] error: aborting due to 3 previous errors; 1 warning emitted
[INFO] [stdout] 
[INFO] [stdout] 
[INFO] [stdout] Some errors have detailed explanations: E0432, E0433.
[INFO] [stdout] 
[INFO] [stdout] For more information about an error, try `rustc --explain E0432`.
[INFO] [stdout] 
[INFO] [stderr] error: could not compile `gix-ref` (lib test) due to 4 previous errors; 1 warning emitted
[INFO] running `Command { std: "docker" "inspect" "39984ab0e87080e7407993ee14c89e8d39f4d6fffc886c62dad546fb51bc8fe8", kill_on_drop: false }`
[INFO] running `Command { std: "docker" "rm" "-f" "39984ab0e87080e7407993ee14c89e8d39f4d6fffc886c62dad546fb51bc8fe8", kill_on_drop: false }`
[INFO] [stdout] 39984ab0e87080e7407993ee14c89e8d39f4d6fffc886c62dad546fb51bc8fe8
