[INFO] fetching crate gix-glob 0.14.0...
[INFO] testing gix-glob-0.14.0 against 1.75.0 for beta-1.76-1
[INFO] extracting crate gix-glob 0.14.0 into /workspace/builds/worker-0-tc1/source
[INFO] validating manifest of crates.io crate gix-glob 0.14.0 on toolchain 1.75.0
[INFO] running `Command { std: CARGO_HOME="/workspace/cargo-home" RUSTUP_HOME="/workspace/rustup-home" "/workspace/cargo-home/bin/cargo" "+1.75.0" "metadata" "--manifest-path" "Cargo.toml" "--no-deps", kill_on_drop: false }`
[INFO] started tweaking crates.io crate gix-glob 0.14.0
[INFO] finished tweaking crates.io crate gix-glob 0.14.0
[INFO] tweaked toml for crates.io crate gix-glob 0.14.0 written to /workspace/builds/worker-0-tc1/source/Cargo.toml
[INFO] running `Command { std: CARGO_HOME="/workspace/cargo-home" RUSTUP_HOME="/workspace/rustup-home" "/workspace/cargo-home/bin/cargo" "+1.75.0" "generate-lockfile" "--manifest-path" "Cargo.toml", kill_on_drop: false }`
[INFO] [stderr]     Updating crates.io index
[INFO] running `Command { std: CARGO_HOME="/workspace/cargo-home" RUSTUP_HOME="/workspace/rustup-home" "/workspace/cargo-home/bin/cargo" "+1.75.0" "fetch" "--manifest-path" "Cargo.toml", kill_on_drop: false }`
[INFO] [stderr]  Downloading crates ...
[INFO] [stderr]   Downloaded document-features v0.2.8
[INFO] [stderr]   Downloaded litrs v0.4.1
[INFO] running `Command { std: "docker" "create" "-v" "/var/lib/crater-agent-workspace/builds/worker-0-tc1/target:/opt/rustwide/target:rw,Z" "-v" "/var/lib/crater-agent-workspace/builds/worker-0-tc1/source:/opt/rustwide/workdir:ro,Z" "-v" "/var/lib/crater-agent-workspace/cargo-home:/opt/rustwide/cargo-home:ro,Z" "-v" "/var/lib/crater-agent-workspace/rustup-home:/opt/rustwide/rustup-home:ro,Z" "-e" "SOURCE_DIR=/opt/rustwide/workdir" "-e" "CARGO_TARGET_DIR=/opt/rustwide/target" "-e" "CARGO_HOME=/opt/rustwide/cargo-home" "-e" "RUSTUP_HOME=/opt/rustwide/rustup-home" "-w" "/opt/rustwide/workdir" "-m" "1610612736" "--user" "0:0" "--network" "none" "ghcr.io/rust-lang/crates-build-env/linux@sha256:2788e3201cd34a07e3172128adcd8b3090168a8e3bcc40d7c032b9dda1df7d1c" "/opt/rustwide/cargo-home/bin/cargo" "+1.75.0" "metadata" "--no-deps" "--format-version=1", kill_on_drop: false }`
[INFO] [stdout] 3a0324a9bc2e7a647ade8f2c5bb9bc895230634626953aefcb6d5f46c98ffcc3
[INFO] running `Command { std: "docker" "start" "-a" "3a0324a9bc2e7a647ade8f2c5bb9bc895230634626953aefcb6d5f46c98ffcc3", kill_on_drop: false }`
[INFO] running `Command { std: "docker" "inspect" "3a0324a9bc2e7a647ade8f2c5bb9bc895230634626953aefcb6d5f46c98ffcc3", kill_on_drop: false }`
[INFO] running `Command { std: "docker" "rm" "-f" "3a0324a9bc2e7a647ade8f2c5bb9bc895230634626953aefcb6d5f46c98ffcc3", kill_on_drop: false }`
[INFO] [stdout] 3a0324a9bc2e7a647ade8f2c5bb9bc895230634626953aefcb6d5f46c98ffcc3
[INFO] running `Command { std: "docker" "create" "-v" "/var/lib/crater-agent-workspace/builds/worker-0-tc1/target:/opt/rustwide/target:rw,Z" "-v" "/var/lib/crater-agent-workspace/builds/worker-0-tc1/source:/opt/rustwide/workdir:ro,Z" "-v" "/var/lib/crater-agent-workspace/cargo-home:/opt/rustwide/cargo-home:ro,Z" "-v" "/var/lib/crater-agent-workspace/rustup-home:/opt/rustwide/rustup-home:ro,Z" "-e" "SOURCE_DIR=/opt/rustwide/workdir" "-e" "CARGO_TARGET_DIR=/opt/rustwide/target" "-e" "CARGO_INCREMENTAL=0" "-e" "RUST_BACKTRACE=full" "-e" "RUSTFLAGS=--cap-lints=warn" "-e" "RUSTDOCFLAGS=--cap-lints=warn" "-e" "CARGO_HOME=/opt/rustwide/cargo-home" "-e" "RUSTUP_HOME=/opt/rustwide/rustup-home" "-w" "/opt/rustwide/workdir" "-m" "1610612736" "--user" "0:0" "--network" "none" "ghcr.io/rust-lang/crates-build-env/linux@sha256:2788e3201cd34a07e3172128adcd8b3090168a8e3bcc40d7c032b9dda1df7d1c" "/opt/rustwide/cargo-home/bin/cargo" "+1.75.0" "build" "--frozen" "--message-format=json", kill_on_drop: false }`
[INFO] [stdout] 9664201a263ee633ed960043c0d3ae2fe04edee36882fbc3e2c66f0562222bb1
[INFO] running `Command { std: "docker" "start" "-a" "9664201a263ee633ed960043c0d3ae2fe04edee36882fbc3e2c66f0562222bb1", kill_on_drop: false }`
[INFO] [stderr]    Compiling proc-macro2 v1.0.75
[INFO] [stderr]    Compiling thiserror v1.0.56
[INFO] [stderr]    Compiling serde v1.0.194
[INFO] [stderr]    Compiling libc v0.2.151
[INFO] [stderr]    Compiling memchr v2.7.1
[INFO] [stderr]    Compiling gix-trace v0.1.6
[INFO] [stderr]    Compiling home v0.5.9
[INFO] [stderr]    Compiling once_cell v1.19.0
[INFO] [stderr]    Compiling bstr v1.9.0
[INFO] [stderr]    Compiling quote v1.0.35
[INFO] [stderr]    Compiling syn v2.0.48
[INFO] [stderr]    Compiling thiserror-impl v1.0.56
[INFO] [stderr]    Compiling faster-hex v0.9.0
[INFO] [stderr]    Compiling gix-hash v0.13.3
[INFO] [stderr]    Compiling gix-path v0.10.3
[INFO] [stderr]    Compiling gix-features v0.36.1
[INFO] [stderr]    Compiling gix-glob v0.14.0 (/opt/rustwide/workdir)
[INFO] [stderr]     Finished dev [unoptimized + debuginfo] target(s) in 3.63s
[INFO] running `Command { std: "docker" "inspect" "9664201a263ee633ed960043c0d3ae2fe04edee36882fbc3e2c66f0562222bb1", kill_on_drop: false }`
[INFO] running `Command { std: "docker" "rm" "-f" "9664201a263ee633ed960043c0d3ae2fe04edee36882fbc3e2c66f0562222bb1", kill_on_drop: false }`
[INFO] [stdout] 9664201a263ee633ed960043c0d3ae2fe04edee36882fbc3e2c66f0562222bb1
[INFO] running `Command { std: "docker" "create" "-v" "/var/lib/crater-agent-workspace/builds/worker-0-tc1/target:/opt/rustwide/target:rw,Z" "-v" "/var/lib/crater-agent-workspace/builds/worker-0-tc1/source:/opt/rustwide/workdir:ro,Z" "-v" "/var/lib/crater-agent-workspace/cargo-home:/opt/rustwide/cargo-home:ro,Z" "-v" "/var/lib/crater-agent-workspace/rustup-home:/opt/rustwide/rustup-home:ro,Z" "-e" "SOURCE_DIR=/opt/rustwide/workdir" "-e" "CARGO_TARGET_DIR=/opt/rustwide/target" "-e" "CARGO_INCREMENTAL=0" "-e" "RUST_BACKTRACE=full" "-e" "RUSTFLAGS=--cap-lints=warn" "-e" "RUSTDOCFLAGS=--cap-lints=warn" "-e" "CARGO_HOME=/opt/rustwide/cargo-home" "-e" "RUSTUP_HOME=/opt/rustwide/rustup-home" "-w" "/opt/rustwide/workdir" "-m" "1610612736" "--user" "0:0" "--network" "none" "ghcr.io/rust-lang/crates-build-env/linux@sha256:2788e3201cd34a07e3172128adcd8b3090168a8e3bcc40d7c032b9dda1df7d1c" "/opt/rustwide/cargo-home/bin/cargo" "+1.75.0" "test" "--frozen" "--no-run" "--message-format=json", kill_on_drop: false }`
[INFO] [stdout] 7b4a026e7c78ce5aeb8283296c830645f6d01bd886cd2bb0a10bb5b834fa1d33
[INFO] running `Command { std: "docker" "start" "-a" "7b4a026e7c78ce5aeb8283296c830645f6d01bd886cd2bb0a10bb5b834fa1d33", kill_on_drop: false }`
[INFO] [stderr]    Compiling gix-glob v0.14.0 (/opt/rustwide/workdir)
[INFO] [stdout] error[E0599]: no method named `trim_start` found for reference `&BStr` in the current scope
[INFO] [stdout]   --> tests/pattern/matching.rs:24:61
[INFO] [stdout]    |
[INFO] [stdout] 24 |         let value = tokens.next().expect("value").as_bstr().trim_start().as_bstr();
[INFO] [stdout]    |                                                             ^^^^^^^^^^ method not found in `&BStr`
[INFO] [stdout] 
[INFO] [stdout] 
[INFO] [stdout] error[E0433]: failed to resolve: use of undeclared crate or module `gix_testtools`
[INFO] [stdout]   --> tests/pattern/matching.rs:46:15
[INFO] [stdout]    |
[INFO] [stdout] 46 |     let dir = gix_testtools::scripted_fixture_read_only("make_baseline.sh").unwrap();
[INFO] [stdout]    |               ^^^^^^^^^^^^^ use of undeclared crate or module `gix_testtools`
[INFO] [stdout] 
[INFO] [stdout] 
[INFO] [stdout] error: aborting due to 2 previous errors
[INFO] [stdout] 
[INFO] [stdout] 
[INFO] [stdout] Some errors have detailed explanations: E0433, E0599.
[INFO] [stdout] 
[INFO] [stdout] For more information about an error, try `rustc --explain E0433`.
[INFO] [stdout] 
[INFO] [stderr] error: could not compile `gix-glob` (test "glob") due to 3 previous errors
[INFO] [stderr] warning: build failed, waiting for other jobs to finish...
[INFO] running `Command { std: "docker" "inspect" "7b4a026e7c78ce5aeb8283296c830645f6d01bd886cd2bb0a10bb5b834fa1d33", kill_on_drop: false }`
[INFO] running `Command { std: "docker" "rm" "-f" "7b4a026e7c78ce5aeb8283296c830645f6d01bd886cd2bb0a10bb5b834fa1d33", kill_on_drop: false }`
[INFO] [stdout] 7b4a026e7c78ce5aeb8283296c830645f6d01bd886cd2bb0a10bb5b834fa1d33
[INFO] testing gix-glob-0.14.0 against beta-2023-12-22 for beta-1.76-1
[INFO] extracting crate gix-glob 0.14.0 into /workspace/builds/worker-0-tc2/source
[INFO] validating manifest of crates.io crate gix-glob 0.14.0 on toolchain beta-2023-12-22
[INFO] running `Command { std: CARGO_HOME="/workspace/cargo-home" RUSTUP_HOME="/workspace/rustup-home" "/workspace/cargo-home/bin/cargo" "+beta-2023-12-22" "metadata" "--manifest-path" "Cargo.toml" "--no-deps", kill_on_drop: false }`
[INFO] started tweaking crates.io crate gix-glob 0.14.0
[INFO] finished tweaking crates.io crate gix-glob 0.14.0
[INFO] tweaked toml for crates.io crate gix-glob 0.14.0 written to /workspace/builds/worker-0-tc2/source/Cargo.toml
[INFO] running `Command { std: CARGO_HOME="/workspace/cargo-home" RUSTUP_HOME="/workspace/rustup-home" "/workspace/cargo-home/bin/cargo" "+beta-2023-12-22" "generate-lockfile" "--manifest-path" "Cargo.toml", kill_on_drop: false }`
[INFO] [stderr]     Updating crates.io index
[INFO] running `Command { std: CARGO_HOME="/workspace/cargo-home" RUSTUP_HOME="/workspace/rustup-home" "/workspace/cargo-home/bin/cargo" "+beta-2023-12-22" "fetch" "--manifest-path" "Cargo.toml", kill_on_drop: false }`
[INFO] running `Command { std: "docker" "create" "-v" "/var/lib/crater-agent-workspace/builds/worker-0-tc2/target:/opt/rustwide/target:rw,Z" "-v" "/var/lib/crater-agent-workspace/builds/worker-0-tc2/source:/opt/rustwide/workdir:ro,Z" "-v" "/var/lib/crater-agent-workspace/cargo-home:/opt/rustwide/cargo-home:ro,Z" "-v" "/var/lib/crater-agent-workspace/rustup-home:/opt/rustwide/rustup-home:ro,Z" "-e" "SOURCE_DIR=/opt/rustwide/workdir" "-e" "CARGO_TARGET_DIR=/opt/rustwide/target" "-e" "CARGO_HOME=/opt/rustwide/cargo-home" "-e" "RUSTUP_HOME=/opt/rustwide/rustup-home" "-w" "/opt/rustwide/workdir" "-m" "1610612736" "--user" "0:0" "--network" "none" "ghcr.io/rust-lang/crates-build-env/linux@sha256:2788e3201cd34a07e3172128adcd8b3090168a8e3bcc40d7c032b9dda1df7d1c" "/opt/rustwide/cargo-home/bin/cargo" "+beta-2023-12-22" "metadata" "--no-deps" "--format-version=1", kill_on_drop: false }`
[INFO] [stdout] 458dd86221487a1c7208b78cacd25d50b9e5d4fc3ea89f06adcf61721f14f00f
[INFO] running `Command { std: "docker" "start" "-a" "458dd86221487a1c7208b78cacd25d50b9e5d4fc3ea89f06adcf61721f14f00f", kill_on_drop: false }`
[INFO] running `Command { std: "docker" "inspect" "458dd86221487a1c7208b78cacd25d50b9e5d4fc3ea89f06adcf61721f14f00f", kill_on_drop: false }`
[INFO] running `Command { std: "docker" "rm" "-f" "458dd86221487a1c7208b78cacd25d50b9e5d4fc3ea89f06adcf61721f14f00f", kill_on_drop: false }`
[INFO] [stdout] 458dd86221487a1c7208b78cacd25d50b9e5d4fc3ea89f06adcf61721f14f00f
[INFO] running `Command { std: "docker" "create" "-v" "/var/lib/crater-agent-workspace/builds/worker-0-tc2/target:/opt/rustwide/target:rw,Z" "-v" "/var/lib/crater-agent-workspace/builds/worker-0-tc2/source:/opt/rustwide/workdir:ro,Z" "-v" "/var/lib/crater-agent-workspace/cargo-home:/opt/rustwide/cargo-home:ro,Z" "-v" "/var/lib/crater-agent-workspace/rustup-home:/opt/rustwide/rustup-home:ro,Z" "-e" "SOURCE_DIR=/opt/rustwide/workdir" "-e" "CARGO_TARGET_DIR=/opt/rustwide/target" "-e" "CARGO_INCREMENTAL=0" "-e" "RUST_BACKTRACE=full" "-e" "RUSTFLAGS=--cap-lints=warn" "-e" "RUSTDOCFLAGS=--cap-lints=warn" "-e" "CARGO_HOME=/opt/rustwide/cargo-home" "-e" "RUSTUP_HOME=/opt/rustwide/rustup-home" "-w" "/opt/rustwide/workdir" "-m" "1610612736" "--user" "0:0" "--network" "none" "ghcr.io/rust-lang/crates-build-env/linux@sha256:2788e3201cd34a07e3172128adcd8b3090168a8e3bcc40d7c032b9dda1df7d1c" "/opt/rustwide/cargo-home/bin/cargo" "+beta-2023-12-22" "build" "--frozen" "--message-format=json", kill_on_drop: false }`
[INFO] [stdout] 5c5b8d496bcedc7f3a9a0f541eb79d597ff3e119b03eae64cf5d31899add5ce7
[INFO] running `Command { std: "docker" "start" "-a" "5c5b8d496bcedc7f3a9a0f541eb79d597ff3e119b03eae64cf5d31899add5ce7", kill_on_drop: false }`
[INFO] [stderr]    Compiling proc-macro2 v1.0.75
[INFO] [stderr]    Compiling serde v1.0.194
[INFO] [stderr]    Compiling thiserror v1.0.56
[INFO] [stderr]    Compiling libc v0.2.151
[INFO] [stderr]    Compiling memchr v2.7.1
[INFO] [stderr]    Compiling gix-trace v0.1.6
[INFO] [stderr]    Compiling home v0.5.9
[INFO] [stderr]    Compiling once_cell v1.19.0
[INFO] [stderr]    Compiling bstr v1.9.0
[INFO] [stderr]    Compiling quote v1.0.35
[INFO] [stderr]    Compiling syn v2.0.48
[INFO] [stderr]    Compiling thiserror-impl v1.0.56
[INFO] [stderr]    Compiling faster-hex v0.9.0
[INFO] [stderr]    Compiling gix-hash v0.13.3
[INFO] [stderr]    Compiling gix-path v0.10.3
[INFO] [stderr]    Compiling gix-features v0.36.1
[INFO] [stderr]    Compiling gix-glob v0.14.0 (/opt/rustwide/workdir)
[INFO] [stderr]     Finished dev [unoptimized + debuginfo] target(s) in 3.09s
[INFO] running `Command { std: "docker" "inspect" "5c5b8d496bcedc7f3a9a0f541eb79d597ff3e119b03eae64cf5d31899add5ce7", kill_on_drop: false }`
[INFO] running `Command { std: "docker" "rm" "-f" "5c5b8d496bcedc7f3a9a0f541eb79d597ff3e119b03eae64cf5d31899add5ce7", kill_on_drop: false }`
[INFO] [stdout] 5c5b8d496bcedc7f3a9a0f541eb79d597ff3e119b03eae64cf5d31899add5ce7
[INFO] running `Command { std: "docker" "create" "-v" "/var/lib/crater-agent-workspace/builds/worker-0-tc2/target:/opt/rustwide/target:rw,Z" "-v" "/var/lib/crater-agent-workspace/builds/worker-0-tc2/source:/opt/rustwide/workdir:ro,Z" "-v" "/var/lib/crater-agent-workspace/cargo-home:/opt/rustwide/cargo-home:ro,Z" "-v" "/var/lib/crater-agent-workspace/rustup-home:/opt/rustwide/rustup-home:ro,Z" "-e" "SOURCE_DIR=/opt/rustwide/workdir" "-e" "CARGO_TARGET_DIR=/opt/rustwide/target" "-e" "CARGO_INCREMENTAL=0" "-e" "RUST_BACKTRACE=full" "-e" "RUSTFLAGS=--cap-lints=warn" "-e" "RUSTDOCFLAGS=--cap-lints=warn" "-e" "CARGO_HOME=/opt/rustwide/cargo-home" "-e" "RUSTUP_HOME=/opt/rustwide/rustup-home" "-w" "/opt/rustwide/workdir" "-m" "1610612736" "--user" "0:0" "--network" "none" "ghcr.io/rust-lang/crates-build-env/linux@sha256:2788e3201cd34a07e3172128adcd8b3090168a8e3bcc40d7c032b9dda1df7d1c" "/opt/rustwide/cargo-home/bin/cargo" "+beta-2023-12-22" "test" "--frozen" "--no-run" "--message-format=json", kill_on_drop: false }`
[INFO] [stdout] b55907c8535f68224fdedf350a95004cbc2d2197336a6fa604bfd47d52786d17
[INFO] running `Command { std: "docker" "start" "-a" "b55907c8535f68224fdedf350a95004cbc2d2197336a6fa604bfd47d52786d17", kill_on_drop: false }`
[INFO] [stderr]    Compiling gix-glob v0.14.0 (/opt/rustwide/workdir)
[INFO] [stdout] error[E0599]: no method named `trim_start` found for reference `&BStr` in the current scope
[INFO] [stdout]   --> tests/pattern/matching.rs:24:61
[INFO] [stdout]    |
[INFO] [stdout] 24 |         let value = tokens.next().expect("value").as_bstr().trim_start().as_bstr();
[INFO] [stdout]    |                                                             ^^^^^^^^^^ method not found in `&BStr`
[INFO] [stdout] 
[INFO] [stdout] 
[INFO] [stdout] error[E0433]: failed to resolve: use of undeclared crate or module `gix_testtools`
[INFO] [stdout]   --> tests/pattern/matching.rs:46:15
[INFO] [stdout]    |
[INFO] [stdout] 46 |     let dir = gix_testtools::scripted_fixture_read_only("make_baseline.sh").unwrap();
[INFO] [stdout]    |               ^^^^^^^^^^^^^ use of undeclared crate or module `gix_testtools`
[INFO] [stdout] 
[INFO] [stdout] 
[INFO] [stdout] error: aborting due to 2 previous errors
[INFO] [stdout] 
[INFO] [stdout] 
[INFO] [stdout] Some errors have detailed explanations: E0433, E0599.
[INFO] [stdout] 
[INFO] [stdout] For more information about an error, try `rustc --explain E0433`.
[INFO] [stdout] 
[INFO] [stderr] error: could not compile `gix-glob` (test "glob") due to 3 previous errors
[INFO] [stderr] warning: build failed, waiting for other jobs to finish...
[INFO] running `Command { std: "docker" "inspect" "b55907c8535f68224fdedf350a95004cbc2d2197336a6fa604bfd47d52786d17", kill_on_drop: false }`
[INFO] running `Command { std: "docker" "rm" "-f" "b55907c8535f68224fdedf350a95004cbc2d2197336a6fa604bfd47d52786d17", kill_on_drop: false }`
[INFO] [stdout] b55907c8535f68224fdedf350a95004cbc2d2197336a6fa604bfd47d52786d17
