[INFO] fetching crate gix-credentials 0.21.0...
[INFO] testing gix-credentials-0.21.0 against 1.75.0 for beta-1.76-1
[INFO] extracting crate gix-credentials 0.21.0 into /workspace/builds/worker-7-tc1/source
[INFO] validating manifest of crates.io crate gix-credentials 0.21.0 on toolchain 1.75.0
[INFO] running `Command { std: CARGO_HOME="/workspace/cargo-home" RUSTUP_HOME="/workspace/rustup-home" "/workspace/cargo-home/bin/cargo" "+1.75.0" "metadata" "--manifest-path" "Cargo.toml" "--no-deps", kill_on_drop: false }`
[INFO] started tweaking crates.io crate gix-credentials 0.21.0
[INFO] finished tweaking crates.io crate gix-credentials 0.21.0
[INFO] tweaked toml for crates.io crate gix-credentials 0.21.0 written to /workspace/builds/worker-7-tc1/source/Cargo.toml
[INFO] crate crates.io crate gix-credentials 0.21.0 already has a lockfile, it will not be regenerated
[INFO] running `Command { std: CARGO_HOME="/workspace/cargo-home" RUSTUP_HOME="/workspace/rustup-home" "/workspace/cargo-home/bin/cargo" "+1.75.0" "fetch" "--manifest-path" "Cargo.toml", kill_on_drop: false }`
[INFO] [stderr]  Downloading crates ...
[INFO] [stderr]   Downloaded quote v1.0.31
[INFO] [stderr]   Downloaded faster-hex v0.8.0
[INFO] [stderr]   Downloaded gix-url v0.25.0
[INFO] running `Command { std: "docker" "create" "-v" "/var/lib/crater-agent-workspace/builds/worker-7-tc1/target:/opt/rustwide/target:rw,Z" "-v" "/var/lib/crater-agent-workspace/builds/worker-7-tc1/source:/opt/rustwide/workdir:ro,Z" "-v" "/var/lib/crater-agent-workspace/cargo-home:/opt/rustwide/cargo-home:ro,Z" "-v" "/var/lib/crater-agent-workspace/rustup-home:/opt/rustwide/rustup-home:ro,Z" "-e" "SOURCE_DIR=/opt/rustwide/workdir" "-e" "CARGO_TARGET_DIR=/opt/rustwide/target" "-e" "CARGO_HOME=/opt/rustwide/cargo-home" "-e" "RUSTUP_HOME=/opt/rustwide/rustup-home" "-w" "/opt/rustwide/workdir" "-m" "1610612736" "--user" "0:0" "--network" "none" "ghcr.io/rust-lang/crates-build-env/linux@sha256:2788e3201cd34a07e3172128adcd8b3090168a8e3bcc40d7c032b9dda1df7d1c" "/opt/rustwide/cargo-home/bin/cargo" "+1.75.0" "metadata" "--no-deps" "--format-version=1", kill_on_drop: false }`
[INFO] [stdout] 73a3691f85eb9be34aa7e6f904a3fd8a17ca80143379f398fd11731625759f44
[INFO] running `Command { std: "docker" "start" "-a" "73a3691f85eb9be34aa7e6f904a3fd8a17ca80143379f398fd11731625759f44", kill_on_drop: false }`
[INFO] running `Command { std: "docker" "inspect" "73a3691f85eb9be34aa7e6f904a3fd8a17ca80143379f398fd11731625759f44", kill_on_drop: false }`
[INFO] running `Command { std: "docker" "rm" "-f" "73a3691f85eb9be34aa7e6f904a3fd8a17ca80143379f398fd11731625759f44", kill_on_drop: false }`
[INFO] [stdout] 73a3691f85eb9be34aa7e6f904a3fd8a17ca80143379f398fd11731625759f44
[INFO] running `Command { std: "docker" "create" "-v" "/var/lib/crater-agent-workspace/builds/worker-7-tc1/target:/opt/rustwide/target:rw,Z" "-v" "/var/lib/crater-agent-workspace/builds/worker-7-tc1/source:/opt/rustwide/workdir:ro,Z" "-v" "/var/lib/crater-agent-workspace/cargo-home:/opt/rustwide/cargo-home:ro,Z" "-v" "/var/lib/crater-agent-workspace/rustup-home:/opt/rustwide/rustup-home:ro,Z" "-e" "SOURCE_DIR=/opt/rustwide/workdir" "-e" "CARGO_TARGET_DIR=/opt/rustwide/target" "-e" "CARGO_INCREMENTAL=0" "-e" "RUST_BACKTRACE=full" "-e" "RUSTFLAGS=--cap-lints=warn" "-e" "RUSTDOCFLAGS=--cap-lints=warn" "-e" "CARGO_HOME=/opt/rustwide/cargo-home" "-e" "RUSTUP_HOME=/opt/rustwide/rustup-home" "-w" "/opt/rustwide/workdir" "-m" "1610612736" "--user" "0:0" "--network" "none" "ghcr.io/rust-lang/crates-build-env/linux@sha256:2788e3201cd34a07e3172128adcd8b3090168a8e3bcc40d7c032b9dda1df7d1c" "/opt/rustwide/cargo-home/bin/cargo" "+1.75.0" "build" "--frozen" "--message-format=json", kill_on_drop: false }`
[INFO] [stdout] 816244e491bc8d631ca7d18501dcbb2e85db0b5b4a9afd5a8fd6d228d1853d96
[INFO] running `Command { std: "docker" "start" "-a" "816244e491bc8d631ca7d18501dcbb2e85db0b5b4a9afd5a8fd6d228d1853d96", kill_on_drop: false }`
[INFO] [stderr]    Compiling proc-macro2 v1.0.66
[INFO] [stderr]    Compiling unicode-ident v1.0.11
[INFO] [stderr]    Compiling libc v0.2.147
[INFO] [stderr]    Compiling thiserror v1.0.44
[INFO] [stderr]    Compiling memchr v2.6.0
[INFO] [stderr]    Compiling serde v1.0.185
[INFO] [stderr]    Compiling gix-trace v0.1.3
[INFO] [stderr]    Compiling lock_api v0.4.10
[INFO] [stderr]    Compiling parking_lot_core v0.9.8
[INFO] [stderr]    Compiling bitflags v2.3.3
[INFO] [stderr]    Compiling home v0.5.5
[INFO] [stderr]    Compiling once_cell v1.18.0
[INFO] [stderr]    Compiling unicode-normalization v0.1.22
[INFO] [stderr]    Compiling smallvec v1.11.0
[INFO] [stderr]    Compiling unicode-bidi v0.3.13
[INFO] [stderr]    Compiling rustix v0.38.4
[INFO] [stderr]    Compiling percent-encoding v2.3.0
[INFO] [stderr]    Compiling bstr v1.6.0
[INFO] [stderr]    Compiling form_urlencoded v1.2.0
[INFO] [stderr]    Compiling idna v0.4.0
[INFO] [stderr]    Compiling linux-raw-sys v0.4.3
[INFO] [stderr]    Compiling quote v1.0.31
[INFO] [stderr]    Compiling gix-command v0.2.10
[INFO] [stderr]    Compiling syn v2.0.29
[INFO] [stderr]    Compiling url v2.4.0
[INFO] [stderr]    Compiling gix-sec v0.10.0
[INFO] [stderr]    Compiling parking_lot v0.12.1
[INFO] [stderr]    Compiling thiserror-impl v1.0.44
[INFO] [stderr]    Compiling serde_derive v1.0.185
[INFO] [stderr]    Compiling gix-path v0.10.0
[INFO] [stderr]    Compiling gix-config-value v0.14.0
[INFO] [stderr]    Compiling gix-prompt v0.7.0
[INFO] [stderr]    Compiling faster-hex v0.8.0
[INFO] [stderr]    Compiling gix-hash v0.13.1
[INFO] [stderr]    Compiling gix-features v0.36.0
[INFO] [stderr]    Compiling gix-url v0.25.0
[INFO] [stderr]    Compiling gix-credentials v0.21.0 (/opt/rustwide/workdir)
[INFO] [stderr]     Finished dev [unoptimized + debuginfo] target(s) in 14.96s
[INFO] running `Command { std: "docker" "inspect" "816244e491bc8d631ca7d18501dcbb2e85db0b5b4a9afd5a8fd6d228d1853d96", kill_on_drop: false }`
[INFO] running `Command { std: "docker" "rm" "-f" "816244e491bc8d631ca7d18501dcbb2e85db0b5b4a9afd5a8fd6d228d1853d96", kill_on_drop: false }`
[INFO] [stdout] 816244e491bc8d631ca7d18501dcbb2e85db0b5b4a9afd5a8fd6d228d1853d96
[INFO] running `Command { std: "docker" "create" "-v" "/var/lib/crater-agent-workspace/builds/worker-7-tc1/target:/opt/rustwide/target:rw,Z" "-v" "/var/lib/crater-agent-workspace/builds/worker-7-tc1/source:/opt/rustwide/workdir:ro,Z" "-v" "/var/lib/crater-agent-workspace/cargo-home:/opt/rustwide/cargo-home:ro,Z" "-v" "/var/lib/crater-agent-workspace/rustup-home:/opt/rustwide/rustup-home:ro,Z" "-e" "SOURCE_DIR=/opt/rustwide/workdir" "-e" "CARGO_TARGET_DIR=/opt/rustwide/target" "-e" "CARGO_INCREMENTAL=0" "-e" "RUST_BACKTRACE=full" "-e" "RUSTFLAGS=--cap-lints=warn" "-e" "RUSTDOCFLAGS=--cap-lints=warn" "-e" "CARGO_HOME=/opt/rustwide/cargo-home" "-e" "RUSTUP_HOME=/opt/rustwide/rustup-home" "-w" "/opt/rustwide/workdir" "-m" "1610612736" "--user" "0:0" "--network" "none" "ghcr.io/rust-lang/crates-build-env/linux@sha256:2788e3201cd34a07e3172128adcd8b3090168a8e3bcc40d7c032b9dda1df7d1c" "/opt/rustwide/cargo-home/bin/cargo" "+1.75.0" "test" "--frozen" "--no-run" "--message-format=json", kill_on_drop: false }`
[INFO] [stdout] c862a9e5e6151d33c5a33d610def04b8a4b485f8f8fed71343867184db6d831b
[INFO] running `Command { std: "docker" "start" "-a" "c862a9e5e6151d33c5a33d610def04b8a4b485f8f8fed71343867184db6d831b", kill_on_drop: false }`
[INFO] [stderr]    Compiling gix-credentials v0.21.0 (/opt/rustwide/workdir)
[INFO] [stdout] error[E0432]: unresolved import `gix_testtools`
[INFO] [stdout]  --> tests/credentials.rs:1:9
[INFO] [stdout]   |
[INFO] [stdout] 1 | pub use gix_testtools::Result;
[INFO] [stdout]   |         ^^^^^^^^^^^^^ use of undeclared crate or module `gix_testtools`
[INFO] [stdout] 
[INFO] [stdout] 
[INFO] [stdout] error[E0432]: unresolved import `gix_testtools`
[INFO] [stdout]   --> tests/helper/cascade.rs:12:9
[INFO] [stdout]    |
[INFO] [stdout] 12 |     use gix_testtools::fixture_path;
[INFO] [stdout]    |         ^^^^^^^^^^^^^ use of undeclared crate or module `gix_testtools`
[INFO] [stdout] 
[INFO] [stdout] 
[INFO] [stdout] error[E0432]: unresolved import `gix_testtools`
[INFO] [stdout]  --> tests/helper/invoke.rs:3:5
[INFO] [stdout]   |
[INFO] [stdout] 3 | use gix_testtools::fixture_path;
[INFO] [stdout]   |     ^^^^^^^^^^^^^ use of undeclared crate or module `gix_testtools`
[INFO] [stdout] 
[INFO] [stdout] 
[INFO] [stdout] error[E0433]: failed to resolve: use of undeclared crate or module `gix_testtools`
[INFO] [stdout]   --> tests/helper/invoke.rs:92:60
[INFO] [stdout]    |
[INFO] [stdout] 92 |                     gix_path::into_bstr(gix_path::realpath(gix_testtools::fixture_path("custom-helper.sh"))?)
[INFO] [stdout]    |                                                            ^^^^^^^^^^^^^ use of undeclared crate or module `gix_testtools`
[INFO] [stdout] 
[INFO] [stdout] 
[INFO] [stdout] error: aborting due to 4 previous errors
[INFO] [stdout] 
[INFO] [stdout] 
[INFO] [stdout] Some errors have detailed explanations: E0432, E0433.
[INFO] [stdout] 
[INFO] [stdout] For more information about an error, try `rustc --explain E0432`.
[INFO] [stdout] 
[INFO] [stderr] error: could not compile `gix-credentials` (test "credentials") due to 5 previous errors
[INFO] [stderr] warning: build failed, waiting for other jobs to finish...
[INFO] running `Command { std: "docker" "inspect" "c862a9e5e6151d33c5a33d610def04b8a4b485f8f8fed71343867184db6d831b", kill_on_drop: false }`
[INFO] running `Command { std: "docker" "rm" "-f" "c862a9e5e6151d33c5a33d610def04b8a4b485f8f8fed71343867184db6d831b", kill_on_drop: false }`
[INFO] [stdout] c862a9e5e6151d33c5a33d610def04b8a4b485f8f8fed71343867184db6d831b
