[INFO] fetching crate git-trim 0.4.4...
[INFO] testing git-trim-0.4.4 against 1.75.0 for beta-1.76-1
[INFO] extracting crate git-trim 0.4.4 into /workspace/builds/worker-1-tc1/source
[INFO] validating manifest of crates.io crate git-trim 0.4.4 on toolchain 1.75.0
[INFO] running `Command { std: CARGO_HOME="/workspace/cargo-home" RUSTUP_HOME="/workspace/rustup-home" "/workspace/cargo-home/bin/cargo" "+1.75.0" "metadata" "--manifest-path" "Cargo.toml" "--no-deps", kill_on_drop: false }`
[INFO] started tweaking crates.io crate git-trim 0.4.4
[INFO] finished tweaking crates.io crate git-trim 0.4.4
[INFO] tweaked toml for crates.io crate git-trim 0.4.4 written to /workspace/builds/worker-1-tc1/source/Cargo.toml
[INFO] crate crates.io crate git-trim 0.4.4 already has a lockfile, it will not be regenerated
[INFO] running `Command { std: CARGO_HOME="/workspace/cargo-home" RUSTUP_HOME="/workspace/rustup-home" "/workspace/cargo-home/bin/cargo" "+1.75.0" "fetch" "--manifest-path" "Cargo.toml", kill_on_drop: false }`
[INFO] [stderr]     Updating crates.io index
[INFO] [stderr]  Downloading crates ...
[INFO] [stderr]   Downloaded unicode-linebreak v0.1.4
[INFO] [stderr]   Downloaded enum-iterator-derive v1.1.0
[INFO] [stderr]   Downloaded enum-iterator v1.1.3
[INFO] [stderr]   Downloaded terminal_size v0.2.3
[INFO] [stderr]   Downloaded openssl-sys v0.9.78
[INFO] [stderr]   Downloaded sysinfo v0.27.1
[INFO] [stderr]   Downloaded syn v1.0.105
[INFO] [stderr]   Downloaded libgit2-sys v0.14.0+1.5.0
[INFO] [stderr]   Downloaded rustix v0.36.4
[INFO] [stderr]   Downloaded libc v0.2.138
[INFO] [stderr]   Downloaded man v0.3.0
[INFO] [stderr]   Downloaded linux-raw-sys v0.1.3
[INFO] [stderr]   Downloaded git2 v0.15.0
[INFO] [stderr]   Downloaded roff v0.1.0
[INFO] [stderr]   Downloaded vergen v7.4.4
[INFO] running `Command { std: "docker" "create" "-v" "/var/lib/crater-agent-workspace/builds/worker-1-tc1/target:/opt/rustwide/target:rw,Z" "-v" "/var/lib/crater-agent-workspace/builds/worker-1-tc1/source:/opt/rustwide/workdir:ro,Z" "-v" "/var/lib/crater-agent-workspace/cargo-home:/opt/rustwide/cargo-home:ro,Z" "-v" "/var/lib/crater-agent-workspace/rustup-home:/opt/rustwide/rustup-home:ro,Z" "-e" "SOURCE_DIR=/opt/rustwide/workdir" "-e" "CARGO_TARGET_DIR=/opt/rustwide/target" "-e" "CARGO_HOME=/opt/rustwide/cargo-home" "-e" "RUSTUP_HOME=/opt/rustwide/rustup-home" "-w" "/opt/rustwide/workdir" "-m" "1610612736" "--user" "0:0" "--network" "none" "ghcr.io/rust-lang/crates-build-env/linux@sha256:2788e3201cd34a07e3172128adcd8b3090168a8e3bcc40d7c032b9dda1df7d1c" "/opt/rustwide/cargo-home/bin/cargo" "+1.75.0" "metadata" "--no-deps" "--format-version=1", kill_on_drop: false }`
[INFO] [stdout] 0cf6f46e7c0ea20c79d1d8cc7d5291eda24e0c4d4f0367698014b66f453de297
[INFO] running `Command { std: "docker" "start" "-a" "0cf6f46e7c0ea20c79d1d8cc7d5291eda24e0c4d4f0367698014b66f453de297", kill_on_drop: false }`
[INFO] running `Command { std: "docker" "inspect" "0cf6f46e7c0ea20c79d1d8cc7d5291eda24e0c4d4f0367698014b66f453de297", kill_on_drop: false }`
[INFO] running `Command { std: "docker" "rm" "-f" "0cf6f46e7c0ea20c79d1d8cc7d5291eda24e0c4d4f0367698014b66f453de297", kill_on_drop: false }`
[INFO] [stdout] 0cf6f46e7c0ea20c79d1d8cc7d5291eda24e0c4d4f0367698014b66f453de297
[INFO] running `Command { std: "docker" "create" "-v" "/var/lib/crater-agent-workspace/builds/worker-1-tc1/target:/opt/rustwide/target:rw,Z" "-v" "/var/lib/crater-agent-workspace/builds/worker-1-tc1/source:/opt/rustwide/workdir:ro,Z" "-v" "/var/lib/crater-agent-workspace/cargo-home:/opt/rustwide/cargo-home:ro,Z" "-v" "/var/lib/crater-agent-workspace/rustup-home:/opt/rustwide/rustup-home:ro,Z" "-e" "SOURCE_DIR=/opt/rustwide/workdir" "-e" "CARGO_TARGET_DIR=/opt/rustwide/target" "-e" "CARGO_INCREMENTAL=0" "-e" "RUST_BACKTRACE=full" "-e" "RUSTFLAGS=--cap-lints=warn" "-e" "RUSTDOCFLAGS=--cap-lints=warn" "-e" "CARGO_HOME=/opt/rustwide/cargo-home" "-e" "RUSTUP_HOME=/opt/rustwide/rustup-home" "-w" "/opt/rustwide/workdir" "-m" "1610612736" "--user" "0:0" "--network" "none" "ghcr.io/rust-lang/crates-build-env/linux@sha256:2788e3201cd34a07e3172128adcd8b3090168a8e3bcc40d7c032b9dda1df7d1c" "/opt/rustwide/cargo-home/bin/cargo" "+1.75.0" "build" "--frozen" "--message-format=json", kill_on_drop: false }`
[INFO] [stdout] 95d45ab2f1f5118714746592065e3d01d14251abfabde91117a479dcf5bb9f97
[INFO] running `Command { std: "docker" "start" "-a" "95d45ab2f1f5118714746592065e3d01d14251abfabde91117a479dcf5bb9f97", kill_on_drop: false }`
[INFO] [stderr]    Compiling libc v0.2.138
[INFO] [stderr]    Compiling pkg-config v0.3.26
[INFO] [stderr]    Compiling proc-macro2 v1.0.47
[INFO] [stderr]    Compiling unicode-ident v1.0.5
[INFO] [stderr]    Compiling quote v1.0.21
[INFO] [stderr]    Compiling syn v1.0.105
[INFO] [stderr]    Compiling once_cell v1.16.0
[INFO] [stderr]    Compiling memchr v2.5.0
[INFO] [stderr]    Compiling tinyvec_macros v0.1.0
[INFO] [stderr]    Compiling io-lifetimes v1.0.3
[INFO] [stderr]    Compiling rustversion v1.0.9
[INFO] [stderr]    Compiling ahash v0.7.6
[INFO] [stderr]    Compiling crossbeam-utils v0.8.14
[INFO] [stderr]    Compiling percent-encoding v2.2.0
[INFO] [stderr]    Compiling unicode-bidi v0.3.8
[INFO] [stderr]    Compiling tinyvec v1.6.0
[INFO] [stderr]    Compiling anyhow v1.0.66
[INFO] [stderr]    Compiling rustix v0.36.4
[INFO] [stderr]    Compiling form_urlencoded v1.1.0
[INFO] [stderr]    Compiling memoffset v0.7.1
[INFO] [stderr]    Compiling log v0.4.17
[INFO] [stderr]    Compiling itoa v1.0.4
[INFO] [stderr]    Compiling semver v1.0.14
[INFO] [stderr]    Compiling linux-raw-sys v0.1.3
[INFO] [stderr]    Compiling time-core v0.1.0
[INFO] [stderr]    Compiling time v0.3.17
[INFO] [stderr]    Compiling crossbeam-epoch v0.9.13
[INFO] [stderr]    Compiling regex-syntax v0.6.28
[INFO] [stderr]    Compiling aho-corasick v0.7.20
[INFO] [stderr]    Compiling thiserror v1.0.37
[INFO] [stderr]    Compiling jobserver v0.1.25
[INFO] [stderr]    Compiling getrandom v0.2.8
[INFO] [stderr]    Compiling unicode-normalization v0.1.22
[INFO] [stderr]    Compiling cc v1.0.77
[INFO] [stderr]    Compiling scopeguard v1.1.0
[INFO] [stderr]    Compiling rustc_version v0.4.0
[INFO] [stderr]    Compiling sysinfo v0.27.1
[INFO] [stderr]    Compiling proc-macro-error-attr v1.0.4
[INFO] [stderr]    Compiling hashbrown v0.12.3
[INFO] [stderr]    Compiling rayon-core v1.10.1
[INFO] [stderr]    Compiling crossbeam-channel v0.5.6
[INFO] [stderr]    Compiling fastrand v1.8.0
[INFO] [stderr]    Compiling idna v0.3.0
[INFO] [stderr]    Compiling num_cpus v1.14.0
[INFO] [stderr]    Compiling terminal_size v0.1.17
[INFO] [stderr]    Compiling crossbeam-deque v0.8.2
[INFO] [stderr]    Compiling remove_dir_all v0.5.3
[INFO] [stderr]    Compiling vergen v7.4.4
[INFO] [stderr]    Compiling termcolor v1.1.3
[INFO] [stderr]    Compiling console v0.15.2
[INFO] [stderr]    Compiling clap_lex v0.3.0
[INFO] [stderr]    Compiling tempfile v3.3.0
[INFO] [stderr]    Compiling zeroize v1.5.7
[INFO] [stderr]    Compiling url v2.3.1
[INFO] [stderr]    Compiling humantime v2.1.0
[INFO] [stderr]    Compiling either v1.8.0
[INFO] [stderr]    Compiling smawk v0.3.1
[INFO] [stderr]    Compiling paw-raw v1.0.0
[INFO] [stderr]    Compiling dialoguer v0.10.2
[INFO] [stderr]    Compiling rayon v1.6.0
[INFO] [stderr]    Compiling libz-sys v1.1.8
[INFO] [stderr]    Compiling openssl-sys v0.9.78
[INFO] [stderr]    Compiling libgit2-sys v0.14.0+1.5.0
[INFO] [stderr]    Compiling libssh2-sys v0.2.23
[INFO] [stderr]    Compiling regex v1.7.0
[INFO] [stderr]    Compiling is-terminal v0.4.1
[INFO] [stderr]    Compiling terminal_size v0.2.3
[INFO] [stderr]    Compiling env_logger v0.10.0
[INFO] [stderr]    Compiling proc-macro-error v1.0.4
[INFO] [stderr]    Compiling unicode-linebreak v0.1.4
[INFO] [stderr]    Compiling thiserror-impl v1.0.37
[INFO] [stderr]    Compiling enum-iterator-derive v1.1.0
[INFO] [stderr]    Compiling getset v0.1.2
[INFO] [stderr]    Compiling paw-attributes v1.0.2
[INFO] [stderr]    Compiling clap_derive v4.0.21
[INFO] [stderr]    Compiling textwrap v0.16.0
[INFO] [stderr]    Compiling paw v1.0.0
[INFO] [stderr]    Compiling enum-iterator v1.1.3
[INFO] [stderr]    Compiling clap v4.0.29
[INFO] [stderr]    Compiling git2 v0.15.0
[INFO] [stderr]    Compiling git-trim v0.4.4 (/opt/rustwide/workdir)
[INFO] [stderr] warning: git-trim@0.4.4: An Error occurred during processing of Git. VERGEN_GIT_* may be incomplete.
[INFO] [stderr]     Finished dev [unoptimized + debuginfo] target(s) in 19.16s
[INFO] running `Command { std: "docker" "inspect" "95d45ab2f1f5118714746592065e3d01d14251abfabde91117a479dcf5bb9f97", kill_on_drop: false }`
[INFO] running `Command { std: "docker" "rm" "-f" "95d45ab2f1f5118714746592065e3d01d14251abfabde91117a479dcf5bb9f97", kill_on_drop: false }`
[INFO] [stdout] 95d45ab2f1f5118714746592065e3d01d14251abfabde91117a479dcf5bb9f97
[INFO] running `Command { std: "docker" "create" "-v" "/var/lib/crater-agent-workspace/builds/worker-1-tc1/target:/opt/rustwide/target:rw,Z" "-v" "/var/lib/crater-agent-workspace/builds/worker-1-tc1/source:/opt/rustwide/workdir:ro,Z" "-v" "/var/lib/crater-agent-workspace/cargo-home:/opt/rustwide/cargo-home:ro,Z" "-v" "/var/lib/crater-agent-workspace/rustup-home:/opt/rustwide/rustup-home:ro,Z" "-e" "SOURCE_DIR=/opt/rustwide/workdir" "-e" "CARGO_TARGET_DIR=/opt/rustwide/target" "-e" "CARGO_INCREMENTAL=0" "-e" "RUST_BACKTRACE=full" "-e" "RUSTFLAGS=--cap-lints=warn" "-e" "RUSTDOCFLAGS=--cap-lints=warn" "-e" "CARGO_HOME=/opt/rustwide/cargo-home" "-e" "RUSTUP_HOME=/opt/rustwide/rustup-home" "-w" "/opt/rustwide/workdir" "-m" "1610612736" "--user" "0:0" "--network" "none" "ghcr.io/rust-lang/crates-build-env/linux@sha256:2788e3201cd34a07e3172128adcd8b3090168a8e3bcc40d7c032b9dda1df7d1c" "/opt/rustwide/cargo-home/bin/cargo" "+1.75.0" "test" "--frozen" "--no-run" "--message-format=json", kill_on_drop: false }`
[INFO] [stdout] 1ed6251f606ae462cd66c572ab9429f6683cb2da9b9105ee86546d4b60e0c9d7
[INFO] running `Command { std: "docker" "start" "-a" "1ed6251f606ae462cd66c572ab9429f6683cb2da9b9105ee86546d4b60e0c9d7", kill_on_drop: false }`
[INFO] [stderr] warning: git-trim@0.4.4: An Error occurred during processing of Git. VERGEN_GIT_* may be incomplete.
[INFO] [stderr]    Compiling git-trim v0.4.4 (/opt/rustwide/workdir)
[INFO] [stderr] The following warnings were emitted during compilation:
[INFO] [stderr] 
[INFO] [stderr] warning: git-trim@0.4.4: An Error occurred during processing of Git. VERGEN_GIT_* may be incomplete.
[INFO] [stderr] 
[INFO] [stderr] error: could not compile `git-trim` (lib test)
[INFO] [stderr] 
[INFO] [stderr] Caused by:
[INFO] [stderr]   process didn't exit successfully: `/opt/rustwide/rustup-home/toolchains/1.75.0-x86_64-unknown-linux-gnu/bin/rustc --crate-name git_trim --edition=2021 src/lib.rs --error-format=json --json=diagnostic-rendered-ansi,artifacts,future-incompat --emit=dep-info,link -C embed-bitcode=no -C debuginfo=2 --test -C metadata=10cea87461eff5d1 -C extra-filename=-10cea87461eff5d1 --out-dir /opt/rustwide/target/debug/deps -L dependency=/opt/rustwide/target/debug/deps --extern anyhow=/opt/rustwide/target/debug/deps/libanyhow-2d8cbc0778e5ce2a.rlib --extern clap=/opt/rustwide/target/debug/deps/libclap-4faa0990621d85a2.rlib --extern crossbeam_channel=/opt/rustwide/target/debug/deps/libcrossbeam_channel-ce5c80c7bf1aef33.rlib --extern dialoguer=/opt/rustwide/target/debug/deps/libdialoguer-1a499659534cacb8.rlib --extern env_logger=/opt/rustwide/target/debug/deps/libenv_logger-05212ea9dbd826a6.rlib --extern git2=/opt/rustwide/target/debug/deps/libgit2-ce278072df43225c.rlib --extern log=/opt/rustwide/target/debug/deps/liblog-d88d404ed4a3e8b9.rlib --extern paw=/opt/rustwide/target/debug/deps/libpaw-c3ce525bc82e5fb3.rlib --extern rayon=/opt/rustwide/target/debug/deps/librayon-7d923757a4c49162.rlib --extern tempfile=/opt/rustwide/target/debug/deps/libtempfile-cd9c6a4d20b4a3a3.rlib --extern textwrap=/opt/rustwide/target/debug/deps/libtextwrap-e828a13a2f25d25d.rlib --extern thiserror=/opt/rustwide/target/debug/deps/libthiserror-a471404b152c67ff.rlib --cap-lints=warn -L native=/opt/rustwide/target/debug/build/libgit2-sys-e030bcc78a2f587a/out/build -L native=/opt/rustwide/target/debug/build/libssh2-sys-f336689c4411738b/out/build` (signal: 9, SIGKILL: kill)
[INFO] [stderr] warning: build failed, waiting for other jobs to finish...
[INFO] [stdout] error: linking with `cc` failed: exit status: 1
[INFO] [stdout]   |
[INFO] [stdout]   = note: LC_ALL="C" PATH="/opt/rustwide/rustup-home/toolchains/1.75.0-x86_64-unknown-linux-gnu/lib/rustlib/x86_64-unknown-linux-gnu/bin:/opt/rustwide/cargo-home/bin:/usr/local/sbin:/usr/local/bin:/usr/sbin:/usr/bin:/sbin:/bin" VSLANG="1033" "cc" "-m64" "/tmp/rustcbW9Si2/symbols.o" "/opt/rustwide/target/debug/deps/merge_styles-89c05eddf361bb7f.merge_styles.8dd50a65e1fa5e9c-cgu.0.rcgu.o" "/opt/rustwide/target/debug/deps/merge_styles-89c05eddf361bb7f.merge_styles.8dd50a65e1fa5e9c-cgu.1.rcgu.o" "/opt/rustwide/target/debug/deps/merge_styles-89c05eddf361bb7f.2y7qnp62m48cmgec.rcgu.o" "-Wl,--as-needed" "-L" "/opt/rustwide/target/debug/deps" "-L" "/opt/rustwide/target/debug/build/libgit2-sys-e030bcc78a2f587a/out/build" "-L" "/opt/rustwide/target/debug/build/libssh2-sys-f336689c4411738b/out/build" "-L" "/opt/rustwide/rustup-home/toolchains/1.75.0-x86_64-unknown-linux-gnu/lib/rustlib/x86_64-unknown-linux-gnu/lib" "-Wl,-Bstatic" "/opt/rustwide/target/debug/deps/libenv_logger-05212ea9dbd826a6.rlib" "/opt/rustwide/target/debug/deps/libhumantime-e2a10e0b2bfa2002.rlib" "/opt/rustwide/target/debug/deps/libregex-890d601b28731511.rlib" "/opt/rustwide/target/debug/deps/libaho_corasick-fec14e281eb19588.rlib" "/opt/rustwide/target/debug/deps/libmemchr-4fdcfd9ddfba30cb.rlib" "/opt/rustwide/target/debug/deps/libregex_syntax-37609f52f7ae0307.rlib" "/opt/rustwide/target/debug/deps/libtextwrap-e828a13a2f25d25d.rlib" "/opt/rustwide/target/debug/deps/libunicode_width-aeff842d70fe38c8.rlib" "/opt/rustwide/target/debug/deps/libunicode_linebreak-b7a1cb072a442367.rlib" "/opt/rustwide/target/debug/deps/libterminal_size-be26e028771677a9.rlib" "/opt/rustwide/target/debug/deps/libsmawk-fbcac578480a1e95.rlib" "/opt/rustwide/rustup-home/toolchains/1.75.0-x86_64-unknown-linux-gnu/lib/rustlib/x86_64-unknown-linux-gnu/lib/libtest-3df1bed8075ce1de.rlib" "/opt/rustwide/rustup-home/toolchains/1.75.0-x86_64-unknown-linux-gnu/lib/rustlib/x86_64-unknown-linux-gnu/lib/libgetopts-2076fd86b325cb5d.rlib" "/opt/rustwide/rustup-home/toolchains/1.75.0-x86_64-unknown-linux-gnu/lib/rustlib/x86_64-unknown-linux-gnu/lib/libunicode_width-caa7152ee70c190f.rlib" "/opt/rustwide/rustup-home/toolchains/1.75.0-x86_64-unknown-linux-gnu/lib/rustlib/x86_64-unknown-linux-gnu/lib/librustc_std_workspace_std-04e6425e07f02a3c.rlib" "/opt/rustwide/target/debug/deps/libgit_trim-870004994de6ac3f.rlib" "/opt/rustwide/target/debug/deps/librayon-7d923757a4c49162.rlib" "/opt/rustwide/target/debug/deps/librayon_core-4a14a1db2850782c.rlib" "/opt/rustwide/target/debug/deps/libnum_cpus-f61443a4c6337e08.rlib" "/opt/rustwide/target/debug/deps/libcrossbeam_deque-d297c00c9f77d2cc.rlib" "/opt/rustwide/target/debug/deps/libcrossbeam_epoch-e96e4f4898b3f9ff.rlib" "/opt/rustwide/target/debug/deps/libmemoffset-f02e326318b611eb.rlib" "/opt/rustwide/target/debug/deps/libscopeguard-b35f5c652940acc2.rlib" "/opt/rustwide/target/debug/deps/libeither-0a236c20218e7ec8.rlib" "/opt/rustwide/target/debug/deps/libcrossbeam_channel-ce5c80c7bf1aef33.rlib" "/opt/rustwide/target/debug/deps/libcrossbeam_utils-acc95dbd4611b48e.rlib" "/opt/rustwide/target/debug/deps/libgit2-ce278072df43225c.rlib" "/opt/rustwide/target/debug/deps/libopenssl_probe-d850575132083d7c.rlib" "/opt/rustwide/target/debug/deps/liburl-766f8fa2770c8650.rlib" "/opt/rustwide/target/debug/deps/libidna-c62e120fb9daafd7.rlib" "/opt/rustwide/target/debug/deps/libunicode_normalization-9a523c060fbda597.rlib" "/opt/rustwide/target/debug/deps/libtinyvec-e78be141da4aa4a4.rlib" "/opt/rustwide/target/debug/deps/libtinyvec_macros-bfeb7a087f0273ce.rlib" "/opt/rustwide/target/debug/deps/libunicode_bidi-6e4d9a1bf3170bfc.rlib" "/opt/rustwide/target/debug/deps/libform_urlencoded-e8c43e838ad28fa4.rlib" "/opt/rustwide/target/debug/deps/libpercent_encoding-c39f6500503dd269.rlib" "/opt/rustwide/target/debug/deps/liblibgit2_sys-ebd9c58dd8acaecb.rlib" "/opt/rustwide/target/debug/deps/liblibssh2_sys-46d0d4349263f5be.rlib" "/opt/rustwide/target/debug/deps/libopenssl_sys-f8d492e789ea6d6c.rlib" "/opt/rustwide/target/debug/deps/liblibz_sys-813104190616eb78.rlib" "/opt/rustwide/target/debug/deps/libanyhow-2d8cbc0778e5ce2a.rlib" "/opt/rustwide/target/debug/deps/libthiserror-a471404b152c67ff.rlib" "/opt/rustwide/target/debug/deps/libclap-4faa0990621d85a2.rlib" "/opt/rustwide/target/debug/deps/libstrsim-dec2701ee913c7f9.rlib" "/opt/rustwide/target/debug/deps/libis_terminal-6ffaa49ed484a331.rlib" "/opt/rustwide/target/debug/deps/librustix-486dc82327ed8358.rlib" "/opt/rustwide/target/debug/deps/liblinux_raw_sys-c554e3f9b3eb1710.rlib" "/opt/rustwide/target/debug/deps/libio_lifetimes-8bea2684d59b03c1.rlib" "/opt/rustwide/target/debug/deps/libclap_lex-e50ed2d8d7eb83ee.rlib" "/opt/rustwide/target/debug/deps/libos_str_bytes-2f1fb86699886406.rlib" "/opt/rustwide/target/debug/deps/libtermcolor-8398fdf37ae29334.rlib" "/opt/rustwide/target/debug/deps/libbitflags-b7cee2ca4fb438d0.rlib" "/opt/rustwide/target/debug/deps/libonce_cell-0b3944a765abe985.rlib" "/opt/rustwide/target/debug/deps/libtempfile-cd9c6a4d20b4a3a3.rlib" "/opt/rustwide/target/debug/deps/liblibc-f38636c3bef1ad82.rlib" "/opt/rustwide/target/debug/deps/libfastrand-9e54c67e03911a71.rlib" "/opt/rustwide/target/debug/deps/libremove_dir_all-8b88a3ed6f308927.rlib" "/opt/rustwide/target/debug/deps/liblog-d88d404ed4a3e8b9.rlib" "/opt/rustwide/target/debug/deps/libcfg_if-61dc7a6799e72b18.rlib" "/opt/rustwide/rustup-home/toolchains/1.75.0-x86_64-unknown-linux-gnu/lib/rustlib/x86_64-unknown-linux-gnu/lib/libstd-90f6ddbf82de36ec.rlib" "/opt/rustwide/rustup-home/toolchains/1.75.0-x86_64-unknown-linux-gnu/lib/rustlib/x86_64-unknown-linux-gnu/lib/libpanic_unwind-480c41e9d4e1f677.rlib" "/opt/rustwide/rustup-home/toolchains/1.75.0-x86_64-unknown-linux-gnu/lib/rustlib/x86_64-unknown-linux-gnu/lib/libobject-db744c0ca03eed1d.rlib" "/opt/rustwide/rustup-home/toolchains/1.75.0-x86_64-unknown-linux-gnu/lib/rustlib/x86_64-unknown-linux-gnu/lib/libmemchr-8ba652dc7d4b285a.rlib" "/opt/rustwide/rustup-home/toolchains/1.75.0-x86_64-unknown-linux-gnu/lib/rustlib/x86_64-unknown-linux-gnu/lib/libaddr2line-d5f4520a9ebc0d58.rlib" "/opt/rustwide/rustup-home/toolchains/1.75.0-x86_64-unknown-linux-gnu/lib/rustlib/x86_64-unknown-linux-gnu/lib/libgimli-4ad84de58f0cb463.rlib" "/opt/rustwide/rustup-home/toolchains/1.75.0-x86_64-unknown-linux-gnu/lib/rustlib/x86_64-unknown-linux-gnu/lib/librustc_demangle-0d10aae2e0f38735.rlib" "/opt/rustwide/rustup-home/toolchains/1.75.0-x86_64-unknown-linux-gnu/lib/rustlib/x86_64-unknown-linux-gnu/lib/libstd_detect-0c17cff739e6745b.rlib" "/opt/rustwide/rustup-home/toolchains/1.75.0-x86_64-unknown-linux-gnu/lib/rustlib/x86_64-unknown-linux-gnu/lib/libhashbrown-b29e17139dde1aa8.rlib" "/opt/rustwide/rustup-home/toolchains/1.75.0-x86_64-unknown-linux-gnu/lib/rustlib/x86_64-unknown-linux-gnu/lib/librustc_std_workspace_alloc-1f975299829cc7bd.rlib" "/opt/rustwide/rustup-home/toolchains/1.75.0-x86_64-unknown-linux-gnu/lib/rustlib/x86_64-unknown-linux-gnu/lib/libminiz_oxide-86bae3bc3079f89b.rlib" "/opt/rustwide/rustup-home/toolchains/1.75.0-x86_64-unknown-linux-gnu/lib/rustlib/x86_64-unknown-linux-gnu/lib/libadler-321b82c30dffdf5f.rlib" "/opt/rustwide/rustup-home/toolchains/1.75.0-x86_64-unknown-linux-gnu/lib/rustlib/x86_64-unknown-linux-gnu/lib/libunwind-3dd8a6810a0bdfef.rlib" "/opt/rustwide/rustup-home/toolchains/1.75.0-x86_64-unknown-linux-gnu/lib/rustlib/x86_64-unknown-linux-gnu/lib/libcfg_if-eb39a61c0c879984.rlib" "/opt/rustwide/rustup-home/toolchains/1.75.0-x86_64-unknown-linux-gnu/lib/rustlib/x86_64-unknown-linux-gnu/lib/liblibc-aa769569f91c3548.rlib" "/opt/rustwide/rustup-home/toolchains/1.75.0-x86_64-unknown-linux-gnu/lib/rustlib/x86_64-unknown-linux-gnu/lib/liballoc-510a192a50a983ed.rlib" "/opt/rustwide/rustup-home/toolchains/1.75.0-x86_64-unknown-linux-gnu/lib/rustlib/x86_64-unknown-linux-gnu/lib/librustc_std_workspace_core-0577018320f99037.rlib" "/opt/rustwide/rustup-home/toolchains/1.75.0-x86_64-unknown-linux-gnu/lib/rustlib/x86_64-unknown-linux-gnu/lib/libcore-193cf992125ccd4c.rlib" "/opt/rustwide/rustup-home/toolchains/1.75.0-x86_64-unknown-linux-gnu/lib/rustlib/x86_64-unknown-linux-gnu/lib/libcompiler_builtins-8e138eaf26ebb4a8.rlib" "-Wl,-Bdynamic" "-lssl" "-lcrypto" "-lz" "-lgcc_s" "-lutil" "-lrt" "-lpthread" "-lm" "-ldl" "-lc" "-Wl,--eh-frame-hdr" "-Wl,-z,noexecstack" "-L" "/opt/rustwide/rustup-home/toolchains/1.75.0-x86_64-unknown-linux-gnu/lib/rustlib/x86_64-unknown-linux-gnu/lib" "-o" "/opt/rustwide/target/debug/deps/merge_styles-89c05eddf361bb7f" "-Wl,--gc-sections" "-pie" "-Wl,-z,relro,-z,now" "-nodefaultlibs"
[INFO] [stdout]   = note: collect2: fatal error: ld terminated with signal 9 [Killed]
[INFO] [stdout]           compilation terminated.
[INFO] [stdout]           
[INFO] [stdout] 
[INFO] [stdout] 
[INFO] [stdout] error: aborting due to previous error
[INFO] [stdout] 
[INFO] [stdout] 
[INFO] [stderr] The following warnings were emitted during compilation:
[INFO] [stderr] 
[INFO] [stderr] warning: git-trim@0.4.4: An Error occurred during processing of Git. VERGEN_GIT_* may be incomplete.
[INFO] [stderr] 
[INFO] [stderr] error: could not compile `git-trim` (test "merge_styles") due to 2 previous errors
[INFO] [stdout] error: linking with `cc` failed: exit status: 1
[INFO] [stdout]   |
[INFO] [stdout]   = note: LC_ALL="C" PATH="/opt/rustwide/rustup-home/toolchains/1.75.0-x86_64-unknown-linux-gnu/lib/rustlib/x86_64-unknown-linux-gnu/bin:/opt/rustwide/cargo-home/bin:/usr/local/sbin:/usr/local/bin:/usr/sbin:/usr/bin:/sbin:/bin" VSLANG="1033" "cc" "-m64" "/tmp/rustcQ3ccBu/symbols.o" "/opt/rustwide/target/debug/deps/simple_github_flow-5f8280e9febf3eb6.simple_github_flow.a5ce799cfa3af108-cgu.0.rcgu.o" "/opt/rustwide/target/debug/deps/simple_github_flow-5f8280e9febf3eb6.simple_github_flow.a5ce799cfa3af108-cgu.1.rcgu.o" "/opt/rustwide/target/debug/deps/simple_github_flow-5f8280e9febf3eb6.simple_github_flow.a5ce799cfa3af108-cgu.2.rcgu.o" "/opt/rustwide/target/debug/deps/simple_github_flow-5f8280e9febf3eb6.6xr46zxsmayw53c.rcgu.o" "-Wl,--as-needed" "-L" "/opt/rustwide/target/debug/deps" "-L" "/opt/rustwide/target/debug/build/libgit2-sys-e030bcc78a2f587a/out/build" "-L" "/opt/rustwide/target/debug/build/libssh2-sys-f336689c4411738b/out/build" "-L" "/opt/rustwide/rustup-home/toolchains/1.75.0-x86_64-unknown-linux-gnu/lib/rustlib/x86_64-unknown-linux-gnu/lib" "-Wl,-Bstatic" "/opt/rustwide/target/debug/deps/libenv_logger-05212ea9dbd826a6.rlib" "/opt/rustwide/target/debug/deps/libhumantime-e2a10e0b2bfa2002.rlib" "/opt/rustwide/target/debug/deps/libregex-890d601b28731511.rlib" "/opt/rustwide/target/debug/deps/libaho_corasick-fec14e281eb19588.rlib" "/opt/rustwide/target/debug/deps/libmemchr-4fdcfd9ddfba30cb.rlib" "/opt/rustwide/target/debug/deps/libregex_syntax-37609f52f7ae0307.rlib" "/opt/rustwide/target/debug/deps/libtextwrap-e828a13a2f25d25d.rlib" "/opt/rustwide/target/debug/deps/libunicode_width-aeff842d70fe38c8.rlib" "/opt/rustwide/target/debug/deps/libunicode_linebreak-b7a1cb072a442367.rlib" "/opt/rustwide/target/debug/deps/libterminal_size-be26e028771677a9.rlib" "/opt/rustwide/target/debug/deps/libsmawk-fbcac578480a1e95.rlib" "/opt/rustwide/rustup-home/toolchains/1.75.0-x86_64-unknown-linux-gnu/lib/rustlib/x86_64-unknown-linux-gnu/lib/libtest-3df1bed8075ce1de.rlib" "/opt/rustwide/rustup-home/toolchains/1.75.0-x86_64-unknown-linux-gnu/lib/rustlib/x86_64-unknown-linux-gnu/lib/libgetopts-2076fd86b325cb5d.rlib" "/opt/rustwide/rustup-home/toolchains/1.75.0-x86_64-unknown-linux-gnu/lib/rustlib/x86_64-unknown-linux-gnu/lib/libunicode_width-caa7152ee70c190f.rlib" "/opt/rustwide/rustup-home/toolchains/1.75.0-x86_64-unknown-linux-gnu/lib/rustlib/x86_64-unknown-linux-gnu/lib/librustc_std_workspace_std-04e6425e07f02a3c.rlib" "/opt/rustwide/target/debug/deps/libgit_trim-870004994de6ac3f.rlib" "/opt/rustwide/target/debug/deps/librayon-7d923757a4c49162.rlib" "/opt/rustwide/target/debug/deps/librayon_core-4a14a1db2850782c.rlib" "/opt/rustwide/target/debug/deps/libnum_cpus-f61443a4c6337e08.rlib" "/opt/rustwide/target/debug/deps/libcrossbeam_deque-d297c00c9f77d2cc.rlib" "/opt/rustwide/target/debug/deps/libcrossbeam_epoch-e96e4f4898b3f9ff.rlib" "/opt/rustwide/target/debug/deps/libmemoffset-f02e326318b611eb.rlib" "/opt/rustwide/target/debug/deps/libscopeguard-b35f5c652940acc2.rlib" "/opt/rustwide/target/debug/deps/libeither-0a236c20218e7ec8.rlib" "/opt/rustwide/target/debug/deps/libcrossbeam_channel-ce5c80c7bf1aef33.rlib" "/opt/rustwide/target/debug/deps/libcrossbeam_utils-acc95dbd4611b48e.rlib" "/opt/rustwide/target/debug/deps/libgit2-ce278072df43225c.rlib" "/opt/rustwide/target/debug/deps/libopenssl_probe-d850575132083d7c.rlib" "/opt/rustwide/target/debug/deps/liburl-766f8fa2770c8650.rlib" "/opt/rustwide/target/debug/deps/libidna-c62e120fb9daafd7.rlib" "/opt/rustwide/target/debug/deps/libunicode_normalization-9a523c060fbda597.rlib" "/opt/rustwide/target/debug/deps/libtinyvec-e78be141da4aa4a4.rlib" "/opt/rustwide/target/debug/deps/libtinyvec_macros-bfeb7a087f0273ce.rlib" "/opt/rustwide/target/debug/deps/libunicode_bidi-6e4d9a1bf3170bfc.rlib" "/opt/rustwide/target/debug/deps/libform_urlencoded-e8c43e838ad28fa4.rlib" "/opt/rustwide/target/debug/deps/libpercent_encoding-c39f6500503dd269.rlib" "/opt/rustwide/target/debug/deps/liblibgit2_sys-ebd9c58dd8acaecb.rlib" "/opt/rustwide/target/debug/deps/liblibssh2_sys-46d0d4349263f5be.rlib" "/opt/rustwide/target/debug/deps/libopenssl_sys-f8d492e789ea6d6c.rlib" "/opt/rustwide/target/debug/deps/liblibz_sys-813104190616eb78.rlib" "/opt/rustwide/target/debug/deps/libanyhow-2d8cbc0778e5ce2a.rlib" "/opt/rustwide/target/debug/deps/libthiserror-a471404b152c67ff.rlib" "/opt/rustwide/target/debug/deps/libclap-4faa0990621d85a2.rlib" "/opt/rustwide/target/debug/deps/libstrsim-dec2701ee913c7f9.rlib" "/opt/rustwide/target/debug/deps/libis_terminal-6ffaa49ed484a331.rlib" "/opt/rustwide/target/debug/deps/librustix-486dc82327ed8358.rlib" "/opt/rustwide/target/debug/deps/liblinux_raw_sys-c554e3f9b3eb1710.rlib" "/opt/rustwide/target/debug/deps/libio_lifetimes-8bea2684d59b03c1.rlib" "/opt/rustwide/target/debug/deps/libclap_lex-e50ed2d8d7eb83ee.rlib" "/opt/rustwide/target/debug/deps/libos_str_bytes-2f1fb86699886406.rlib" "/opt/rustwide/target/debug/deps/libtermcolor-8398fdf37ae29334.rlib" "/opt/rustwide/target/debug/deps/libbitflags-b7cee2ca4fb438d0.rlib" "/opt/rustwide/target/debug/deps/libonce_cell-0b3944a765abe985.rlib" "/opt/rustwide/target/debug/deps/libtempfile-cd9c6a4d20b4a3a3.rlib" "/opt/rustwide/target/debug/deps/liblibc-f38636c3bef1ad82.rlib" "/opt/rustwide/target/debug/deps/libfastrand-9e54c67e03911a71.rlib" "/opt/rustwide/target/debug/deps/libremove_dir_all-8b88a3ed6f308927.rlib" "/opt/rustwide/target/debug/deps/liblog-d88d404ed4a3e8b9.rlib" "/opt/rustwide/target/debug/deps/libcfg_if-61dc7a6799e72b18.rlib" "/opt/rustwide/rustup-home/toolchains/1.75.0-x86_64-unknown-linux-gnu/lib/rustlib/x86_64-unknown-linux-gnu/lib/libstd-90f6ddbf82de36ec.rlib" "/opt/rustwide/rustup-home/toolchains/1.75.0-x86_64-unknown-linux-gnu/lib/rustlib/x86_64-unknown-linux-gnu/lib/libpanic_unwind-480c41e9d4e1f677.rlib" "/opt/rustwide/rustup-home/toolchains/1.75.0-x86_64-unknown-linux-gnu/lib/rustlib/x86_64-unknown-linux-gnu/lib/libobject-db744c0ca03eed1d.rlib" "/opt/rustwide/rustup-home/toolchains/1.75.0-x86_64-unknown-linux-gnu/lib/rustlib/x86_64-unknown-linux-gnu/lib/libmemchr-8ba652dc7d4b285a.rlib" "/opt/rustwide/rustup-home/toolchains/1.75.0-x86_64-unknown-linux-gnu/lib/rustlib/x86_64-unknown-linux-gnu/lib/libaddr2line-d5f4520a9ebc0d58.rlib" "/opt/rustwide/rustup-home/toolchains/1.75.0-x86_64-unknown-linux-gnu/lib/rustlib/x86_64-unknown-linux-gnu/lib/libgimli-4ad84de58f0cb463.rlib" "/opt/rustwide/rustup-home/toolchains/1.75.0-x86_64-unknown-linux-gnu/lib/rustlib/x86_64-unknown-linux-gnu/lib/librustc_demangle-0d10aae2e0f38735.rlib" "/opt/rustwide/rustup-home/toolchains/1.75.0-x86_64-unknown-linux-gnu/lib/rustlib/x86_64-unknown-linux-gnu/lib/libstd_detect-0c17cff739e6745b.rlib" "/opt/rustwide/rustup-home/toolchains/1.75.0-x86_64-unknown-linux-gnu/lib/rustlib/x86_64-unknown-linux-gnu/lib/libhashbrown-b29e17139dde1aa8.rlib" "/opt/rustwide/rustup-home/toolchains/1.75.0-x86_64-unknown-linux-gnu/lib/rustlib/x86_64-unknown-linux-gnu/lib/librustc_std_workspace_alloc-1f975299829cc7bd.rlib" "/opt/rustwide/rustup-home/toolchains/1.75.0-x86_64-unknown-linux-gnu/lib/rustlib/x86_64-unknown-linux-gnu/lib/libminiz_oxide-86bae3bc3079f89b.rlib" "/opt/rustwide/rustup-home/toolchains/1.75.0-x86_64-unknown-linux-gnu/lib/rustlib/x86_64-unknown-linux-gnu/lib/libadler-321b82c30dffdf5f.rlib" "/opt/rustwide/rustup-home/toolchains/1.75.0-x86_64-unknown-linux-gnu/lib/rustlib/x86_64-unknown-linux-gnu/lib/libunwind-3dd8a6810a0bdfef.rlib" "/opt/rustwide/rustup-home/toolchains/1.75.0-x86_64-unknown-linux-gnu/lib/rustlib/x86_64-unknown-linux-gnu/lib/libcfg_if-eb39a61c0c879984.rlib" "/opt/rustwide/rustup-home/toolchains/1.75.0-x86_64-unknown-linux-gnu/lib/rustlib/x86_64-unknown-linux-gnu/lib/liblibc-aa769569f91c3548.rlib" "/opt/rustwide/rustup-home/toolchains/1.75.0-x86_64-unknown-linux-gnu/lib/rustlib/x86_64-unknown-linux-gnu/lib/liballoc-510a192a50a983ed.rlib" "/opt/rustwide/rustup-home/toolchains/1.75.0-x86_64-unknown-linux-gnu/lib/rustlib/x86_64-unknown-linux-gnu/lib/librustc_std_workspace_core-0577018320f99037.rlib" "/opt/rustwide/rustup-home/toolchains/1.75.0-x86_64-unknown-linux-gnu/lib/rustlib/x86_64-unknown-linux-gnu/lib/libcore-193cf992125ccd4c.rlib" "/opt/rustwide/rustup-home/toolchains/1.75.0-x86_64-unknown-linux-gnu/lib/rustlib/x86_64-unknown-linux-gnu/lib/libcompiler_builtins-8e138eaf26ebb4a8.rlib" "-Wl,-Bdynamic" "-lssl" "-lcrypto" "-lz" "-lgcc_s" "-lutil" "-lrt" "-lpthread" "-lm" "-ldl" "-lc" "-Wl,--eh-frame-hdr" "-Wl,-z,noexecstack" "-L" "/opt/rustwide/rustup-home/toolchains/1.75.0-x86_64-unknown-linux-gnu/lib/rustlib/x86_64-unknown-linux-gnu/lib" "-o" "/opt/rustwide/target/debug/deps/simple_github_flow-5f8280e9febf3eb6" "-Wl,--gc-sections" "-pie" "-Wl,-z,relro,-z,now" "-nodefaultlibs"
[INFO] [stdout]   = note: collect2: fatal error: ld terminated with signal 9 [Killed]
[INFO] [stdout]           compilation terminated.
[INFO] [stdout]           
[INFO] [stdout] 
[INFO] [stdout] 
[INFO] [stdout] error: aborting due to previous error
[INFO] [stdout] 
[INFO] [stdout] 
[INFO] [stderr] The following warnings were emitted during compilation:
[INFO] [stderr] 
[INFO] [stderr] warning: git-trim@0.4.4: An Error occurred during processing of Git. VERGEN_GIT_* may be incomplete.
[INFO] [stderr] 
[INFO] [stderr] error: could not compile `git-trim` (test "simple_github_flow") due to 2 previous errors
[INFO] [stdout] error: linking with `cc` failed: exit status: 1
[INFO] [stdout]   |
[INFO] [stdout]   = note: LC_ALL="C" PATH="/opt/rustwide/rustup-home/toolchains/1.75.0-x86_64-unknown-linux-gnu/lib/rustlib/x86_64-unknown-linux-gnu/bin:/opt/rustwide/cargo-home/bin:/usr/local/sbin:/usr/local/bin:/usr/sbin:/usr/bin:/sbin:/bin" VSLANG="1033" "cc" "-m64" "/tmp/rustcKcjkh9/symbols.o" "/opt/rustwide/target/debug/deps/filter_accidential_track-4531729b3c5ba6c3.filter_accidential_track.aa95062479fa1d01-cgu.0.rcgu.o" "/opt/rustwide/target/debug/deps/filter_accidential_track-4531729b3c5ba6c3.filter_accidential_track.aa95062479fa1d01-cgu.1.rcgu.o" "/opt/rustwide/target/debug/deps/filter_accidential_track-4531729b3c5ba6c3.wmzcfmttv5scq5y.rcgu.o" "-Wl,--as-needed" "-L" "/opt/rustwide/target/debug/deps" "-L" "/opt/rustwide/target/debug/build/libgit2-sys-e030bcc78a2f587a/out/build" "-L" "/opt/rustwide/target/debug/build/libssh2-sys-f336689c4411738b/out/build" "-L" "/opt/rustwide/rustup-home/toolchains/1.75.0-x86_64-unknown-linux-gnu/lib/rustlib/x86_64-unknown-linux-gnu/lib" "-Wl,-Bstatic" "/opt/rustwide/target/debug/deps/libenv_logger-05212ea9dbd826a6.rlib" "/opt/rustwide/target/debug/deps/libhumantime-e2a10e0b2bfa2002.rlib" "/opt/rustwide/target/debug/deps/libregex-890d601b28731511.rlib" "/opt/rustwide/target/debug/deps/libaho_corasick-fec14e281eb19588.rlib" "/opt/rustwide/target/debug/deps/libmemchr-4fdcfd9ddfba30cb.rlib" "/opt/rustwide/target/debug/deps/libregex_syntax-37609f52f7ae0307.rlib" "/opt/rustwide/target/debug/deps/libtextwrap-e828a13a2f25d25d.rlib" "/opt/rustwide/target/debug/deps/libunicode_width-aeff842d70fe38c8.rlib" "/opt/rustwide/target/debug/deps/libunicode_linebreak-b7a1cb072a442367.rlib" "/opt/rustwide/target/debug/deps/libterminal_size-be26e028771677a9.rlib" "/opt/rustwide/target/debug/deps/libsmawk-fbcac578480a1e95.rlib" "/opt/rustwide/rustup-home/toolchains/1.75.0-x86_64-unknown-linux-gnu/lib/rustlib/x86_64-unknown-linux-gnu/lib/libtest-3df1bed8075ce1de.rlib" "/opt/rustwide/rustup-home/toolchains/1.75.0-x86_64-unknown-linux-gnu/lib/rustlib/x86_64-unknown-linux-gnu/lib/libgetopts-2076fd86b325cb5d.rlib" "/opt/rustwide/rustup-home/toolchains/1.75.0-x86_64-unknown-linux-gnu/lib/rustlib/x86_64-unknown-linux-gnu/lib/libunicode_width-caa7152ee70c190f.rlib" "/opt/rustwide/rustup-home/toolchains/1.75.0-x86_64-unknown-linux-gnu/lib/rustlib/x86_64-unknown-linux-gnu/lib/librustc_std_workspace_std-04e6425e07f02a3c.rlib" "/opt/rustwide/target/debug/deps/libgit_trim-870004994de6ac3f.rlib" "/opt/rustwide/target/debug/deps/librayon-7d923757a4c49162.rlib" "/opt/rustwide/target/debug/deps/librayon_core-4a14a1db2850782c.rlib" "/opt/rustwide/target/debug/deps/libnum_cpus-f61443a4c6337e08.rlib" "/opt/rustwide/target/debug/deps/libcrossbeam_deque-d297c00c9f77d2cc.rlib" "/opt/rustwide/target/debug/deps/libcrossbeam_epoch-e96e4f4898b3f9ff.rlib" "/opt/rustwide/target/debug/deps/libmemoffset-f02e326318b611eb.rlib" "/opt/rustwide/target/debug/deps/libscopeguard-b35f5c652940acc2.rlib" "/opt/rustwide/target/debug/deps/libeither-0a236c20218e7ec8.rlib" "/opt/rustwide/target/debug/deps/libcrossbeam_channel-ce5c80c7bf1aef33.rlib" "/opt/rustwide/target/debug/deps/libcrossbeam_utils-acc95dbd4611b48e.rlib" "/opt/rustwide/target/debug/deps/libgit2-ce278072df43225c.rlib" "/opt/rustwide/target/debug/deps/libopenssl_probe-d850575132083d7c.rlib" "/opt/rustwide/target/debug/deps/liburl-766f8fa2770c8650.rlib" "/opt/rustwide/target/debug/deps/libidna-c62e120fb9daafd7.rlib" "/opt/rustwide/target/debug/deps/libunicode_normalization-9a523c060fbda597.rlib" "/opt/rustwide/target/debug/deps/libtinyvec-e78be141da4aa4a4.rlib" "/opt/rustwide/target/debug/deps/libtinyvec_macros-bfeb7a087f0273ce.rlib" "/opt/rustwide/target/debug/deps/libunicode_bidi-6e4d9a1bf3170bfc.rlib" "/opt/rustwide/target/debug/deps/libform_urlencoded-e8c43e838ad28fa4.rlib" "/opt/rustwide/target/debug/deps/libpercent_encoding-c39f6500503dd269.rlib" "/opt/rustwide/target/debug/deps/liblibgit2_sys-ebd9c58dd8acaecb.rlib" "/opt/rustwide/target/debug/deps/liblibssh2_sys-46d0d4349263f5be.rlib" "/opt/rustwide/target/debug/deps/libopenssl_sys-f8d492e789ea6d6c.rlib" "/opt/rustwide/target/debug/deps/liblibz_sys-813104190616eb78.rlib" "/opt/rustwide/target/debug/deps/libanyhow-2d8cbc0778e5ce2a.rlib" "/opt/rustwide/target/debug/deps/libthiserror-a471404b152c67ff.rlib" "/opt/rustwide/target/debug/deps/libclap-4faa0990621d85a2.rlib" "/opt/rustwide/target/debug/deps/libstrsim-dec2701ee913c7f9.rlib" "/opt/rustwide/target/debug/deps/libis_terminal-6ffaa49ed484a331.rlib" "/opt/rustwide/target/debug/deps/librustix-486dc82327ed8358.rlib" "/opt/rustwide/target/debug/deps/liblinux_raw_sys-c554e3f9b3eb1710.rlib" "/opt/rustwide/target/debug/deps/libio_lifetimes-8bea2684d59b03c1.rlib" "/opt/rustwide/target/debug/deps/libclap_lex-e50ed2d8d7eb83ee.rlib" "/opt/rustwide/target/debug/deps/libos_str_bytes-2f1fb86699886406.rlib" "/opt/rustwide/target/debug/deps/libtermcolor-8398fdf37ae29334.rlib" "/opt/rustwide/target/debug/deps/libbitflags-b7cee2ca4fb438d0.rlib" "/opt/rustwide/target/debug/deps/libonce_cell-0b3944a765abe985.rlib" "/opt/rustwide/target/debug/deps/libtempfile-cd9c6a4d20b4a3a3.rlib" "/opt/rustwide/target/debug/deps/liblibc-f38636c3bef1ad82.rlib" "/opt/rustwide/target/debug/deps/libfastrand-9e54c67e03911a71.rlib" "/opt/rustwide/target/debug/deps/libremove_dir_all-8b88a3ed6f308927.rlib" "/opt/rustwide/target/debug/deps/liblog-d88d404ed4a3e8b9.rlib" "/opt/rustwide/target/debug/deps/libcfg_if-61dc7a6799e72b18.rlib" "/opt/rustwide/rustup-home/toolchains/1.75.0-x86_64-unknown-linux-gnu/lib/rustlib/x86_64-unknown-linux-gnu/lib/libstd-90f6ddbf82de36ec.rlib" "/opt/rustwide/rustup-home/toolchains/1.75.0-x86_64-unknown-linux-gnu/lib/rustlib/x86_64-unknown-linux-gnu/lib/libpanic_unwind-480c41e9d4e1f677.rlib" "/opt/rustwide/rustup-home/toolchains/1.75.0-x86_64-unknown-linux-gnu/lib/rustlib/x86_64-unknown-linux-gnu/lib/libobject-db744c0ca03eed1d.rlib" "/opt/rustwide/rustup-home/toolchains/1.75.0-x86_64-unknown-linux-gnu/lib/rustlib/x86_64-unknown-linux-gnu/lib/libmemchr-8ba652dc7d4b285a.rlib" "/opt/rustwide/rustup-home/toolchains/1.75.0-x86_64-unknown-linux-gnu/lib/rustlib/x86_64-unknown-linux-gnu/lib/libaddr2line-d5f4520a9ebc0d58.rlib" "/opt/rustwide/rustup-home/toolchains/1.75.0-x86_64-unknown-linux-gnu/lib/rustlib/x86_64-unknown-linux-gnu/lib/libgimli-4ad84de58f0cb463.rlib" "/opt/rustwide/rustup-home/toolchains/1.75.0-x86_64-unknown-linux-gnu/lib/rustlib/x86_64-unknown-linux-gnu/lib/librustc_demangle-0d10aae2e0f38735.rlib" "/opt/rustwide/rustup-home/toolchains/1.75.0-x86_64-unknown-linux-gnu/lib/rustlib/x86_64-unknown-linux-gnu/lib/libstd_detect-0c17cff739e6745b.rlib" "/opt/rustwide/rustup-home/toolchains/1.75.0-x86_64-unknown-linux-gnu/lib/rustlib/x86_64-unknown-linux-gnu/lib/libhashbrown-b29e17139dde1aa8.rlib" "/opt/rustwide/rustup-home/toolchains/1.75.0-x86_64-unknown-linux-gnu/lib/rustlib/x86_64-unknown-linux-gnu/lib/librustc_std_workspace_alloc-1f975299829cc7bd.rlib" "/opt/rustwide/rustup-home/toolchains/1.75.0-x86_64-unknown-linux-gnu/lib/rustlib/x86_64-unknown-linux-gnu/lib/libminiz_oxide-86bae3bc3079f89b.rlib" "/opt/rustwide/rustup-home/toolchains/1.75.0-x86_64-unknown-linux-gnu/lib/rustlib/x86_64-unknown-linux-gnu/lib/libadler-321b82c30dffdf5f.rlib" "/opt/rustwide/rustup-home/toolchains/1.75.0-x86_64-unknown-linux-gnu/lib/rustlib/x86_64-unknown-linux-gnu/lib/libunwind-3dd8a6810a0bdfef.rlib" "/opt/rustwide/rustup-home/toolchains/1.75.0-x86_64-unknown-linux-gnu/lib/rustlib/x86_64-unknown-linux-gnu/lib/libcfg_if-eb39a61c0c879984.rlib" "/opt/rustwide/rustup-home/toolchains/1.75.0-x86_64-unknown-linux-gnu/lib/rustlib/x86_64-unknown-linux-gnu/lib/liblibc-aa769569f91c3548.rlib" "/opt/rustwide/rustup-home/toolchains/1.75.0-x86_64-unknown-linux-gnu/lib/rustlib/x86_64-unknown-linux-gnu/lib/liballoc-510a192a50a983ed.rlib" "/opt/rustwide/rustup-home/toolchains/1.75.0-x86_64-unknown-linux-gnu/lib/rustlib/x86_64-unknown-linux-gnu/lib/librustc_std_workspace_core-0577018320f99037.rlib" "/opt/rustwide/rustup-home/toolchains/1.75.0-x86_64-unknown-linux-gnu/lib/rustlib/x86_64-unknown-linux-gnu/lib/libcore-193cf992125ccd4c.rlib" "/opt/rustwide/rustup-home/toolchains/1.75.0-x86_64-unknown-linux-gnu/lib/rustlib/x86_64-unknown-linux-gnu/lib/libcompiler_builtins-8e138eaf26ebb4a8.rlib" "-Wl,-Bdynamic" "-lssl" "-lcrypto" "-lz" "-lgcc_s" "-lutil" "-lrt" "-lpthread" "-lm" "-ldl" "-lc" "-Wl,--eh-frame-hdr" "-Wl,-z,noexecstack" "-L" "/opt/rustwide/rustup-home/toolchains/1.75.0-x86_64-unknown-linux-gnu/lib/rustlib/x86_64-unknown-linux-gnu/lib" "-o" "/opt/rustwide/target/debug/deps/filter_accidential_track-4531729b3c5ba6c3" "-Wl,--gc-sections" "-pie" "-Wl,-z,relro,-z,now" "-nodefaultlibs"
[INFO] [stdout]   = note: collect2: fatal error: ld terminated with signal 9 [Killed]
[INFO] [stdout]           compilation terminated.
[INFO] [stdout]           
[INFO] [stdout] 
[INFO] [stdout] 
[INFO] [stdout] error: aborting due to previous error
[INFO] [stdout] 
[INFO] [stdout] 
[INFO] [stderr] The following warnings were emitted during compilation:
[INFO] [stderr] 
[INFO] [stderr] warning: git-trim@0.4.4: An Error occurred during processing of Git. VERGEN_GIT_* may be incomplete.
[INFO] [stderr] 
[INFO] [stderr] error: could not compile `git-trim` (test "filter_accidential_track") due to 2 previous errors
[INFO] [stdout] error: linking with `cc` failed: exit status: 1
[INFO] [stdout]   |
[INFO] [stdout]   = note: LC_ALL="C" PATH="/opt/rustwide/rustup-home/toolchains/1.75.0-x86_64-unknown-linux-gnu/lib/rustlib/x86_64-unknown-linux-gnu/bin:/opt/rustwide/cargo-home/bin:/usr/local/sbin:/usr/local/bin:/usr/sbin:/usr/bin:/sbin:/bin" VSLANG="1033" "cc" "-m64" "/tmp/rustcwSz6uX/symbols.o" "/opt/rustwide/target/debug/deps/triangular_git_flow-8bf5be0d7ed9fb13.triangular_git_flow.7e35764885c22d29-cgu.0.rcgu.o" "/opt/rustwide/target/debug/deps/triangular_git_flow-8bf5be0d7ed9fb13.triangular_git_flow.7e35764885c22d29-cgu.1.rcgu.o" "/opt/rustwide/target/debug/deps/triangular_git_flow-8bf5be0d7ed9fb13.triangular_git_flow.7e35764885c22d29-cgu.2.rcgu.o" "/opt/rustwide/target/debug/deps/triangular_git_flow-8bf5be0d7ed9fb13.54c9m8xsry8xyqwn.rcgu.o" "-Wl,--as-needed" "-L" "/opt/rustwide/target/debug/deps" "-L" "/opt/rustwide/target/debug/build/libgit2-sys-e030bcc78a2f587a/out/build" "-L" "/opt/rustwide/target/debug/build/libssh2-sys-f336689c4411738b/out/build" "-L" "/opt/rustwide/rustup-home/toolchains/1.75.0-x86_64-unknown-linux-gnu/lib/rustlib/x86_64-unknown-linux-gnu/lib" "-Wl,-Bstatic" "/opt/rustwide/target/debug/deps/libenv_logger-05212ea9dbd826a6.rlib" "/opt/rustwide/target/debug/deps/libhumantime-e2a10e0b2bfa2002.rlib" "/opt/rustwide/target/debug/deps/libregex-890d601b28731511.rlib" "/opt/rustwide/target/debug/deps/libaho_corasick-fec14e281eb19588.rlib" "/opt/rustwide/target/debug/deps/libmemchr-4fdcfd9ddfba30cb.rlib" "/opt/rustwide/target/debug/deps/libregex_syntax-37609f52f7ae0307.rlib" "/opt/rustwide/target/debug/deps/libtextwrap-e828a13a2f25d25d.rlib" "/opt/rustwide/target/debug/deps/libunicode_width-aeff842d70fe38c8.rlib" "/opt/rustwide/target/debug/deps/libunicode_linebreak-b7a1cb072a442367.rlib" "/opt/rustwide/target/debug/deps/libterminal_size-be26e028771677a9.rlib" "/opt/rustwide/target/debug/deps/libsmawk-fbcac578480a1e95.rlib" "/opt/rustwide/rustup-home/toolchains/1.75.0-x86_64-unknown-linux-gnu/lib/rustlib/x86_64-unknown-linux-gnu/lib/libtest-3df1bed8075ce1de.rlib" "/opt/rustwide/rustup-home/toolchains/1.75.0-x86_64-unknown-linux-gnu/lib/rustlib/x86_64-unknown-linux-gnu/lib/libgetopts-2076fd86b325cb5d.rlib" "/opt/rustwide/rustup-home/toolchains/1.75.0-x86_64-unknown-linux-gnu/lib/rustlib/x86_64-unknown-linux-gnu/lib/libunicode_width-caa7152ee70c190f.rlib" "/opt/rustwide/rustup-home/toolchains/1.75.0-x86_64-unknown-linux-gnu/lib/rustlib/x86_64-unknown-linux-gnu/lib/librustc_std_workspace_std-04e6425e07f02a3c.rlib" "/opt/rustwide/target/debug/deps/libgit_trim-870004994de6ac3f.rlib" "/opt/rustwide/target/debug/deps/librayon-7d923757a4c49162.rlib" "/opt/rustwide/target/debug/deps/librayon_core-4a14a1db2850782c.rlib" "/opt/rustwide/target/debug/deps/libnum_cpus-f61443a4c6337e08.rlib" "/opt/rustwide/target/debug/deps/libcrossbeam_deque-d297c00c9f77d2cc.rlib" "/opt/rustwide/target/debug/deps/libcrossbeam_epoch-e96e4f4898b3f9ff.rlib" "/opt/rustwide/target/debug/deps/libmemoffset-f02e326318b611eb.rlib" "/opt/rustwide/target/debug/deps/libscopeguard-b35f5c652940acc2.rlib" "/opt/rustwide/target/debug/deps/libeither-0a236c20218e7ec8.rlib" "/opt/rustwide/target/debug/deps/libcrossbeam_channel-ce5c80c7bf1aef33.rlib" "/opt/rustwide/target/debug/deps/libcrossbeam_utils-acc95dbd4611b48e.rlib" "/opt/rustwide/target/debug/deps/libgit2-ce278072df43225c.rlib" "/opt/rustwide/target/debug/deps/libopenssl_probe-d850575132083d7c.rlib" "/opt/rustwide/target/debug/deps/liburl-766f8fa2770c8650.rlib" "/opt/rustwide/target/debug/deps/libidna-c62e120fb9daafd7.rlib" "/opt/rustwide/target/debug/deps/libunicode_normalization-9a523c060fbda597.rlib" "/opt/rustwide/target/debug/deps/libtinyvec-e78be141da4aa4a4.rlib" "/opt/rustwide/target/debug/deps/libtinyvec_macros-bfeb7a087f0273ce.rlib" "/opt/rustwide/target/debug/deps/libunicode_bidi-6e4d9a1bf3170bfc.rlib" "/opt/rustwide/target/debug/deps/libform_urlencoded-e8c43e838ad28fa4.rlib" "/opt/rustwide/target/debug/deps/libpercent_encoding-c39f6500503dd269.rlib" "/opt/rustwide/target/debug/deps/liblibgit2_sys-ebd9c58dd8acaecb.rlib" "/opt/rustwide/target/debug/deps/liblibssh2_sys-46d0d4349263f5be.rlib" "/opt/rustwide/target/debug/deps/libopenssl_sys-f8d492e789ea6d6c.rlib" "/opt/rustwide/target/debug/deps/liblibz_sys-813104190616eb78.rlib" "/opt/rustwide/target/debug/deps/libanyhow-2d8cbc0778e5ce2a.rlib" "/opt/rustwide/target/debug/deps/libthiserror-a471404b152c67ff.rlib" "/opt/rustwide/target/debug/deps/libclap-4faa0990621d85a2.rlib" "/opt/rustwide/target/debug/deps/libstrsim-dec2701ee913c7f9.rlib" "/opt/rustwide/target/debug/deps/libis_terminal-6ffaa49ed484a331.rlib" "/opt/rustwide/target/debug/deps/librustix-486dc82327ed8358.rlib" "/opt/rustwide/target/debug/deps/liblinux_raw_sys-c554e3f9b3eb1710.rlib" "/opt/rustwide/target/debug/deps/libio_lifetimes-8bea2684d59b03c1.rlib" "/opt/rustwide/target/debug/deps/libclap_lex-e50ed2d8d7eb83ee.rlib" "/opt/rustwide/target/debug/deps/libos_str_bytes-2f1fb86699886406.rlib" "/opt/rustwide/target/debug/deps/libtermcolor-8398fdf37ae29334.rlib" "/opt/rustwide/target/debug/deps/libbitflags-b7cee2ca4fb438d0.rlib" "/opt/rustwide/target/debug/deps/libonce_cell-0b3944a765abe985.rlib" "/opt/rustwide/target/debug/deps/libtempfile-cd9c6a4d20b4a3a3.rlib" "/opt/rustwide/target/debug/deps/liblibc-f38636c3bef1ad82.rlib" "/opt/rustwide/target/debug/deps/libfastrand-9e54c67e03911a71.rlib" "/opt/rustwide/target/debug/deps/libremove_dir_all-8b88a3ed6f308927.rlib" "/opt/rustwide/target/debug/deps/liblog-d88d404ed4a3e8b9.rlib" "/opt/rustwide/target/debug/deps/libcfg_if-61dc7a6799e72b18.rlib" "/opt/rustwide/rustup-home/toolchains/1.75.0-x86_64-unknown-linux-gnu/lib/rustlib/x86_64-unknown-linux-gnu/lib/libstd-90f6ddbf82de36ec.rlib" "/opt/rustwide/rustup-home/toolchains/1.75.0-x86_64-unknown-linux-gnu/lib/rustlib/x86_64-unknown-linux-gnu/lib/libpanic_unwind-480c41e9d4e1f677.rlib" "/opt/rustwide/rustup-home/toolchains/1.75.0-x86_64-unknown-linux-gnu/lib/rustlib/x86_64-unknown-linux-gnu/lib/libobject-db744c0ca03eed1d.rlib" "/opt/rustwide/rustup-home/toolchains/1.75.0-x86_64-unknown-linux-gnu/lib/rustlib/x86_64-unknown-linux-gnu/lib/libmemchr-8ba652dc7d4b285a.rlib" "/opt/rustwide/rustup-home/toolchains/1.75.0-x86_64-unknown-linux-gnu/lib/rustlib/x86_64-unknown-linux-gnu/lib/libaddr2line-d5f4520a9ebc0d58.rlib" "/opt/rustwide/rustup-home/toolchains/1.75.0-x86_64-unknown-linux-gnu/lib/rustlib/x86_64-unknown-linux-gnu/lib/libgimli-4ad84de58f0cb463.rlib" "/opt/rustwide/rustup-home/toolchains/1.75.0-x86_64-unknown-linux-gnu/lib/rustlib/x86_64-unknown-linux-gnu/lib/librustc_demangle-0d10aae2e0f38735.rlib" "/opt/rustwide/rustup-home/toolchains/1.75.0-x86_64-unknown-linux-gnu/lib/rustlib/x86_64-unknown-linux-gnu/lib/libstd_detect-0c17cff739e6745b.rlib" "/opt/rustwide/rustup-home/toolchains/1.75.0-x86_64-unknown-linux-gnu/lib/rustlib/x86_64-unknown-linux-gnu/lib/libhashbrown-b29e17139dde1aa8.rlib" "/opt/rustwide/rustup-home/toolchains/1.75.0-x86_64-unknown-linux-gnu/lib/rustlib/x86_64-unknown-linux-gnu/lib/librustc_std_workspace_alloc-1f975299829cc7bd.rlib" "/opt/rustwide/rustup-home/toolchains/1.75.0-x86_64-unknown-linux-gnu/lib/rustlib/x86_64-unknown-linux-gnu/lib/libminiz_oxide-86bae3bc3079f89b.rlib" "/opt/rustwide/rustup-home/toolchains/1.75.0-x86_64-unknown-linux-gnu/lib/rustlib/x86_64-unknown-linux-gnu/lib/libadler-321b82c30dffdf5f.rlib" "/opt/rustwide/rustup-home/toolchains/1.75.0-x86_64-unknown-linux-gnu/lib/rustlib/x86_64-unknown-linux-gnu/lib/libunwind-3dd8a6810a0bdfef.rlib" "/opt/rustwide/rustup-home/toolchains/1.75.0-x86_64-unknown-linux-gnu/lib/rustlib/x86_64-unknown-linux-gnu/lib/libcfg_if-eb39a61c0c879984.rlib" "/opt/rustwide/rustup-home/toolchains/1.75.0-x86_64-unknown-linux-gnu/lib/rustlib/x86_64-unknown-linux-gnu/lib/liblibc-aa769569f91c3548.rlib" "/opt/rustwide/rustup-home/toolchains/1.75.0-x86_64-unknown-linux-gnu/lib/rustlib/x86_64-unknown-linux-gnu/lib/liballoc-510a192a50a983ed.rlib" "/opt/rustwide/rustup-home/toolchains/1.75.0-x86_64-unknown-linux-gnu/lib/rustlib/x86_64-unknown-linux-gnu/lib/librustc_std_workspace_core-0577018320f99037.rlib" "/opt/rustwide/rustup-home/toolchains/1.75.0-x86_64-unknown-linux-gnu/lib/rustlib/x86_64-unknown-linux-gnu/lib/libcore-193cf992125ccd4c.rlib" "/opt/rustwide/rustup-home/toolchains/1.75.0-x86_64-unknown-linux-gnu/lib/rustlib/x86_64-unknown-linux-gnu/lib/libcompiler_builtins-8e138eaf26ebb4a8.rlib" "-Wl,-Bdynamic" "-lssl" "-lcrypto" "-lz" "-lgcc_s" "-lutil" "-lrt" "-lpthread" "-lm" "-ldl" "-lc" "-Wl,--eh-frame-hdr" "-Wl,-z,noexecstack" "-L" "/opt/rustwide/rustup-home/toolchains/1.75.0-x86_64-unknown-linux-gnu/lib/rustlib/x86_64-unknown-linux-gnu/lib" "-o" "/opt/rustwide/target/debug/deps/triangular_git_flow-8bf5be0d7ed9fb13" "-Wl,--gc-sections" "-pie" "-Wl,-z,relro,-z,now" "-nodefaultlibs"
[INFO] [stdout]   = note: collect2: fatal error: ld terminated with signal 9 [Killed]
[INFO] [stdout]           compilation terminated.
[INFO] [stdout]           
[INFO] [stdout] 
[INFO] [stdout] 
[INFO] [stdout] error: aborting due to previous error
[INFO] [stdout] 
[INFO] [stdout] 
[INFO] [stderr] The following warnings were emitted during compilation:
[INFO] [stderr] 
[INFO] [stderr] warning: git-trim@0.4.4: An Error occurred during processing of Git. VERGEN_GIT_* may be incomplete.
[INFO] [stderr] 
[INFO] [stderr] error: could not compile `git-trim` (test "triangular_git_flow") due to 2 previous errors
[INFO] [stdout] error: linking with `cc` failed: exit status: 1
[INFO] [stdout]   |
[INFO] [stdout]   = note: LC_ALL="C" PATH="/opt/rustwide/rustup-home/toolchains/1.75.0-x86_64-unknown-linux-gnu/lib/rustlib/x86_64-unknown-linux-gnu/bin:/opt/rustwide/cargo-home/bin:/usr/local/sbin:/usr/local/bin:/usr/sbin:/usr/bin:/sbin:/bin" VSLANG="1033" "cc" "-m64" "/tmp/rustcQczb5g/symbols.o" "/opt/rustwide/target/debug/deps/simple_git_flow-be6ca9a4d3d81fe9.simple_git_flow.4913173538997e2c-cgu.0.rcgu.o" "/opt/rustwide/target/debug/deps/simple_git_flow-be6ca9a4d3d81fe9.simple_git_flow.4913173538997e2c-cgu.1.rcgu.o" "/opt/rustwide/target/debug/deps/simple_git_flow-be6ca9a4d3d81fe9.simple_git_flow.4913173538997e2c-cgu.2.rcgu.o" "/opt/rustwide/target/debug/deps/simple_git_flow-be6ca9a4d3d81fe9.4aj9m2o7x5g44ci3.rcgu.o" "-Wl,--as-needed" "-L" "/opt/rustwide/target/debug/deps" "-L" "/opt/rustwide/target/debug/build/libgit2-sys-e030bcc78a2f587a/out/build" "-L" "/opt/rustwide/target/debug/build/libssh2-sys-f336689c4411738b/out/build" "-L" "/opt/rustwide/rustup-home/toolchains/1.75.0-x86_64-unknown-linux-gnu/lib/rustlib/x86_64-unknown-linux-gnu/lib" "-Wl,-Bstatic" "/opt/rustwide/target/debug/deps/libenv_logger-05212ea9dbd826a6.rlib" "/opt/rustwide/target/debug/deps/libhumantime-e2a10e0b2bfa2002.rlib" "/opt/rustwide/target/debug/deps/libregex-890d601b28731511.rlib" "/opt/rustwide/target/debug/deps/libaho_corasick-fec14e281eb19588.rlib" "/opt/rustwide/target/debug/deps/libmemchr-4fdcfd9ddfba30cb.rlib" "/opt/rustwide/target/debug/deps/libregex_syntax-37609f52f7ae0307.rlib" "/opt/rustwide/target/debug/deps/libtextwrap-e828a13a2f25d25d.rlib" "/opt/rustwide/target/debug/deps/libunicode_width-aeff842d70fe38c8.rlib" "/opt/rustwide/target/debug/deps/libunicode_linebreak-b7a1cb072a442367.rlib" "/opt/rustwide/target/debug/deps/libterminal_size-be26e028771677a9.rlib" "/opt/rustwide/target/debug/deps/libsmawk-fbcac578480a1e95.rlib" "/opt/rustwide/rustup-home/toolchains/1.75.0-x86_64-unknown-linux-gnu/lib/rustlib/x86_64-unknown-linux-gnu/lib/libtest-3df1bed8075ce1de.rlib" "/opt/rustwide/rustup-home/toolchains/1.75.0-x86_64-unknown-linux-gnu/lib/rustlib/x86_64-unknown-linux-gnu/lib/libgetopts-2076fd86b325cb5d.rlib" "/opt/rustwide/rustup-home/toolchains/1.75.0-x86_64-unknown-linux-gnu/lib/rustlib/x86_64-unknown-linux-gnu/lib/libunicode_width-caa7152ee70c190f.rlib" "/opt/rustwide/rustup-home/toolchains/1.75.0-x86_64-unknown-linux-gnu/lib/rustlib/x86_64-unknown-linux-gnu/lib/librustc_std_workspace_std-04e6425e07f02a3c.rlib" "/opt/rustwide/target/debug/deps/libgit_trim-870004994de6ac3f.rlib" "/opt/rustwide/target/debug/deps/librayon-7d923757a4c49162.rlib" "/opt/rustwide/target/debug/deps/librayon_core-4a14a1db2850782c.rlib" "/opt/rustwide/target/debug/deps/libnum_cpus-f61443a4c6337e08.rlib" "/opt/rustwide/target/debug/deps/libcrossbeam_deque-d297c00c9f77d2cc.rlib" "/opt/rustwide/target/debug/deps/libcrossbeam_epoch-e96e4f4898b3f9ff.rlib" "/opt/rustwide/target/debug/deps/libmemoffset-f02e326318b611eb.rlib" "/opt/rustwide/target/debug/deps/libscopeguard-b35f5c652940acc2.rlib" "/opt/rustwide/target/debug/deps/libeither-0a236c20218e7ec8.rlib" "/opt/rustwide/target/debug/deps/libcrossbeam_channel-ce5c80c7bf1aef33.rlib" "/opt/rustwide/target/debug/deps/libcrossbeam_utils-acc95dbd4611b48e.rlib" "/opt/rustwide/target/debug/deps/libgit2-ce278072df43225c.rlib" "/opt/rustwide/target/debug/deps/libopenssl_probe-d850575132083d7c.rlib" "/opt/rustwide/target/debug/deps/liburl-766f8fa2770c8650.rlib" "/opt/rustwide/target/debug/deps/libidna-c62e120fb9daafd7.rlib" "/opt/rustwide/target/debug/deps/libunicode_normalization-9a523c060fbda597.rlib" "/opt/rustwide/target/debug/deps/libtinyvec-e78be141da4aa4a4.rlib" "/opt/rustwide/target/debug/deps/libtinyvec_macros-bfeb7a087f0273ce.rlib" "/opt/rustwide/target/debug/deps/libunicode_bidi-6e4d9a1bf3170bfc.rlib" "/opt/rustwide/target/debug/deps/libform_urlencoded-e8c43e838ad28fa4.rlib" "/opt/rustwide/target/debug/deps/libpercent_encoding-c39f6500503dd269.rlib" "/opt/rustwide/target/debug/deps/liblibgit2_sys-ebd9c58dd8acaecb.rlib" "/opt/rustwide/target/debug/deps/liblibssh2_sys-46d0d4349263f5be.rlib" "/opt/rustwide/target/debug/deps/libopenssl_sys-f8d492e789ea6d6c.rlib" "/opt/rustwide/target/debug/deps/liblibz_sys-813104190616eb78.rlib" "/opt/rustwide/target/debug/deps/libanyhow-2d8cbc0778e5ce2a.rlib" "/opt/rustwide/target/debug/deps/libthiserror-a471404b152c67ff.rlib" "/opt/rustwide/target/debug/deps/libclap-4faa0990621d85a2.rlib" "/opt/rustwide/target/debug/deps/libstrsim-dec2701ee913c7f9.rlib" "/opt/rustwide/target/debug/deps/libis_terminal-6ffaa49ed484a331.rlib" "/opt/rustwide/target/debug/deps/librustix-486dc82327ed8358.rlib" "/opt/rustwide/target/debug/deps/liblinux_raw_sys-c554e3f9b3eb1710.rlib" "/opt/rustwide/target/debug/deps/libio_lifetimes-8bea2684d59b03c1.rlib" "/opt/rustwide/target/debug/deps/libclap_lex-e50ed2d8d7eb83ee.rlib" "/opt/rustwide/target/debug/deps/libos_str_bytes-2f1fb86699886406.rlib" "/opt/rustwide/target/debug/deps/libtermcolor-8398fdf37ae29334.rlib" "/opt/rustwide/target/debug/deps/libbitflags-b7cee2ca4fb438d0.rlib" "/opt/rustwide/target/debug/deps/libonce_cell-0b3944a765abe985.rlib" "/opt/rustwide/target/debug/deps/libtempfile-cd9c6a4d20b4a3a3.rlib" "/opt/rustwide/target/debug/deps/liblibc-f38636c3bef1ad82.rlib" "/opt/rustwide/target/debug/deps/libfastrand-9e54c67e03911a71.rlib" "/opt/rustwide/target/debug/deps/libremove_dir_all-8b88a3ed6f308927.rlib" "/opt/rustwide/target/debug/deps/liblog-d88d404ed4a3e8b9.rlib" "/opt/rustwide/target/debug/deps/libcfg_if-61dc7a6799e72b18.rlib" "/opt/rustwide/rustup-home/toolchains/1.75.0-x86_64-unknown-linux-gnu/lib/rustlib/x86_64-unknown-linux-gnu/lib/libstd-90f6ddbf82de36ec.rlib" "/opt/rustwide/rustup-home/toolchains/1.75.0-x86_64-unknown-linux-gnu/lib/rustlib/x86_64-unknown-linux-gnu/lib/libpanic_unwind-480c41e9d4e1f677.rlib" "/opt/rustwide/rustup-home/toolchains/1.75.0-x86_64-unknown-linux-gnu/lib/rustlib/x86_64-unknown-linux-gnu/lib/libobject-db744c0ca03eed1d.rlib" "/opt/rustwide/rustup-home/toolchains/1.75.0-x86_64-unknown-linux-gnu/lib/rustlib/x86_64-unknown-linux-gnu/lib/libmemchr-8ba652dc7d4b285a.rlib" "/opt/rustwide/rustup-home/toolchains/1.75.0-x86_64-unknown-linux-gnu/lib/rustlib/x86_64-unknown-linux-gnu/lib/libaddr2line-d5f4520a9ebc0d58.rlib" "/opt/rustwide/rustup-home/toolchains/1.75.0-x86_64-unknown-linux-gnu/lib/rustlib/x86_64-unknown-linux-gnu/lib/libgimli-4ad84de58f0cb463.rlib" "/opt/rustwide/rustup-home/toolchains/1.75.0-x86_64-unknown-linux-gnu/lib/rustlib/x86_64-unknown-linux-gnu/lib/librustc_demangle-0d10aae2e0f38735.rlib" "/opt/rustwide/rustup-home/toolchains/1.75.0-x86_64-unknown-linux-gnu/lib/rustlib/x86_64-unknown-linux-gnu/lib/libstd_detect-0c17cff739e6745b.rlib" "/opt/rustwide/rustup-home/toolchains/1.75.0-x86_64-unknown-linux-gnu/lib/rustlib/x86_64-unknown-linux-gnu/lib/libhashbrown-b29e17139dde1aa8.rlib" "/opt/rustwide/rustup-home/toolchains/1.75.0-x86_64-unknown-linux-gnu/lib/rustlib/x86_64-unknown-linux-gnu/lib/librustc_std_workspace_alloc-1f975299829cc7bd.rlib" "/opt/rustwide/rustup-home/toolchains/1.75.0-x86_64-unknown-linux-gnu/lib/rustlib/x86_64-unknown-linux-gnu/lib/libminiz_oxide-86bae3bc3079f89b.rlib" "/opt/rustwide/rustup-home/toolchains/1.75.0-x86_64-unknown-linux-gnu/lib/rustlib/x86_64-unknown-linux-gnu/lib/libadler-321b82c30dffdf5f.rlib" "/opt/rustwide/rustup-home/toolchains/1.75.0-x86_64-unknown-linux-gnu/lib/rustlib/x86_64-unknown-linux-gnu/lib/libunwind-3dd8a6810a0bdfef.rlib" "/opt/rustwide/rustup-home/toolchains/1.75.0-x86_64-unknown-linux-gnu/lib/rustlib/x86_64-unknown-linux-gnu/lib/libcfg_if-eb39a61c0c879984.rlib" "/opt/rustwide/rustup-home/toolchains/1.75.0-x86_64-unknown-linux-gnu/lib/rustlib/x86_64-unknown-linux-gnu/lib/liblibc-aa769569f91c3548.rlib" "/opt/rustwide/rustup-home/toolchains/1.75.0-x86_64-unknown-linux-gnu/lib/rustlib/x86_64-unknown-linux-gnu/lib/liballoc-510a192a50a983ed.rlib" "/opt/rustwide/rustup-home/toolchains/1.75.0-x86_64-unknown-linux-gnu/lib/rustlib/x86_64-unknown-linux-gnu/lib/librustc_std_workspace_core-0577018320f99037.rlib" "/opt/rustwide/rustup-home/toolchains/1.75.0-x86_64-unknown-linux-gnu/lib/rustlib/x86_64-unknown-linux-gnu/lib/libcore-193cf992125ccd4c.rlib" "/opt/rustwide/rustup-home/toolchains/1.75.0-x86_64-unknown-linux-gnu/lib/rustlib/x86_64-unknown-linux-gnu/lib/libcompiler_builtins-8e138eaf26ebb4a8.rlib" "-Wl,-Bdynamic" "-lssl" "-lcrypto" "-lz" "-lgcc_s" "-lutil" "-lrt" "-lpthread" "-lm" "-ldl" "-lc" "-Wl,--eh-frame-hdr" "-Wl,-z,noexecstack" "-L" "/opt/rustwide/rustup-home/toolchains/1.75.0-x86_64-unknown-linux-gnu/lib/rustlib/x86_64-unknown-linux-gnu/lib" "-o" "/opt/rustwide/target/debug/deps/simple_git_flow-be6ca9a4d3d81fe9" "-Wl,--gc-sections" "-pie" "-Wl,-z,relro,-z,now" "-nodefaultlibs"
[INFO] [stdout]   = note: collect2: fatal error: ld terminated with signal 9 [Killed]
[INFO] [stdout]           compilation terminated.
[INFO] [stdout]           
[INFO] [stdout] 
[INFO] [stdout] 
[INFO] [stdout] error: aborting due to previous error
[INFO] [stdout] 
[INFO] [stdout] 
[INFO] [stderr] The following warnings were emitted during compilation:
[INFO] [stderr] 
[INFO] [stderr] warning: git-trim@0.4.4: An Error occurred during processing of Git. VERGEN_GIT_* may be incomplete.
[INFO] [stderr] 
[INFO] [stderr] error: could not compile `git-trim` (test "simple_git_flow") due to 2 previous errors
[INFO] running `Command { std: "docker" "inspect" "1ed6251f606ae462cd66c572ab9429f6683cb2da9b9105ee86546d4b60e0c9d7", kill_on_drop: false }`
[INFO] running `Command { std: "docker" "rm" "-f" "1ed6251f606ae462cd66c572ab9429f6683cb2da9b9105ee86546d4b60e0c9d7", kill_on_drop: false }`
[INFO] [stdout] 1ed6251f606ae462cd66c572ab9429f6683cb2da9b9105ee86546d4b60e0c9d7
[INFO] testing git-trim-0.4.4 against beta-2023-12-22 for beta-1.76-1
[INFO] extracting crate git-trim 0.4.4 into /workspace/builds/worker-1-tc2/source
[INFO] validating manifest of crates.io crate git-trim 0.4.4 on toolchain beta-2023-12-22
[INFO] running `Command { std: CARGO_HOME="/workspace/cargo-home" RUSTUP_HOME="/workspace/rustup-home" "/workspace/cargo-home/bin/cargo" "+beta-2023-12-22" "metadata" "--manifest-path" "Cargo.toml" "--no-deps", kill_on_drop: false }`
[INFO] started tweaking crates.io crate git-trim 0.4.4
[INFO] finished tweaking crates.io crate git-trim 0.4.4
[INFO] tweaked toml for crates.io crate git-trim 0.4.4 written to /workspace/builds/worker-1-tc2/source/Cargo.toml
[INFO] crate crates.io crate git-trim 0.4.4 already has a lockfile, it will not be regenerated
[INFO] running `Command { std: CARGO_HOME="/workspace/cargo-home" RUSTUP_HOME="/workspace/rustup-home" "/workspace/cargo-home/bin/cargo" "+beta-2023-12-22" "fetch" "--manifest-path" "Cargo.toml", kill_on_drop: false }`
[INFO] running `Command { std: "docker" "create" "-v" "/var/lib/crater-agent-workspace/builds/worker-1-tc2/target:/opt/rustwide/target:rw,Z" "-v" "/var/lib/crater-agent-workspace/builds/worker-1-tc2/source:/opt/rustwide/workdir:ro,Z" "-v" "/var/lib/crater-agent-workspace/cargo-home:/opt/rustwide/cargo-home:ro,Z" "-v" "/var/lib/crater-agent-workspace/rustup-home:/opt/rustwide/rustup-home:ro,Z" "-e" "SOURCE_DIR=/opt/rustwide/workdir" "-e" "CARGO_TARGET_DIR=/opt/rustwide/target" "-e" "CARGO_HOME=/opt/rustwide/cargo-home" "-e" "RUSTUP_HOME=/opt/rustwide/rustup-home" "-w" "/opt/rustwide/workdir" "-m" "1610612736" "--user" "0:0" "--network" "none" "ghcr.io/rust-lang/crates-build-env/linux@sha256:2788e3201cd34a07e3172128adcd8b3090168a8e3bcc40d7c032b9dda1df7d1c" "/opt/rustwide/cargo-home/bin/cargo" "+beta-2023-12-22" "metadata" "--no-deps" "--format-version=1", kill_on_drop: false }`
[INFO] [stdout] 035f18fb571442cbcd7fc3ef737aff5802d4aababbb635b8950af80818e8204c
[INFO] running `Command { std: "docker" "start" "-a" "035f18fb571442cbcd7fc3ef737aff5802d4aababbb635b8950af80818e8204c", kill_on_drop: false }`
[INFO] running `Command { std: "docker" "inspect" "035f18fb571442cbcd7fc3ef737aff5802d4aababbb635b8950af80818e8204c", kill_on_drop: false }`
[INFO] running `Command { std: "docker" "rm" "-f" "035f18fb571442cbcd7fc3ef737aff5802d4aababbb635b8950af80818e8204c", kill_on_drop: false }`
[INFO] [stdout] 035f18fb571442cbcd7fc3ef737aff5802d4aababbb635b8950af80818e8204c
[INFO] running `Command { std: "docker" "create" "-v" "/var/lib/crater-agent-workspace/builds/worker-1-tc2/target:/opt/rustwide/target:rw,Z" "-v" "/var/lib/crater-agent-workspace/builds/worker-1-tc2/source:/opt/rustwide/workdir:ro,Z" "-v" "/var/lib/crater-agent-workspace/cargo-home:/opt/rustwide/cargo-home:ro,Z" "-v" "/var/lib/crater-agent-workspace/rustup-home:/opt/rustwide/rustup-home:ro,Z" "-e" "SOURCE_DIR=/opt/rustwide/workdir" "-e" "CARGO_TARGET_DIR=/opt/rustwide/target" "-e" "CARGO_INCREMENTAL=0" "-e" "RUST_BACKTRACE=full" "-e" "RUSTFLAGS=--cap-lints=warn" "-e" "RUSTDOCFLAGS=--cap-lints=warn" "-e" "CARGO_HOME=/opt/rustwide/cargo-home" "-e" "RUSTUP_HOME=/opt/rustwide/rustup-home" "-w" "/opt/rustwide/workdir" "-m" "1610612736" "--user" "0:0" "--network" "none" "ghcr.io/rust-lang/crates-build-env/linux@sha256:2788e3201cd34a07e3172128adcd8b3090168a8e3bcc40d7c032b9dda1df7d1c" "/opt/rustwide/cargo-home/bin/cargo" "+beta-2023-12-22" "build" "--frozen" "--message-format=json", kill_on_drop: false }`
[INFO] [stdout] 2c783bac3da5917ac338cf281bd54105da612a202b1b8ba92d39bd4cc02d966d
[INFO] running `Command { std: "docker" "start" "-a" "2c783bac3da5917ac338cf281bd54105da612a202b1b8ba92d39bd4cc02d966d", kill_on_drop: false }`
[INFO] [stderr]    Compiling libc v0.2.138
[INFO] [stderr]    Compiling pkg-config v0.3.26
[INFO] [stderr]    Compiling proc-macro2 v1.0.47
[INFO] [stderr]    Compiling quote v1.0.21
[INFO] [stderr]    Compiling unicode-ident v1.0.5
[INFO] [stderr]    Compiling syn v1.0.105
[INFO] [stderr]    Compiling once_cell v1.16.0
[INFO] [stderr]    Compiling memchr v2.5.0
[INFO] [stderr]    Compiling tinyvec_macros v0.1.0
[INFO] [stderr]    Compiling io-lifetimes v1.0.3
[INFO] [stderr]    Compiling rustix v0.36.4
[INFO] [stderr]    Compiling ahash v0.7.6
[INFO] [stderr]    Compiling unicode-bidi v0.3.8
[INFO] [stderr]    Compiling crossbeam-utils v0.8.14
[INFO] [stderr]    Compiling anyhow v1.0.66
[INFO] [stderr]    Compiling tinyvec v1.6.0
[INFO] [stderr]    Compiling rustversion v1.0.9
[INFO] [stderr]    Compiling percent-encoding v2.2.0
[INFO] [stderr]    Compiling memoffset v0.7.1
[INFO] [stderr]    Compiling form_urlencoded v1.1.0
[INFO] [stderr]    Compiling linux-raw-sys v0.1.3
[INFO] [stderr]    Compiling itoa v1.0.4
[INFO] [stderr]    Compiling semver v1.0.14
[INFO] [stderr]    Compiling time-core v0.1.0
[INFO] [stderr]    Compiling log v0.4.17
[INFO] [stderr]    Compiling crossbeam-epoch v0.9.13
[INFO] [stderr]    Compiling time v0.3.17
[INFO] [stderr]    Compiling thiserror v1.0.37
[INFO] [stderr]    Compiling regex-syntax v0.6.28
[INFO] [stderr]    Compiling aho-corasick v0.7.20
[INFO] [stderr]    Compiling unicode-normalization v0.1.22
[INFO] [stderr]    Compiling scopeguard v1.1.0
[INFO] [stderr]    Compiling rustc_version v0.4.0
[INFO] [stderr]    Compiling rayon-core v1.10.1
[INFO] [stderr]    Compiling jobserver v0.1.25
[INFO] [stderr]    Compiling getrandom v0.2.8
[INFO] [stderr]    Compiling sysinfo v0.27.1
[INFO] [stderr]    Compiling crossbeam-channel v0.5.6
[INFO] [stderr]    Compiling cc v1.0.77
[INFO] [stderr]    Compiling proc-macro-error-attr v1.0.4
[INFO] [stderr]    Compiling idna v0.3.0
[INFO] [stderr]    Compiling num_cpus v1.14.0
[INFO] [stderr]    Compiling terminal_size v0.1.17
[INFO] [stderr]    Compiling crossbeam-deque v0.8.2
[INFO] [stderr]    Compiling hashbrown v0.12.3
[INFO] [stderr]    Compiling fastrand v1.8.0
[INFO] [stderr]    Compiling termcolor v1.1.3
[INFO] [stderr]    Compiling remove_dir_all v0.5.3
[INFO] [stderr]    Compiling url v2.3.1
[INFO] [stderr]    Compiling tempfile v3.3.0
[INFO] [stderr]    Compiling console v0.15.2
[INFO] [stderr]    Compiling vergen v7.4.4
[INFO] [stderr]    Compiling clap_lex v0.3.0
[INFO] [stderr]    Compiling zeroize v1.5.7
[INFO] [stderr]    Compiling paw-raw v1.0.0
[INFO] [stderr]    Compiling smawk v0.3.1
[INFO] [stderr]    Compiling either v1.8.0
[INFO] [stderr]    Compiling humantime v2.1.0
[INFO] [stderr]    Compiling dialoguer v0.10.2
[INFO] [stderr]    Compiling rayon v1.6.0
[INFO] [stderr]    Compiling libz-sys v1.1.8
[INFO] [stderr]    Compiling openssl-sys v0.9.78
[INFO] [stderr]    Compiling libgit2-sys v0.14.0+1.5.0
[INFO] [stderr]    Compiling libssh2-sys v0.2.23
[INFO] [stderr]    Compiling regex v1.7.0
[INFO] [stderr]    Compiling is-terminal v0.4.1
[INFO] [stderr]    Compiling terminal_size v0.2.3
[INFO] [stderr]    Compiling env_logger v0.10.0
[INFO] [stderr]    Compiling proc-macro-error v1.0.4
[INFO] [stderr]    Compiling unicode-linebreak v0.1.4
[INFO] [stderr]    Compiling enum-iterator-derive v1.1.0
[INFO] [stderr]    Compiling thiserror-impl v1.0.37
[INFO] [stderr]    Compiling getset v0.1.2
[INFO] [stderr]    Compiling paw-attributes v1.0.2
[INFO] [stderr]    Compiling clap_derive v4.0.21
[INFO] [stderr]    Compiling textwrap v0.16.0
[INFO] [stderr]    Compiling paw v1.0.0
[INFO] [stderr]    Compiling enum-iterator v1.1.3
[INFO] [stderr]    Compiling clap v4.0.29
[INFO] [stderr]    Compiling git2 v0.15.0
[INFO] [stderr]    Compiling git-trim v0.4.4 (/opt/rustwide/workdir)
[INFO] [stderr] warning: git-trim@0.4.4: An Error occurred during processing of Git. VERGEN_GIT_* may be incomplete.
[INFO] [stderr]     Finished dev [unoptimized + debuginfo] target(s) in 17.71s
[INFO] running `Command { std: "docker" "inspect" "2c783bac3da5917ac338cf281bd54105da612a202b1b8ba92d39bd4cc02d966d", kill_on_drop: false }`
[INFO] running `Command { std: "docker" "rm" "-f" "2c783bac3da5917ac338cf281bd54105da612a202b1b8ba92d39bd4cc02d966d", kill_on_drop: false }`
[INFO] [stdout] 2c783bac3da5917ac338cf281bd54105da612a202b1b8ba92d39bd4cc02d966d
[INFO] running `Command { std: "docker" "create" "-v" "/var/lib/crater-agent-workspace/builds/worker-1-tc2/target:/opt/rustwide/target:rw,Z" "-v" "/var/lib/crater-agent-workspace/builds/worker-1-tc2/source:/opt/rustwide/workdir:ro,Z" "-v" "/var/lib/crater-agent-workspace/cargo-home:/opt/rustwide/cargo-home:ro,Z" "-v" "/var/lib/crater-agent-workspace/rustup-home:/opt/rustwide/rustup-home:ro,Z" "-e" "SOURCE_DIR=/opt/rustwide/workdir" "-e" "CARGO_TARGET_DIR=/opt/rustwide/target" "-e" "CARGO_INCREMENTAL=0" "-e" "RUST_BACKTRACE=full" "-e" "RUSTFLAGS=--cap-lints=warn" "-e" "RUSTDOCFLAGS=--cap-lints=warn" "-e" "CARGO_HOME=/opt/rustwide/cargo-home" "-e" "RUSTUP_HOME=/opt/rustwide/rustup-home" "-w" "/opt/rustwide/workdir" "-m" "1610612736" "--user" "0:0" "--network" "none" "ghcr.io/rust-lang/crates-build-env/linux@sha256:2788e3201cd34a07e3172128adcd8b3090168a8e3bcc40d7c032b9dda1df7d1c" "/opt/rustwide/cargo-home/bin/cargo" "+beta-2023-12-22" "test" "--frozen" "--no-run" "--message-format=json", kill_on_drop: false }`
[INFO] [stdout] a236bc384465fcb8c3c8f0f9ab5e614e1a69e1a0f39a61cb55e5127dc78aaa91
[INFO] running `Command { std: "docker" "start" "-a" "a236bc384465fcb8c3c8f0f9ab5e614e1a69e1a0f39a61cb55e5127dc78aaa91", kill_on_drop: false }`
[INFO] [stderr] warning: git-trim@0.4.4: An Error occurred during processing of Git. VERGEN_GIT_* may be incomplete.
[INFO] [stderr]    Compiling git-trim v0.4.4 (/opt/rustwide/workdir)
[INFO] [stderr] The following warnings were emitted during compilation:
[INFO] [stderr] 
[INFO] [stderr] warning: git-trim@0.4.4: An Error occurred during processing of Git. VERGEN_GIT_* may be incomplete.
[INFO] [stderr] 
[INFO] [stderr] error: could not compile `git-trim` (lib test)
[INFO] [stderr] 
[INFO] [stderr] Caused by:
[INFO] [stderr]   process didn't exit successfully: `/opt/rustwide/rustup-home/toolchains/beta-2023-12-22-x86_64-unknown-linux-gnu/bin/rustc --crate-name git_trim --edition=2021 src/lib.rs --error-format=json --json=diagnostic-rendered-ansi,artifacts,future-incompat --emit=dep-info,link -C embed-bitcode=no -C debuginfo=2 --test -C metadata=8ef620a2d59e24f2 -C extra-filename=-8ef620a2d59e24f2 --out-dir /opt/rustwide/target/debug/deps -L dependency=/opt/rustwide/target/debug/deps --extern anyhow=/opt/rustwide/target/debug/deps/libanyhow-88856cc19a967ff9.rlib --extern clap=/opt/rustwide/target/debug/deps/libclap-56866f9f9faa2142.rlib --extern crossbeam_channel=/opt/rustwide/target/debug/deps/libcrossbeam_channel-af5c4434930c1f3e.rlib --extern dialoguer=/opt/rustwide/target/debug/deps/libdialoguer-d3749852df1fb219.rlib --extern env_logger=/opt/rustwide/target/debug/deps/libenv_logger-4e3c18f8fea6c4df.rlib --extern git2=/opt/rustwide/target/debug/deps/libgit2-b85a8298cfb56a5b.rlib --extern log=/opt/rustwide/target/debug/deps/liblog-5dd7ca7285786d5e.rlib --extern paw=/opt/rustwide/target/debug/deps/libpaw-5ce1aacc7413b350.rlib --extern rayon=/opt/rustwide/target/debug/deps/librayon-d649db5075656dd7.rlib --extern tempfile=/opt/rustwide/target/debug/deps/libtempfile-d1764367683e59ee.rlib --extern textwrap=/opt/rustwide/target/debug/deps/libtextwrap-a9f96840eb8a1c2d.rlib --extern thiserror=/opt/rustwide/target/debug/deps/libthiserror-c71016cd6b78f664.rlib --cap-lints=warn -L native=/opt/rustwide/target/debug/build/libgit2-sys-3d11c5fc7a463e3b/out/build -L native=/opt/rustwide/target/debug/build/libssh2-sys-a95f5d335ca180cb/out/build` (signal: 9, SIGKILL: kill)
[INFO] [stderr] warning: build failed, waiting for other jobs to finish...
[INFO] [stdout] error: linking with `cc` failed: exit status: 1
[INFO] [stdout]   |
[INFO] [stdout]   = note: LC_ALL="C" PATH="/opt/rustwide/rustup-home/toolchains/beta-2023-12-22-x86_64-unknown-linux-gnu/lib/rustlib/x86_64-unknown-linux-gnu/bin:/opt/rustwide/cargo-home/bin:/usr/local/sbin:/usr/local/bin:/usr/sbin:/usr/bin:/sbin:/bin" VSLANG="1033" "cc" "-m64" "/tmp/rustcAqj4JV/symbols.o" "/opt/rustwide/target/debug/deps/worktree-df24205568863d4d.worktree.85113df0a004793-cgu.0.rcgu.o" "/opt/rustwide/target/debug/deps/worktree-df24205568863d4d.worktree.85113df0a004793-cgu.1.rcgu.o" "/opt/rustwide/target/debug/deps/worktree-df24205568863d4d.nsw6lo7gp8ix1s6.rcgu.o" "-Wl,--as-needed" "-L" "/opt/rustwide/target/debug/deps" "-L" "/opt/rustwide/target/debug/build/libgit2-sys-3d11c5fc7a463e3b/out/build" "-L" "/opt/rustwide/target/debug/build/libssh2-sys-a95f5d335ca180cb/out/build" "-L" "/opt/rustwide/rustup-home/toolchains/beta-2023-12-22-x86_64-unknown-linux-gnu/lib/rustlib/x86_64-unknown-linux-gnu/lib" "-Wl,-Bstatic" "/opt/rustwide/target/debug/deps/libenv_logger-4e3c18f8fea6c4df.rlib" "/opt/rustwide/target/debug/deps/libhumantime-ce381c4933d03978.rlib" "/opt/rustwide/target/debug/deps/libregex-57cc709b71061376.rlib" "/opt/rustwide/target/debug/deps/libaho_corasick-13dc14dca1895e31.rlib" "/opt/rustwide/target/debug/deps/libmemchr-33d05ae5bba76030.rlib" "/opt/rustwide/target/debug/deps/libregex_syntax-597f05d9cf5ec07b.rlib" "/opt/rustwide/target/debug/deps/libtextwrap-a9f96840eb8a1c2d.rlib" "/opt/rustwide/target/debug/deps/libunicode_width-8c89bf6e02b90910.rlib" "/opt/rustwide/target/debug/deps/libunicode_linebreak-27da9d3308106375.rlib" "/opt/rustwide/target/debug/deps/libterminal_size-e77c56fed65f2c7e.rlib" "/opt/rustwide/target/debug/deps/libsmawk-90f99b850cfc5352.rlib" "/opt/rustwide/rustup-home/toolchains/beta-2023-12-22-x86_64-unknown-linux-gnu/lib/rustlib/x86_64-unknown-linux-gnu/lib/libtest-cbab71697df97b00.rlib" "/opt/rustwide/rustup-home/toolchains/beta-2023-12-22-x86_64-unknown-linux-gnu/lib/rustlib/x86_64-unknown-linux-gnu/lib/libgetopts-2a2cf8f16c536007.rlib" "/opt/rustwide/rustup-home/toolchains/beta-2023-12-22-x86_64-unknown-linux-gnu/lib/rustlib/x86_64-unknown-linux-gnu/lib/libunicode_width-c5f3cc3cceaf9070.rlib" "/opt/rustwide/rustup-home/toolchains/beta-2023-12-22-x86_64-unknown-linux-gnu/lib/rustlib/x86_64-unknown-linux-gnu/lib/librustc_std_workspace_std-a31324ec815b09db.rlib" "/opt/rustwide/target/debug/deps/libgit_trim-abac19e531984d9c.rlib" "/opt/rustwide/target/debug/deps/librayon-d649db5075656dd7.rlib" "/opt/rustwide/target/debug/deps/librayon_core-0de23dfb8eb59e9a.rlib" "/opt/rustwide/target/debug/deps/libnum_cpus-50d7a7a7d9c3da1e.rlib" "/opt/rustwide/target/debug/deps/libcrossbeam_deque-3e3bab77d1e8e4d4.rlib" "/opt/rustwide/target/debug/deps/libcrossbeam_epoch-f49c7d5b974c1ee8.rlib" "/opt/rustwide/target/debug/deps/libmemoffset-df5843969cc9c3a9.rlib" "/opt/rustwide/target/debug/deps/libscopeguard-31f1b56a39f2a372.rlib" "/opt/rustwide/target/debug/deps/libeither-b6731ec32f184594.rlib" "/opt/rustwide/target/debug/deps/libcrossbeam_channel-af5c4434930c1f3e.rlib" "/opt/rustwide/target/debug/deps/libcrossbeam_utils-c1681066a3f92e0d.rlib" "/opt/rustwide/target/debug/deps/libgit2-b85a8298cfb56a5b.rlib" "/opt/rustwide/target/debug/deps/libopenssl_probe-01da96bec2dfd166.rlib" "/opt/rustwide/target/debug/deps/liburl-c27420e289672182.rlib" "/opt/rustwide/target/debug/deps/libidna-f5ec19a924db9307.rlib" "/opt/rustwide/target/debug/deps/libunicode_normalization-d46a9be84e5a96bd.rlib" "/opt/rustwide/target/debug/deps/libtinyvec-e7dc63e82263080a.rlib" "/opt/rustwide/target/debug/deps/libtinyvec_macros-2b90caf71be257df.rlib" "/opt/rustwide/target/debug/deps/libunicode_bidi-dff3380632f62c6d.rlib" "/opt/rustwide/target/debug/deps/libform_urlencoded-2e6be29729763aa6.rlib" "/opt/rustwide/target/debug/deps/libpercent_encoding-52ba3d834e28489d.rlib" "/opt/rustwide/target/debug/deps/liblibgit2_sys-bd1b0d29361c3bb2.rlib" "/opt/rustwide/target/debug/deps/liblibssh2_sys-265786f1ca0b216d.rlib" "/opt/rustwide/target/debug/deps/libopenssl_sys-fc5493d0fe4c487a.rlib" "/opt/rustwide/target/debug/deps/liblibz_sys-cd763ed6020575ce.rlib" "/opt/rustwide/target/debug/deps/libanyhow-88856cc19a967ff9.rlib" "/opt/rustwide/target/debug/deps/libthiserror-c71016cd6b78f664.rlib" "/opt/rustwide/target/debug/deps/libclap-56866f9f9faa2142.rlib" "/opt/rustwide/target/debug/deps/libstrsim-7c2291ed86ef7041.rlib" "/opt/rustwide/target/debug/deps/libis_terminal-5f78acbc3a6400e9.rlib" "/opt/rustwide/target/debug/deps/librustix-68e8630d15c15b07.rlib" "/opt/rustwide/target/debug/deps/liblinux_raw_sys-d39722d815bd1a01.rlib" "/opt/rustwide/target/debug/deps/libio_lifetimes-31d707889221676e.rlib" "/opt/rustwide/target/debug/deps/libclap_lex-eee8dd384c1b0d70.rlib" "/opt/rustwide/target/debug/deps/libos_str_bytes-72e5395a4646a0f0.rlib" "/opt/rustwide/target/debug/deps/libtermcolor-fe47d483106080c8.rlib" "/opt/rustwide/target/debug/deps/libbitflags-85e13ed1e0c6d910.rlib" "/opt/rustwide/target/debug/deps/libonce_cell-ef1409d54228c1c0.rlib" "/opt/rustwide/target/debug/deps/libtempfile-d1764367683e59ee.rlib" "/opt/rustwide/target/debug/deps/liblibc-0c76da938fb0702f.rlib" "/opt/rustwide/target/debug/deps/libfastrand-94c70a216b334e0d.rlib" "/opt/rustwide/target/debug/deps/libremove_dir_all-a4df0c6439de3059.rlib" "/opt/rustwide/target/debug/deps/liblog-5dd7ca7285786d5e.rlib" "/opt/rustwide/target/debug/deps/libcfg_if-e7002d307f97bc56.rlib" "/opt/rustwide/rustup-home/toolchains/beta-2023-12-22-x86_64-unknown-linux-gnu/lib/rustlib/x86_64-unknown-linux-gnu/lib/libstd-0672489a78b613de.rlib" "/opt/rustwide/rustup-home/toolchains/beta-2023-12-22-x86_64-unknown-linux-gnu/lib/rustlib/x86_64-unknown-linux-gnu/lib/libpanic_unwind-7eb3ffc34a49f675.rlib" "/opt/rustwide/rustup-home/toolchains/beta-2023-12-22-x86_64-unknown-linux-gnu/lib/rustlib/x86_64-unknown-linux-gnu/lib/libobject-6478a9daa4bee8e2.rlib" "/opt/rustwide/rustup-home/toolchains/beta-2023-12-22-x86_64-unknown-linux-gnu/lib/rustlib/x86_64-unknown-linux-gnu/lib/libmemchr-0c75d871a5c3923d.rlib" "/opt/rustwide/rustup-home/toolchains/beta-2023-12-22-x86_64-unknown-linux-gnu/lib/rustlib/x86_64-unknown-linux-gnu/lib/libaddr2line-d163ef63ad37bb71.rlib" "/opt/rustwide/rustup-home/toolchains/beta-2023-12-22-x86_64-unknown-linux-gnu/lib/rustlib/x86_64-unknown-linux-gnu/lib/libgimli-8a3fd810a85b9f4c.rlib" "/opt/rustwide/rustup-home/toolchains/beta-2023-12-22-x86_64-unknown-linux-gnu/lib/rustlib/x86_64-unknown-linux-gnu/lib/librustc_demangle-462a2cde8c5dfc10.rlib" "/opt/rustwide/rustup-home/toolchains/beta-2023-12-22-x86_64-unknown-linux-gnu/lib/rustlib/x86_64-unknown-linux-gnu/lib/libstd_detect-cb06ac9f54713f71.rlib" "/opt/rustwide/rustup-home/toolchains/beta-2023-12-22-x86_64-unknown-linux-gnu/lib/rustlib/x86_64-unknown-linux-gnu/lib/libhashbrown-f20bfd1f8e59b393.rlib" "/opt/rustwide/rustup-home/toolchains/beta-2023-12-22-x86_64-unknown-linux-gnu/lib/rustlib/x86_64-unknown-linux-gnu/lib/librustc_std_workspace_alloc-1ef460949b49da4b.rlib" "/opt/rustwide/rustup-home/toolchains/beta-2023-12-22-x86_64-unknown-linux-gnu/lib/rustlib/x86_64-unknown-linux-gnu/lib/libminiz_oxide-2cb0c0ffe4f87514.rlib" "/opt/rustwide/rustup-home/toolchains/beta-2023-12-22-x86_64-unknown-linux-gnu/lib/rustlib/x86_64-unknown-linux-gnu/lib/libadler-58d841eb322a11a2.rlib" "/opt/rustwide/rustup-home/toolchains/beta-2023-12-22-x86_64-unknown-linux-gnu/lib/rustlib/x86_64-unknown-linux-gnu/lib/libunwind-aa2ae0b0a9d11533.rlib" "/opt/rustwide/rustup-home/toolchains/beta-2023-12-22-x86_64-unknown-linux-gnu/lib/rustlib/x86_64-unknown-linux-gnu/lib/libcfg_if-23874e15830ed336.rlib" "/opt/rustwide/rustup-home/toolchains/beta-2023-12-22-x86_64-unknown-linux-gnu/lib/rustlib/x86_64-unknown-linux-gnu/lib/liblibc-e47cddc003bce885.rlib" "/opt/rustwide/rustup-home/toolchains/beta-2023-12-22-x86_64-unknown-linux-gnu/lib/rustlib/x86_64-unknown-linux-gnu/lib/liballoc-c22b13b48a8f128e.rlib" "/opt/rustwide/rustup-home/toolchains/beta-2023-12-22-x86_64-unknown-linux-gnu/lib/rustlib/x86_64-unknown-linux-gnu/lib/librustc_std_workspace_core-e46bc3da6d7c462f.rlib" "/opt/rustwide/rustup-home/toolchains/beta-2023-12-22-x86_64-unknown-linux-gnu/lib/rustlib/x86_64-unknown-linux-gnu/lib/libcore-8d1ac131d3cb2645.rlib" "/opt/rustwide/rustup-home/toolchains/beta-2023-12-22-x86_64-unknown-linux-gnu/lib/rustlib/x86_64-unknown-linux-gnu/lib/libcompiler_builtins-a1b43df8c6899c1f.rlib" "-Wl,-Bdynamic" "-lssl" "-lcrypto" "-lz" "-lgcc_s" "-lutil" "-lrt" "-lpthread" "-lm" "-ldl" "-lc" "-Wl,--eh-frame-hdr" "-Wl,-z,noexecstack" "-L" "/opt/rustwide/rustup-home/toolchains/beta-2023-12-22-x86_64-unknown-linux-gnu/lib/rustlib/x86_64-unknown-linux-gnu/lib" "-o" "/opt/rustwide/target/debug/deps/worktree-df24205568863d4d" "-Wl,--gc-sections" "-pie" "-Wl,-z,relro,-z,now" "-nodefaultlibs"
[INFO] [stdout]   = note: collect2: fatal error: ld terminated with signal 9 [Killed]
[INFO] [stdout]           compilation terminated.
[INFO] [stdout]           
[INFO] [stdout] 
[INFO] [stdout] 
[INFO] [stdout] error: aborting due to 1 previous error
[INFO] [stdout] 
[INFO] [stdout] 
[INFO] [stderr] The following warnings were emitted during compilation:
[INFO] [stderr] 
[INFO] [stderr] warning: git-trim@0.4.4: An Error occurred during processing of Git. VERGEN_GIT_* may be incomplete.
[INFO] [stderr] 
[INFO] [stderr] error: could not compile `git-trim` (test "worktree") due to 2 previous errors
[INFO] [stdout] error: linking with `cc` failed: exit status: 1
[INFO] [stdout]   |
[INFO] [stdout]   = note: LC_ALL="C" PATH="/opt/rustwide/rustup-home/toolchains/beta-2023-12-22-x86_64-unknown-linux-gnu/lib/rustlib/x86_64-unknown-linux-gnu/bin:/opt/rustwide/cargo-home/bin:/usr/local/sbin:/usr/local/bin:/usr/sbin:/usr/bin:/sbin:/bin" VSLANG="1033" "cc" "-m64" "/tmp/rustctDfwHS/symbols.o" "/opt/rustwide/target/debug/deps/simple_github_flow-980c8ccb4e92b1d2.simple_github_flow.6df2a966821d6b32-cgu.0.rcgu.o" "/opt/rustwide/target/debug/deps/simple_github_flow-980c8ccb4e92b1d2.simple_github_flow.6df2a966821d6b32-cgu.1.rcgu.o" "/opt/rustwide/target/debug/deps/simple_github_flow-980c8ccb4e92b1d2.simple_github_flow.6df2a966821d6b32-cgu.2.rcgu.o" "/opt/rustwide/target/debug/deps/simple_github_flow-980c8ccb4e92b1d2.1s8i70galathdxd6.rcgu.o" "-Wl,--as-needed" "-L" "/opt/rustwide/target/debug/deps" "-L" "/opt/rustwide/target/debug/build/libgit2-sys-3d11c5fc7a463e3b/out/build" "-L" "/opt/rustwide/target/debug/build/libssh2-sys-a95f5d335ca180cb/out/build" "-L" "/opt/rustwide/rustup-home/toolchains/beta-2023-12-22-x86_64-unknown-linux-gnu/lib/rustlib/x86_64-unknown-linux-gnu/lib" "-Wl,-Bstatic" "/opt/rustwide/target/debug/deps/libenv_logger-4e3c18f8fea6c4df.rlib" "/opt/rustwide/target/debug/deps/libhumantime-ce381c4933d03978.rlib" "/opt/rustwide/target/debug/deps/libregex-57cc709b71061376.rlib" "/opt/rustwide/target/debug/deps/libaho_corasick-13dc14dca1895e31.rlib" "/opt/rustwide/target/debug/deps/libmemchr-33d05ae5bba76030.rlib" "/opt/rustwide/target/debug/deps/libregex_syntax-597f05d9cf5ec07b.rlib" "/opt/rustwide/target/debug/deps/libtextwrap-a9f96840eb8a1c2d.rlib" "/opt/rustwide/target/debug/deps/libunicode_width-8c89bf6e02b90910.rlib" "/opt/rustwide/target/debug/deps/libunicode_linebreak-27da9d3308106375.rlib" "/opt/rustwide/target/debug/deps/libterminal_size-e77c56fed65f2c7e.rlib" "/opt/rustwide/target/debug/deps/libsmawk-90f99b850cfc5352.rlib" "/opt/rustwide/rustup-home/toolchains/beta-2023-12-22-x86_64-unknown-linux-gnu/lib/rustlib/x86_64-unknown-linux-gnu/lib/libtest-cbab71697df97b00.rlib" "/opt/rustwide/rustup-home/toolchains/beta-2023-12-22-x86_64-unknown-linux-gnu/lib/rustlib/x86_64-unknown-linux-gnu/lib/libgetopts-2a2cf8f16c536007.rlib" "/opt/rustwide/rustup-home/toolchains/beta-2023-12-22-x86_64-unknown-linux-gnu/lib/rustlib/x86_64-unknown-linux-gnu/lib/libunicode_width-c5f3cc3cceaf9070.rlib" "/opt/rustwide/rustup-home/toolchains/beta-2023-12-22-x86_64-unknown-linux-gnu/lib/rustlib/x86_64-unknown-linux-gnu/lib/librustc_std_workspace_std-a31324ec815b09db.rlib" "/opt/rustwide/target/debug/deps/libgit_trim-abac19e531984d9c.rlib" "/opt/rustwide/target/debug/deps/librayon-d649db5075656dd7.rlib" "/opt/rustwide/target/debug/deps/librayon_core-0de23dfb8eb59e9a.rlib" "/opt/rustwide/target/debug/deps/libnum_cpus-50d7a7a7d9c3da1e.rlib" "/opt/rustwide/target/debug/deps/libcrossbeam_deque-3e3bab77d1e8e4d4.rlib" "/opt/rustwide/target/debug/deps/libcrossbeam_epoch-f49c7d5b974c1ee8.rlib" "/opt/rustwide/target/debug/deps/libmemoffset-df5843969cc9c3a9.rlib" "/opt/rustwide/target/debug/deps/libscopeguard-31f1b56a39f2a372.rlib" "/opt/rustwide/target/debug/deps/libeither-b6731ec32f184594.rlib" "/opt/rustwide/target/debug/deps/libcrossbeam_channel-af5c4434930c1f3e.rlib" "/opt/rustwide/target/debug/deps/libcrossbeam_utils-c1681066a3f92e0d.rlib" "/opt/rustwide/target/debug/deps/libgit2-b85a8298cfb56a5b.rlib" "/opt/rustwide/target/debug/deps/libopenssl_probe-01da96bec2dfd166.rlib" "/opt/rustwide/target/debug/deps/liburl-c27420e289672182.rlib" "/opt/rustwide/target/debug/deps/libidna-f5ec19a924db9307.rlib" "/opt/rustwide/target/debug/deps/libunicode_normalization-d46a9be84e5a96bd.rlib" "/opt/rustwide/target/debug/deps/libtinyvec-e7dc63e82263080a.rlib" "/opt/rustwide/target/debug/deps/libtinyvec_macros-2b90caf71be257df.rlib" "/opt/rustwide/target/debug/deps/libunicode_bidi-dff3380632f62c6d.rlib" "/opt/rustwide/target/debug/deps/libform_urlencoded-2e6be29729763aa6.rlib" "/opt/rustwide/target/debug/deps/libpercent_encoding-52ba3d834e28489d.rlib" "/opt/rustwide/target/debug/deps/liblibgit2_sys-bd1b0d29361c3bb2.rlib" "/opt/rustwide/target/debug/deps/liblibssh2_sys-265786f1ca0b216d.rlib" "/opt/rustwide/target/debug/deps/libopenssl_sys-fc5493d0fe4c487a.rlib" "/opt/rustwide/target/debug/deps/liblibz_sys-cd763ed6020575ce.rlib" "/opt/rustwide/target/debug/deps/libanyhow-88856cc19a967ff9.rlib" "/opt/rustwide/target/debug/deps/libthiserror-c71016cd6b78f664.rlib" "/opt/rustwide/target/debug/deps/libclap-56866f9f9faa2142.rlib" "/opt/rustwide/target/debug/deps/libstrsim-7c2291ed86ef7041.rlib" "/opt/rustwide/target/debug/deps/libis_terminal-5f78acbc3a6400e9.rlib" "/opt/rustwide/target/debug/deps/librustix-68e8630d15c15b07.rlib" "/opt/rustwide/target/debug/deps/liblinux_raw_sys-d39722d815bd1a01.rlib" "/opt/rustwide/target/debug/deps/libio_lifetimes-31d707889221676e.rlib" "/opt/rustwide/target/debug/deps/libclap_lex-eee8dd384c1b0d70.rlib" "/opt/rustwide/target/debug/deps/libos_str_bytes-72e5395a4646a0f0.rlib" "/opt/rustwide/target/debug/deps/libtermcolor-fe47d483106080c8.rlib" "/opt/rustwide/target/debug/deps/libbitflags-85e13ed1e0c6d910.rlib" "/opt/rustwide/target/debug/deps/libonce_cell-ef1409d54228c1c0.rlib" "/opt/rustwide/target/debug/deps/libtempfile-d1764367683e59ee.rlib" "/opt/rustwide/target/debug/deps/liblibc-0c76da938fb0702f.rlib" "/opt/rustwide/target/debug/deps/libfastrand-94c70a216b334e0d.rlib" "/opt/rustwide/target/debug/deps/libremove_dir_all-a4df0c6439de3059.rlib" "/opt/rustwide/target/debug/deps/liblog-5dd7ca7285786d5e.rlib" "/opt/rustwide/target/debug/deps/libcfg_if-e7002d307f97bc56.rlib" "/opt/rustwide/rustup-home/toolchains/beta-2023-12-22-x86_64-unknown-linux-gnu/lib/rustlib/x86_64-unknown-linux-gnu/lib/libstd-0672489a78b613de.rlib" "/opt/rustwide/rustup-home/toolchains/beta-2023-12-22-x86_64-unknown-linux-gnu/lib/rustlib/x86_64-unknown-linux-gnu/lib/libpanic_unwind-7eb3ffc34a49f675.rlib" "/opt/rustwide/rustup-home/toolchains/beta-2023-12-22-x86_64-unknown-linux-gnu/lib/rustlib/x86_64-unknown-linux-gnu/lib/libobject-6478a9daa4bee8e2.rlib" "/opt/rustwide/rustup-home/toolchains/beta-2023-12-22-x86_64-unknown-linux-gnu/lib/rustlib/x86_64-unknown-linux-gnu/lib/libmemchr-0c75d871a5c3923d.rlib" "/opt/rustwide/rustup-home/toolchains/beta-2023-12-22-x86_64-unknown-linux-gnu/lib/rustlib/x86_64-unknown-linux-gnu/lib/libaddr2line-d163ef63ad37bb71.rlib" "/opt/rustwide/rustup-home/toolchains/beta-2023-12-22-x86_64-unknown-linux-gnu/lib/rustlib/x86_64-unknown-linux-gnu/lib/libgimli-8a3fd810a85b9f4c.rlib" "/opt/rustwide/rustup-home/toolchains/beta-2023-12-22-x86_64-unknown-linux-gnu/lib/rustlib/x86_64-unknown-linux-gnu/lib/librustc_demangle-462a2cde8c5dfc10.rlib" "/opt/rustwide/rustup-home/toolchains/beta-2023-12-22-x86_64-unknown-linux-gnu/lib/rustlib/x86_64-unknown-linux-gnu/lib/libstd_detect-cb06ac9f54713f71.rlib" "/opt/rustwide/rustup-home/toolchains/beta-2023-12-22-x86_64-unknown-linux-gnu/lib/rustlib/x86_64-unknown-linux-gnu/lib/libhashbrown-f20bfd1f8e59b393.rlib" "/opt/rustwide/rustup-home/toolchains/beta-2023-12-22-x86_64-unknown-linux-gnu/lib/rustlib/x86_64-unknown-linux-gnu/lib/librustc_std_workspace_alloc-1ef460949b49da4b.rlib" "/opt/rustwide/rustup-home/toolchains/beta-2023-12-22-x86_64-unknown-linux-gnu/lib/rustlib/x86_64-unknown-linux-gnu/lib/libminiz_oxide-2cb0c0ffe4f87514.rlib" "/opt/rustwide/rustup-home/toolchains/beta-2023-12-22-x86_64-unknown-linux-gnu/lib/rustlib/x86_64-unknown-linux-gnu/lib/libadler-58d841eb322a11a2.rlib" "/opt/rustwide/rustup-home/toolchains/beta-2023-12-22-x86_64-unknown-linux-gnu/lib/rustlib/x86_64-unknown-linux-gnu/lib/libunwind-aa2ae0b0a9d11533.rlib" "/opt/rustwide/rustup-home/toolchains/beta-2023-12-22-x86_64-unknown-linux-gnu/lib/rustlib/x86_64-unknown-linux-gnu/lib/libcfg_if-23874e15830ed336.rlib" "/opt/rustwide/rustup-home/toolchains/beta-2023-12-22-x86_64-unknown-linux-gnu/lib/rustlib/x86_64-unknown-linux-gnu/lib/liblibc-e47cddc003bce885.rlib" "/opt/rustwide/rustup-home/toolchains/beta-2023-12-22-x86_64-unknown-linux-gnu/lib/rustlib/x86_64-unknown-linux-gnu/lib/liballoc-c22b13b48a8f128e.rlib" "/opt/rustwide/rustup-home/toolchains/beta-2023-12-22-x86_64-unknown-linux-gnu/lib/rustlib/x86_64-unknown-linux-gnu/lib/librustc_std_workspace_core-e46bc3da6d7c462f.rlib" "/opt/rustwide/rustup-home/toolchains/beta-2023-12-22-x86_64-unknown-linux-gnu/lib/rustlib/x86_64-unknown-linux-gnu/lib/libcore-8d1ac131d3cb2645.rlib" "/opt/rustwide/rustup-home/toolchains/beta-2023-12-22-x86_64-unknown-linux-gnu/lib/rustlib/x86_64-unknown-linux-gnu/lib/libcompiler_builtins-a1b43df8c6899c1f.rlib" "-Wl,-Bdynamic" "-lssl" "-lcrypto" "-lz" "-lgcc_s" "-lutil" "-lrt" "-lpthread" "-lm" "-ldl" "-lc" "-Wl,--eh-frame-hdr" "-Wl,-z,noexecstack" "-L" "/opt/rustwide/rustup-home/toolchains/beta-2023-12-22-x86_64-unknown-linux-gnu/lib/rustlib/x86_64-unknown-linux-gnu/lib" "-o" "/opt/rustwide/target/debug/deps/simple_github_flow-980c8ccb4e92b1d2" "-Wl,--gc-sections" "-pie" "-Wl,-z,relro,-z,now" "-nodefaultlibs"
[INFO] [stdout]   = note: collect2: fatal error: ld terminated with signal 9 [Killed]
[INFO] [stdout]           compilation terminated.
[INFO] [stdout]           
[INFO] [stdout] 
[INFO] [stdout] 
[INFO] [stdout] error: aborting due to 1 previous error
[INFO] [stdout] 
[INFO] [stdout] 
[INFO] [stderr] The following warnings were emitted during compilation:
[INFO] [stderr] 
[INFO] [stderr] warning: git-trim@0.4.4: An Error occurred during processing of Git. VERGEN_GIT_* may be incomplete.
[INFO] [stderr] 
[INFO] [stderr] error: could not compile `git-trim` (test "simple_github_flow") due to 2 previous errors
[INFO] [stdout] error: linking with `cc` failed: exit status: 1
[INFO] [stdout]   |
[INFO] [stdout]   = note: LC_ALL="C" PATH="/opt/rustwide/rustup-home/toolchains/beta-2023-12-22-x86_64-unknown-linux-gnu/lib/rustlib/x86_64-unknown-linux-gnu/bin:/opt/rustwide/cargo-home/bin:/usr/local/sbin:/usr/local/bin:/usr/sbin:/usr/bin:/sbin:/bin" VSLANG="1033" "cc" "-m64" "/tmp/rustcerfBST/symbols.o" "/opt/rustwide/target/debug/deps/merge_styles-1e6809076deaacd3.merge_styles.4937752c7e1c63d-cgu.0.rcgu.o" "/opt/rustwide/target/debug/deps/merge_styles-1e6809076deaacd3.merge_styles.4937752c7e1c63d-cgu.1.rcgu.o" "/opt/rustwide/target/debug/deps/merge_styles-1e6809076deaacd3.1943actnyejsho36.rcgu.o" "-Wl,--as-needed" "-L" "/opt/rustwide/target/debug/deps" "-L" "/opt/rustwide/target/debug/build/libgit2-sys-3d11c5fc7a463e3b/out/build" "-L" "/opt/rustwide/target/debug/build/libssh2-sys-a95f5d335ca180cb/out/build" "-L" "/opt/rustwide/rustup-home/toolchains/beta-2023-12-22-x86_64-unknown-linux-gnu/lib/rustlib/x86_64-unknown-linux-gnu/lib" "-Wl,-Bstatic" "/opt/rustwide/target/debug/deps/libenv_logger-4e3c18f8fea6c4df.rlib" "/opt/rustwide/target/debug/deps/libhumantime-ce381c4933d03978.rlib" "/opt/rustwide/target/debug/deps/libregex-57cc709b71061376.rlib" "/opt/rustwide/target/debug/deps/libaho_corasick-13dc14dca1895e31.rlib" "/opt/rustwide/target/debug/deps/libmemchr-33d05ae5bba76030.rlib" "/opt/rustwide/target/debug/deps/libregex_syntax-597f05d9cf5ec07b.rlib" "/opt/rustwide/target/debug/deps/libtextwrap-a9f96840eb8a1c2d.rlib" "/opt/rustwide/target/debug/deps/libunicode_width-8c89bf6e02b90910.rlib" "/opt/rustwide/target/debug/deps/libunicode_linebreak-27da9d3308106375.rlib" "/opt/rustwide/target/debug/deps/libterminal_size-e77c56fed65f2c7e.rlib" "/opt/rustwide/target/debug/deps/libsmawk-90f99b850cfc5352.rlib" "/opt/rustwide/rustup-home/toolchains/beta-2023-12-22-x86_64-unknown-linux-gnu/lib/rustlib/x86_64-unknown-linux-gnu/lib/libtest-cbab71697df97b00.rlib" "/opt/rustwide/rustup-home/toolchains/beta-2023-12-22-x86_64-unknown-linux-gnu/lib/rustlib/x86_64-unknown-linux-gnu/lib/libgetopts-2a2cf8f16c536007.rlib" "/opt/rustwide/rustup-home/toolchains/beta-2023-12-22-x86_64-unknown-linux-gnu/lib/rustlib/x86_64-unknown-linux-gnu/lib/libunicode_width-c5f3cc3cceaf9070.rlib" "/opt/rustwide/rustup-home/toolchains/beta-2023-12-22-x86_64-unknown-linux-gnu/lib/rustlib/x86_64-unknown-linux-gnu/lib/librustc_std_workspace_std-a31324ec815b09db.rlib" "/opt/rustwide/target/debug/deps/libgit_trim-abac19e531984d9c.rlib" "/opt/rustwide/target/debug/deps/librayon-d649db5075656dd7.rlib" "/opt/rustwide/target/debug/deps/librayon_core-0de23dfb8eb59e9a.rlib" "/opt/rustwide/target/debug/deps/libnum_cpus-50d7a7a7d9c3da1e.rlib" "/opt/rustwide/target/debug/deps/libcrossbeam_deque-3e3bab77d1e8e4d4.rlib" "/opt/rustwide/target/debug/deps/libcrossbeam_epoch-f49c7d5b974c1ee8.rlib" "/opt/rustwide/target/debug/deps/libmemoffset-df5843969cc9c3a9.rlib" "/opt/rustwide/target/debug/deps/libscopeguard-31f1b56a39f2a372.rlib" "/opt/rustwide/target/debug/deps/libeither-b6731ec32f184594.rlib" "/opt/rustwide/target/debug/deps/libcrossbeam_channel-af5c4434930c1f3e.rlib" "/opt/rustwide/target/debug/deps/libcrossbeam_utils-c1681066a3f92e0d.rlib" "/opt/rustwide/target/debug/deps/libgit2-b85a8298cfb56a5b.rlib" "/opt/rustwide/target/debug/deps/libopenssl_probe-01da96bec2dfd166.rlib" "/opt/rustwide/target/debug/deps/liburl-c27420e289672182.rlib" "/opt/rustwide/target/debug/deps/libidna-f5ec19a924db9307.rlib" "/opt/rustwide/target/debug/deps/libunicode_normalization-d46a9be84e5a96bd.rlib" "/opt/rustwide/target/debug/deps/libtinyvec-e7dc63e82263080a.rlib" "/opt/rustwide/target/debug/deps/libtinyvec_macros-2b90caf71be257df.rlib" "/opt/rustwide/target/debug/deps/libunicode_bidi-dff3380632f62c6d.rlib" "/opt/rustwide/target/debug/deps/libform_urlencoded-2e6be29729763aa6.rlib" "/opt/rustwide/target/debug/deps/libpercent_encoding-52ba3d834e28489d.rlib" "/opt/rustwide/target/debug/deps/liblibgit2_sys-bd1b0d29361c3bb2.rlib" "/opt/rustwide/target/debug/deps/liblibssh2_sys-265786f1ca0b216d.rlib" "/opt/rustwide/target/debug/deps/libopenssl_sys-fc5493d0fe4c487a.rlib" "/opt/rustwide/target/debug/deps/liblibz_sys-cd763ed6020575ce.rlib" "/opt/rustwide/target/debug/deps/libanyhow-88856cc19a967ff9.rlib" "/opt/rustwide/target/debug/deps/libthiserror-c71016cd6b78f664.rlib" "/opt/rustwide/target/debug/deps/libclap-56866f9f9faa2142.rlib" "/opt/rustwide/target/debug/deps/libstrsim-7c2291ed86ef7041.rlib" "/opt/rustwide/target/debug/deps/libis_terminal-5f78acbc3a6400e9.rlib" "/opt/rustwide/target/debug/deps/librustix-68e8630d15c15b07.rlib" "/opt/rustwide/target/debug/deps/liblinux_raw_sys-d39722d815bd1a01.rlib" "/opt/rustwide/target/debug/deps/libio_lifetimes-31d707889221676e.rlib" "/opt/rustwide/target/debug/deps/libclap_lex-eee8dd384c1b0d70.rlib" "/opt/rustwide/target/debug/deps/libos_str_bytes-72e5395a4646a0f0.rlib" "/opt/rustwide/target/debug/deps/libtermcolor-fe47d483106080c8.rlib" "/opt/rustwide/target/debug/deps/libbitflags-85e13ed1e0c6d910.rlib" "/opt/rustwide/target/debug/deps/libonce_cell-ef1409d54228c1c0.rlib" "/opt/rustwide/target/debug/deps/libtempfile-d1764367683e59ee.rlib" "/opt/rustwide/target/debug/deps/liblibc-0c76da938fb0702f.rlib" "/opt/rustwide/target/debug/deps/libfastrand-94c70a216b334e0d.rlib" "/opt/rustwide/target/debug/deps/libremove_dir_all-a4df0c6439de3059.rlib" "/opt/rustwide/target/debug/deps/liblog-5dd7ca7285786d5e.rlib" "/opt/rustwide/target/debug/deps/libcfg_if-e7002d307f97bc56.rlib" "/opt/rustwide/rustup-home/toolchains/beta-2023-12-22-x86_64-unknown-linux-gnu/lib/rustlib/x86_64-unknown-linux-gnu/lib/libstd-0672489a78b613de.rlib" "/opt/rustwide/rustup-home/toolchains/beta-2023-12-22-x86_64-unknown-linux-gnu/lib/rustlib/x86_64-unknown-linux-gnu/lib/libpanic_unwind-7eb3ffc34a49f675.rlib" "/opt/rustwide/rustup-home/toolchains/beta-2023-12-22-x86_64-unknown-linux-gnu/lib/rustlib/x86_64-unknown-linux-gnu/lib/libobject-6478a9daa4bee8e2.rlib" "/opt/rustwide/rustup-home/toolchains/beta-2023-12-22-x86_64-unknown-linux-gnu/lib/rustlib/x86_64-unknown-linux-gnu/lib/libmemchr-0c75d871a5c3923d.rlib" "/opt/rustwide/rustup-home/toolchains/beta-2023-12-22-x86_64-unknown-linux-gnu/lib/rustlib/x86_64-unknown-linux-gnu/lib/libaddr2line-d163ef63ad37bb71.rlib" "/opt/rustwide/rustup-home/toolchains/beta-2023-12-22-x86_64-unknown-linux-gnu/lib/rustlib/x86_64-unknown-linux-gnu/lib/libgimli-8a3fd810a85b9f4c.rlib" "/opt/rustwide/rustup-home/toolchains/beta-2023-12-22-x86_64-unknown-linux-gnu/lib/rustlib/x86_64-unknown-linux-gnu/lib/librustc_demangle-462a2cde8c5dfc10.rlib" "/opt/rustwide/rustup-home/toolchains/beta-2023-12-22-x86_64-unknown-linux-gnu/lib/rustlib/x86_64-unknown-linux-gnu/lib/libstd_detect-cb06ac9f54713f71.rlib" "/opt/rustwide/rustup-home/toolchains/beta-2023-12-22-x86_64-unknown-linux-gnu/lib/rustlib/x86_64-unknown-linux-gnu/lib/libhashbrown-f20bfd1f8e59b393.rlib" "/opt/rustwide/rustup-home/toolchains/beta-2023-12-22-x86_64-unknown-linux-gnu/lib/rustlib/x86_64-unknown-linux-gnu/lib/librustc_std_workspace_alloc-1ef460949b49da4b.rlib" "/opt/rustwide/rustup-home/toolchains/beta-2023-12-22-x86_64-unknown-linux-gnu/lib/rustlib/x86_64-unknown-linux-gnu/lib/libminiz_oxide-2cb0c0ffe4f87514.rlib" "/opt/rustwide/rustup-home/toolchains/beta-2023-12-22-x86_64-unknown-linux-gnu/lib/rustlib/x86_64-unknown-linux-gnu/lib/libadler-58d841eb322a11a2.rlib" "/opt/rustwide/rustup-home/toolchains/beta-2023-12-22-x86_64-unknown-linux-gnu/lib/rustlib/x86_64-unknown-linux-gnu/lib/libunwind-aa2ae0b0a9d11533.rlib" "/opt/rustwide/rustup-home/toolchains/beta-2023-12-22-x86_64-unknown-linux-gnu/lib/rustlib/x86_64-unknown-linux-gnu/lib/libcfg_if-23874e15830ed336.rlib" "/opt/rustwide/rustup-home/toolchains/beta-2023-12-22-x86_64-unknown-linux-gnu/lib/rustlib/x86_64-unknown-linux-gnu/lib/liblibc-e47cddc003bce885.rlib" "/opt/rustwide/rustup-home/toolchains/beta-2023-12-22-x86_64-unknown-linux-gnu/lib/rustlib/x86_64-unknown-linux-gnu/lib/liballoc-c22b13b48a8f128e.rlib" "/opt/rustwide/rustup-home/toolchains/beta-2023-12-22-x86_64-unknown-linux-gnu/lib/rustlib/x86_64-unknown-linux-gnu/lib/librustc_std_workspace_core-e46bc3da6d7c462f.rlib" "/opt/rustwide/rustup-home/toolchains/beta-2023-12-22-x86_64-unknown-linux-gnu/lib/rustlib/x86_64-unknown-linux-gnu/lib/libcore-8d1ac131d3cb2645.rlib" "/opt/rustwide/rustup-home/toolchains/beta-2023-12-22-x86_64-unknown-linux-gnu/lib/rustlib/x86_64-unknown-linux-gnu/lib/libcompiler_builtins-a1b43df8c6899c1f.rlib" "-Wl,-Bdynamic" "-lssl" "-lcrypto" "-lz" "-lgcc_s" "-lutil" "-lrt" "-lpthread" "-lm" "-ldl" "-lc" "-Wl,--eh-frame-hdr" "-Wl,-z,noexecstack" "-L" "/opt/rustwide/rustup-home/toolchains/beta-2023-12-22-x86_64-unknown-linux-gnu/lib/rustlib/x86_64-unknown-linux-gnu/lib" "-o" "/opt/rustwide/target/debug/deps/merge_styles-1e6809076deaacd3" "-Wl,--gc-sections" "-pie" "-Wl,-z,relro,-z,now" "-nodefaultlibs"
[INFO] [stdout]   = note: collect2: fatal error: ld terminated with signal 9 [Killed]
[INFO] [stdout]           compilation terminated.
[INFO] [stdout]           
[INFO] [stdout] 
[INFO] [stdout] 
[INFO] [stdout] error: aborting due to 1 previous error
[INFO] [stdout] 
[INFO] [stdout] 
[INFO] [stderr] The following warnings were emitted during compilation:
[INFO] [stderr] 
[INFO] [stderr] warning: git-trim@0.4.4: An Error occurred during processing of Git. VERGEN_GIT_* may be incomplete.
[INFO] [stderr] 
[INFO] [stderr] error: could not compile `git-trim` (test "merge_styles") due to 2 previous errors
[INFO] [stdout] error: linking with `cc` failed: exit status: 1
[INFO] [stdout]   |
[INFO] [stdout]   = note: LC_ALL="C" PATH="/opt/rustwide/rustup-home/toolchains/beta-2023-12-22-x86_64-unknown-linux-gnu/lib/rustlib/x86_64-unknown-linux-gnu/bin:/opt/rustwide/cargo-home/bin:/usr/local/sbin:/usr/local/bin:/usr/sbin:/usr/bin:/sbin:/bin" VSLANG="1033" "cc" "-m64" "/tmp/rustctJy3SW/symbols.o" "/opt/rustwide/target/debug/deps/filter_accidential_track-54b4009b30bcbdc0.filter_accidential_track.1f2ffabac5127cb9-cgu.0.rcgu.o" "/opt/rustwide/target/debug/deps/filter_accidential_track-54b4009b30bcbdc0.filter_accidential_track.1f2ffabac5127cb9-cgu.1.rcgu.o" "/opt/rustwide/target/debug/deps/filter_accidential_track-54b4009b30bcbdc0.36jkxtwvb9r6dwfi.rcgu.o" "-Wl,--as-needed" "-L" "/opt/rustwide/target/debug/deps" "-L" "/opt/rustwide/target/debug/build/libgit2-sys-3d11c5fc7a463e3b/out/build" "-L" "/opt/rustwide/target/debug/build/libssh2-sys-a95f5d335ca180cb/out/build" "-L" "/opt/rustwide/rustup-home/toolchains/beta-2023-12-22-x86_64-unknown-linux-gnu/lib/rustlib/x86_64-unknown-linux-gnu/lib" "-Wl,-Bstatic" "/opt/rustwide/target/debug/deps/libenv_logger-4e3c18f8fea6c4df.rlib" "/opt/rustwide/target/debug/deps/libhumantime-ce381c4933d03978.rlib" "/opt/rustwide/target/debug/deps/libregex-57cc709b71061376.rlib" "/opt/rustwide/target/debug/deps/libaho_corasick-13dc14dca1895e31.rlib" "/opt/rustwide/target/debug/deps/libmemchr-33d05ae5bba76030.rlib" "/opt/rustwide/target/debug/deps/libregex_syntax-597f05d9cf5ec07b.rlib" "/opt/rustwide/target/debug/deps/libtextwrap-a9f96840eb8a1c2d.rlib" "/opt/rustwide/target/debug/deps/libunicode_width-8c89bf6e02b90910.rlib" "/opt/rustwide/target/debug/deps/libunicode_linebreak-27da9d3308106375.rlib" "/opt/rustwide/target/debug/deps/libterminal_size-e77c56fed65f2c7e.rlib" "/opt/rustwide/target/debug/deps/libsmawk-90f99b850cfc5352.rlib" "/opt/rustwide/rustup-home/toolchains/beta-2023-12-22-x86_64-unknown-linux-gnu/lib/rustlib/x86_64-unknown-linux-gnu/lib/libtest-cbab71697df97b00.rlib" "/opt/rustwide/rustup-home/toolchains/beta-2023-12-22-x86_64-unknown-linux-gnu/lib/rustlib/x86_64-unknown-linux-gnu/lib/libgetopts-2a2cf8f16c536007.rlib" "/opt/rustwide/rustup-home/toolchains/beta-2023-12-22-x86_64-unknown-linux-gnu/lib/rustlib/x86_64-unknown-linux-gnu/lib/libunicode_width-c5f3cc3cceaf9070.rlib" "/opt/rustwide/rustup-home/toolchains/beta-2023-12-22-x86_64-unknown-linux-gnu/lib/rustlib/x86_64-unknown-linux-gnu/lib/librustc_std_workspace_std-a31324ec815b09db.rlib" "/opt/rustwide/target/debug/deps/libgit_trim-abac19e531984d9c.rlib" "/opt/rustwide/target/debug/deps/librayon-d649db5075656dd7.rlib" "/opt/rustwide/target/debug/deps/librayon_core-0de23dfb8eb59e9a.rlib" "/opt/rustwide/target/debug/deps/libnum_cpus-50d7a7a7d9c3da1e.rlib" "/opt/rustwide/target/debug/deps/libcrossbeam_deque-3e3bab77d1e8e4d4.rlib" "/opt/rustwide/target/debug/deps/libcrossbeam_epoch-f49c7d5b974c1ee8.rlib" "/opt/rustwide/target/debug/deps/libmemoffset-df5843969cc9c3a9.rlib" "/opt/rustwide/target/debug/deps/libscopeguard-31f1b56a39f2a372.rlib" "/opt/rustwide/target/debug/deps/libeither-b6731ec32f184594.rlib" "/opt/rustwide/target/debug/deps/libcrossbeam_channel-af5c4434930c1f3e.rlib" "/opt/rustwide/target/debug/deps/libcrossbeam_utils-c1681066a3f92e0d.rlib" "/opt/rustwide/target/debug/deps/libgit2-b85a8298cfb56a5b.rlib" "/opt/rustwide/target/debug/deps/libopenssl_probe-01da96bec2dfd166.rlib" "/opt/rustwide/target/debug/deps/liburl-c27420e289672182.rlib" "/opt/rustwide/target/debug/deps/libidna-f5ec19a924db9307.rlib" "/opt/rustwide/target/debug/deps/libunicode_normalization-d46a9be84e5a96bd.rlib" "/opt/rustwide/target/debug/deps/libtinyvec-e7dc63e82263080a.rlib" "/opt/rustwide/target/debug/deps/libtinyvec_macros-2b90caf71be257df.rlib" "/opt/rustwide/target/debug/deps/libunicode_bidi-dff3380632f62c6d.rlib" "/opt/rustwide/target/debug/deps/libform_urlencoded-2e6be29729763aa6.rlib" "/opt/rustwide/target/debug/deps/libpercent_encoding-52ba3d834e28489d.rlib" "/opt/rustwide/target/debug/deps/liblibgit2_sys-bd1b0d29361c3bb2.rlib" "/opt/rustwide/target/debug/deps/liblibssh2_sys-265786f1ca0b216d.rlib" "/opt/rustwide/target/debug/deps/libopenssl_sys-fc5493d0fe4c487a.rlib" "/opt/rustwide/target/debug/deps/liblibz_sys-cd763ed6020575ce.rlib" "/opt/rustwide/target/debug/deps/libanyhow-88856cc19a967ff9.rlib" "/opt/rustwide/target/debug/deps/libthiserror-c71016cd6b78f664.rlib" "/opt/rustwide/target/debug/deps/libclap-56866f9f9faa2142.rlib" "/opt/rustwide/target/debug/deps/libstrsim-7c2291ed86ef7041.rlib" "/opt/rustwide/target/debug/deps/libis_terminal-5f78acbc3a6400e9.rlib" "/opt/rustwide/target/debug/deps/librustix-68e8630d15c15b07.rlib" "/opt/rustwide/target/debug/deps/liblinux_raw_sys-d39722d815bd1a01.rlib" "/opt/rustwide/target/debug/deps/libio_lifetimes-31d707889221676e.rlib" "/opt/rustwide/target/debug/deps/libclap_lex-eee8dd384c1b0d70.rlib" "/opt/rustwide/target/debug/deps/libos_str_bytes-72e5395a4646a0f0.rlib" "/opt/rustwide/target/debug/deps/libtermcolor-fe47d483106080c8.rlib" "/opt/rustwide/target/debug/deps/libbitflags-85e13ed1e0c6d910.rlib" "/opt/rustwide/target/debug/deps/libonce_cell-ef1409d54228c1c0.rlib" "/opt/rustwide/target/debug/deps/libtempfile-d1764367683e59ee.rlib" "/opt/rustwide/target/debug/deps/liblibc-0c76da938fb0702f.rlib" "/opt/rustwide/target/debug/deps/libfastrand-94c70a216b334e0d.rlib" "/opt/rustwide/target/debug/deps/libremove_dir_all-a4df0c6439de3059.rlib" "/opt/rustwide/target/debug/deps/liblog-5dd7ca7285786d5e.rlib" "/opt/rustwide/target/debug/deps/libcfg_if-e7002d307f97bc56.rlib" "/opt/rustwide/rustup-home/toolchains/beta-2023-12-22-x86_64-unknown-linux-gnu/lib/rustlib/x86_64-unknown-linux-gnu/lib/libstd-0672489a78b613de.rlib" "/opt/rustwide/rustup-home/toolchains/beta-2023-12-22-x86_64-unknown-linux-gnu/lib/rustlib/x86_64-unknown-linux-gnu/lib/libpanic_unwind-7eb3ffc34a49f675.rlib" "/opt/rustwide/rustup-home/toolchains/beta-2023-12-22-x86_64-unknown-linux-gnu/lib/rustlib/x86_64-unknown-linux-gnu/lib/libobject-6478a9daa4bee8e2.rlib" "/opt/rustwide/rustup-home/toolchains/beta-2023-12-22-x86_64-unknown-linux-gnu/lib/rustlib/x86_64-unknown-linux-gnu/lib/libmemchr-0c75d871a5c3923d.rlib" "/opt/rustwide/rustup-home/toolchains/beta-2023-12-22-x86_64-unknown-linux-gnu/lib/rustlib/x86_64-unknown-linux-gnu/lib/libaddr2line-d163ef63ad37bb71.rlib" "/opt/rustwide/rustup-home/toolchains/beta-2023-12-22-x86_64-unknown-linux-gnu/lib/rustlib/x86_64-unknown-linux-gnu/lib/libgimli-8a3fd810a85b9f4c.rlib" "/opt/rustwide/rustup-home/toolchains/beta-2023-12-22-x86_64-unknown-linux-gnu/lib/rustlib/x86_64-unknown-linux-gnu/lib/librustc_demangle-462a2cde8c5dfc10.rlib" "/opt/rustwide/rustup-home/toolchains/beta-2023-12-22-x86_64-unknown-linux-gnu/lib/rustlib/x86_64-unknown-linux-gnu/lib/libstd_detect-cb06ac9f54713f71.rlib" "/opt/rustwide/rustup-home/toolchains/beta-2023-12-22-x86_64-unknown-linux-gnu/lib/rustlib/x86_64-unknown-linux-gnu/lib/libhashbrown-f20bfd1f8e59b393.rlib" "/opt/rustwide/rustup-home/toolchains/beta-2023-12-22-x86_64-unknown-linux-gnu/lib/rustlib/x86_64-unknown-linux-gnu/lib/librustc_std_workspace_alloc-1ef460949b49da4b.rlib" "/opt/rustwide/rustup-home/toolchains/beta-2023-12-22-x86_64-unknown-linux-gnu/lib/rustlib/x86_64-unknown-linux-gnu/lib/libminiz_oxide-2cb0c0ffe4f87514.rlib" "/opt/rustwide/rustup-home/toolchains/beta-2023-12-22-x86_64-unknown-linux-gnu/lib/rustlib/x86_64-unknown-linux-gnu/lib/libadler-58d841eb322a11a2.rlib" "/opt/rustwide/rustup-home/toolchains/beta-2023-12-22-x86_64-unknown-linux-gnu/lib/rustlib/x86_64-unknown-linux-gnu/lib/libunwind-aa2ae0b0a9d11533.rlib" "/opt/rustwide/rustup-home/toolchains/beta-2023-12-22-x86_64-unknown-linux-gnu/lib/rustlib/x86_64-unknown-linux-gnu/lib/libcfg_if-23874e15830ed336.rlib" "/opt/rustwide/rustup-home/toolchains/beta-2023-12-22-x86_64-unknown-linux-gnu/lib/rustlib/x86_64-unknown-linux-gnu/lib/liblibc-e47cddc003bce885.rlib" "/opt/rustwide/rustup-home/toolchains/beta-2023-12-22-x86_64-unknown-linux-gnu/lib/rustlib/x86_64-unknown-linux-gnu/lib/liballoc-c22b13b48a8f128e.rlib" "/opt/rustwide/rustup-home/toolchains/beta-2023-12-22-x86_64-unknown-linux-gnu/lib/rustlib/x86_64-unknown-linux-gnu/lib/librustc_std_workspace_core-e46bc3da6d7c462f.rlib" "/opt/rustwide/rustup-home/toolchains/beta-2023-12-22-x86_64-unknown-linux-gnu/lib/rustlib/x86_64-unknown-linux-gnu/lib/libcore-8d1ac131d3cb2645.rlib" "/opt/rustwide/rustup-home/toolchains/beta-2023-12-22-x86_64-unknown-linux-gnu/lib/rustlib/x86_64-unknown-linux-gnu/lib/libcompiler_builtins-a1b43df8c6899c1f.rlib" "-Wl,-Bdynamic" "-lssl" "-lcrypto" "-lz" "-lgcc_s" "-lutil" "-lrt" "-lpthread" "-lm" "-ldl" "-lc" "-Wl,--eh-frame-hdr" "-Wl,-z,noexecstack" "-L" "/opt/rustwide/rustup-home/toolchains/beta-2023-12-22-x86_64-unknown-linux-gnu/lib/rustlib/x86_64-unknown-linux-gnu/lib" "-o" "/opt/rustwide/target/debug/deps/filter_accidential_track-54b4009b30bcbdc0" "-Wl,--gc-sections" "-pie" "-Wl,-z,relro,-z,now" "-nodefaultlibs"
[INFO] [stdout]   = note: collect2: fatal error: ld terminated with signal 9 [Killed]
[INFO] [stdout]           compilation terminated.
[INFO] [stdout]           
[INFO] [stdout] 
[INFO] [stdout] 
[INFO] [stdout] error: aborting due to 1 previous error
[INFO] [stdout] 
[INFO] [stdout] 
[INFO] [stderr] The following warnings were emitted during compilation:
[INFO] [stderr] 
[INFO] [stderr] warning: git-trim@0.4.4: An Error occurred during processing of Git. VERGEN_GIT_* may be incomplete.
[INFO] [stderr] 
[INFO] [stderr] error: could not compile `git-trim` (test "filter_accidential_track") due to 2 previous errors
[INFO] [stdout] error: linking with `cc` failed: exit status: 1
[INFO] [stdout]   |
[INFO] [stdout]   = note: LC_ALL="C" PATH="/opt/rustwide/rustup-home/toolchains/beta-2023-12-22-x86_64-unknown-linux-gnu/lib/rustlib/x86_64-unknown-linux-gnu/bin:/opt/rustwide/cargo-home/bin:/usr/local/sbin:/usr/local/bin:/usr/sbin:/usr/bin:/sbin:/bin" VSLANG="1033" "cc" "-m64" "/tmp/rustclqdW8V/symbols.o" "/opt/rustwide/target/debug/deps/triangular_git_flow-388fe62c3a7f4c1b.triangular_git_flow.4ea6d6eb48bfcc40-cgu.0.rcgu.o" "/opt/rustwide/target/debug/deps/triangular_git_flow-388fe62c3a7f4c1b.triangular_git_flow.4ea6d6eb48bfcc40-cgu.1.rcgu.o" "/opt/rustwide/target/debug/deps/triangular_git_flow-388fe62c3a7f4c1b.triangular_git_flow.4ea6d6eb48bfcc40-cgu.2.rcgu.o" "/opt/rustwide/target/debug/deps/triangular_git_flow-388fe62c3a7f4c1b.4tpxw1mnke1nbmt2.rcgu.o" "-Wl,--as-needed" "-L" "/opt/rustwide/target/debug/deps" "-L" "/opt/rustwide/target/debug/build/libgit2-sys-3d11c5fc7a463e3b/out/build" "-L" "/opt/rustwide/target/debug/build/libssh2-sys-a95f5d335ca180cb/out/build" "-L" "/opt/rustwide/rustup-home/toolchains/beta-2023-12-22-x86_64-unknown-linux-gnu/lib/rustlib/x86_64-unknown-linux-gnu/lib" "-Wl,-Bstatic" "/opt/rustwide/target/debug/deps/libenv_logger-4e3c18f8fea6c4df.rlib" "/opt/rustwide/target/debug/deps/libhumantime-ce381c4933d03978.rlib" "/opt/rustwide/target/debug/deps/libregex-57cc709b71061376.rlib" "/opt/rustwide/target/debug/deps/libaho_corasick-13dc14dca1895e31.rlib" "/opt/rustwide/target/debug/deps/libmemchr-33d05ae5bba76030.rlib" "/opt/rustwide/target/debug/deps/libregex_syntax-597f05d9cf5ec07b.rlib" "/opt/rustwide/target/debug/deps/libtextwrap-a9f96840eb8a1c2d.rlib" "/opt/rustwide/target/debug/deps/libunicode_width-8c89bf6e02b90910.rlib" "/opt/rustwide/target/debug/deps/libunicode_linebreak-27da9d3308106375.rlib" "/opt/rustwide/target/debug/deps/libterminal_size-e77c56fed65f2c7e.rlib" "/opt/rustwide/target/debug/deps/libsmawk-90f99b850cfc5352.rlib" "/opt/rustwide/rustup-home/toolchains/beta-2023-12-22-x86_64-unknown-linux-gnu/lib/rustlib/x86_64-unknown-linux-gnu/lib/libtest-cbab71697df97b00.rlib" "/opt/rustwide/rustup-home/toolchains/beta-2023-12-22-x86_64-unknown-linux-gnu/lib/rustlib/x86_64-unknown-linux-gnu/lib/libgetopts-2a2cf8f16c536007.rlib" "/opt/rustwide/rustup-home/toolchains/beta-2023-12-22-x86_64-unknown-linux-gnu/lib/rustlib/x86_64-unknown-linux-gnu/lib/libunicode_width-c5f3cc3cceaf9070.rlib" "/opt/rustwide/rustup-home/toolchains/beta-2023-12-22-x86_64-unknown-linux-gnu/lib/rustlib/x86_64-unknown-linux-gnu/lib/librustc_std_workspace_std-a31324ec815b09db.rlib" "/opt/rustwide/target/debug/deps/libgit_trim-abac19e531984d9c.rlib" "/opt/rustwide/target/debug/deps/librayon-d649db5075656dd7.rlib" "/opt/rustwide/target/debug/deps/librayon_core-0de23dfb8eb59e9a.rlib" "/opt/rustwide/target/debug/deps/libnum_cpus-50d7a7a7d9c3da1e.rlib" "/opt/rustwide/target/debug/deps/libcrossbeam_deque-3e3bab77d1e8e4d4.rlib" "/opt/rustwide/target/debug/deps/libcrossbeam_epoch-f49c7d5b974c1ee8.rlib" "/opt/rustwide/target/debug/deps/libmemoffset-df5843969cc9c3a9.rlib" "/opt/rustwide/target/debug/deps/libscopeguard-31f1b56a39f2a372.rlib" "/opt/rustwide/target/debug/deps/libeither-b6731ec32f184594.rlib" "/opt/rustwide/target/debug/deps/libcrossbeam_channel-af5c4434930c1f3e.rlib" "/opt/rustwide/target/debug/deps/libcrossbeam_utils-c1681066a3f92e0d.rlib" "/opt/rustwide/target/debug/deps/libgit2-b85a8298cfb56a5b.rlib" "/opt/rustwide/target/debug/deps/libopenssl_probe-01da96bec2dfd166.rlib" "/opt/rustwide/target/debug/deps/liburl-c27420e289672182.rlib" "/opt/rustwide/target/debug/deps/libidna-f5ec19a924db9307.rlib" "/opt/rustwide/target/debug/deps/libunicode_normalization-d46a9be84e5a96bd.rlib" "/opt/rustwide/target/debug/deps/libtinyvec-e7dc63e82263080a.rlib" "/opt/rustwide/target/debug/deps/libtinyvec_macros-2b90caf71be257df.rlib" "/opt/rustwide/target/debug/deps/libunicode_bidi-dff3380632f62c6d.rlib" "/opt/rustwide/target/debug/deps/libform_urlencoded-2e6be29729763aa6.rlib" "/opt/rustwide/target/debug/deps/libpercent_encoding-52ba3d834e28489d.rlib" "/opt/rustwide/target/debug/deps/liblibgit2_sys-bd1b0d29361c3bb2.rlib" "/opt/rustwide/target/debug/deps/liblibssh2_sys-265786f1ca0b216d.rlib" "/opt/rustwide/target/debug/deps/libopenssl_sys-fc5493d0fe4c487a.rlib" "/opt/rustwide/target/debug/deps/liblibz_sys-cd763ed6020575ce.rlib" "/opt/rustwide/target/debug/deps/libanyhow-88856cc19a967ff9.rlib" "/opt/rustwide/target/debug/deps/libthiserror-c71016cd6b78f664.rlib" "/opt/rustwide/target/debug/deps/libclap-56866f9f9faa2142.rlib" "/opt/rustwide/target/debug/deps/libstrsim-7c2291ed86ef7041.rlib" "/opt/rustwide/target/debug/deps/libis_terminal-5f78acbc3a6400e9.rlib" "/opt/rustwide/target/debug/deps/librustix-68e8630d15c15b07.rlib" "/opt/rustwide/target/debug/deps/liblinux_raw_sys-d39722d815bd1a01.rlib" "/opt/rustwide/target/debug/deps/libio_lifetimes-31d707889221676e.rlib" "/opt/rustwide/target/debug/deps/libclap_lex-eee8dd384c1b0d70.rlib" "/opt/rustwide/target/debug/deps/libos_str_bytes-72e5395a4646a0f0.rlib" "/opt/rustwide/target/debug/deps/libtermcolor-fe47d483106080c8.rlib" "/opt/rustwide/target/debug/deps/libbitflags-85e13ed1e0c6d910.rlib" "/opt/rustwide/target/debug/deps/libonce_cell-ef1409d54228c1c0.rlib" "/opt/rustwide/target/debug/deps/libtempfile-d1764367683e59ee.rlib" "/opt/rustwide/target/debug/deps/liblibc-0c76da938fb0702f.rlib" "/opt/rustwide/target/debug/deps/libfastrand-94c70a216b334e0d.rlib" "/opt/rustwide/target/debug/deps/libremove_dir_all-a4df0c6439de3059.rlib" "/opt/rustwide/target/debug/deps/liblog-5dd7ca7285786d5e.rlib" "/opt/rustwide/target/debug/deps/libcfg_if-e7002d307f97bc56.rlib" "/opt/rustwide/rustup-home/toolchains/beta-2023-12-22-x86_64-unknown-linux-gnu/lib/rustlib/x86_64-unknown-linux-gnu/lib/libstd-0672489a78b613de.rlib" "/opt/rustwide/rustup-home/toolchains/beta-2023-12-22-x86_64-unknown-linux-gnu/lib/rustlib/x86_64-unknown-linux-gnu/lib/libpanic_unwind-7eb3ffc34a49f675.rlib" "/opt/rustwide/rustup-home/toolchains/beta-2023-12-22-x86_64-unknown-linux-gnu/lib/rustlib/x86_64-unknown-linux-gnu/lib/libobject-6478a9daa4bee8e2.rlib" "/opt/rustwide/rustup-home/toolchains/beta-2023-12-22-x86_64-unknown-linux-gnu/lib/rustlib/x86_64-unknown-linux-gnu/lib/libmemchr-0c75d871a5c3923d.rlib" "/opt/rustwide/rustup-home/toolchains/beta-2023-12-22-x86_64-unknown-linux-gnu/lib/rustlib/x86_64-unknown-linux-gnu/lib/libaddr2line-d163ef63ad37bb71.rlib" "/opt/rustwide/rustup-home/toolchains/beta-2023-12-22-x86_64-unknown-linux-gnu/lib/rustlib/x86_64-unknown-linux-gnu/lib/libgimli-8a3fd810a85b9f4c.rlib" "/opt/rustwide/rustup-home/toolchains/beta-2023-12-22-x86_64-unknown-linux-gnu/lib/rustlib/x86_64-unknown-linux-gnu/lib/librustc_demangle-462a2cde8c5dfc10.rlib" "/opt/rustwide/rustup-home/toolchains/beta-2023-12-22-x86_64-unknown-linux-gnu/lib/rustlib/x86_64-unknown-linux-gnu/lib/libstd_detect-cb06ac9f54713f71.rlib" "/opt/rustwide/rustup-home/toolchains/beta-2023-12-22-x86_64-unknown-linux-gnu/lib/rustlib/x86_64-unknown-linux-gnu/lib/libhashbrown-f20bfd1f8e59b393.rlib" "/opt/rustwide/rustup-home/toolchains/beta-2023-12-22-x86_64-unknown-linux-gnu/lib/rustlib/x86_64-unknown-linux-gnu/lib/librustc_std_workspace_alloc-1ef460949b49da4b.rlib" "/opt/rustwide/rustup-home/toolchains/beta-2023-12-22-x86_64-unknown-linux-gnu/lib/rustlib/x86_64-unknown-linux-gnu/lib/libminiz_oxide-2cb0c0ffe4f87514.rlib" "/opt/rustwide/rustup-home/toolchains/beta-2023-12-22-x86_64-unknown-linux-gnu/lib/rustlib/x86_64-unknown-linux-gnu/lib/libadler-58d841eb322a11a2.rlib" "/opt/rustwide/rustup-home/toolchains/beta-2023-12-22-x86_64-unknown-linux-gnu/lib/rustlib/x86_64-unknown-linux-gnu/lib/libunwind-aa2ae0b0a9d11533.rlib" "/opt/rustwide/rustup-home/toolchains/beta-2023-12-22-x86_64-unknown-linux-gnu/lib/rustlib/x86_64-unknown-linux-gnu/lib/libcfg_if-23874e15830ed336.rlib" "/opt/rustwide/rustup-home/toolchains/beta-2023-12-22-x86_64-unknown-linux-gnu/lib/rustlib/x86_64-unknown-linux-gnu/lib/liblibc-e47cddc003bce885.rlib" "/opt/rustwide/rustup-home/toolchains/beta-2023-12-22-x86_64-unknown-linux-gnu/lib/rustlib/x86_64-unknown-linux-gnu/lib/liballoc-c22b13b48a8f128e.rlib" "/opt/rustwide/rustup-home/toolchains/beta-2023-12-22-x86_64-unknown-linux-gnu/lib/rustlib/x86_64-unknown-linux-gnu/lib/librustc_std_workspace_core-e46bc3da6d7c462f.rlib" "/opt/rustwide/rustup-home/toolchains/beta-2023-12-22-x86_64-unknown-linux-gnu/lib/rustlib/x86_64-unknown-linux-gnu/lib/libcore-8d1ac131d3cb2645.rlib" "/opt/rustwide/rustup-home/toolchains/beta-2023-12-22-x86_64-unknown-linux-gnu/lib/rustlib/x86_64-unknown-linux-gnu/lib/libcompiler_builtins-a1b43df8c6899c1f.rlib" "-Wl,-Bdynamic" "-lssl" "-lcrypto" "-lz" "-lgcc_s" "-lutil" "-lrt" "-lpthread" "-lm" "-ldl" "-lc" "-Wl,--eh-frame-hdr" "-Wl,-z,noexecstack" "-L" "/opt/rustwide/rustup-home/toolchains/beta-2023-12-22-x86_64-unknown-linux-gnu/lib/rustlib/x86_64-unknown-linux-gnu/lib" "-o" "/opt/rustwide/target/debug/deps/triangular_git_flow-388fe62c3a7f4c1b" "-Wl,--gc-sections" "-pie" "-Wl,-z,relro,-z,now" "-nodefaultlibs"
[INFO] [stdout]   = note: collect2: fatal error: ld terminated with signal 9 [Killed]
[INFO] [stdout]           compilation terminated.
[INFO] [stdout]           
[INFO] [stdout] 
[INFO] [stdout] 
[INFO] [stdout] error: aborting due to 1 previous error
[INFO] [stdout] 
[INFO] [stdout] 
[INFO] [stderr] The following warnings were emitted during compilation:
[INFO] [stderr] 
[INFO] [stderr] warning: git-trim@0.4.4: An Error occurred during processing of Git. VERGEN_GIT_* may be incomplete.
[INFO] [stderr] 
[INFO] [stderr] error: could not compile `git-trim` (test "triangular_git_flow") due to 2 previous errors
[INFO] running `Command { std: "docker" "inspect" "a236bc384465fcb8c3c8f0f9ab5e614e1a69e1a0f39a61cb55e5127dc78aaa91", kill_on_drop: false }`
[INFO] running `Command { std: "docker" "rm" "-f" "a236bc384465fcb8c3c8f0f9ab5e614e1a69e1a0f39a61cb55e5127dc78aaa91", kill_on_drop: false }`
[INFO] [stdout] a236bc384465fcb8c3c8f0f9ab5e614e1a69e1a0f39a61cb55e5127dc78aaa91
