[INFO] fetching crate git-refspec 0.7.3...
[INFO] testing git-refspec-0.7.3 against 1.75.0 for beta-1.76-1
[INFO] extracting crate git-refspec 0.7.3 into /workspace/builds/worker-3-tc1/source
[INFO] validating manifest of crates.io crate git-refspec 0.7.3 on toolchain 1.75.0
[INFO] running `Command { std: CARGO_HOME="/workspace/cargo-home" RUSTUP_HOME="/workspace/rustup-home" "/workspace/cargo-home/bin/cargo" "+1.75.0" "metadata" "--manifest-path" "Cargo.toml" "--no-deps", kill_on_drop: false }`
[INFO] started tweaking crates.io crate git-refspec 0.7.3
[INFO] finished tweaking crates.io crate git-refspec 0.7.3
[INFO] tweaked toml for crates.io crate git-refspec 0.7.3 written to /workspace/builds/worker-3-tc1/source/Cargo.toml
[INFO] running `Command { std: CARGO_HOME="/workspace/cargo-home" RUSTUP_HOME="/workspace/rustup-home" "/workspace/cargo-home/bin/cargo" "+1.75.0" "generate-lockfile" "--manifest-path" "Cargo.toml", kill_on_drop: false }`
[INFO] [stderr]     Updating crates.io index
[INFO] running `Command { std: CARGO_HOME="/workspace/cargo-home" RUSTUP_HOME="/workspace/rustup-home" "/workspace/cargo-home/bin/cargo" "+1.75.0" "fetch" "--manifest-path" "Cargo.toml", kill_on_drop: false }`
[INFO] [stderr]     Blocking waiting for file lock on package cache
[INFO] [stderr]     Blocking waiting for file lock on package cache
[INFO] [stderr]  Downloading crates ...
[INFO] [stderr]   Downloaded git-validate v0.7.3
[INFO] [stderr]   Downloaded git-date v0.4.3
[INFO] [stderr]   Downloaded git-hash v0.10.3
[INFO] [stderr]   Downloaded git-hashtable v0.1.2
[INFO] [stderr]   Downloaded git-features v0.26.5
[INFO] [stderr]   Downloaded git-actor v0.17.2
[INFO] [stderr]   Downloaded git-object v0.26.2
[INFO] [stderr]   Downloaded git-revision v0.10.4
[INFO] running `Command { std: "docker" "create" "-v" "/var/lib/crater-agent-workspace/builds/worker-3-tc1/target:/opt/rustwide/target:rw,Z" "-v" "/var/lib/crater-agent-workspace/builds/worker-3-tc1/source:/opt/rustwide/workdir:ro,Z" "-v" "/var/lib/crater-agent-workspace/cargo-home:/opt/rustwide/cargo-home:ro,Z" "-v" "/var/lib/crater-agent-workspace/rustup-home:/opt/rustwide/rustup-home:ro,Z" "-e" "SOURCE_DIR=/opt/rustwide/workdir" "-e" "CARGO_TARGET_DIR=/opt/rustwide/target" "-e" "CARGO_HOME=/opt/rustwide/cargo-home" "-e" "RUSTUP_HOME=/opt/rustwide/rustup-home" "-w" "/opt/rustwide/workdir" "-m" "1610612736" "--user" "0:0" "--network" "none" "ghcr.io/rust-lang/crates-build-env/linux@sha256:2788e3201cd34a07e3172128adcd8b3090168a8e3bcc40d7c032b9dda1df7d1c" "/opt/rustwide/cargo-home/bin/cargo" "+1.75.0" "metadata" "--no-deps" "--format-version=1", kill_on_drop: false }`
[INFO] [stdout] abfe483172a011dcda13ed318a8659485b330c69286c90aa22bd6466671a7c60
[INFO] running `Command { std: "docker" "start" "-a" "abfe483172a011dcda13ed318a8659485b330c69286c90aa22bd6466671a7c60", kill_on_drop: false }`
[INFO] running `Command { std: "docker" "inspect" "abfe483172a011dcda13ed318a8659485b330c69286c90aa22bd6466671a7c60", kill_on_drop: false }`
[INFO] running `Command { std: "docker" "rm" "-f" "abfe483172a011dcda13ed318a8659485b330c69286c90aa22bd6466671a7c60", kill_on_drop: false }`
[INFO] [stdout] abfe483172a011dcda13ed318a8659485b330c69286c90aa22bd6466671a7c60
[INFO] running `Command { std: "docker" "create" "-v" "/var/lib/crater-agent-workspace/builds/worker-3-tc1/target:/opt/rustwide/target:rw,Z" "-v" "/var/lib/crater-agent-workspace/builds/worker-3-tc1/source:/opt/rustwide/workdir:ro,Z" "-v" "/var/lib/crater-agent-workspace/cargo-home:/opt/rustwide/cargo-home:ro,Z" "-v" "/var/lib/crater-agent-workspace/rustup-home:/opt/rustwide/rustup-home:ro,Z" "-e" "SOURCE_DIR=/opt/rustwide/workdir" "-e" "CARGO_TARGET_DIR=/opt/rustwide/target" "-e" "CARGO_INCREMENTAL=0" "-e" "RUST_BACKTRACE=full" "-e" "RUSTFLAGS=--cap-lints=warn" "-e" "RUSTDOCFLAGS=--cap-lints=warn" "-e" "CARGO_HOME=/opt/rustwide/cargo-home" "-e" "RUSTUP_HOME=/opt/rustwide/rustup-home" "-w" "/opt/rustwide/workdir" "-m" "1610612736" "--user" "0:0" "--network" "none" "ghcr.io/rust-lang/crates-build-env/linux@sha256:2788e3201cd34a07e3172128adcd8b3090168a8e3bcc40d7c032b9dda1df7d1c" "/opt/rustwide/cargo-home/bin/cargo" "+1.75.0" "build" "--frozen" "--message-format=json", kill_on_drop: false }`
[INFO] [stdout] 0b69c0669b075a5774296e3d25194f6787121cbf1b8a26d85118890632d88d3d
[INFO] running `Command { std: "docker" "start" "-a" "0b69c0669b075a5774296e3d25194f6787121cbf1b8a26d85118890632d88d3d", kill_on_drop: false }`
[INFO] [stderr]    Compiling memchr v2.7.1
[INFO] [stderr]    Compiling regex-automata v0.4.3
[INFO] [stderr]    Compiling time-core v0.1.2
[INFO] [stderr]    Compiling powerfmt v0.2.0
[INFO] [stderr]    Compiling num_threads v0.1.6
[INFO] [stderr]    Compiling quick-error v2.0.1
[INFO] [stderr]    Compiling sha1_smol v1.0.0
[INFO] [stderr]    Compiling hashbrown v0.13.2
[INFO] [stderr]    Compiling num-traits v0.2.17
[INFO] [stderr]    Compiling smallvec v1.11.2
[INFO] [stderr]    Compiling git-hash v0.10.3
[INFO] [stderr]    Compiling time-macros v0.2.16
[INFO] [stderr]    Compiling deranged v0.3.11
[INFO] [stderr]    Compiling git-features v0.26.5
[INFO] [stderr]    Compiling nom v7.1.3
[INFO] [stderr]    Compiling git-hashtable v0.1.2
[INFO] [stderr]    Compiling bstr v1.9.0
[INFO] [stderr]    Compiling btoi v0.4.3
[INFO] [stderr]    Compiling time v0.3.31
[INFO] [stderr]    Compiling git-validate v0.7.3
[INFO] [stderr]    Compiling git-date v0.4.3
[INFO] [stderr]    Compiling git-actor v0.17.2
[INFO] [stderr]    Compiling git-object v0.26.2
[INFO] [stderr]    Compiling git-revision v0.10.4
[INFO] [stdout] error[E0282]: type annotations needed
[INFO] [stdout]    --> /opt/rustwide/cargo-home/registry/src/index.crates.io-6f17d22bba15001f/git-revision-0.10.4/src/spec/parse/function.rs:325:17
[INFO] [stdout]     |
[INFO] [stdout] 325 |     match input.as_ref() {
[INFO] [stdout]     |                 ^^^^^^
[INFO] [stdout] 326 |         [b':'] => return Err(Error::MissingColonSuffix),
[INFO] [stdout]     |         ------ type must be known at this point
[INFO] [stdout]     |
[INFO] [stdout] help: try using a fully qualified path to specify the expected types
[INFO] [stdout]     |
[INFO] [stdout] 325 |     match <BStr as AsRef<T>>::as_ref(input) {
[INFO] [stdout]     |           +++++++++++++++++++++++++++     ~
[INFO] [stdout] 
[INFO] [stdout] 
[INFO] [stdout] error[E0308]: mismatched types
[INFO] [stdout]    --> /opt/rustwide/cargo-home/registry/src/index.crates.io-6f17d22bba15001f/git-revision-0.10.4/src/spec/parse/function.rs:537:25
[INFO] [stdout]     |
[INFO] [stdout] 535 |                     let target = match kind.as_ref().as_ref() {
[INFO] [stdout]     |                                        ---------------------- this expression has type `&[u8; 6]`
[INFO] [stdout] 536 |                         b"commit" => delegate::PeelTo::ObjectKind(git_object::Kind::Commit),
[INFO] [stdout] 537 |                         b"tag" => delegate::PeelTo::ObjectKind(git_object::Kind::Tag),
[INFO] [stdout]     |                         ^^^^^^ expected an array with a fixed size of 6 elements, found one with 3 elements
[INFO] [stdout] 
[INFO] [stdout] 
[INFO] [stdout] error[E0308]: mismatched types
[INFO] [stdout]    --> /opt/rustwide/cargo-home/registry/src/index.crates.io-6f17d22bba15001f/git-revision-0.10.4/src/spec/parse/function.rs:538:25
[INFO] [stdout]     |
[INFO] [stdout] 535 |                     let target = match kind.as_ref().as_ref() {
[INFO] [stdout]     |                                        ---------------------- this expression has type `&[u8; 6]`
[INFO] [stdout] ...
[INFO] [stdout] 538 |                         b"tree" => delegate::PeelTo::ObjectKind(git_object::Kind::Tree),
[INFO] [stdout]     |                         ^^^^^^^ expected an array with a fixed size of 6 elements, found one with 4 elements
[INFO] [stdout] 
[INFO] [stdout] 
[INFO] [stdout] error[E0308]: mismatched types
[INFO] [stdout]    --> /opt/rustwide/cargo-home/registry/src/index.crates.io-6f17d22bba15001f/git-revision-0.10.4/src/spec/parse/function.rs:539:25
[INFO] [stdout]     |
[INFO] [stdout] 535 |                     let target = match kind.as_ref().as_ref() {
[INFO] [stdout]     |                                        ---------------------- this expression has type `&[u8; 6]`
[INFO] [stdout] ...
[INFO] [stdout] 539 |                         b"blob" => delegate::PeelTo::ObjectKind(git_object::Kind::Blob),
[INFO] [stdout]     |                         ^^^^^^^ expected an array with a fixed size of 6 elements, found one with 4 elements
[INFO] [stdout] 
[INFO] [stdout] 
[INFO] [stdout] error[E0308]: mismatched types
[INFO] [stdout]    --> /opt/rustwide/cargo-home/registry/src/index.crates.io-6f17d22bba15001f/git-revision-0.10.4/src/spec/parse/function.rs:541:25
[INFO] [stdout]     |
[INFO] [stdout] 535 |                     let target = match kind.as_ref().as_ref() {
[INFO] [stdout]     |                                        ---------------------- this expression has type `&[u8; 6]`
[INFO] [stdout] ...
[INFO] [stdout] 541 |                         b"" => delegate::PeelTo::RecursiveTagObject,
[INFO] [stdout]     |                         ^^^ expected an array with a fixed size of 6 elements, found one with 0 elements
[INFO] [stdout] 
[INFO] [stdout] 
[INFO] [stdout] error[E0277]: the trait bound `BStr: AsRef<[u8; 6]>` is not satisfied
[INFO] [stdout]    --> /opt/rustwide/cargo-home/registry/src/index.crates.io-6f17d22bba15001f/git-revision-0.10.4/src/spec/parse/function.rs:535:54
[INFO] [stdout]     |
[INFO] [stdout] 535 |                     let target = match kind.as_ref().as_ref() {
[INFO] [stdout]     |                                                      ^^^^^^ the trait `AsRef<[u8; 6]>` is not implemented for `BStr`
[INFO] [stdout]     |
[INFO] [stdout]     = help: the following other types implement trait `AsRef<T>`:
[INFO] [stdout]               <BStr as AsRef<BStr>>
[INFO] [stdout]               <BStr as AsRef<[u8]>>
[INFO] [stdout] 
[INFO] [stdout] 
[INFO] [stdout] error: aborting due to 6 previous errors
[INFO] [stdout] 
[INFO] [stdout] 
[INFO] [stdout] Some errors have detailed explanations: E0277, E0282, E0308.
[INFO] [stdout] 
[INFO] [stdout] For more information about an error, try `rustc --explain E0277`.
[INFO] [stdout] 
[INFO] [stderr] error: could not compile `git-revision` (lib) due to 7 previous errors
[INFO] [stderr] warning: build failed, waiting for other jobs to finish...
[INFO] running `Command { std: "docker" "inspect" "0b69c0669b075a5774296e3d25194f6787121cbf1b8a26d85118890632d88d3d", kill_on_drop: false }`
[INFO] running `Command { std: "docker" "rm" "-f" "0b69c0669b075a5774296e3d25194f6787121cbf1b8a26d85118890632d88d3d", kill_on_drop: false }`
[INFO] [stdout] 0b69c0669b075a5774296e3d25194f6787121cbf1b8a26d85118890632d88d3d
[INFO] testing git-refspec-0.7.3 against beta-2023-12-22 for beta-1.76-1
[INFO] extracting crate git-refspec 0.7.3 into /workspace/builds/worker-3-tc2/source
[INFO] validating manifest of crates.io crate git-refspec 0.7.3 on toolchain beta-2023-12-22
[INFO] running `Command { std: CARGO_HOME="/workspace/cargo-home" RUSTUP_HOME="/workspace/rustup-home" "/workspace/cargo-home/bin/cargo" "+beta-2023-12-22" "metadata" "--manifest-path" "Cargo.toml" "--no-deps", kill_on_drop: false }`
[INFO] started tweaking crates.io crate git-refspec 0.7.3
[INFO] finished tweaking crates.io crate git-refspec 0.7.3
[INFO] tweaked toml for crates.io crate git-refspec 0.7.3 written to /workspace/builds/worker-3-tc2/source/Cargo.toml
[INFO] running `Command { std: CARGO_HOME="/workspace/cargo-home" RUSTUP_HOME="/workspace/rustup-home" "/workspace/cargo-home/bin/cargo" "+beta-2023-12-22" "generate-lockfile" "--manifest-path" "Cargo.toml", kill_on_drop: false }`
[INFO] [stderr]     Blocking waiting for file lock on package cache
[INFO] [stderr]     Updating crates.io index
[INFO] running `Command { std: CARGO_HOME="/workspace/cargo-home" RUSTUP_HOME="/workspace/rustup-home" "/workspace/cargo-home/bin/cargo" "+beta-2023-12-22" "fetch" "--manifest-path" "Cargo.toml", kill_on_drop: false }`
[INFO] running `Command { std: "docker" "create" "-v" "/var/lib/crater-agent-workspace/builds/worker-3-tc2/target:/opt/rustwide/target:rw,Z" "-v" "/var/lib/crater-agent-workspace/builds/worker-3-tc2/source:/opt/rustwide/workdir:ro,Z" "-v" "/var/lib/crater-agent-workspace/cargo-home:/opt/rustwide/cargo-home:ro,Z" "-v" "/var/lib/crater-agent-workspace/rustup-home:/opt/rustwide/rustup-home:ro,Z" "-e" "SOURCE_DIR=/opt/rustwide/workdir" "-e" "CARGO_TARGET_DIR=/opt/rustwide/target" "-e" "CARGO_HOME=/opt/rustwide/cargo-home" "-e" "RUSTUP_HOME=/opt/rustwide/rustup-home" "-w" "/opt/rustwide/workdir" "-m" "1610612736" "--user" "0:0" "--network" "none" "ghcr.io/rust-lang/crates-build-env/linux@sha256:2788e3201cd34a07e3172128adcd8b3090168a8e3bcc40d7c032b9dda1df7d1c" "/opt/rustwide/cargo-home/bin/cargo" "+beta-2023-12-22" "metadata" "--no-deps" "--format-version=1", kill_on_drop: false }`
[INFO] [stdout] d0cd7bea191b84e794a85319769e6223e5c7304aefebac91f6ba1b26e76cc7d5
[INFO] running `Command { std: "docker" "start" "-a" "d0cd7bea191b84e794a85319769e6223e5c7304aefebac91f6ba1b26e76cc7d5", kill_on_drop: false }`
[INFO] running `Command { std: "docker" "inspect" "d0cd7bea191b84e794a85319769e6223e5c7304aefebac91f6ba1b26e76cc7d5", kill_on_drop: false }`
[INFO] running `Command { std: "docker" "rm" "-f" "d0cd7bea191b84e794a85319769e6223e5c7304aefebac91f6ba1b26e76cc7d5", kill_on_drop: false }`
[INFO] [stdout] d0cd7bea191b84e794a85319769e6223e5c7304aefebac91f6ba1b26e76cc7d5
[INFO] running `Command { std: "docker" "create" "-v" "/var/lib/crater-agent-workspace/builds/worker-3-tc2/target:/opt/rustwide/target:rw,Z" "-v" "/var/lib/crater-agent-workspace/builds/worker-3-tc2/source:/opt/rustwide/workdir:ro,Z" "-v" "/var/lib/crater-agent-workspace/cargo-home:/opt/rustwide/cargo-home:ro,Z" "-v" "/var/lib/crater-agent-workspace/rustup-home:/opt/rustwide/rustup-home:ro,Z" "-e" "SOURCE_DIR=/opt/rustwide/workdir" "-e" "CARGO_TARGET_DIR=/opt/rustwide/target" "-e" "CARGO_INCREMENTAL=0" "-e" "RUST_BACKTRACE=full" "-e" "RUSTFLAGS=--cap-lints=warn" "-e" "RUSTDOCFLAGS=--cap-lints=warn" "-e" "CARGO_HOME=/opt/rustwide/cargo-home" "-e" "RUSTUP_HOME=/opt/rustwide/rustup-home" "-w" "/opt/rustwide/workdir" "-m" "1610612736" "--user" "0:0" "--network" "none" "ghcr.io/rust-lang/crates-build-env/linux@sha256:2788e3201cd34a07e3172128adcd8b3090168a8e3bcc40d7c032b9dda1df7d1c" "/opt/rustwide/cargo-home/bin/cargo" "+beta-2023-12-22" "build" "--frozen" "--message-format=json", kill_on_drop: false }`
[INFO] [stdout] 1297b77bbf97cbcef54fb4b533d15aab51cf1205d2ce9c5cf75ff79b7ffd97f9
[INFO] running `Command { std: "docker" "start" "-a" "1297b77bbf97cbcef54fb4b533d15aab51cf1205d2ce9c5cf75ff79b7ffd97f9", kill_on_drop: false }`
[INFO] [stderr]    Compiling memchr v2.7.1
[INFO] [stderr]    Compiling regex-automata v0.4.3
[INFO] [stderr]    Compiling time-core v0.1.2
[INFO] [stderr]    Compiling powerfmt v0.2.0
[INFO] [stderr]    Compiling num_threads v0.1.6
[INFO] [stderr]    Compiling quick-error v2.0.1
[INFO] [stderr]    Compiling sha1_smol v1.0.0
[INFO] [stderr]    Compiling smallvec v1.11.2
[INFO] [stderr]    Compiling hashbrown v0.13.2
[INFO] [stderr]    Compiling num-traits v0.2.17
[INFO] [stderr]    Compiling git-hash v0.10.3
[INFO] [stderr]    Compiling time-macros v0.2.16
[INFO] [stderr]    Compiling git-features v0.26.5
[INFO] [stderr]    Compiling deranged v0.3.11
[INFO] [stderr]    Compiling nom v7.1.3
[INFO] [stderr]    Compiling git-hashtable v0.1.2
[INFO] [stderr]    Compiling bstr v1.9.0
[INFO] [stderr]    Compiling time v0.3.31
[INFO] [stderr]    Compiling git-validate v0.7.3
[INFO] [stderr]    Compiling btoi v0.4.3
[INFO] [stderr]    Compiling git-date v0.4.3
[INFO] [stderr]    Compiling git-actor v0.17.2
[INFO] [stderr]    Compiling git-object v0.26.2
[INFO] [stderr]    Compiling git-revision v0.10.4
[INFO] [stdout] error[E0282]: type annotations needed
[INFO] [stdout]    --> /opt/rustwide/cargo-home/registry/src/index.crates.io-6f17d22bba15001f/git-revision-0.10.4/src/spec/parse/function.rs:325:17
[INFO] [stdout]     |
[INFO] [stdout] 325 |     match input.as_ref() {
[INFO] [stdout]     |                 ^^^^^^
[INFO] [stdout] 326 |         [b':'] => return Err(Error::MissingColonSuffix),
[INFO] [stdout]     |         ------ type must be known at this point
[INFO] [stdout]     |
[INFO] [stdout] help: try using a fully qualified path to specify the expected types
[INFO] [stdout]     |
[INFO] [stdout] 325 |     match <BStr as AsRef<T>>::as_ref(input) {
[INFO] [stdout]     |           +++++++++++++++++++++++++++     ~
[INFO] [stdout] 
[INFO] [stdout] 
[INFO] [stdout] error[E0308]: mismatched types
[INFO] [stdout]    --> /opt/rustwide/cargo-home/registry/src/index.crates.io-6f17d22bba15001f/git-revision-0.10.4/src/spec/parse/function.rs:537:25
[INFO] [stdout]     |
[INFO] [stdout] 535 |                     let target = match kind.as_ref().as_ref() {
[INFO] [stdout]     |                                        ---------------------- this expression has type `&[u8; 6]`
[INFO] [stdout] 536 |                         b"commit" => delegate::PeelTo::ObjectKind(git_object::Kind::Commit),
[INFO] [stdout] 537 |                         b"tag" => delegate::PeelTo::ObjectKind(git_object::Kind::Tag),
[INFO] [stdout]     |                         ^^^^^^ expected an array with a fixed size of 6 elements, found one with 3 elements
[INFO] [stdout] 
[INFO] [stdout] 
[INFO] [stdout] error[E0308]: mismatched types
[INFO] [stdout]    --> /opt/rustwide/cargo-home/registry/src/index.crates.io-6f17d22bba15001f/git-revision-0.10.4/src/spec/parse/function.rs:538:25
[INFO] [stdout]     |
[INFO] [stdout] 535 |                     let target = match kind.as_ref().as_ref() {
[INFO] [stdout]     |                                        ---------------------- this expression has type `&[u8; 6]`
[INFO] [stdout] ...
[INFO] [stdout] 538 |                         b"tree" => delegate::PeelTo::ObjectKind(git_object::Kind::Tree),
[INFO] [stdout]     |                         ^^^^^^^ expected an array with a fixed size of 6 elements, found one with 4 elements
[INFO] [stdout] 
[INFO] [stdout] 
[INFO] [stdout] error[E0308]: mismatched types
[INFO] [stdout]    --> /opt/rustwide/cargo-home/registry/src/index.crates.io-6f17d22bba15001f/git-revision-0.10.4/src/spec/parse/function.rs:539:25
[INFO] [stdout]     |
[INFO] [stdout] 535 |                     let target = match kind.as_ref().as_ref() {
[INFO] [stdout]     |                                        ---------------------- this expression has type `&[u8; 6]`
[INFO] [stdout] ...
[INFO] [stdout] 539 |                         b"blob" => delegate::PeelTo::ObjectKind(git_object::Kind::Blob),
[INFO] [stdout]     |                         ^^^^^^^ expected an array with a fixed size of 6 elements, found one with 4 elements
[INFO] [stdout] 
[INFO] [stdout] 
[INFO] [stdout] error[E0308]: mismatched types
[INFO] [stdout]    --> /opt/rustwide/cargo-home/registry/src/index.crates.io-6f17d22bba15001f/git-revision-0.10.4/src/spec/parse/function.rs:541:25
[INFO] [stdout]     |
[INFO] [stdout] 535 |                     let target = match kind.as_ref().as_ref() {
[INFO] [stdout]     |                                        ---------------------- this expression has type `&[u8; 6]`
[INFO] [stdout] ...
[INFO] [stdout] 541 |                         b"" => delegate::PeelTo::RecursiveTagObject,
[INFO] [stdout]     |                         ^^^ expected an array with a fixed size of 6 elements, found one with 0 elements
[INFO] [stdout] 
[INFO] [stdout] 
[INFO] [stdout] error[E0277]: the trait bound `BStr: AsRef<[u8; 6]>` is not satisfied
[INFO] [stdout]    --> /opt/rustwide/cargo-home/registry/src/index.crates.io-6f17d22bba15001f/git-revision-0.10.4/src/spec/parse/function.rs:535:54
[INFO] [stdout]     |
[INFO] [stdout] 535 |                     let target = match kind.as_ref().as_ref() {
[INFO] [stdout]     |                                                      ^^^^^^ the trait `AsRef<[u8; 6]>` is not implemented for `BStr`
[INFO] [stdout]     |
[INFO] [stdout]     = help: the following other types implement trait `AsRef<T>`:
[INFO] [stdout]               <BStr as AsRef<BStr>>
[INFO] [stdout]               <BStr as AsRef<[u8]>>
[INFO] [stdout] 
[INFO] [stdout] 
[INFO] [stdout] error: aborting due to 6 previous errors
[INFO] [stdout] 
[INFO] [stdout] 
[INFO] [stdout] Some errors have detailed explanations: E0277, E0282, E0308.
[INFO] [stdout] 
[INFO] [stdout] For more information about an error, try `rustc --explain E0277`.
[INFO] [stdout] 
[INFO] [stderr] error: could not compile `git-revision` (lib) due to 7 previous errors
[INFO] [stderr] warning: build failed, waiting for other jobs to finish...
[INFO] running `Command { std: "docker" "inspect" "1297b77bbf97cbcef54fb4b533d15aab51cf1205d2ce9c5cf75ff79b7ffd97f9", kill_on_drop: false }`
[INFO] running `Command { std: "docker" "rm" "-f" "1297b77bbf97cbcef54fb4b533d15aab51cf1205d2ce9c5cf75ff79b7ffd97f9", kill_on_drop: false }`
[INFO] [stdout] 1297b77bbf97cbcef54fb4b533d15aab51cf1205d2ce9c5cf75ff79b7ffd97f9
