[INFO] fetching crate git-mailmap 0.9.3...
[INFO] testing git-mailmap-0.9.3 against 1.75.0 for beta-1.76-1
[INFO] extracting crate git-mailmap 0.9.3 into /workspace/builds/worker-1-tc1/source
[INFO] validating manifest of crates.io crate git-mailmap 0.9.3 on toolchain 1.75.0
[INFO] running `Command { std: CARGO_HOME="/workspace/cargo-home" RUSTUP_HOME="/workspace/rustup-home" "/workspace/cargo-home/bin/cargo" "+1.75.0" "metadata" "--manifest-path" "Cargo.toml" "--no-deps", kill_on_drop: false }`
[INFO] started tweaking crates.io crate git-mailmap 0.9.3
[INFO] finished tweaking crates.io crate git-mailmap 0.9.3
[INFO] tweaked toml for crates.io crate git-mailmap 0.9.3 written to /workspace/builds/worker-1-tc1/source/Cargo.toml
[INFO] running `Command { std: CARGO_HOME="/workspace/cargo-home" RUSTUP_HOME="/workspace/rustup-home" "/workspace/cargo-home/bin/cargo" "+1.75.0" "generate-lockfile" "--manifest-path" "Cargo.toml", kill_on_drop: false }`
[INFO] [stderr]     Updating crates.io index
[INFO] running `Command { std: CARGO_HOME="/workspace/cargo-home" RUSTUP_HOME="/workspace/rustup-home" "/workspace/cargo-home/bin/cargo" "+1.75.0" "fetch" "--manifest-path" "Cargo.toml", kill_on_drop: false }`
[INFO] [stderr]  Downloading crates ...
[INFO] [stderr]   Downloaded btoi v0.4.3
[INFO] [stderr]   Downloaded document-features v0.2.8
[INFO] [stderr]   Downloaded git-actor v0.17.2
[INFO] [stderr]   Downloaded git-date v0.4.3
[INFO] running `Command { std: "docker" "create" "-v" "/var/lib/crater-agent-workspace/builds/worker-1-tc1/target:/opt/rustwide/target:rw,Z" "-v" "/var/lib/crater-agent-workspace/builds/worker-1-tc1/source:/opt/rustwide/workdir:ro,Z" "-v" "/var/lib/crater-agent-workspace/cargo-home:/opt/rustwide/cargo-home:ro,Z" "-v" "/var/lib/crater-agent-workspace/rustup-home:/opt/rustwide/rustup-home:ro,Z" "-e" "SOURCE_DIR=/opt/rustwide/workdir" "-e" "CARGO_TARGET_DIR=/opt/rustwide/target" "-e" "CARGO_HOME=/opt/rustwide/cargo-home" "-e" "RUSTUP_HOME=/opt/rustwide/rustup-home" "-w" "/opt/rustwide/workdir" "-m" "1610612736" "--user" "0:0" "--network" "none" "ghcr.io/rust-lang/crates-build-env/linux@sha256:2788e3201cd34a07e3172128adcd8b3090168a8e3bcc40d7c032b9dda1df7d1c" "/opt/rustwide/cargo-home/bin/cargo" "+1.75.0" "metadata" "--no-deps" "--format-version=1", kill_on_drop: false }`
[INFO] [stdout] 51cc4b52e6f69e5411ce792862aa6fae7929a886c578a52824ecf8afeece0d1c
[INFO] running `Command { std: "docker" "start" "-a" "51cc4b52e6f69e5411ce792862aa6fae7929a886c578a52824ecf8afeece0d1c", kill_on_drop: false }`
[INFO] running `Command { std: "docker" "inspect" "51cc4b52e6f69e5411ce792862aa6fae7929a886c578a52824ecf8afeece0d1c", kill_on_drop: false }`
[INFO] running `Command { std: "docker" "rm" "-f" "51cc4b52e6f69e5411ce792862aa6fae7929a886c578a52824ecf8afeece0d1c", kill_on_drop: false }`
[INFO] [stdout] 51cc4b52e6f69e5411ce792862aa6fae7929a886c578a52824ecf8afeece0d1c
[INFO] running `Command { std: "docker" "create" "-v" "/var/lib/crater-agent-workspace/builds/worker-1-tc1/target:/opt/rustwide/target:rw,Z" "-v" "/var/lib/crater-agent-workspace/builds/worker-1-tc1/source:/opt/rustwide/workdir:ro,Z" "-v" "/var/lib/crater-agent-workspace/cargo-home:/opt/rustwide/cargo-home:ro,Z" "-v" "/var/lib/crater-agent-workspace/rustup-home:/opt/rustwide/rustup-home:ro,Z" "-e" "SOURCE_DIR=/opt/rustwide/workdir" "-e" "CARGO_TARGET_DIR=/opt/rustwide/target" "-e" "CARGO_INCREMENTAL=0" "-e" "RUST_BACKTRACE=full" "-e" "RUSTFLAGS=--cap-lints=warn" "-e" "RUSTDOCFLAGS=--cap-lints=warn" "-e" "CARGO_HOME=/opt/rustwide/cargo-home" "-e" "RUSTUP_HOME=/opt/rustwide/rustup-home" "-w" "/opt/rustwide/workdir" "-m" "1610612736" "--user" "0:0" "--network" "none" "ghcr.io/rust-lang/crates-build-env/linux@sha256:2788e3201cd34a07e3172128adcd8b3090168a8e3bcc40d7c032b9dda1df7d1c" "/opt/rustwide/cargo-home/bin/cargo" "+1.75.0" "build" "--frozen" "--message-format=json", kill_on_drop: false }`
[INFO] [stdout] 8aec4b07aab4773b68de070f1503fc0927597fcbb702bb619b12ea82fe8ae7cb
[INFO] running `Command { std: "docker" "start" "-a" "8aec4b07aab4773b68de070f1503fc0927597fcbb702bb619b12ea82fe8ae7cb", kill_on_drop: false }`
[INFO] [stderr]    Compiling num-traits v0.2.17
[INFO] [stderr]    Compiling time-core v0.1.2
[INFO] [stderr]    Compiling powerfmt v0.2.0
[INFO] [stderr]    Compiling memchr v2.7.1
[INFO] [stderr]    Compiling num_threads v0.1.6
[INFO] [stderr]    Compiling regex-automata v0.4.3
[INFO] [stderr]    Compiling minimal-lexical v0.2.1
[INFO] [stderr]    Compiling quick-error v2.0.1
[INFO] [stderr]    Compiling syn v2.0.48
[INFO] [stderr]    Compiling time-macros v0.2.16
[INFO] [stderr]    Compiling deranged v0.3.11
[INFO] [stderr]    Compiling nom v7.1.3
[INFO] [stderr]    Compiling bstr v1.9.0
[INFO] [stderr]    Compiling btoi v0.4.3
[INFO] [stderr]    Compiling time v0.3.31
[INFO] [stderr]    Compiling thiserror-impl v1.0.56
[INFO] [stderr]    Compiling thiserror v1.0.56
[INFO] [stderr]    Compiling git-date v0.4.3
[INFO] [stderr]    Compiling git-actor v0.17.2
[INFO] [stderr]    Compiling git-mailmap v0.9.3 (/opt/rustwide/workdir)
[INFO] [stderr]     Finished dev [unoptimized + debuginfo] target(s) in 2.33s
[INFO] running `Command { std: "docker" "inspect" "8aec4b07aab4773b68de070f1503fc0927597fcbb702bb619b12ea82fe8ae7cb", kill_on_drop: false }`
[INFO] running `Command { std: "docker" "rm" "-f" "8aec4b07aab4773b68de070f1503fc0927597fcbb702bb619b12ea82fe8ae7cb", kill_on_drop: false }`
[INFO] [stdout] 8aec4b07aab4773b68de070f1503fc0927597fcbb702bb619b12ea82fe8ae7cb
[INFO] running `Command { std: "docker" "create" "-v" "/var/lib/crater-agent-workspace/builds/worker-1-tc1/target:/opt/rustwide/target:rw,Z" "-v" "/var/lib/crater-agent-workspace/builds/worker-1-tc1/source:/opt/rustwide/workdir:ro,Z" "-v" "/var/lib/crater-agent-workspace/cargo-home:/opt/rustwide/cargo-home:ro,Z" "-v" "/var/lib/crater-agent-workspace/rustup-home:/opt/rustwide/rustup-home:ro,Z" "-e" "SOURCE_DIR=/opt/rustwide/workdir" "-e" "CARGO_TARGET_DIR=/opt/rustwide/target" "-e" "CARGO_INCREMENTAL=0" "-e" "RUST_BACKTRACE=full" "-e" "RUSTFLAGS=--cap-lints=warn" "-e" "RUSTDOCFLAGS=--cap-lints=warn" "-e" "CARGO_HOME=/opt/rustwide/cargo-home" "-e" "RUSTUP_HOME=/opt/rustwide/rustup-home" "-w" "/opt/rustwide/workdir" "-m" "1610612736" "--user" "0:0" "--network" "none" "ghcr.io/rust-lang/crates-build-env/linux@sha256:2788e3201cd34a07e3172128adcd8b3090168a8e3bcc40d7c032b9dda1df7d1c" "/opt/rustwide/cargo-home/bin/cargo" "+1.75.0" "test" "--frozen" "--no-run" "--message-format=json", kill_on_drop: false }`
[INFO] [stdout] 83b4585dd0a62c471d22e796df37f257de9211047706181d26669733be44d247
[INFO] running `Command { std: "docker" "start" "-a" "83b4585dd0a62c471d22e796df37f257de9211047706181d26669733be44d247", kill_on_drop: false }`
[INFO] [stderr]    Compiling git-mailmap v0.9.3 (/opt/rustwide/workdir)
[INFO] [stdout] error[E0432]: unresolved import `git_testtools`
[INFO] [stdout]  --> tests/parse/mod.rs:2:5
[INFO] [stdout]   |
[INFO] [stdout] 2 | use git_testtools::fixture_bytes;
[INFO] [stdout]   |     ^^^^^^^^^^^^^ use of undeclared crate or module `git_testtools`
[INFO] [stdout] 
[INFO] [stdout] 
[INFO] [stdout] error[E0432]: unresolved import `git_testtools`
[INFO] [stdout]  --> tests/snapshot/mod.rs:2:5
[INFO] [stdout]   |
[INFO] [stdout] 2 | use git_testtools::fixture_bytes;
[INFO] [stdout]   |     ^^^^^^^^^^^^^ use of undeclared crate or module `git_testtools`
[INFO] [stdout] 
[INFO] [stdout] 
[INFO] [stdout] error: aborting due to 2 previous errors
[INFO] [stdout] 
[INFO] [stdout] 
[INFO] [stdout] For more information about this error, try `rustc --explain E0432`.
[INFO] [stdout] 
[INFO] [stderr] error: could not compile `git-mailmap` (test "mailmap") due to 3 previous errors
[INFO] [stderr] warning: build failed, waiting for other jobs to finish...
[INFO] running `Command { std: "docker" "inspect" "83b4585dd0a62c471d22e796df37f257de9211047706181d26669733be44d247", kill_on_drop: false }`
[INFO] running `Command { std: "docker" "rm" "-f" "83b4585dd0a62c471d22e796df37f257de9211047706181d26669733be44d247", kill_on_drop: false }`
[INFO] [stdout] 83b4585dd0a62c471d22e796df37f257de9211047706181d26669733be44d247
[INFO] testing git-mailmap-0.9.3 against beta-2023-12-22 for beta-1.76-1
[INFO] extracting crate git-mailmap 0.9.3 into /workspace/builds/worker-1-tc2/source
[INFO] validating manifest of crates.io crate git-mailmap 0.9.3 on toolchain beta-2023-12-22
[INFO] running `Command { std: CARGO_HOME="/workspace/cargo-home" RUSTUP_HOME="/workspace/rustup-home" "/workspace/cargo-home/bin/cargo" "+beta-2023-12-22" "metadata" "--manifest-path" "Cargo.toml" "--no-deps", kill_on_drop: false }`
[INFO] started tweaking crates.io crate git-mailmap 0.9.3
[INFO] finished tweaking crates.io crate git-mailmap 0.9.3
[INFO] tweaked toml for crates.io crate git-mailmap 0.9.3 written to /workspace/builds/worker-1-tc2/source/Cargo.toml
[INFO] running `Command { std: CARGO_HOME="/workspace/cargo-home" RUSTUP_HOME="/workspace/rustup-home" "/workspace/cargo-home/bin/cargo" "+beta-2023-12-22" "generate-lockfile" "--manifest-path" "Cargo.toml", kill_on_drop: false }`
[INFO] [stderr]     Updating crates.io index
[INFO] running `Command { std: CARGO_HOME="/workspace/cargo-home" RUSTUP_HOME="/workspace/rustup-home" "/workspace/cargo-home/bin/cargo" "+beta-2023-12-22" "fetch" "--manifest-path" "Cargo.toml", kill_on_drop: false }`
[INFO] running `Command { std: "docker" "create" "-v" "/var/lib/crater-agent-workspace/builds/worker-1-tc2/target:/opt/rustwide/target:rw,Z" "-v" "/var/lib/crater-agent-workspace/builds/worker-1-tc2/source:/opt/rustwide/workdir:ro,Z" "-v" "/var/lib/crater-agent-workspace/cargo-home:/opt/rustwide/cargo-home:ro,Z" "-v" "/var/lib/crater-agent-workspace/rustup-home:/opt/rustwide/rustup-home:ro,Z" "-e" "SOURCE_DIR=/opt/rustwide/workdir" "-e" "CARGO_TARGET_DIR=/opt/rustwide/target" "-e" "CARGO_HOME=/opt/rustwide/cargo-home" "-e" "RUSTUP_HOME=/opt/rustwide/rustup-home" "-w" "/opt/rustwide/workdir" "-m" "1610612736" "--user" "0:0" "--network" "none" "ghcr.io/rust-lang/crates-build-env/linux@sha256:2788e3201cd34a07e3172128adcd8b3090168a8e3bcc40d7c032b9dda1df7d1c" "/opt/rustwide/cargo-home/bin/cargo" "+beta-2023-12-22" "metadata" "--no-deps" "--format-version=1", kill_on_drop: false }`
[INFO] [stdout] b09620a117077764d3660b279317f2dec911913a663172c6b423544f229831a7
[INFO] running `Command { std: "docker" "start" "-a" "b09620a117077764d3660b279317f2dec911913a663172c6b423544f229831a7", kill_on_drop: false }`
[INFO] running `Command { std: "docker" "inspect" "b09620a117077764d3660b279317f2dec911913a663172c6b423544f229831a7", kill_on_drop: false }`
[INFO] running `Command { std: "docker" "rm" "-f" "b09620a117077764d3660b279317f2dec911913a663172c6b423544f229831a7", kill_on_drop: false }`
[INFO] [stdout] b09620a117077764d3660b279317f2dec911913a663172c6b423544f229831a7
[INFO] running `Command { std: "docker" "create" "-v" "/var/lib/crater-agent-workspace/builds/worker-1-tc2/target:/opt/rustwide/target:rw,Z" "-v" "/var/lib/crater-agent-workspace/builds/worker-1-tc2/source:/opt/rustwide/workdir:ro,Z" "-v" "/var/lib/crater-agent-workspace/cargo-home:/opt/rustwide/cargo-home:ro,Z" "-v" "/var/lib/crater-agent-workspace/rustup-home:/opt/rustwide/rustup-home:ro,Z" "-e" "SOURCE_DIR=/opt/rustwide/workdir" "-e" "CARGO_TARGET_DIR=/opt/rustwide/target" "-e" "CARGO_INCREMENTAL=0" "-e" "RUST_BACKTRACE=full" "-e" "RUSTFLAGS=--cap-lints=warn" "-e" "RUSTDOCFLAGS=--cap-lints=warn" "-e" "CARGO_HOME=/opt/rustwide/cargo-home" "-e" "RUSTUP_HOME=/opt/rustwide/rustup-home" "-w" "/opt/rustwide/workdir" "-m" "1610612736" "--user" "0:0" "--network" "none" "ghcr.io/rust-lang/crates-build-env/linux@sha256:2788e3201cd34a07e3172128adcd8b3090168a8e3bcc40d7c032b9dda1df7d1c" "/opt/rustwide/cargo-home/bin/cargo" "+beta-2023-12-22" "build" "--frozen" "--message-format=json", kill_on_drop: false }`
[INFO] [stdout] 1ec3690e3fb28d7b28d4aeea186297ea31ea342a28e42ff10ce2b50840ee939a
[INFO] running `Command { std: "docker" "start" "-a" "1ec3690e3fb28d7b28d4aeea186297ea31ea342a28e42ff10ce2b50840ee939a", kill_on_drop: false }`
[INFO] [stderr]    Compiling powerfmt v0.2.0
[INFO] [stderr]    Compiling memchr v2.7.1
[INFO] [stderr]    Compiling num-traits v0.2.17
[INFO] [stderr]    Compiling time-core v0.1.2
[INFO] [stderr]    Compiling regex-automata v0.4.3
[INFO] [stderr]    Compiling num_threads v0.1.6
[INFO] [stderr]    Compiling minimal-lexical v0.2.1
[INFO] [stderr]    Compiling quick-error v2.0.1
[INFO] [stderr]    Compiling syn v2.0.48
[INFO] [stderr]    Compiling time-macros v0.2.16
[INFO] [stderr]    Compiling deranged v0.3.11
[INFO] [stderr]    Compiling nom v7.1.3
[INFO] [stderr]    Compiling bstr v1.9.0
[INFO] [stderr]    Compiling time v0.3.31
[INFO] [stderr]    Compiling btoi v0.4.3
[INFO] [stderr]    Compiling thiserror-impl v1.0.56
[INFO] [stderr]    Compiling thiserror v1.0.56
[INFO] [stderr]    Compiling git-date v0.4.3
[INFO] [stderr]    Compiling git-actor v0.17.2
[INFO] [stderr]    Compiling git-mailmap v0.9.3 (/opt/rustwide/workdir)
[INFO] [stderr]     Finished dev [unoptimized + debuginfo] target(s) in 4.61s
[INFO] running `Command { std: "docker" "inspect" "1ec3690e3fb28d7b28d4aeea186297ea31ea342a28e42ff10ce2b50840ee939a", kill_on_drop: false }`
[INFO] running `Command { std: "docker" "rm" "-f" "1ec3690e3fb28d7b28d4aeea186297ea31ea342a28e42ff10ce2b50840ee939a", kill_on_drop: false }`
[INFO] [stdout] 1ec3690e3fb28d7b28d4aeea186297ea31ea342a28e42ff10ce2b50840ee939a
[INFO] running `Command { std: "docker" "create" "-v" "/var/lib/crater-agent-workspace/builds/worker-1-tc2/target:/opt/rustwide/target:rw,Z" "-v" "/var/lib/crater-agent-workspace/builds/worker-1-tc2/source:/opt/rustwide/workdir:ro,Z" "-v" "/var/lib/crater-agent-workspace/cargo-home:/opt/rustwide/cargo-home:ro,Z" "-v" "/var/lib/crater-agent-workspace/rustup-home:/opt/rustwide/rustup-home:ro,Z" "-e" "SOURCE_DIR=/opt/rustwide/workdir" "-e" "CARGO_TARGET_DIR=/opt/rustwide/target" "-e" "CARGO_INCREMENTAL=0" "-e" "RUST_BACKTRACE=full" "-e" "RUSTFLAGS=--cap-lints=warn" "-e" "RUSTDOCFLAGS=--cap-lints=warn" "-e" "CARGO_HOME=/opt/rustwide/cargo-home" "-e" "RUSTUP_HOME=/opt/rustwide/rustup-home" "-w" "/opt/rustwide/workdir" "-m" "1610612736" "--user" "0:0" "--network" "none" "ghcr.io/rust-lang/crates-build-env/linux@sha256:2788e3201cd34a07e3172128adcd8b3090168a8e3bcc40d7c032b9dda1df7d1c" "/opt/rustwide/cargo-home/bin/cargo" "+beta-2023-12-22" "test" "--frozen" "--no-run" "--message-format=json", kill_on_drop: false }`
[INFO] [stdout] c6da3a17de32428344b7cecdd7fa510a295f352a0e07b798e6786597c9b3fbfe
[INFO] running `Command { std: "docker" "start" "-a" "c6da3a17de32428344b7cecdd7fa510a295f352a0e07b798e6786597c9b3fbfe", kill_on_drop: false }`
[INFO] [stderr]    Compiling git-mailmap v0.9.3 (/opt/rustwide/workdir)
[INFO] [stdout] error[E0432]: unresolved import `git_testtools`
[INFO] [stdout]  --> tests/parse/mod.rs:2:5
[INFO] [stdout]   |
[INFO] [stdout] 2 | use git_testtools::fixture_bytes;
[INFO] [stdout]   |     ^^^^^^^^^^^^^ use of undeclared crate or module `git_testtools`
[INFO] [stdout] 
[INFO] [stdout] 
[INFO] [stdout] error[E0432]: unresolved import `git_testtools`
[INFO] [stdout]  --> tests/snapshot/mod.rs:2:5
[INFO] [stdout]   |
[INFO] [stdout] 2 | use git_testtools::fixture_bytes;
[INFO] [stdout]   |     ^^^^^^^^^^^^^ use of undeclared crate or module `git_testtools`
[INFO] [stdout] 
[INFO] [stdout] 
[INFO] [stdout] error: aborting due to 2 previous errors
[INFO] [stdout] 
[INFO] [stdout] 
[INFO] [stdout] For more information about this error, try `rustc --explain E0432`.
[INFO] [stdout] 
[INFO] [stderr] error: could not compile `git-mailmap` (test "mailmap") due to 3 previous errors
[INFO] [stderr] warning: build failed, waiting for other jobs to finish...
[INFO] running `Command { std: "docker" "inspect" "c6da3a17de32428344b7cecdd7fa510a295f352a0e07b798e6786597c9b3fbfe", kill_on_drop: false }`
[INFO] running `Command { std: "docker" "rm" "-f" "c6da3a17de32428344b7cecdd7fa510a295f352a0e07b798e6786597c9b3fbfe", kill_on_drop: false }`
[INFO] [stdout] c6da3a17de32428344b7cecdd7fa510a295f352a0e07b798e6786597c9b3fbfe
