[INFO] fetching crate git-credentials 0.9.2...
[INFO] testing git-credentials-0.9.2 against 1.75.0 for beta-1.76-1
[INFO] extracting crate git-credentials 0.9.2 into /workspace/builds/worker-5-tc1/source
[INFO] validating manifest of crates.io crate git-credentials 0.9.2 on toolchain 1.75.0
[INFO] running `Command { std: CARGO_HOME="/workspace/cargo-home" RUSTUP_HOME="/workspace/rustup-home" "/workspace/cargo-home/bin/cargo" "+1.75.0" "metadata" "--manifest-path" "Cargo.toml" "--no-deps", kill_on_drop: false }`
[INFO] started tweaking crates.io crate git-credentials 0.9.2
[INFO] finished tweaking crates.io crate git-credentials 0.9.2
[INFO] tweaked toml for crates.io crate git-credentials 0.9.2 written to /workspace/builds/worker-5-tc1/source/Cargo.toml
[INFO] crate crates.io crate git-credentials 0.9.2 already has a lockfile, it will not be regenerated
[INFO] running `Command { std: CARGO_HOME="/workspace/cargo-home" RUSTUP_HOME="/workspace/rustup-home" "/workspace/cargo-home/bin/cargo" "+1.75.0" "fetch" "--manifest-path" "Cargo.toml", kill_on_drop: false }`
[INFO] [stderr]     Updating crates.io index
[INFO] [stderr]     Blocking waiting for file lock on package cache
[INFO] [stderr]  Downloading crates ...
[INFO] [stderr]   Downloaded git-sec v0.6.3
[INFO] [stderr]   Downloaded git-config-value v0.10.2
[INFO] [stderr]   Downloaded git-command v0.2.4
[INFO] [stderr]   Downloaded git-features v0.26.5
[INFO] [stderr]   Downloaded git-path v0.7.2
[INFO] [stderr]   Downloaded bstr v1.2.0
[INFO] [stderr]   Downloaded home v0.5.4
[INFO] [stderr]   Downloaded git-hash v0.10.3
[INFO] [stderr]   Downloaded git-prompt v0.3.3
[INFO] [stderr]   Downloaded git-url v0.13.3
[INFO] running `Command { std: "docker" "create" "-v" "/var/lib/crater-agent-workspace/builds/worker-5-tc1/target:/opt/rustwide/target:rw,Z" "-v" "/var/lib/crater-agent-workspace/builds/worker-5-tc1/source:/opt/rustwide/workdir:ro,Z" "-v" "/var/lib/crater-agent-workspace/cargo-home:/opt/rustwide/cargo-home:ro,Z" "-v" "/var/lib/crater-agent-workspace/rustup-home:/opt/rustwide/rustup-home:ro,Z" "-e" "SOURCE_DIR=/opt/rustwide/workdir" "-e" "CARGO_TARGET_DIR=/opt/rustwide/target" "-e" "CARGO_HOME=/opt/rustwide/cargo-home" "-e" "RUSTUP_HOME=/opt/rustwide/rustup-home" "-w" "/opt/rustwide/workdir" "-m" "1610612736" "--user" "0:0" "--network" "none" "ghcr.io/rust-lang/crates-build-env/linux@sha256:2788e3201cd34a07e3172128adcd8b3090168a8e3bcc40d7c032b9dda1df7d1c" "/opt/rustwide/cargo-home/bin/cargo" "+1.75.0" "metadata" "--no-deps" "--format-version=1", kill_on_drop: false }`
[INFO] [stdout] bc6a860ec54bf608e74c9c660d61a1b57e1d5a74873b0d2ecb872a9eaac6eb93
[INFO] running `Command { std: "docker" "start" "-a" "bc6a860ec54bf608e74c9c660d61a1b57e1d5a74873b0d2ecb872a9eaac6eb93", kill_on_drop: false }`
[INFO] running `Command { std: "docker" "inspect" "bc6a860ec54bf608e74c9c660d61a1b57e1d5a74873b0d2ecb872a9eaac6eb93", kill_on_drop: false }`
[INFO] running `Command { std: "docker" "rm" "-f" "bc6a860ec54bf608e74c9c660d61a1b57e1d5a74873b0d2ecb872a9eaac6eb93", kill_on_drop: false }`
[INFO] [stdout] bc6a860ec54bf608e74c9c660d61a1b57e1d5a74873b0d2ecb872a9eaac6eb93
[INFO] running `Command { std: "docker" "create" "-v" "/var/lib/crater-agent-workspace/builds/worker-5-tc1/target:/opt/rustwide/target:rw,Z" "-v" "/var/lib/crater-agent-workspace/builds/worker-5-tc1/source:/opt/rustwide/workdir:ro,Z" "-v" "/var/lib/crater-agent-workspace/cargo-home:/opt/rustwide/cargo-home:ro,Z" "-v" "/var/lib/crater-agent-workspace/rustup-home:/opt/rustwide/rustup-home:ro,Z" "-e" "SOURCE_DIR=/opt/rustwide/workdir" "-e" "CARGO_TARGET_DIR=/opt/rustwide/target" "-e" "CARGO_INCREMENTAL=0" "-e" "RUST_BACKTRACE=full" "-e" "RUSTFLAGS=--cap-lints=warn" "-e" "RUSTDOCFLAGS=--cap-lints=warn" "-e" "CARGO_HOME=/opt/rustwide/cargo-home" "-e" "RUSTUP_HOME=/opt/rustwide/rustup-home" "-w" "/opt/rustwide/workdir" "-m" "1610612736" "--user" "0:0" "--network" "none" "ghcr.io/rust-lang/crates-build-env/linux@sha256:2788e3201cd34a07e3172128adcd8b3090168a8e3bcc40d7c032b9dda1df7d1c" "/opt/rustwide/cargo-home/bin/cargo" "+1.75.0" "build" "--frozen" "--message-format=json", kill_on_drop: false }`
[INFO] [stdout] 4d9fd1d85fbb649ef0314f8543845d595534fe228386522c3ea00b0b1a26091e
[INFO] running `Command { std: "docker" "start" "-a" "4d9fd1d85fbb649ef0314f8543845d595534fe228386522c3ea00b0b1a26091e", kill_on_drop: false }`
[INFO] [stderr]    Compiling proc-macro2 v1.0.51
[INFO] [stderr]    Compiling unicode-ident v1.0.6
[INFO] [stderr]    Compiling quote v1.0.23
[INFO] [stderr]    Compiling libc v0.2.139
[INFO] [stderr]    Compiling syn v1.0.107
[INFO] [stderr]    Compiling memchr v2.5.0
[INFO] [stderr]    Compiling thiserror v1.0.38
[INFO] [stderr]    Compiling once_cell v1.17.1
[INFO] [stderr]    Compiling regex-automata v0.1.10
[INFO] [stderr]    Compiling tinyvec_macros v0.1.1
[INFO] [stderr]    Compiling lock_api v0.4.9
[INFO] [stderr]    Compiling tinyvec v1.6.0
[INFO] [stderr]    Compiling cfg-if v1.0.0
[INFO] [stderr]    Compiling bitflags v1.3.2
[INFO] [stderr]    Compiling parking_lot_core v0.9.7
[INFO] [stderr]    Compiling percent-encoding v2.2.0
[INFO] [stderr]    Compiling scopeguard v1.1.0
[INFO] [stderr]    Compiling hex v0.4.3
[INFO] [stderr]    Compiling smallvec v1.10.0
[INFO] [stderr]    Compiling unicode-bidi v0.3.10
[INFO] [stderr]    Compiling form_urlencoded v1.1.0
[INFO] [stderr]    Compiling bstr v1.2.0
[INFO] [stderr]    Compiling static_assertions v1.1.0
[INFO] [stderr]    Compiling home v0.5.4
[INFO] [stderr]    Compiling unicode-normalization v0.1.22
[INFO] [stderr]    Compiling git-command v0.2.4
[INFO] [stderr]    Compiling nix v0.26.2
[INFO] [stderr]    Compiling git-sec v0.6.3
[INFO] [stderr]    Compiling idna v0.3.0
[INFO] [stderr]    Compiling parking_lot v0.12.1
[INFO] [stderr]    Compiling url v2.3.1
[INFO] [stderr]    Compiling thiserror-impl v1.0.38
[INFO] [stderr]    Compiling git-path v0.7.2
[INFO] [stderr]    Compiling git-hash v0.10.3
[INFO] [stderr]    Compiling git-features v0.26.5
[INFO] [stderr]    Compiling git-config-value v0.10.2
[INFO] [stderr]    Compiling git-url v0.13.3
[INFO] [stderr]    Compiling git-prompt v0.3.3
[INFO] [stderr]    Compiling git-credentials v0.9.2 (/opt/rustwide/workdir)
[INFO] [stderr]     Finished dev [unoptimized + debuginfo] target(s) in 10.69s
[INFO] running `Command { std: "docker" "inspect" "4d9fd1d85fbb649ef0314f8543845d595534fe228386522c3ea00b0b1a26091e", kill_on_drop: false }`
[INFO] running `Command { std: "docker" "rm" "-f" "4d9fd1d85fbb649ef0314f8543845d595534fe228386522c3ea00b0b1a26091e", kill_on_drop: false }`
[INFO] [stdout] 4d9fd1d85fbb649ef0314f8543845d595534fe228386522c3ea00b0b1a26091e
[INFO] running `Command { std: "docker" "create" "-v" "/var/lib/crater-agent-workspace/builds/worker-5-tc1/target:/opt/rustwide/target:rw,Z" "-v" "/var/lib/crater-agent-workspace/builds/worker-5-tc1/source:/opt/rustwide/workdir:ro,Z" "-v" "/var/lib/crater-agent-workspace/cargo-home:/opt/rustwide/cargo-home:ro,Z" "-v" "/var/lib/crater-agent-workspace/rustup-home:/opt/rustwide/rustup-home:ro,Z" "-e" "SOURCE_DIR=/opt/rustwide/workdir" "-e" "CARGO_TARGET_DIR=/opt/rustwide/target" "-e" "CARGO_INCREMENTAL=0" "-e" "RUST_BACKTRACE=full" "-e" "RUSTFLAGS=--cap-lints=warn" "-e" "RUSTDOCFLAGS=--cap-lints=warn" "-e" "CARGO_HOME=/opt/rustwide/cargo-home" "-e" "RUSTUP_HOME=/opt/rustwide/rustup-home" "-w" "/opt/rustwide/workdir" "-m" "1610612736" "--user" "0:0" "--network" "none" "ghcr.io/rust-lang/crates-build-env/linux@sha256:2788e3201cd34a07e3172128adcd8b3090168a8e3bcc40d7c032b9dda1df7d1c" "/opt/rustwide/cargo-home/bin/cargo" "+1.75.0" "test" "--frozen" "--no-run" "--message-format=json", kill_on_drop: false }`
[INFO] [stdout] 0c58b9665544c462a3e8d0bbffae961277efa717d2d5f0ac2bcfc2acf415f1ef
[INFO] running `Command { std: "docker" "start" "-a" "0c58b9665544c462a3e8d0bbffae961277efa717d2d5f0ac2bcfc2acf415f1ef", kill_on_drop: false }`
[INFO] [stderr]    Compiling git-credentials v0.9.2 (/opt/rustwide/workdir)
[INFO] [stdout] error[E0432]: unresolved import `git_testtools`
[INFO] [stdout]  --> tests/credentials.rs:1:9
[INFO] [stdout]   |
[INFO] [stdout] 1 | pub use git_testtools::Result;
[INFO] [stdout]   |         ^^^^^^^^^^^^^ use of undeclared crate or module `git_testtools`
[INFO] [stdout] 
[INFO] [stdout] 
[INFO] [stdout] error[E0432]: unresolved import `git_testtools`
[INFO] [stdout]   --> tests/helper/cascade.rs:12:9
[INFO] [stdout]    |
[INFO] [stdout] 12 |     use git_testtools::fixture_path;
[INFO] [stdout]    |         ^^^^^^^^^^^^^ use of undeclared crate or module `git_testtools`
[INFO] [stdout] 
[INFO] [stdout] 
[INFO] [stdout] error[E0432]: unresolved import `git_testtools`
[INFO] [stdout]  --> tests/helper/invoke.rs:3:5
[INFO] [stdout]   |
[INFO] [stdout] 3 | use git_testtools::fixture_path;
[INFO] [stdout]   |     ^^^^^^^^^^^^^ use of undeclared crate or module `git_testtools`
[INFO] [stdout] 
[INFO] [stdout] 
[INFO] [stdout] error[E0433]: failed to resolve: use of undeclared crate or module `git_testtools`
[INFO] [stdout]   --> tests/helper/invoke.rs:92:60
[INFO] [stdout]    |
[INFO] [stdout] 92 |                     git_path::into_bstr(git_path::realpath(git_testtools::fixture_path("custom-helper.sh"))?)
[INFO] [stdout]    |                                                            ^^^^^^^^^^^^^ use of undeclared crate or module `git_testtools`
[INFO] [stdout] 
[INFO] [stdout] 
[INFO] [stdout] error: aborting due to 4 previous errors
[INFO] [stdout] 
[INFO] [stdout] 
[INFO] [stdout] Some errors have detailed explanations: E0432, E0433.
[INFO] [stdout] 
[INFO] [stdout] For more information about an error, try `rustc --explain E0432`.
[INFO] [stdout] 
[INFO] [stderr] error: could not compile `git-credentials` (test "credentials") due to 5 previous errors
[INFO] [stderr] warning: build failed, waiting for other jobs to finish...
[INFO] running `Command { std: "docker" "inspect" "0c58b9665544c462a3e8d0bbffae961277efa717d2d5f0ac2bcfc2acf415f1ef", kill_on_drop: false }`
[INFO] running `Command { std: "docker" "rm" "-f" "0c58b9665544c462a3e8d0bbffae961277efa717d2d5f0ac2bcfc2acf415f1ef", kill_on_drop: false }`
[INFO] [stdout] 0c58b9665544c462a3e8d0bbffae961277efa717d2d5f0ac2bcfc2acf415f1ef
[INFO] testing git-credentials-0.9.2 against beta-2023-12-22 for beta-1.76-1
[INFO] extracting crate git-credentials 0.9.2 into /workspace/builds/worker-5-tc2/source
[INFO] validating manifest of crates.io crate git-credentials 0.9.2 on toolchain beta-2023-12-22
[INFO] running `Command { std: CARGO_HOME="/workspace/cargo-home" RUSTUP_HOME="/workspace/rustup-home" "/workspace/cargo-home/bin/cargo" "+beta-2023-12-22" "metadata" "--manifest-path" "Cargo.toml" "--no-deps", kill_on_drop: false }`
[INFO] started tweaking crates.io crate git-credentials 0.9.2
[INFO] finished tweaking crates.io crate git-credentials 0.9.2
[INFO] tweaked toml for crates.io crate git-credentials 0.9.2 written to /workspace/builds/worker-5-tc2/source/Cargo.toml
[INFO] crate crates.io crate git-credentials 0.9.2 already has a lockfile, it will not be regenerated
[INFO] running `Command { std: CARGO_HOME="/workspace/cargo-home" RUSTUP_HOME="/workspace/rustup-home" "/workspace/cargo-home/bin/cargo" "+beta-2023-12-22" "fetch" "--manifest-path" "Cargo.toml", kill_on_drop: false }`
[INFO] running `Command { std: "docker" "create" "-v" "/var/lib/crater-agent-workspace/builds/worker-5-tc2/target:/opt/rustwide/target:rw,Z" "-v" "/var/lib/crater-agent-workspace/builds/worker-5-tc2/source:/opt/rustwide/workdir:ro,Z" "-v" "/var/lib/crater-agent-workspace/cargo-home:/opt/rustwide/cargo-home:ro,Z" "-v" "/var/lib/crater-agent-workspace/rustup-home:/opt/rustwide/rustup-home:ro,Z" "-e" "SOURCE_DIR=/opt/rustwide/workdir" "-e" "CARGO_TARGET_DIR=/opt/rustwide/target" "-e" "CARGO_HOME=/opt/rustwide/cargo-home" "-e" "RUSTUP_HOME=/opt/rustwide/rustup-home" "-w" "/opt/rustwide/workdir" "-m" "1610612736" "--user" "0:0" "--network" "none" "ghcr.io/rust-lang/crates-build-env/linux@sha256:2788e3201cd34a07e3172128adcd8b3090168a8e3bcc40d7c032b9dda1df7d1c" "/opt/rustwide/cargo-home/bin/cargo" "+beta-2023-12-22" "metadata" "--no-deps" "--format-version=1", kill_on_drop: false }`
[INFO] [stdout] 818e29d2351919f5f51c6ccd03ec8013de876648c16790c34cf13eb6a897e929
[INFO] running `Command { std: "docker" "start" "-a" "818e29d2351919f5f51c6ccd03ec8013de876648c16790c34cf13eb6a897e929", kill_on_drop: false }`
[INFO] running `Command { std: "docker" "inspect" "818e29d2351919f5f51c6ccd03ec8013de876648c16790c34cf13eb6a897e929", kill_on_drop: false }`
[INFO] running `Command { std: "docker" "rm" "-f" "818e29d2351919f5f51c6ccd03ec8013de876648c16790c34cf13eb6a897e929", kill_on_drop: false }`
[INFO] [stdout] 818e29d2351919f5f51c6ccd03ec8013de876648c16790c34cf13eb6a897e929
[INFO] running `Command { std: "docker" "create" "-v" "/var/lib/crater-agent-workspace/builds/worker-5-tc2/target:/opt/rustwide/target:rw,Z" "-v" "/var/lib/crater-agent-workspace/builds/worker-5-tc2/source:/opt/rustwide/workdir:ro,Z" "-v" "/var/lib/crater-agent-workspace/cargo-home:/opt/rustwide/cargo-home:ro,Z" "-v" "/var/lib/crater-agent-workspace/rustup-home:/opt/rustwide/rustup-home:ro,Z" "-e" "SOURCE_DIR=/opt/rustwide/workdir" "-e" "CARGO_TARGET_DIR=/opt/rustwide/target" "-e" "CARGO_INCREMENTAL=0" "-e" "RUST_BACKTRACE=full" "-e" "RUSTFLAGS=--cap-lints=warn" "-e" "RUSTDOCFLAGS=--cap-lints=warn" "-e" "CARGO_HOME=/opt/rustwide/cargo-home" "-e" "RUSTUP_HOME=/opt/rustwide/rustup-home" "-w" "/opt/rustwide/workdir" "-m" "1610612736" "--user" "0:0" "--network" "none" "ghcr.io/rust-lang/crates-build-env/linux@sha256:2788e3201cd34a07e3172128adcd8b3090168a8e3bcc40d7c032b9dda1df7d1c" "/opt/rustwide/cargo-home/bin/cargo" "+beta-2023-12-22" "build" "--frozen" "--message-format=json", kill_on_drop: false }`
[INFO] [stdout] 43dc11f758ea6d0ad0473d7cb4b05a234d77b8441bc388ff40206144b4d5cf89
[INFO] running `Command { std: "docker" "start" "-a" "43dc11f758ea6d0ad0473d7cb4b05a234d77b8441bc388ff40206144b4d5cf89", kill_on_drop: false }`
[INFO] [stderr]    Compiling proc-macro2 v1.0.51
[INFO] [stderr]    Compiling quote v1.0.23
[INFO] [stderr]    Compiling unicode-ident v1.0.6
[INFO] [stderr]    Compiling syn v1.0.107
[INFO] [stderr]    Compiling libc v0.2.139
[INFO] [stderr]    Compiling thiserror v1.0.38
[INFO] [stderr]    Compiling memchr v2.5.0
[INFO] [stderr]    Compiling once_cell v1.17.1
[INFO] [stderr]    Compiling regex-automata v0.1.10
[INFO] [stderr]    Compiling tinyvec_macros v0.1.1
[INFO] [stderr]    Compiling lock_api v0.4.9
[INFO] [stderr]    Compiling tinyvec v1.6.0
[INFO] [stderr]    Compiling bitflags v1.3.2
[INFO] [stderr]    Compiling cfg-if v1.0.0
[INFO] [stderr]    Compiling parking_lot_core v0.9.7
[INFO] [stderr]    Compiling scopeguard v1.1.0
[INFO] [stderr]    Compiling percent-encoding v2.2.0
[INFO] [stderr]    Compiling smallvec v1.10.0
[INFO] [stderr]    Compiling hex v0.4.3
[INFO] [stderr]    Compiling unicode-bidi v0.3.10
[INFO] [stderr]    Compiling form_urlencoded v1.1.0
[INFO] [stderr]    Compiling bstr v1.2.0
[INFO] [stderr]    Compiling static_assertions v1.1.0
[INFO] [stderr]    Compiling home v0.5.4
[INFO] [stderr]    Compiling unicode-normalization v0.1.22
[INFO] [stderr]    Compiling git-command v0.2.4
[INFO] [stderr]    Compiling nix v0.26.2
[INFO] [stderr]    Compiling git-sec v0.6.3
[INFO] [stderr]    Compiling idna v0.3.0
[INFO] [stderr]    Compiling parking_lot v0.12.1
[INFO] [stderr]    Compiling url v2.3.1
[INFO] [stderr]    Compiling thiserror-impl v1.0.38
[INFO] [stderr]    Compiling git-path v0.7.2
[INFO] [stderr]    Compiling git-hash v0.10.3
[INFO] [stderr]    Compiling git-config-value v0.10.2
[INFO] [stderr]    Compiling git-features v0.26.5
[INFO] [stderr]    Compiling git-url v0.13.3
[INFO] [stderr]    Compiling git-prompt v0.3.3
[INFO] [stderr]    Compiling git-credentials v0.9.2 (/opt/rustwide/workdir)
[INFO] [stderr]     Finished dev [unoptimized + debuginfo] target(s) in 7.90s
[INFO] running `Command { std: "docker" "inspect" "43dc11f758ea6d0ad0473d7cb4b05a234d77b8441bc388ff40206144b4d5cf89", kill_on_drop: false }`
[INFO] running `Command { std: "docker" "rm" "-f" "43dc11f758ea6d0ad0473d7cb4b05a234d77b8441bc388ff40206144b4d5cf89", kill_on_drop: false }`
[INFO] [stdout] 43dc11f758ea6d0ad0473d7cb4b05a234d77b8441bc388ff40206144b4d5cf89
[INFO] running `Command { std: "docker" "create" "-v" "/var/lib/crater-agent-workspace/builds/worker-5-tc2/target:/opt/rustwide/target:rw,Z" "-v" "/var/lib/crater-agent-workspace/builds/worker-5-tc2/source:/opt/rustwide/workdir:ro,Z" "-v" "/var/lib/crater-agent-workspace/cargo-home:/opt/rustwide/cargo-home:ro,Z" "-v" "/var/lib/crater-agent-workspace/rustup-home:/opt/rustwide/rustup-home:ro,Z" "-e" "SOURCE_DIR=/opt/rustwide/workdir" "-e" "CARGO_TARGET_DIR=/opt/rustwide/target" "-e" "CARGO_INCREMENTAL=0" "-e" "RUST_BACKTRACE=full" "-e" "RUSTFLAGS=--cap-lints=warn" "-e" "RUSTDOCFLAGS=--cap-lints=warn" "-e" "CARGO_HOME=/opt/rustwide/cargo-home" "-e" "RUSTUP_HOME=/opt/rustwide/rustup-home" "-w" "/opt/rustwide/workdir" "-m" "1610612736" "--user" "0:0" "--network" "none" "ghcr.io/rust-lang/crates-build-env/linux@sha256:2788e3201cd34a07e3172128adcd8b3090168a8e3bcc40d7c032b9dda1df7d1c" "/opt/rustwide/cargo-home/bin/cargo" "+beta-2023-12-22" "test" "--frozen" "--no-run" "--message-format=json", kill_on_drop: false }`
[INFO] [stdout] dd6d65e3c67d597883090eba85e9e0f13791adc2c45cc75ee13035cd4b0f015a
[INFO] running `Command { std: "docker" "start" "-a" "dd6d65e3c67d597883090eba85e9e0f13791adc2c45cc75ee13035cd4b0f015a", kill_on_drop: false }`
[INFO] [stderr]    Compiling git-credentials v0.9.2 (/opt/rustwide/workdir)
[INFO] [stdout] error[E0432]: unresolved import `git_testtools`
[INFO] [stdout]  --> tests/credentials.rs:1:9
[INFO] [stdout]   |
[INFO] [stdout] 1 | pub use git_testtools::Result;
[INFO] [stdout]   |         ^^^^^^^^^^^^^ use of undeclared crate or module `git_testtools`
[INFO] [stdout] 
[INFO] [stdout] 
[INFO] [stdout] error[E0432]: unresolved import `git_testtools`
[INFO] [stdout]   --> tests/helper/cascade.rs:12:9
[INFO] [stdout]    |
[INFO] [stdout] 12 |     use git_testtools::fixture_path;
[INFO] [stdout]    |         ^^^^^^^^^^^^^ use of undeclared crate or module `git_testtools`
[INFO] [stdout] 
[INFO] [stdout] 
[INFO] [stdout] error[E0432]: unresolved import `git_testtools`
[INFO] [stdout]  --> tests/helper/invoke.rs:3:5
[INFO] [stdout]   |
[INFO] [stdout] 3 | use git_testtools::fixture_path;
[INFO] [stdout]   |     ^^^^^^^^^^^^^ use of undeclared crate or module `git_testtools`
[INFO] [stdout] 
[INFO] [stdout] 
[INFO] [stdout] error[E0433]: failed to resolve: use of undeclared crate or module `git_testtools`
[INFO] [stdout]   --> tests/helper/invoke.rs:92:60
[INFO] [stdout]    |
[INFO] [stdout] 92 |                     git_path::into_bstr(git_path::realpath(git_testtools::fixture_path("custom-helper.sh"))?)
[INFO] [stdout]    |                                                            ^^^^^^^^^^^^^ use of undeclared crate or module `git_testtools`
[INFO] [stdout] 
[INFO] [stdout] 
[INFO] [stdout] error: aborting due to 4 previous errors
[INFO] [stdout] 
[INFO] [stdout] 
[INFO] [stdout] Some errors have detailed explanations: E0432, E0433.
[INFO] [stdout] 
[INFO] [stdout] For more information about an error, try `rustc --explain E0432`.
[INFO] [stdout] 
[INFO] [stderr] error: could not compile `git-credentials` (test "credentials") due to 5 previous errors
[INFO] [stderr] warning: build failed, waiting for other jobs to finish...
[INFO] running `Command { std: "docker" "inspect" "dd6d65e3c67d597883090eba85e9e0f13791adc2c45cc75ee13035cd4b0f015a", kill_on_drop: false }`
[INFO] running `Command { std: "docker" "rm" "-f" "dd6d65e3c67d597883090eba85e9e0f13791adc2c45cc75ee13035cd4b0f015a", kill_on_drop: false }`
[INFO] [stdout] dd6d65e3c67d597883090eba85e9e0f13791adc2c45cc75ee13035cd4b0f015a
