[INFO] fetching crate git-bfg 0.2.0...
[INFO] testing git-bfg-0.2.0 against 1.75.0 for beta-1.76-1
[INFO] extracting crate git-bfg 0.2.0 into /workspace/builds/worker-4-tc1/source
[INFO] validating manifest of crates.io crate git-bfg 0.2.0 on toolchain 1.75.0
[INFO] running `Command { std: CARGO_HOME="/workspace/cargo-home" RUSTUP_HOME="/workspace/rustup-home" "/workspace/cargo-home/bin/cargo" "+1.75.0" "metadata" "--manifest-path" "Cargo.toml" "--no-deps", kill_on_drop: false }`
[INFO] started tweaking crates.io crate git-bfg 0.2.0
[INFO] finished tweaking crates.io crate git-bfg 0.2.0
[INFO] tweaked toml for crates.io crate git-bfg 0.2.0 written to /workspace/builds/worker-4-tc1/source/Cargo.toml
[INFO] crate crates.io crate git-bfg 0.2.0 already has a lockfile, it will not be regenerated
[INFO] running `Command { std: CARGO_HOME="/workspace/cargo-home" RUSTUP_HOME="/workspace/rustup-home" "/workspace/cargo-home/bin/cargo" "+1.75.0" "fetch" "--manifest-path" "Cargo.toml", kill_on_drop: false }`
[INFO] [stderr]     Blocking waiting for file lock on package cache
[INFO] [stderr]     Updating crates.io index
[INFO] [stderr]  Downloading crates ...
[INFO] [stderr]   Downloaded project-root v0.2.2
[INFO] [stderr]   Downloaded byte-unit v4.0.13
[INFO] [stderr]   Downloaded sorted-vec v0.7.0
[INFO] running `Command { std: "docker" "create" "-v" "/var/lib/crater-agent-workspace/builds/worker-4-tc1/target:/opt/rustwide/target:rw,Z" "-v" "/var/lib/crater-agent-workspace/builds/worker-4-tc1/source:/opt/rustwide/workdir:ro,Z" "-v" "/var/lib/crater-agent-workspace/cargo-home:/opt/rustwide/cargo-home:ro,Z" "-v" "/var/lib/crater-agent-workspace/rustup-home:/opt/rustwide/rustup-home:ro,Z" "-e" "SOURCE_DIR=/opt/rustwide/workdir" "-e" "CARGO_TARGET_DIR=/opt/rustwide/target" "-e" "CARGO_HOME=/opt/rustwide/cargo-home" "-e" "RUSTUP_HOME=/opt/rustwide/rustup-home" "-w" "/opt/rustwide/workdir" "-m" "1610612736" "--user" "0:0" "--network" "none" "ghcr.io/rust-lang/crates-build-env/linux@sha256:2788e3201cd34a07e3172128adcd8b3090168a8e3bcc40d7c032b9dda1df7d1c" "/opt/rustwide/cargo-home/bin/cargo" "+1.75.0" "metadata" "--no-deps" "--format-version=1", kill_on_drop: false }`
[INFO] [stdout] 09ebb82b8ab545c506a52cd814e6a7593bb41f37e0fa1c1772594b19868c8287
[INFO] running `Command { std: "docker" "start" "-a" "09ebb82b8ab545c506a52cd814e6a7593bb41f37e0fa1c1772594b19868c8287", kill_on_drop: false }`
[INFO] running `Command { std: "docker" "inspect" "09ebb82b8ab545c506a52cd814e6a7593bb41f37e0fa1c1772594b19868c8287", kill_on_drop: false }`
[INFO] running `Command { std: "docker" "rm" "-f" "09ebb82b8ab545c506a52cd814e6a7593bb41f37e0fa1c1772594b19868c8287", kill_on_drop: false }`
[INFO] [stdout] 09ebb82b8ab545c506a52cd814e6a7593bb41f37e0fa1c1772594b19868c8287
[INFO] running `Command { std: "docker" "create" "-v" "/var/lib/crater-agent-workspace/builds/worker-4-tc1/target:/opt/rustwide/target:rw,Z" "-v" "/var/lib/crater-agent-workspace/builds/worker-4-tc1/source:/opt/rustwide/workdir:ro,Z" "-v" "/var/lib/crater-agent-workspace/cargo-home:/opt/rustwide/cargo-home:ro,Z" "-v" "/var/lib/crater-agent-workspace/rustup-home:/opt/rustwide/rustup-home:ro,Z" "-e" "SOURCE_DIR=/opt/rustwide/workdir" "-e" "CARGO_TARGET_DIR=/opt/rustwide/target" "-e" "CARGO_INCREMENTAL=0" "-e" "RUST_BACKTRACE=full" "-e" "RUSTFLAGS=--cap-lints=warn" "-e" "RUSTDOCFLAGS=--cap-lints=warn" "-e" "CARGO_HOME=/opt/rustwide/cargo-home" "-e" "RUSTUP_HOME=/opt/rustwide/rustup-home" "-w" "/opt/rustwide/workdir" "-m" "1610612736" "--user" "0:0" "--network" "none" "ghcr.io/rust-lang/crates-build-env/linux@sha256:2788e3201cd34a07e3172128adcd8b3090168a8e3bcc40d7c032b9dda1df7d1c" "/opt/rustwide/cargo-home/bin/cargo" "+1.75.0" "build" "--frozen" "--message-format=json", kill_on_drop: false }`
[INFO] [stdout] 06acb14ebd21bfd37baf6b91f441378abc51d0009f4b45f01e098fb6b7bf761e
[INFO] running `Command { std: "docker" "start" "-a" "06acb14ebd21bfd37baf6b91f441378abc51d0009f4b45f01e098fb6b7bf761e", kill_on_drop: false }`
[INFO] [stderr]    Compiling libc v0.2.117
[INFO] [stderr]    Compiling pkg-config v0.3.24
[INFO] [stderr]    Compiling autocfg v1.0.1
[INFO] [stderr]    Compiling tinyvec_macros v0.1.0
[INFO] [stderr]    Compiling matches v0.1.9
[INFO] [stderr]    Compiling memchr v2.4.1
[INFO] [stderr]    Compiling unicode-bidi v0.3.7
[INFO] [stderr]    Compiling percent-encoding v2.1.0
[INFO] [stderr]    Compiling log v0.4.14
[INFO] [stderr]    Compiling hashbrown v0.11.2
[INFO] [stderr]    Compiling openssl-probe v0.1.5
[INFO] [stderr]    Compiling termcolor v1.1.2
[INFO] [stderr]    Compiling utf8-width v0.1.5
[INFO] [stderr]    Compiling textwrap v0.14.2
[INFO] [stderr]    Compiling project-root v0.2.2
[INFO] [stderr]    Compiling sorted-vec v0.7.0
[INFO] [stderr]    Compiling tinyvec v1.5.1
[INFO] [stderr]    Compiling form_urlencoded v1.0.1
[INFO] [stderr]    Compiling byte-unit v4.0.13
[INFO] [stderr]    Compiling indexmap v1.8.0
[INFO] [stderr]    Compiling os_str_bytes v6.0.0
[INFO] [stderr]    Compiling unicode-normalization v0.1.19
[INFO] [stderr]    Compiling jobserver v0.1.24
[INFO] [stderr]    Compiling atty v0.2.14
[INFO] [stderr]    Compiling clap v3.0.14
[INFO] [stderr]    Compiling cc v1.0.72
[INFO] [stderr]    Compiling idna v0.2.3
[INFO] [stderr]    Compiling libz-sys v1.1.3
[INFO] [stderr]    Compiling openssl-sys v0.9.72
[INFO] [stderr]    Compiling libssh2-sys v0.2.23
[INFO] [stderr]    Compiling libgit2-sys v0.12.26+1.3.0
[INFO] [stderr]    Compiling url v2.2.2
[INFO] [stderr]    Compiling git2 v0.13.25
[INFO] [stderr]    Compiling git-bfg v0.2.0 (/opt/rustwide/workdir)
[INFO] [stdout] error[E0554]: `#![feature]` may not be used on the stable release channel
[INFO] [stdout]  --> src/main.rs:1:12
[INFO] [stdout]   |
[INFO] [stdout] 1 | #![feature(int_log)]
[INFO] [stdout]   |            ^^^^^^^
[INFO] [stdout] 
[INFO] [stdout] 
[INFO] [stdout] warning: the feature `int_log` has been stable since 1.67.0 and no longer requires an attribute to enable
[INFO] [stdout]  --> src/main.rs:1:12
[INFO] [stdout]   |
[INFO] [stdout] 1 | #![feature(int_log)]
[INFO] [stdout]   |            ^^^^^^^
[INFO] [stdout]   |
[INFO] [stdout]   = note: `#[warn(stable_features)]` on by default
[INFO] [stdout] 
[INFO] [stdout] 
[INFO] [stdout] error[E0599]: no method named `log10` found for type `usize` in the current scope
[INFO] [stdout]   --> src/cleaner/mod.rs:72:74
[INFO] [stdout]    |
[INFO] [stdout] 72 |             println!("{:width$} | {}", index + 1, item, width = 1 + show.log10() as usize)
[INFO] [stdout]    |                                                                          ^^^^^ help: there is a method with a similar name: `ilog10`
[INFO] [stdout] 
[INFO] [stdout] 
[INFO] [stdout] error: aborting due to 2 previous errors; 1 warning emitted
[INFO] [stdout] 
[INFO] [stdout] 
[INFO] [stdout] Some errors have detailed explanations: E0554, E0599.
[INFO] [stdout] 
[INFO] [stdout] For more information about an error, try `rustc --explain E0554`.
[INFO] [stdout] 
[INFO] [stderr] error: could not compile `git-bfg` (bin "bfg") due to 3 previous errors; 1 warning emitted
[INFO] running `Command { std: "docker" "inspect" "06acb14ebd21bfd37baf6b91f441378abc51d0009f4b45f01e098fb6b7bf761e", kill_on_drop: false }`
[INFO] running `Command { std: "docker" "rm" "-f" "06acb14ebd21bfd37baf6b91f441378abc51d0009f4b45f01e098fb6b7bf761e", kill_on_drop: false }`
[INFO] [stdout] 06acb14ebd21bfd37baf6b91f441378abc51d0009f4b45f01e098fb6b7bf761e
[INFO] testing git-bfg-0.2.0 against beta-2023-12-22 for beta-1.76-1
[INFO] extracting crate git-bfg 0.2.0 into /workspace/builds/worker-4-tc2/source
[INFO] validating manifest of crates.io crate git-bfg 0.2.0 on toolchain beta-2023-12-22
[INFO] running `Command { std: CARGO_HOME="/workspace/cargo-home" RUSTUP_HOME="/workspace/rustup-home" "/workspace/cargo-home/bin/cargo" "+beta-2023-12-22" "metadata" "--manifest-path" "Cargo.toml" "--no-deps", kill_on_drop: false }`
[INFO] started tweaking crates.io crate git-bfg 0.2.0
[INFO] finished tweaking crates.io crate git-bfg 0.2.0
[INFO] tweaked toml for crates.io crate git-bfg 0.2.0 written to /workspace/builds/worker-4-tc2/source/Cargo.toml
[INFO] crate crates.io crate git-bfg 0.2.0 already has a lockfile, it will not be regenerated
[INFO] running `Command { std: CARGO_HOME="/workspace/cargo-home" RUSTUP_HOME="/workspace/rustup-home" "/workspace/cargo-home/bin/cargo" "+beta-2023-12-22" "fetch" "--manifest-path" "Cargo.toml", kill_on_drop: false }`
[INFO] running `Command { std: "docker" "create" "-v" "/var/lib/crater-agent-workspace/builds/worker-4-tc2/target:/opt/rustwide/target:rw,Z" "-v" "/var/lib/crater-agent-workspace/builds/worker-4-tc2/source:/opt/rustwide/workdir:ro,Z" "-v" "/var/lib/crater-agent-workspace/cargo-home:/opt/rustwide/cargo-home:ro,Z" "-v" "/var/lib/crater-agent-workspace/rustup-home:/opt/rustwide/rustup-home:ro,Z" "-e" "SOURCE_DIR=/opt/rustwide/workdir" "-e" "CARGO_TARGET_DIR=/opt/rustwide/target" "-e" "CARGO_HOME=/opt/rustwide/cargo-home" "-e" "RUSTUP_HOME=/opt/rustwide/rustup-home" "-w" "/opt/rustwide/workdir" "-m" "1610612736" "--user" "0:0" "--network" "none" "ghcr.io/rust-lang/crates-build-env/linux@sha256:2788e3201cd34a07e3172128adcd8b3090168a8e3bcc40d7c032b9dda1df7d1c" "/opt/rustwide/cargo-home/bin/cargo" "+beta-2023-12-22" "metadata" "--no-deps" "--format-version=1", kill_on_drop: false }`
[INFO] [stdout] 42c41543ebdbc24f602b137c5e1b0392ddb6da1a784e549136ffc72703ea3ff0
[INFO] running `Command { std: "docker" "start" "-a" "42c41543ebdbc24f602b137c5e1b0392ddb6da1a784e549136ffc72703ea3ff0", kill_on_drop: false }`
[INFO] running `Command { std: "docker" "inspect" "42c41543ebdbc24f602b137c5e1b0392ddb6da1a784e549136ffc72703ea3ff0", kill_on_drop: false }`
[INFO] running `Command { std: "docker" "rm" "-f" "42c41543ebdbc24f602b137c5e1b0392ddb6da1a784e549136ffc72703ea3ff0", kill_on_drop: false }`
[INFO] [stdout] 42c41543ebdbc24f602b137c5e1b0392ddb6da1a784e549136ffc72703ea3ff0
[INFO] running `Command { std: "docker" "create" "-v" "/var/lib/crater-agent-workspace/builds/worker-4-tc2/target:/opt/rustwide/target:rw,Z" "-v" "/var/lib/crater-agent-workspace/builds/worker-4-tc2/source:/opt/rustwide/workdir:ro,Z" "-v" "/var/lib/crater-agent-workspace/cargo-home:/opt/rustwide/cargo-home:ro,Z" "-v" "/var/lib/crater-agent-workspace/rustup-home:/opt/rustwide/rustup-home:ro,Z" "-e" "SOURCE_DIR=/opt/rustwide/workdir" "-e" "CARGO_TARGET_DIR=/opt/rustwide/target" "-e" "CARGO_INCREMENTAL=0" "-e" "RUST_BACKTRACE=full" "-e" "RUSTFLAGS=--cap-lints=warn" "-e" "RUSTDOCFLAGS=--cap-lints=warn" "-e" "CARGO_HOME=/opt/rustwide/cargo-home" "-e" "RUSTUP_HOME=/opt/rustwide/rustup-home" "-w" "/opt/rustwide/workdir" "-m" "1610612736" "--user" "0:0" "--network" "none" "ghcr.io/rust-lang/crates-build-env/linux@sha256:2788e3201cd34a07e3172128adcd8b3090168a8e3bcc40d7c032b9dda1df7d1c" "/opt/rustwide/cargo-home/bin/cargo" "+beta-2023-12-22" "build" "--frozen" "--message-format=json", kill_on_drop: false }`
[INFO] [stdout] 90fd747e7c2113f26aee9531b9bc3e328ab5f7e46d79585b4e825afa51cc0064
[INFO] running `Command { std: "docker" "start" "-a" "90fd747e7c2113f26aee9531b9bc3e328ab5f7e46d79585b4e825afa51cc0064", kill_on_drop: false }`
[INFO] [stderr]    Compiling libc v0.2.117
[INFO] [stderr]    Compiling pkg-config v0.3.24
[INFO] [stderr]    Compiling autocfg v1.0.1
[INFO] [stderr]    Compiling tinyvec_macros v0.1.0
[INFO] [stderr]    Compiling matches v0.1.9
[INFO] [stderr]    Compiling memchr v2.4.1
[INFO] [stderr]    Compiling log v0.4.14
[INFO] [stderr]    Compiling unicode-bidi v0.3.7
[INFO] [stderr]    Compiling percent-encoding v2.1.0
[INFO] [stderr]    Compiling hashbrown v0.11.2
[INFO] [stderr]    Compiling termcolor v1.1.2
[INFO] [stderr]    Compiling textwrap v0.14.2
[INFO] [stderr]    Compiling utf8-width v0.1.5
[INFO] [stderr]    Compiling openssl-probe v0.1.5
[INFO] [stderr]    Compiling project-root v0.2.2
[INFO] [stderr]    Compiling sorted-vec v0.7.0
[INFO] [stderr]    Compiling tinyvec v1.5.1
[INFO] [stderr]    Compiling byte-unit v4.0.13
[INFO] [stderr]    Compiling form_urlencoded v1.0.1
[INFO] [stderr]    Compiling indexmap v1.8.0
[INFO] [stderr]    Compiling os_str_bytes v6.0.0
[INFO] [stderr]    Compiling unicode-normalization v0.1.19
[INFO] [stderr]    Compiling jobserver v0.1.24
[INFO] [stderr]    Compiling atty v0.2.14
[INFO] [stderr]    Compiling clap v3.0.14
[INFO] [stderr]    Compiling cc v1.0.72
[INFO] [stderr]    Compiling idna v0.2.3
[INFO] [stderr]    Compiling openssl-sys v0.9.72
[INFO] [stderr]    Compiling libz-sys v1.1.3
[INFO] [stderr]    Compiling libssh2-sys v0.2.23
[INFO] [stderr]    Compiling libgit2-sys v0.12.26+1.3.0
[INFO] [stderr]    Compiling url v2.2.2
[INFO] [stderr]    Compiling git2 v0.13.25
[INFO] [stderr]    Compiling git-bfg v0.2.0 (/opt/rustwide/workdir)
[INFO] [stdout] error[E0554]: `#![feature]` may not be used on the beta release channel
[INFO] [stdout]  --> src/main.rs:1:12
[INFO] [stdout]   |
[INFO] [stdout] 1 | #![feature(int_log)]
[INFO] [stdout]   |            ^^^^^^^
[INFO] [stdout] 
[INFO] [stdout] 
[INFO] [stdout] warning: the feature `int_log` has been stable since 1.67.0 and no longer requires an attribute to enable
[INFO] [stdout]  --> src/main.rs:1:12
[INFO] [stdout]   |
[INFO] [stdout] 1 | #![feature(int_log)]
[INFO] [stdout]   |            ^^^^^^^
[INFO] [stdout]   |
[INFO] [stdout]   = note: `#[warn(stable_features)]` on by default
[INFO] [stdout] 
[INFO] [stdout] 
[INFO] [stdout] error[E0599]: no method named `log10` found for type `usize` in the current scope
[INFO] [stdout]   --> src/cleaner/mod.rs:72:74
[INFO] [stdout]    |
[INFO] [stdout] 72 |             println!("{:width$} | {}", index + 1, item, width = 1 + show.log10() as usize)
[INFO] [stdout]    |                                                                          ^^^^^ help: there is a method with a similar name: `ilog10`
[INFO] [stdout] 
[INFO] [stdout] 
[INFO] [stdout] error: aborting due to 2 previous errors; 1 warning emitted
[INFO] [stdout] 
[INFO] [stdout] 
[INFO] [stdout] Some errors have detailed explanations: E0554, E0599.
[INFO] [stdout] 
[INFO] [stdout] For more information about an error, try `rustc --explain E0554`.
[INFO] [stdout] 
[INFO] [stderr] error: could not compile `git-bfg` (bin "bfg") due to 3 previous errors; 1 warning emitted
[INFO] running `Command { std: "docker" "inspect" "90fd747e7c2113f26aee9531b9bc3e328ab5f7e46d79585b4e825afa51cc0064", kill_on_drop: false }`
[INFO] running `Command { std: "docker" "rm" "-f" "90fd747e7c2113f26aee9531b9bc3e328ab5f7e46d79585b4e825afa51cc0064", kill_on_drop: false }`
[INFO] [stdout] 90fd747e7c2113f26aee9531b9bc3e328ab5f7e46d79585b4e825afa51cc0064
