[INFO] fetching crate girt-git 2.3.0...
[INFO] testing girt-git-2.3.0 against 1.75.0 for beta-1.76-1
[INFO] extracting crate girt-git 2.3.0 into /workspace/builds/worker-4-tc1/source
[INFO] validating manifest of crates.io crate girt-git 2.3.0 on toolchain 1.75.0
[INFO] running `Command { std: CARGO_HOME="/workspace/cargo-home" RUSTUP_HOME="/workspace/rustup-home" "/workspace/cargo-home/bin/cargo" "+1.75.0" "metadata" "--manifest-path" "Cargo.toml" "--no-deps", kill_on_drop: false }`
[INFO] started tweaking crates.io crate girt-git 2.3.0
[INFO] finished tweaking crates.io crate girt-git 2.3.0
[INFO] tweaked toml for crates.io crate girt-git 2.3.0 written to /workspace/builds/worker-4-tc1/source/Cargo.toml
[INFO] running `Command { std: CARGO_HOME="/workspace/cargo-home" RUSTUP_HOME="/workspace/rustup-home" "/workspace/cargo-home/bin/cargo" "+1.75.0" "generate-lockfile" "--manifest-path" "Cargo.toml", kill_on_drop: false }`
[INFO] [stderr]     Updating crates.io index
[INFO] running `Command { std: CARGO_HOME="/workspace/cargo-home" RUSTUP_HOME="/workspace/rustup-home" "/workspace/cargo-home/bin/cargo" "+1.75.0" "fetch" "--manifest-path" "Cargo.toml", kill_on_drop: false }`
[INFO] [stderr]  Downloading crates ...
[INFO] [stderr]   Downloaded girt-testutils v2.3.0
[INFO] [stderr]   Downloaded git2 v0.15.0
[INFO] [stderr]   Downloaded libgit2-sys v0.14.2+1.5.1
[INFO] running `Command { std: "docker" "create" "-v" "/var/lib/crater-agent-workspace/builds/worker-4-tc1/target:/opt/rustwide/target:rw,Z" "-v" "/var/lib/crater-agent-workspace/builds/worker-4-tc1/source:/opt/rustwide/workdir:ro,Z" "-v" "/var/lib/crater-agent-workspace/cargo-home:/opt/rustwide/cargo-home:ro,Z" "-v" "/var/lib/crater-agent-workspace/rustup-home:/opt/rustwide/rustup-home:ro,Z" "-e" "SOURCE_DIR=/opt/rustwide/workdir" "-e" "CARGO_TARGET_DIR=/opt/rustwide/target" "-e" "CARGO_HOME=/opt/rustwide/cargo-home" "-e" "RUSTUP_HOME=/opt/rustwide/rustup-home" "-w" "/opt/rustwide/workdir" "-m" "1610612736" "--user" "0:0" "--network" "none" "ghcr.io/rust-lang/crates-build-env/linux@sha256:2788e3201cd34a07e3172128adcd8b3090168a8e3bcc40d7c032b9dda1df7d1c" "/opt/rustwide/cargo-home/bin/cargo" "+1.75.0" "metadata" "--no-deps" "--format-version=1", kill_on_drop: false }`
[INFO] [stdout] 13853e46ac543eb236901a749da34a2d897a69cf8d290d31c53180b5eefa8d3e
[INFO] running `Command { std: "docker" "start" "-a" "13853e46ac543eb236901a749da34a2d897a69cf8d290d31c53180b5eefa8d3e", kill_on_drop: false }`
[INFO] running `Command { std: "docker" "inspect" "13853e46ac543eb236901a749da34a2d897a69cf8d290d31c53180b5eefa8d3e", kill_on_drop: false }`
[INFO] running `Command { std: "docker" "rm" "-f" "13853e46ac543eb236901a749da34a2d897a69cf8d290d31c53180b5eefa8d3e", kill_on_drop: false }`
[INFO] [stdout] 13853e46ac543eb236901a749da34a2d897a69cf8d290d31c53180b5eefa8d3e
[INFO] running `Command { std: "docker" "create" "-v" "/var/lib/crater-agent-workspace/builds/worker-4-tc1/target:/opt/rustwide/target:rw,Z" "-v" "/var/lib/crater-agent-workspace/builds/worker-4-tc1/source:/opt/rustwide/workdir:ro,Z" "-v" "/var/lib/crater-agent-workspace/cargo-home:/opt/rustwide/cargo-home:ro,Z" "-v" "/var/lib/crater-agent-workspace/rustup-home:/opt/rustwide/rustup-home:ro,Z" "-e" "SOURCE_DIR=/opt/rustwide/workdir" "-e" "CARGO_TARGET_DIR=/opt/rustwide/target" "-e" "CARGO_INCREMENTAL=0" "-e" "RUST_BACKTRACE=full" "-e" "RUSTFLAGS=--cap-lints=warn" "-e" "RUSTDOCFLAGS=--cap-lints=warn" "-e" "CARGO_HOME=/opt/rustwide/cargo-home" "-e" "RUSTUP_HOME=/opt/rustwide/rustup-home" "-w" "/opt/rustwide/workdir" "-m" "1610612736" "--user" "0:0" "--network" "none" "ghcr.io/rust-lang/crates-build-env/linux@sha256:2788e3201cd34a07e3172128adcd8b3090168a8e3bcc40d7c032b9dda1df7d1c" "/opt/rustwide/cargo-home/bin/cargo" "+1.75.0" "build" "--frozen" "--message-format=json", kill_on_drop: false }`
[INFO] [stdout] 9e2a1f58054698a5e180849a29ec6b6771f8ced03dbedf99f540cb2119f531cc
[INFO] running `Command { std: "docker" "start" "-a" "9e2a1f58054698a5e180849a29ec6b6771f8ced03dbedf99f540cb2119f531cc", kill_on_drop: false }`
[INFO] [stderr]    Compiling pkg-config v0.3.28
[INFO] [stderr]    Compiling vcpkg v0.2.15
[INFO] [stderr]    Compiling semver v1.0.21
[INFO] [stderr]    Compiling lock_api v0.4.11
[INFO] [stderr]    Compiling num-traits v0.2.17
[INFO] [stderr]    Compiling percent-encoding v2.3.1
[INFO] [stderr]    Compiling parking_lot_core v0.9.9
[INFO] [stderr]    Compiling rustix v0.38.28
[INFO] [stderr]    Compiling unicode-bidi v0.3.14
[INFO] [stderr]    Compiling linux-raw-sys v0.4.12
[INFO] [stderr]    Compiling thiserror v1.0.56
[INFO] [stderr]    Compiling jobserver v0.1.27
[INFO] [stderr]    Compiling smallvec v1.11.2
[INFO] [stderr]    Compiling bitflags v2.4.1
[INFO] [stderr]    Compiling unicode-normalization v0.1.22
[INFO] [stderr]    Compiling scopeguard v1.2.0
[INFO] [stderr]    Compiling thiserror-impl v1.0.56
[INFO] [stderr]    Compiling cc v1.0.83
[INFO] [stderr]    Compiling form_urlencoded v1.2.1
[INFO] [stderr]    Compiling iana-time-zone v0.1.59
[INFO] [stderr]    Compiling log v0.4.20
[INFO] [stderr]    Compiling fastrand v2.0.1
[INFO] [stderr]    Compiling idna v0.5.0
[INFO] [stderr]    Compiling rustc_version v0.4.0
[INFO] [stderr]    Compiling parking_lot v0.12.1
[INFO] [stderr]    Compiling girt-git v2.3.0 (/opt/rustwide/workdir)
[INFO] [stderr]    Compiling url v2.5.0
[INFO] [stderr]    Compiling libz-sys v1.1.12
[INFO] [stderr]    Compiling libgit2-sys v0.14.2+1.5.1
[INFO] [stderr]    Compiling chrono v0.4.31
[INFO] [stderr]    Compiling tempfile v3.9.0
[INFO] [stderr]    Compiling git2 v0.15.0
[INFO] [stderr]     Finished dev [unoptimized + debuginfo] target(s) in 5.92s
[INFO] running `Command { std: "docker" "inspect" "9e2a1f58054698a5e180849a29ec6b6771f8ced03dbedf99f540cb2119f531cc", kill_on_drop: false }`
[INFO] running `Command { std: "docker" "rm" "-f" "9e2a1f58054698a5e180849a29ec6b6771f8ced03dbedf99f540cb2119f531cc", kill_on_drop: false }`
[INFO] [stdout] 9e2a1f58054698a5e180849a29ec6b6771f8ced03dbedf99f540cb2119f531cc
[INFO] running `Command { std: "docker" "create" "-v" "/var/lib/crater-agent-workspace/builds/worker-4-tc1/target:/opt/rustwide/target:rw,Z" "-v" "/var/lib/crater-agent-workspace/builds/worker-4-tc1/source:/opt/rustwide/workdir:ro,Z" "-v" "/var/lib/crater-agent-workspace/cargo-home:/opt/rustwide/cargo-home:ro,Z" "-v" "/var/lib/crater-agent-workspace/rustup-home:/opt/rustwide/rustup-home:ro,Z" "-e" "SOURCE_DIR=/opt/rustwide/workdir" "-e" "CARGO_TARGET_DIR=/opt/rustwide/target" "-e" "CARGO_INCREMENTAL=0" "-e" "RUST_BACKTRACE=full" "-e" "RUSTFLAGS=--cap-lints=warn" "-e" "RUSTDOCFLAGS=--cap-lints=warn" "-e" "CARGO_HOME=/opt/rustwide/cargo-home" "-e" "RUSTUP_HOME=/opt/rustwide/rustup-home" "-w" "/opt/rustwide/workdir" "-m" "1610612736" "--user" "0:0" "--network" "none" "ghcr.io/rust-lang/crates-build-env/linux@sha256:2788e3201cd34a07e3172128adcd8b3090168a8e3bcc40d7c032b9dda1df7d1c" "/opt/rustwide/cargo-home/bin/cargo" "+1.75.0" "test" "--frozen" "--no-run" "--message-format=json", kill_on_drop: false }`
[INFO] [stdout] 689095e9d057d4b0b2bc7bcf496f9f2c2a24f8420b6e27fbddd3127f7a2fd1c6
[INFO] running `Command { std: "docker" "start" "-a" "689095e9d057d4b0b2bc7bcf496f9f2c2a24f8420b6e27fbddd3127f7a2fd1c6", kill_on_drop: false }`
[INFO] [stderr]    Compiling slab v0.4.9
[INFO] [stderr]    Compiling futures-sink v0.3.30
[INFO] [stderr]    Compiling futures-core v0.3.30
[INFO] [stderr]    Compiling futures-task v0.3.30
[INFO] [stderr]    Compiling pin-project-lite v0.2.13
[INFO] [stderr]    Compiling futures-io v0.3.30
[INFO] [stderr]    Compiling aho-corasick v1.1.2
[INFO] [stderr]    Compiling regex-syntax v0.8.2
[INFO] [stderr]    Compiling syn v2.0.48
[INFO] [stderr]    Compiling rstest_macros v0.18.2
[INFO] [stderr]    Compiling girt-testutils v2.3.0
[INFO] [stderr]    Compiling once_cell v1.19.0
[INFO] [stderr]    Compiling relative-path v1.9.2
[INFO] [stderr]    Compiling glob v0.3.1
[INFO] [stderr]    Compiling hashbrown v0.14.3
[INFO] [stderr]    Compiling diff v0.1.13
[INFO] [stderr]    Compiling yansi v0.5.1
[INFO] [stderr]    Compiling futures-channel v0.3.30
[INFO] [stderr]    Compiling pretty_assertions v1.4.0
[INFO] [stderr]    Compiling dashmap v5.5.3
[INFO] [stderr]    Compiling regex-automata v0.4.3
[INFO] [stderr]    Compiling regex v1.10.2
[INFO] [stderr]    Compiling futures-macro v0.3.30
[INFO] [stderr]    Compiling thiserror-impl v1.0.56
[INFO] [stderr]    Compiling serial_test_derive v2.0.0
[INFO] [stderr]    Compiling futures-util v0.3.30
[INFO] [stderr]    Compiling thiserror v1.0.56
[INFO] [stderr]    Compiling girt-git v2.3.0 (/opt/rustwide/workdir)
[INFO] [stderr]    Compiling futures-executor v0.3.30
[INFO] [stderr]    Compiling futures v0.3.30
[INFO] [stderr]    Compiling serial_test v2.0.0
[INFO] [stderr]    Compiling rstest v0.18.2
[INFO] [stdout] error[E0432]: unresolved import `claim`
[INFO] [stdout]    --> src/commit.rs:128:6
[INFO] [stdout]     |
[INFO] [stdout] 128 |     use claim::{assert_none, assert_some_eq};
[INFO] [stdout]     |         ^^^^^ use of undeclared crate or module `claim`
[INFO] [stdout] 
[INFO] [stdout] 
[INFO] [stdout] error[E0432]: unresolved import `claim`
[INFO] [stdout]   --> src/commit_diff.rs:60:6
[INFO] [stdout]    |
[INFO] [stdout] 60 |     use claim::assert_some_eq;
[INFO] [stdout]    |         ^^^^^ use of undeclared crate or module `claim`
[INFO] [stdout] 
[INFO] [stdout] 
[INFO] [stdout] error[E0432]: unresolved import `claim`
[INFO] [stdout]   --> src/delta.rs:97:6
[INFO] [stdout]    |
[INFO] [stdout] 97 |     use claim::assert_err;
[INFO] [stdout]    |         ^^^^^ use of undeclared crate or module `claim`
[INFO] [stdout] 
[INFO] [stdout] 
[INFO] [stdout] error[E0432]: unresolved import `claim`
[INFO] [stdout]   --> src/diff_line.rs:89:6
[INFO] [stdout]    |
[INFO] [stdout] 89 |     use claim::assert_some_eq;
[INFO] [stdout]    |         ^^^^^ use of undeclared crate or module `claim`
[INFO] [stdout] 
[INFO] [stdout] 
[INFO] [stdout] error[E0432]: unresolved import `claim`
[INFO] [stdout]    --> src/repository.rs:193:6
[INFO] [stdout]     |
[INFO] [stdout] 193 |     use claim::assert_ok;
[INFO] [stdout]     |         ^^^^^ use of undeclared crate or module `claim`
[INFO] [stdout] 
[INFO] [stdout] 
[INFO] [stdout] error[E0432]: unresolved import `claim`
[INFO] [stdout]   --> src/user.rs:74:6
[INFO] [stdout]    |
[INFO] [stdout] 74 |     use claim::assert_some_eq;
[INFO] [stdout]    |         ^^^^^ use of undeclared crate or module `claim`
[INFO] [stdout] 
[INFO] [stdout] 
[INFO] [stdout] error: cannot determine resolution for the macro `assert_some_eq`
[INFO] [stdout]    --> src/commit.rs:153:3
[INFO] [stdout]     |
[INFO] [stdout] 153 |         assert_some_eq!(commit.reference(), &ReferenceBuilder::new("0123456789ABCDEF").build());
[INFO] [stdout]     |         ^^^^^^^^^^^^^^
[INFO] [stdout]     |
[INFO] [stdout]     = note: import resolution is stuck, try simplifying macro imports
[INFO] [stdout] 
[INFO] [stdout] 
[INFO] [stdout] error: cannot determine resolution for the macro `assert_some_eq`
[INFO] [stdout]    --> src/commit.rs:178:3
[INFO] [stdout]     |
[INFO] [stdout] 178 |         assert_some_eq!(commit.summary(), "title");
[INFO] [stdout]     |         ^^^^^^^^^^^^^^
[INFO] [stdout]     |
[INFO] [stdout]     = note: import resolution is stuck, try simplifying macro imports
[INFO] [stdout] 
[INFO] [stdout] 
[INFO] [stdout] error: cannot determine resolution for the macro `assert_some_eq`
[INFO] [stdout]    --> src/commit.rs:184:3
[INFO] [stdout]     |
[INFO] [stdout] 184 |         assert_some_eq!(commit.message(), "title\n\nbody");
[INFO] [stdout]     |         ^^^^^^^^^^^^^^
[INFO] [stdout]     |
[INFO] [stdout]     = note: import resolution is stuck, try simplifying macro imports
[INFO] [stdout] 
[INFO] [stdout] 
[INFO] [stdout] error: cannot determine resolution for the macro `assert_none`
[INFO] [stdout]    --> src/commit.rs:195:4
[INFO] [stdout]     |
[INFO] [stdout] 195 |             assert_none!(commit.authored_date());
[INFO] [stdout]     |             ^^^^^^^^^^^
[INFO] [stdout]     |
[INFO] [stdout]     = note: import resolution is stuck, try simplifying macro imports
[INFO] [stdout] 
[INFO] [stdout] 
[INFO] [stdout] error: cannot determine resolution for the macro `assert_some_eq`
[INFO] [stdout]    --> src/commit.rs:211:4
[INFO] [stdout]     |
[INFO] [stdout] 211 |             assert_some_eq!(
[INFO] [stdout]     |             ^^^^^^^^^^^^^^
[INFO] [stdout]     |
[INFO] [stdout]     = note: import resolution is stuck, try simplifying macro imports
[INFO] [stdout] 
[INFO] [stdout] 
[INFO] [stdout] error: cannot determine resolution for the macro `assert_some_eq`
[INFO] [stdout]    --> src/commit.rs:223:4
[INFO] [stdout]     |
[INFO] [stdout] 223 |             assert_some_eq!(
[INFO] [stdout]     |             ^^^^^^^^^^^^^^
[INFO] [stdout]     |
[INFO] [stdout]     = note: import resolution is stuck, try simplifying macro imports
[INFO] [stdout] 
[INFO] [stdout] 
[INFO] [stdout] error: cannot determine resolution for the macro `assert_none`
[INFO] [stdout]    --> src/commit.rs:234:4
[INFO] [stdout]     |
[INFO] [stdout] 234 |             assert_none!(commit.committer());
[INFO] [stdout]     |             ^^^^^^^^^^^
[INFO] [stdout]     |
[INFO] [stdout]     = note: import resolution is stuck, try simplifying macro imports
[INFO] [stdout] 
[INFO] [stdout] 
[INFO] [stdout] error: cannot determine resolution for the macro `assert_some_eq`
[INFO] [stdout]   --> src/commit_diff.rs:84:3
[INFO] [stdout]    |
[INFO] [stdout] 84 |         assert_some_eq!(diff.parent(), &CommitBuilder::new("ABCDEF0123456789").build());
[INFO] [stdout]    |         ^^^^^^^^^^^^^^
[INFO] [stdout]    |
[INFO] [stdout]    = note: import resolution is stuck, try simplifying macro imports
[INFO] [stdout] 
[INFO] [stdout] 
[INFO] [stdout] error: cannot determine resolution for the macro `assert_err`
[INFO] [stdout]    --> src/delta.rs:165:3
[INFO] [stdout]     |
[INFO] [stdout] 165 |         assert_err!(diff.print(git2::DiffFormat::Patch, |_, diff_hunk, _| {
[INFO] [stdout]     |         ^^^^^^^^^^
[INFO] [stdout]     |
[INFO] [stdout]     = note: import resolution is stuck, try simplifying macro imports
[INFO] [stdout] 
[INFO] [stdout] 
[INFO] [stdout] error: cannot determine resolution for the macro `assert_some_eq`
[INFO] [stdout]    --> src/diff_line.rs:110:3
[INFO] [stdout]     |
[INFO] [stdout] 110 |         assert_some_eq!(create_diff_line().old_line_number(), 1);
[INFO] [stdout]     |         ^^^^^^^^^^^^^^
[INFO] [stdout]     |
[INFO] [stdout]     = note: import resolution is stuck, try simplifying macro imports
[INFO] [stdout] 
[INFO] [stdout] 
[INFO] [stdout] error: cannot determine resolution for the macro `assert_some_eq`
[INFO] [stdout]    --> src/diff_line.rs:115:3
[INFO] [stdout]     |
[INFO] [stdout] 115 |         assert_some_eq!(create_diff_line().new_line_number(), 2);
[INFO] [stdout]     |         ^^^^^^^^^^^^^^
[INFO] [stdout]     |
[INFO] [stdout]     = note: import resolution is stuck, try simplifying macro imports
[INFO] [stdout] 
[INFO] [stdout] 
[INFO] [stdout] error: cannot determine resolution for the macro `assert_ok`
[INFO] [stdout]    --> src/repository.rs:208:3
[INFO] [stdout]     |
[INFO] [stdout] 208 |         assert_ok!(Repository::open_from_env());
[INFO] [stdout]     |         ^^^^^^^^^
[INFO] [stdout]     |
[INFO] [stdout]     = note: import resolution is stuck, try simplifying macro imports
[INFO] [stdout] 
[INFO] [stdout] 
[INFO] [stdout] error: cannot determine resolution for the macro `assert_ok`
[INFO] [stdout]    --> src/repository.rs:238:3
[INFO] [stdout]     |
[INFO] [stdout] 238 |         assert_ok!(Repository::open_from_path(&path));
[INFO] [stdout]     |         ^^^^^^^^^
[INFO] [stdout]     |
[INFO] [stdout]     = note: import resolution is stuck, try simplifying macro imports
[INFO] [stdout] 
[INFO] [stdout] 
[INFO] [stdout] error: cannot determine resolution for the macro `assert_ok`
[INFO] [stdout]    --> src/repository.rs:263:4
[INFO] [stdout]     |
[INFO] [stdout] 263 |             assert_ok!(repo.load_config());
[INFO] [stdout]     |             ^^^^^^^^^
[INFO] [stdout]     |
[INFO] [stdout]     = note: import resolution is stuck, try simplifying macro imports
[INFO] [stdout] 
[INFO] [stdout] 
[INFO] [stdout] error: cannot determine resolution for the macro `assert_ok`
[INFO] [stdout]    --> src/repository.rs:272:4
[INFO] [stdout]     |
[INFO] [stdout] 272 |             assert_ok!(repository.load_commit_diff(id.to_string().as_str(), &CommitDiffLoaderOptions::new()));
[INFO] [stdout]     |             ^^^^^^^^^
[INFO] [stdout]     |
[INFO] [stdout]     = note: import resolution is stuck, try simplifying macro imports
[INFO] [stdout] 
[INFO] [stdout] 
[INFO] [stdout] error: cannot determine resolution for the macro `assert_ok`
[INFO] [stdout]    --> src/repository.rs:303:4
[INFO] [stdout]     |
[INFO] [stdout] 303 |             assert_ok!(repository.find_reference("refs/heads/main"));
[INFO] [stdout]     |             ^^^^^^^^^
[INFO] [stdout]     |
[INFO] [stdout]     = note: import resolution is stuck, try simplifying macro imports
[INFO] [stdout] 
[INFO] [stdout] 
[INFO] [stdout] error: cannot determine resolution for the macro `assert_ok`
[INFO] [stdout]    --> src/repository.rs:326:4
[INFO] [stdout]     |
[INFO] [stdout] 326 |             assert_ok!(repository.find_commit("refs/heads/main"));
[INFO] [stdout]     |             ^^^^^^^^^
[INFO] [stdout]     |
[INFO] [stdout]     = note: import resolution is stuck, try simplifying macro imports
[INFO] [stdout] 
[INFO] [stdout] 
[INFO] [stdout] error: cannot determine resolution for the macro `assert_some_eq`
[INFO] [stdout]   --> src/user.rs:82:3
[INFO] [stdout]    |
[INFO] [stdout] 82 |         assert_some_eq!(user.name(), "name");
[INFO] [stdout]    |         ^^^^^^^^^^^^^^
[INFO] [stdout]    |
[INFO] [stdout]    = note: import resolution is stuck, try simplifying macro imports
[INFO] [stdout] 
[INFO] [stdout] 
[INFO] [stdout] error: cannot determine resolution for the macro `assert_some_eq`
[INFO] [stdout]   --> src/user.rs:88:3
[INFO] [stdout]    |
[INFO] [stdout] 88 |         assert_some_eq!(user.email(), "email");
[INFO] [stdout]    |         ^^^^^^^^^^^^^^
[INFO] [stdout]    |
[INFO] [stdout]    = note: import resolution is stuck, try simplifying macro imports
[INFO] [stdout] 
[INFO] [stdout] 
[INFO] [stdout] error: aborting due to 25 previous errors
[INFO] [stdout] 
[INFO] [stdout] 
[INFO] [stdout] For more information about this error, try `rustc --explain E0432`.
[INFO] [stdout] 
[INFO] [stderr] error: could not compile `girt-git` (lib test) due to 26 previous errors
[INFO] running `Command { std: "docker" "inspect" "689095e9d057d4b0b2bc7bcf496f9f2c2a24f8420b6e27fbddd3127f7a2fd1c6", kill_on_drop: false }`
[INFO] running `Command { std: "docker" "rm" "-f" "689095e9d057d4b0b2bc7bcf496f9f2c2a24f8420b6e27fbddd3127f7a2fd1c6", kill_on_drop: false }`
[INFO] [stdout] 689095e9d057d4b0b2bc7bcf496f9f2c2a24f8420b6e27fbddd3127f7a2fd1c6
[INFO] testing girt-git-2.3.0 against beta-2023-12-22 for beta-1.76-1
[INFO] extracting crate girt-git 2.3.0 into /workspace/builds/worker-4-tc2/source
[INFO] validating manifest of crates.io crate girt-git 2.3.0 on toolchain beta-2023-12-22
[INFO] running `Command { std: CARGO_HOME="/workspace/cargo-home" RUSTUP_HOME="/workspace/rustup-home" "/workspace/cargo-home/bin/cargo" "+beta-2023-12-22" "metadata" "--manifest-path" "Cargo.toml" "--no-deps", kill_on_drop: false }`
[INFO] started tweaking crates.io crate girt-git 2.3.0
[INFO] finished tweaking crates.io crate girt-git 2.3.0
[INFO] tweaked toml for crates.io crate girt-git 2.3.0 written to /workspace/builds/worker-4-tc2/source/Cargo.toml
[INFO] running `Command { std: CARGO_HOME="/workspace/cargo-home" RUSTUP_HOME="/workspace/rustup-home" "/workspace/cargo-home/bin/cargo" "+beta-2023-12-22" "generate-lockfile" "--manifest-path" "Cargo.toml", kill_on_drop: false }`
[INFO] [stderr]     Updating crates.io index
[INFO] running `Command { std: CARGO_HOME="/workspace/cargo-home" RUSTUP_HOME="/workspace/rustup-home" "/workspace/cargo-home/bin/cargo" "+beta-2023-12-22" "fetch" "--manifest-path" "Cargo.toml", kill_on_drop: false }`
[INFO] running `Command { std: "docker" "create" "-v" "/var/lib/crater-agent-workspace/builds/worker-4-tc2/target:/opt/rustwide/target:rw,Z" "-v" "/var/lib/crater-agent-workspace/builds/worker-4-tc2/source:/opt/rustwide/workdir:ro,Z" "-v" "/var/lib/crater-agent-workspace/cargo-home:/opt/rustwide/cargo-home:ro,Z" "-v" "/var/lib/crater-agent-workspace/rustup-home:/opt/rustwide/rustup-home:ro,Z" "-e" "SOURCE_DIR=/opt/rustwide/workdir" "-e" "CARGO_TARGET_DIR=/opt/rustwide/target" "-e" "CARGO_HOME=/opt/rustwide/cargo-home" "-e" "RUSTUP_HOME=/opt/rustwide/rustup-home" "-w" "/opt/rustwide/workdir" "-m" "1610612736" "--user" "0:0" "--network" "none" "ghcr.io/rust-lang/crates-build-env/linux@sha256:2788e3201cd34a07e3172128adcd8b3090168a8e3bcc40d7c032b9dda1df7d1c" "/opt/rustwide/cargo-home/bin/cargo" "+beta-2023-12-22" "metadata" "--no-deps" "--format-version=1", kill_on_drop: false }`
[INFO] [stdout] f0c3adc7681ed8ff7f8fd9c6c82f114373a2c69ed5487f16282f147f89ab80b5
[INFO] running `Command { std: "docker" "start" "-a" "f0c3adc7681ed8ff7f8fd9c6c82f114373a2c69ed5487f16282f147f89ab80b5", kill_on_drop: false }`
[INFO] running `Command { std: "docker" "inspect" "f0c3adc7681ed8ff7f8fd9c6c82f114373a2c69ed5487f16282f147f89ab80b5", kill_on_drop: false }`
[INFO] running `Command { std: "docker" "rm" "-f" "f0c3adc7681ed8ff7f8fd9c6c82f114373a2c69ed5487f16282f147f89ab80b5", kill_on_drop: false }`
[INFO] [stdout] f0c3adc7681ed8ff7f8fd9c6c82f114373a2c69ed5487f16282f147f89ab80b5
[INFO] running `Command { std: "docker" "create" "-v" "/var/lib/crater-agent-workspace/builds/worker-4-tc2/target:/opt/rustwide/target:rw,Z" "-v" "/var/lib/crater-agent-workspace/builds/worker-4-tc2/source:/opt/rustwide/workdir:ro,Z" "-v" "/var/lib/crater-agent-workspace/cargo-home:/opt/rustwide/cargo-home:ro,Z" "-v" "/var/lib/crater-agent-workspace/rustup-home:/opt/rustwide/rustup-home:ro,Z" "-e" "SOURCE_DIR=/opt/rustwide/workdir" "-e" "CARGO_TARGET_DIR=/opt/rustwide/target" "-e" "CARGO_INCREMENTAL=0" "-e" "RUST_BACKTRACE=full" "-e" "RUSTFLAGS=--cap-lints=warn" "-e" "RUSTDOCFLAGS=--cap-lints=warn" "-e" "CARGO_HOME=/opt/rustwide/cargo-home" "-e" "RUSTUP_HOME=/opt/rustwide/rustup-home" "-w" "/opt/rustwide/workdir" "-m" "1610612736" "--user" "0:0" "--network" "none" "ghcr.io/rust-lang/crates-build-env/linux@sha256:2788e3201cd34a07e3172128adcd8b3090168a8e3bcc40d7c032b9dda1df7d1c" "/opt/rustwide/cargo-home/bin/cargo" "+beta-2023-12-22" "build" "--frozen" "--message-format=json", kill_on_drop: false }`
[INFO] [stdout] cf9d214515fb183d8d2d2124f88af1cc13f49ec4b2afc10cc75c0686d540ff09
[INFO] running `Command { std: "docker" "start" "-a" "cf9d214515fb183d8d2d2124f88af1cc13f49ec4b2afc10cc75c0686d540ff09", kill_on_drop: false }`
[INFO] [stderr]    Compiling jobserver v0.1.27
[INFO] [stderr]    Compiling pkg-config v0.3.28
[INFO] [stderr]    Compiling vcpkg v0.2.15
[INFO] [stderr]    Compiling semver v1.0.21
[INFO] [stderr]    Compiling rustix v0.38.28
[INFO] [stderr]    Compiling percent-encoding v2.3.1
[INFO] [stderr]    Compiling unicode-bidi v0.3.14
[INFO] [stderr]    Compiling parking_lot_core v0.9.9
[INFO] [stderr]    Compiling bitflags v2.4.1
[INFO] [stderr]    Compiling linux-raw-sys v0.4.12
[INFO] [stderr]    Compiling smallvec v1.11.2
[INFO] [stderr]    Compiling lock_api v0.4.11
[INFO] [stderr]    Compiling num-traits v0.2.17
[INFO] [stderr]    Compiling thiserror v1.0.56
[INFO] [stderr]    Compiling unicode-normalization v0.1.22
[INFO] [stderr]    Compiling scopeguard v1.2.0
[INFO] [stderr]    Compiling thiserror-impl v1.0.56
[INFO] [stderr]    Compiling cc v1.0.83
[INFO] [stderr]    Compiling form_urlencoded v1.2.1
[INFO] [stderr]    Compiling fastrand v2.0.1
[INFO] [stderr]    Compiling log v0.4.20
[INFO] [stderr]    Compiling iana-time-zone v0.1.59
[INFO] [stderr]    Compiling idna v0.5.0
[INFO] [stderr]    Compiling rustc_version v0.4.0
[INFO] [stderr]    Compiling parking_lot v0.12.1
[INFO] [stderr]    Compiling girt-git v2.3.0 (/opt/rustwide/workdir)
[INFO] [stderr]    Compiling url v2.5.0
[INFO] [stderr]    Compiling libz-sys v1.1.12
[INFO] [stderr]    Compiling libgit2-sys v0.14.2+1.5.1
[INFO] [stderr]    Compiling chrono v0.4.31
[INFO] [stderr]    Compiling tempfile v3.9.0
[INFO] [stderr]    Compiling git2 v0.15.0
[INFO] [stderr]     Finished dev [unoptimized + debuginfo] target(s) in 15.76s
[INFO] running `Command { std: "docker" "inspect" "cf9d214515fb183d8d2d2124f88af1cc13f49ec4b2afc10cc75c0686d540ff09", kill_on_drop: false }`
[INFO] running `Command { std: "docker" "rm" "-f" "cf9d214515fb183d8d2d2124f88af1cc13f49ec4b2afc10cc75c0686d540ff09", kill_on_drop: false }`
[INFO] [stdout] cf9d214515fb183d8d2d2124f88af1cc13f49ec4b2afc10cc75c0686d540ff09
[INFO] running `Command { std: "docker" "create" "-v" "/var/lib/crater-agent-workspace/builds/worker-4-tc2/target:/opt/rustwide/target:rw,Z" "-v" "/var/lib/crater-agent-workspace/builds/worker-4-tc2/source:/opt/rustwide/workdir:ro,Z" "-v" "/var/lib/crater-agent-workspace/cargo-home:/opt/rustwide/cargo-home:ro,Z" "-v" "/var/lib/crater-agent-workspace/rustup-home:/opt/rustwide/rustup-home:ro,Z" "-e" "SOURCE_DIR=/opt/rustwide/workdir" "-e" "CARGO_TARGET_DIR=/opt/rustwide/target" "-e" "CARGO_INCREMENTAL=0" "-e" "RUST_BACKTRACE=full" "-e" "RUSTFLAGS=--cap-lints=warn" "-e" "RUSTDOCFLAGS=--cap-lints=warn" "-e" "CARGO_HOME=/opt/rustwide/cargo-home" "-e" "RUSTUP_HOME=/opt/rustwide/rustup-home" "-w" "/opt/rustwide/workdir" "-m" "1610612736" "--user" "0:0" "--network" "none" "ghcr.io/rust-lang/crates-build-env/linux@sha256:2788e3201cd34a07e3172128adcd8b3090168a8e3bcc40d7c032b9dda1df7d1c" "/opt/rustwide/cargo-home/bin/cargo" "+beta-2023-12-22" "test" "--frozen" "--no-run" "--message-format=json", kill_on_drop: false }`
[INFO] [stdout] 8ed57fe8d9ccb6ee4fabe5e16004b2cc6adaff8dfbd8ff6408baf3193dd125ee
[INFO] running `Command { std: "docker" "start" "-a" "8ed57fe8d9ccb6ee4fabe5e16004b2cc6adaff8dfbd8ff6408baf3193dd125ee", kill_on_drop: false }`
[INFO] [stderr]    Compiling slab v0.4.9
[INFO] [stderr]    Compiling futures-core v0.3.30
[INFO] [stderr]    Compiling futures-sink v0.3.30
[INFO] [stderr]    Compiling futures-io v0.3.30
[INFO] [stderr]    Compiling pin-project-lite v0.2.13
[INFO] [stderr]    Compiling futures-task v0.3.30
[INFO] [stderr]    Compiling aho-corasick v1.1.2
[INFO] [stderr]    Compiling regex-syntax v0.8.2
[INFO] [stderr]    Compiling syn v2.0.48
[INFO] [stderr]    Compiling rstest_macros v0.18.2
[INFO] [stderr]    Compiling girt-testutils v2.3.0
[INFO] [stderr]    Compiling glob v0.3.1
[INFO] [stderr]    Compiling relative-path v1.9.2
[INFO] [stderr]    Compiling once_cell v1.19.0
[INFO] [stderr]    Compiling hashbrown v0.14.3
[INFO] [stderr]    Compiling diff v0.1.13
[INFO] [stderr]    Compiling futures-channel v0.3.30
[INFO] [stderr]    Compiling yansi v0.5.1
[INFO] [stderr]    Compiling pretty_assertions v1.4.0
[INFO] [stderr]    Compiling dashmap v5.5.3
[INFO] [stderr]    Compiling regex-automata v0.4.3
[INFO] [stderr]    Compiling regex v1.10.2
[INFO] [stderr]    Compiling futures-macro v0.3.30
[INFO] [stderr]    Compiling thiserror-impl v1.0.56
[INFO] [stderr]    Compiling serial_test_derive v2.0.0
[INFO] [stderr]    Compiling futures-util v0.3.30
[INFO] [stderr]    Compiling thiserror v1.0.56
[INFO] [stderr]    Compiling girt-git v2.3.0 (/opt/rustwide/workdir)
[INFO] [stderr]    Compiling futures-executor v0.3.30
[INFO] [stderr]    Compiling futures v0.3.30
[INFO] [stderr]    Compiling serial_test v2.0.0
[INFO] [stderr]    Compiling rstest v0.18.2
[INFO] [stdout] error[E0432]: unresolved import `claim`
[INFO] [stdout]    --> src/commit.rs:128:6
[INFO] [stdout]     |
[INFO] [stdout] 128 |     use claim::{assert_none, assert_some_eq};
[INFO] [stdout]     |         ^^^^^ use of undeclared crate or module `claim`
[INFO] [stdout] 
[INFO] [stdout] 
[INFO] [stdout] error[E0432]: unresolved import `claim`
[INFO] [stdout]   --> src/commit_diff.rs:60:6
[INFO] [stdout]    |
[INFO] [stdout] 60 |     use claim::assert_some_eq;
[INFO] [stdout]    |         ^^^^^ use of undeclared crate or module `claim`
[INFO] [stdout] 
[INFO] [stdout] 
[INFO] [stdout] error[E0432]: unresolved import `claim`
[INFO] [stdout]   --> src/delta.rs:97:6
[INFO] [stdout]    |
[INFO] [stdout] 97 |     use claim::assert_err;
[INFO] [stdout]    |         ^^^^^ use of undeclared crate or module `claim`
[INFO] [stdout] 
[INFO] [stdout] 
[INFO] [stdout] error[E0432]: unresolved import `claim`
[INFO] [stdout]   --> src/diff_line.rs:89:6
[INFO] [stdout]    |
[INFO] [stdout] 89 |     use claim::assert_some_eq;
[INFO] [stdout]    |         ^^^^^ use of undeclared crate or module `claim`
[INFO] [stdout] 
[INFO] [stdout] 
[INFO] [stdout] error[E0432]: unresolved import `claim`
[INFO] [stdout]    --> src/repository.rs:193:6
[INFO] [stdout]     |
[INFO] [stdout] 193 |     use claim::assert_ok;
[INFO] [stdout]     |         ^^^^^ use of undeclared crate or module `claim`
[INFO] [stdout] 
[INFO] [stdout] 
[INFO] [stdout] error[E0432]: unresolved import `claim`
[INFO] [stdout]   --> src/user.rs:74:6
[INFO] [stdout]    |
[INFO] [stdout] 74 |     use claim::assert_some_eq;
[INFO] [stdout]    |         ^^^^^ use of undeclared crate or module `claim`
[INFO] [stdout] 
[INFO] [stdout] 
[INFO] [stdout] error: cannot determine resolution for the macro `assert_some_eq`
[INFO] [stdout]    --> src/commit.rs:153:3
[INFO] [stdout]     |
[INFO] [stdout] 153 |         assert_some_eq!(commit.reference(), &ReferenceBuilder::new("0123456789ABCDEF").build());
[INFO] [stdout]     |         ^^^^^^^^^^^^^^
[INFO] [stdout]     |
[INFO] [stdout]     = note: import resolution is stuck, try simplifying macro imports
[INFO] [stdout] 
[INFO] [stdout] 
[INFO] [stdout] error: cannot determine resolution for the macro `assert_some_eq`
[INFO] [stdout]    --> src/commit.rs:178:3
[INFO] [stdout]     |
[INFO] [stdout] 178 |         assert_some_eq!(commit.summary(), "title");
[INFO] [stdout]     |         ^^^^^^^^^^^^^^
[INFO] [stdout]     |
[INFO] [stdout]     = note: import resolution is stuck, try simplifying macro imports
[INFO] [stdout] 
[INFO] [stdout] 
[INFO] [stdout] error: cannot determine resolution for the macro `assert_some_eq`
[INFO] [stdout]    --> src/commit.rs:184:3
[INFO] [stdout]     |
[INFO] [stdout] 184 |         assert_some_eq!(commit.message(), "title\n\nbody");
[INFO] [stdout]     |         ^^^^^^^^^^^^^^
[INFO] [stdout]     |
[INFO] [stdout]     = note: import resolution is stuck, try simplifying macro imports
[INFO] [stdout] 
[INFO] [stdout] 
[INFO] [stdout] error: cannot determine resolution for the macro `assert_none`
[INFO] [stdout]    --> src/commit.rs:195:4
[INFO] [stdout]     |
[INFO] [stdout] 195 |             assert_none!(commit.authored_date());
[INFO] [stdout]     |             ^^^^^^^^^^^
[INFO] [stdout]     |
[INFO] [stdout]     = note: import resolution is stuck, try simplifying macro imports
[INFO] [stdout] 
[INFO] [stdout] 
[INFO] [stdout] error: cannot determine resolution for the macro `assert_some_eq`
[INFO] [stdout]    --> src/commit.rs:211:4
[INFO] [stdout]     |
[INFO] [stdout] 211 |             assert_some_eq!(
[INFO] [stdout]     |             ^^^^^^^^^^^^^^
[INFO] [stdout]     |
[INFO] [stdout]     = note: import resolution is stuck, try simplifying macro imports
[INFO] [stdout] 
[INFO] [stdout] 
[INFO] [stdout] error: cannot determine resolution for the macro `assert_some_eq`
[INFO] [stdout]    --> src/commit.rs:223:4
[INFO] [stdout]     |
[INFO] [stdout] 223 |             assert_some_eq!(
[INFO] [stdout]     |             ^^^^^^^^^^^^^^
[INFO] [stdout]     |
[INFO] [stdout]     = note: import resolution is stuck, try simplifying macro imports
[INFO] [stdout] 
[INFO] [stdout] 
[INFO] [stdout] error: cannot determine resolution for the macro `assert_none`
[INFO] [stdout]    --> src/commit.rs:234:4
[INFO] [stdout]     |
[INFO] [stdout] 234 |             assert_none!(commit.committer());
[INFO] [stdout]     |             ^^^^^^^^^^^
[INFO] [stdout]     |
[INFO] [stdout]     = note: import resolution is stuck, try simplifying macro imports
[INFO] [stdout] 
[INFO] [stdout] 
[INFO] [stdout] error: cannot determine resolution for the macro `assert_some_eq`
[INFO] [stdout]   --> src/commit_diff.rs:84:3
[INFO] [stdout]    |
[INFO] [stdout] 84 |         assert_some_eq!(diff.parent(), &CommitBuilder::new("ABCDEF0123456789").build());
[INFO] [stdout]    |         ^^^^^^^^^^^^^^
[INFO] [stdout]    |
[INFO] [stdout]    = note: import resolution is stuck, try simplifying macro imports
[INFO] [stdout] 
[INFO] [stdout] 
[INFO] [stdout] error: cannot determine resolution for the macro `assert_err`
[INFO] [stdout]    --> src/delta.rs:165:3
[INFO] [stdout]     |
[INFO] [stdout] 165 |         assert_err!(diff.print(git2::DiffFormat::Patch, |_, diff_hunk, _| {
[INFO] [stdout]     |         ^^^^^^^^^^
[INFO] [stdout]     |
[INFO] [stdout]     = note: import resolution is stuck, try simplifying macro imports
[INFO] [stdout] 
[INFO] [stdout] 
[INFO] [stdout] error: cannot determine resolution for the macro `assert_some_eq`
[INFO] [stdout]    --> src/diff_line.rs:110:3
[INFO] [stdout]     |
[INFO] [stdout] 110 |         assert_some_eq!(create_diff_line().old_line_number(), 1);
[INFO] [stdout]     |         ^^^^^^^^^^^^^^
[INFO] [stdout]     |
[INFO] [stdout]     = note: import resolution is stuck, try simplifying macro imports
[INFO] [stdout] 
[INFO] [stdout] 
[INFO] [stdout] error: cannot determine resolution for the macro `assert_some_eq`
[INFO] [stdout]    --> src/diff_line.rs:115:3
[INFO] [stdout]     |
[INFO] [stdout] 115 |         assert_some_eq!(create_diff_line().new_line_number(), 2);
[INFO] [stdout]     |         ^^^^^^^^^^^^^^
[INFO] [stdout]     |
[INFO] [stdout]     = note: import resolution is stuck, try simplifying macro imports
[INFO] [stdout] 
[INFO] [stdout] 
[INFO] [stdout] error: cannot determine resolution for the macro `assert_ok`
[INFO] [stdout]    --> src/repository.rs:208:3
[INFO] [stdout]     |
[INFO] [stdout] 208 |         assert_ok!(Repository::open_from_env());
[INFO] [stdout]     |         ^^^^^^^^^
[INFO] [stdout]     |
[INFO] [stdout]     = note: import resolution is stuck, try simplifying macro imports
[INFO] [stdout] 
[INFO] [stdout] 
[INFO] [stdout] error: cannot determine resolution for the macro `assert_ok`
[INFO] [stdout]    --> src/repository.rs:238:3
[INFO] [stdout]     |
[INFO] [stdout] 238 |         assert_ok!(Repository::open_from_path(&path));
[INFO] [stdout]     |         ^^^^^^^^^
[INFO] [stdout]     |
[INFO] [stdout]     = note: import resolution is stuck, try simplifying macro imports
[INFO] [stdout] 
[INFO] [stdout] 
[INFO] [stdout] error: cannot determine resolution for the macro `assert_ok`
[INFO] [stdout]    --> src/repository.rs:263:4
[INFO] [stdout]     |
[INFO] [stdout] 263 |             assert_ok!(repo.load_config());
[INFO] [stdout]     |             ^^^^^^^^^
[INFO] [stdout]     |
[INFO] [stdout]     = note: import resolution is stuck, try simplifying macro imports
[INFO] [stdout] 
[INFO] [stdout] 
[INFO] [stdout] error: cannot determine resolution for the macro `assert_ok`
[INFO] [stdout]    --> src/repository.rs:272:4
[INFO] [stdout]     |
[INFO] [stdout] 272 |             assert_ok!(repository.load_commit_diff(id.to_string().as_str(), &CommitDiffLoaderOptions::new()));
[INFO] [stdout]     |             ^^^^^^^^^
[INFO] [stdout]     |
[INFO] [stdout]     = note: import resolution is stuck, try simplifying macro imports
[INFO] [stdout] 
[INFO] [stdout] 
[INFO] [stdout] error: cannot determine resolution for the macro `assert_ok`
[INFO] [stdout]    --> src/repository.rs:303:4
[INFO] [stdout]     |
[INFO] [stdout] 303 |             assert_ok!(repository.find_reference("refs/heads/main"));
[INFO] [stdout]     |             ^^^^^^^^^
[INFO] [stdout]     |
[INFO] [stdout]     = note: import resolution is stuck, try simplifying macro imports
[INFO] [stdout] 
[INFO] [stdout] 
[INFO] [stdout] error: cannot determine resolution for the macro `assert_ok`
[INFO] [stdout]    --> src/repository.rs:326:4
[INFO] [stdout]     |
[INFO] [stdout] 326 |             assert_ok!(repository.find_commit("refs/heads/main"));
[INFO] [stdout]     |             ^^^^^^^^^
[INFO] [stdout]     |
[INFO] [stdout]     = note: import resolution is stuck, try simplifying macro imports
[INFO] [stdout] 
[INFO] [stdout] 
[INFO] [stdout] error: cannot determine resolution for the macro `assert_some_eq`
[INFO] [stdout]   --> src/user.rs:82:3
[INFO] [stdout]    |
[INFO] [stdout] 82 |         assert_some_eq!(user.name(), "name");
[INFO] [stdout]    |         ^^^^^^^^^^^^^^
[INFO] [stdout]    |
[INFO] [stdout]    = note: import resolution is stuck, try simplifying macro imports
[INFO] [stdout] 
[INFO] [stdout] 
[INFO] [stdout] error: cannot determine resolution for the macro `assert_some_eq`
[INFO] [stdout]   --> src/user.rs:88:3
[INFO] [stdout]    |
[INFO] [stdout] 88 |         assert_some_eq!(user.email(), "email");
[INFO] [stdout]    |         ^^^^^^^^^^^^^^
[INFO] [stdout]    |
[INFO] [stdout]    = note: import resolution is stuck, try simplifying macro imports
[INFO] [stdout] 
[INFO] [stdout] 
[INFO] [stdout] error: aborting due to 25 previous errors
[INFO] [stdout] 
[INFO] [stdout] 
[INFO] [stdout] For more information about this error, try `rustc --explain E0432`.
[INFO] [stdout] 
[INFO] [stderr] error: could not compile `girt-git` (lib test) due to 26 previous errors
[INFO] running `Command { std: "docker" "inspect" "8ed57fe8d9ccb6ee4fabe5e16004b2cc6adaff8dfbd8ff6408baf3193dd125ee", kill_on_drop: false }`
[INFO] running `Command { std: "docker" "rm" "-f" "8ed57fe8d9ccb6ee4fabe5e16004b2cc6adaff8dfbd8ff6408baf3193dd125ee", kill_on_drop: false }`
[INFO] [stdout] 8ed57fe8d9ccb6ee4fabe5e16004b2cc6adaff8dfbd8ff6408baf3193dd125ee
