[INFO] fetching crate gipc 0.2.0...
[INFO] testing gipc-0.2.0 against 1.75.0 for beta-1.76-1
[INFO] extracting crate gipc 0.2.0 into /workspace/builds/worker-5-tc1/source
[INFO] validating manifest of crates.io crate gipc 0.2.0 on toolchain 1.75.0
[INFO] running `Command { std: CARGO_HOME="/workspace/cargo-home" RUSTUP_HOME="/workspace/rustup-home" "/workspace/cargo-home/bin/cargo" "+1.75.0" "metadata" "--manifest-path" "Cargo.toml" "--no-deps", kill_on_drop: false }`
[INFO] started tweaking crates.io crate gipc 0.2.0
[INFO] removed 2 missing examples
[INFO] finished tweaking crates.io crate gipc 0.2.0
[INFO] tweaked toml for crates.io crate gipc 0.2.0 written to /workspace/builds/worker-5-tc1/source/Cargo.toml
[INFO] crate crates.io crate gipc 0.2.0 already has a lockfile, it will not be regenerated
[INFO] running `Command { std: CARGO_HOME="/workspace/cargo-home" RUSTUP_HOME="/workspace/rustup-home" "/workspace/cargo-home/bin/cargo" "+1.75.0" "fetch" "--manifest-path" "Cargo.toml", kill_on_drop: false }`
[INFO] [stderr]     Updating crates.io index
[INFO] [stderr]  Downloading crates ...
[INFO] [stderr]   Downloaded interprocess v1.2.1
[INFO] running `Command { std: "docker" "create" "-v" "/var/lib/crater-agent-workspace/builds/worker-5-tc1/target:/opt/rustwide/target:rw,Z" "-v" "/var/lib/crater-agent-workspace/builds/worker-5-tc1/source:/opt/rustwide/workdir:ro,Z" "-v" "/var/lib/crater-agent-workspace/cargo-home:/opt/rustwide/cargo-home:ro,Z" "-v" "/var/lib/crater-agent-workspace/rustup-home:/opt/rustwide/rustup-home:ro,Z" "-e" "SOURCE_DIR=/opt/rustwide/workdir" "-e" "CARGO_TARGET_DIR=/opt/rustwide/target" "-e" "CARGO_HOME=/opt/rustwide/cargo-home" "-e" "RUSTUP_HOME=/opt/rustwide/rustup-home" "-w" "/opt/rustwide/workdir" "-m" "1610612736" "--user" "0:0" "--network" "none" "ghcr.io/rust-lang/crates-build-env/linux@sha256:2788e3201cd34a07e3172128adcd8b3090168a8e3bcc40d7c032b9dda1df7d1c" "/opt/rustwide/cargo-home/bin/cargo" "+1.75.0" "metadata" "--no-deps" "--format-version=1", kill_on_drop: false }`
[INFO] [stdout] c6b15f2bd3c0bc7c8fe38bed95ab9a29762c86760678db8e9d46f538582ae4c8
[INFO] running `Command { std: "docker" "start" "-a" "c6b15f2bd3c0bc7c8fe38bed95ab9a29762c86760678db8e9d46f538582ae4c8", kill_on_drop: false }`
[INFO] running `Command { std: "docker" "inspect" "c6b15f2bd3c0bc7c8fe38bed95ab9a29762c86760678db8e9d46f538582ae4c8", kill_on_drop: false }`
[INFO] running `Command { std: "docker" "rm" "-f" "c6b15f2bd3c0bc7c8fe38bed95ab9a29762c86760678db8e9d46f538582ae4c8", kill_on_drop: false }`
[INFO] [stdout] c6b15f2bd3c0bc7c8fe38bed95ab9a29762c86760678db8e9d46f538582ae4c8
[INFO] running `Command { std: "docker" "create" "-v" "/var/lib/crater-agent-workspace/builds/worker-5-tc1/target:/opt/rustwide/target:rw,Z" "-v" "/var/lib/crater-agent-workspace/builds/worker-5-tc1/source:/opt/rustwide/workdir:ro,Z" "-v" "/var/lib/crater-agent-workspace/cargo-home:/opt/rustwide/cargo-home:ro,Z" "-v" "/var/lib/crater-agent-workspace/rustup-home:/opt/rustwide/rustup-home:ro,Z" "-e" "SOURCE_DIR=/opt/rustwide/workdir" "-e" "CARGO_TARGET_DIR=/opt/rustwide/target" "-e" "CARGO_INCREMENTAL=0" "-e" "RUST_BACKTRACE=full" "-e" "RUSTFLAGS=--cap-lints=warn" "-e" "RUSTDOCFLAGS=--cap-lints=warn" "-e" "CARGO_HOME=/opt/rustwide/cargo-home" "-e" "RUSTUP_HOME=/opt/rustwide/rustup-home" "-w" "/opt/rustwide/workdir" "-m" "1610612736" "--user" "0:0" "--network" "none" "ghcr.io/rust-lang/crates-build-env/linux@sha256:2788e3201cd34a07e3172128adcd8b3090168a8e3bcc40d7c032b9dda1df7d1c" "/opt/rustwide/cargo-home/bin/cargo" "+1.75.0" "build" "--frozen" "--message-format=json", kill_on_drop: false }`
[INFO] [stdout] d8072b9e33ca8d6d89dc71160d40c69a27a6b40f9ea39798426de3814089c645
[INFO] running `Command { std: "docker" "start" "-a" "d8072b9e33ca8d6d89dc71160d40c69a27a6b40f9ea39798426de3814089c645", kill_on_drop: false }`
[INFO] [stderr]    Compiling proc-macro2 v1.0.64
[INFO] [stderr]    Compiling quote v1.0.29
[INFO] [stderr]    Compiling unicode-ident v1.0.10
[INFO] [stderr]    Compiling futures-core v0.3.28
[INFO] [stderr]    Compiling semver v1.0.17
[INFO] [stderr]    Compiling crossbeam-utils v0.8.16
[INFO] [stderr]    Compiling libc v0.2.147
[INFO] [stderr]    Compiling event-listener v2.5.3
[INFO] [stderr]    Compiling parking v2.1.0
[INFO] [stderr]    Compiling thiserror v1.0.43
[INFO] [stderr]    Compiling futures-io v0.3.28
[INFO] [stderr]    Compiling pin-project-lite v0.2.10
[INFO] [stderr]    Compiling lock_api v0.4.10
[INFO] [stderr]    Compiling fastrand v1.9.0
[INFO] [stderr]    Compiling serde v1.0.171
[INFO] [stderr]    Compiling waker-fn v1.1.0
[INFO] [stderr]    Compiling async-task v4.4.0
[INFO] [stderr]    Compiling log v0.4.19
[INFO] [stderr]    Compiling half v1.8.2
[INFO] [stderr]    Compiling async-lock v2.7.0
[INFO] [stderr]    Compiling ciborium-io v0.2.1
[INFO] [stderr]    Compiling atomic-waker v1.1.1
[INFO] [stderr]    Compiling option-ext v0.2.0
[INFO] [stderr]    Compiling ciborium-ll v0.2.1
[INFO] [stderr]    Compiling once_cell v1.18.0
[INFO] [stderr]    Compiling futures-lite v1.13.0
[INFO] [stderr]    Compiling to_method v1.1.0
[INFO] [stderr]    Compiling intmap v0.7.1
[INFO] [stderr]    Compiling byteorder v1.4.3
[INFO] [stderr]    Compiling spinning v0.1.0
[INFO] [stderr]    Compiling concurrent-queue v2.2.0
[INFO] [stderr]    Compiling rustc_version v0.4.0
[INFO] [stderr]    Compiling async-channel v1.9.0
[INFO] [stderr]    Compiling interprocess v1.2.1
[INFO] [stderr]    Compiling syn v2.0.25
[INFO] [stderr]    Compiling blocking v1.3.1
[INFO] [stderr]    Compiling dirs-sys v0.4.1
[INFO] [stderr]    Compiling dirs v5.0.1
[INFO] [stderr]    Compiling thiserror-impl v1.0.43
[INFO] [stderr]    Compiling serde_derive v1.0.171
[INFO] [stderr]    Compiling ciborium v0.2.1
[INFO] [stderr]    Compiling gipc v0.2.0 (/opt/rustwide/workdir)
[INFO] [stderr]     Finished dev [unoptimized + debuginfo] target(s) in 7.56s
[INFO] running `Command { std: "docker" "inspect" "d8072b9e33ca8d6d89dc71160d40c69a27a6b40f9ea39798426de3814089c645", kill_on_drop: false }`
[INFO] running `Command { std: "docker" "rm" "-f" "d8072b9e33ca8d6d89dc71160d40c69a27a6b40f9ea39798426de3814089c645", kill_on_drop: false }`
[INFO] [stdout] d8072b9e33ca8d6d89dc71160d40c69a27a6b40f9ea39798426de3814089c645
[INFO] running `Command { std: "docker" "create" "-v" "/var/lib/crater-agent-workspace/builds/worker-5-tc1/target:/opt/rustwide/target:rw,Z" "-v" "/var/lib/crater-agent-workspace/builds/worker-5-tc1/source:/opt/rustwide/workdir:ro,Z" "-v" "/var/lib/crater-agent-workspace/cargo-home:/opt/rustwide/cargo-home:ro,Z" "-v" "/var/lib/crater-agent-workspace/rustup-home:/opt/rustwide/rustup-home:ro,Z" "-e" "SOURCE_DIR=/opt/rustwide/workdir" "-e" "CARGO_TARGET_DIR=/opt/rustwide/target" "-e" "CARGO_INCREMENTAL=0" "-e" "RUST_BACKTRACE=full" "-e" "RUSTFLAGS=--cap-lints=warn" "-e" "RUSTDOCFLAGS=--cap-lints=warn" "-e" "CARGO_HOME=/opt/rustwide/cargo-home" "-e" "RUSTUP_HOME=/opt/rustwide/rustup-home" "-w" "/opt/rustwide/workdir" "-m" "1610612736" "--user" "0:0" "--network" "none" "ghcr.io/rust-lang/crates-build-env/linux@sha256:2788e3201cd34a07e3172128adcd8b3090168a8e3bcc40d7c032b9dda1df7d1c" "/opt/rustwide/cargo-home/bin/cargo" "+1.75.0" "test" "--frozen" "--no-run" "--message-format=json", kill_on_drop: false }`
[INFO] [stdout] c6f692cbb663f6fffaae4e5e3162622a3e336fc91400edf9f2f24090bd56dc8b
[INFO] running `Command { std: "docker" "start" "-a" "c6f692cbb663f6fffaae4e5e3162622a3e336fc91400edf9f2f24090bd56dc8b", kill_on_drop: false }`
[INFO] [stderr]    Compiling parking_lot_core v0.9.8
[INFO] [stderr]    Compiling smallvec v1.11.0
[INFO] [stderr]    Compiling tokio v1.29.1
[INFO] [stderr]    Compiling syn v2.0.25
[INFO] [stderr]    Compiling signal-hook-registry v1.4.1
[INFO] [stderr]    Compiling socket2 v0.4.9
[INFO] [stderr]    Compiling num_cpus v1.16.0
[INFO] [stderr]    Compiling mio v0.8.8
[INFO] [stderr]    Compiling bytes v1.4.0
[INFO] [stderr]    Compiling parking_lot v0.12.1
[INFO] [stderr]    Compiling serde_derive v1.0.171
[INFO] [stderr]    Compiling thiserror-impl v1.0.43
[INFO] [stderr]    Compiling tokio-macros v2.1.0
[INFO] [stderr]    Compiling thiserror v1.0.43
[INFO] [stderr]    Compiling interprocess v1.2.1
[INFO] [stderr]    Compiling serde v1.0.171
[INFO] [stderr]    Compiling ciborium v0.2.1
[INFO] [stderr]    Compiling gipc v0.2.0 (/opt/rustwide/workdir)
[INFO] [stdout] error[E0432]: unresolved import `gipc::connection::AsyncConnection`
[INFO] [stdout]   --> examples/async-tokio/client.rs:2:5
[INFO] [stdout]    |
[INFO] [stdout] 2  | use gipc::connection::AsyncConnection;
[INFO] [stdout]    |     ^^^^^^^^^^^^^^^^^^---------------
[INFO] [stdout]    |     |                 |
[INFO] [stdout]    |     |                 help: a similar name exists in the module: `Connection`
[INFO] [stdout]    |     no `AsyncConnection` in `connection`
[INFO] [stdout]    |
[INFO] [stdout] note: found an item that was configured out
[INFO] [stdout]   --> /opt/rustwide/workdir/src/connection/mod.rs:23:37
[INFO] [stdout]    |
[INFO] [stdout] 23 | pub use async_tokio::{Connection as AsyncConnection, Listener as AsyncListener};
[INFO] [stdout]    |                                     ^^^^^^^^^^^^^^^
[INFO] [stdout]    = note: the item is gated behind the `async-tokio` feature
[INFO] [stdout] 
[INFO] [stdout] 
[INFO] [stdout] error[E0432]: unresolved imports `gipc::connection::AsyncConnection`, `gipc::connection::AsyncListener`
[INFO] [stdout]   --> examples/async-tokio/listener.rs:2:24
[INFO] [stdout]    |
[INFO] [stdout] 2  | use gipc::connection::{AsyncConnection, AsyncListener};
[INFO] [stdout]    |                        ^^^^^^^^^^^^^^^  ^^^^^^^^^^^^^ no `AsyncListener` in `connection`
[INFO] [stdout]    |                        |
[INFO] [stdout]    |                        no `AsyncConnection` in `connection`
[INFO] [stdout]    |                        help: a similar name exists in the module: `Connection`
[INFO] [stdout]    |
[INFO] [stdout] note: found an item that was configured out
[INFO] [stdout]   --> /opt/rustwide/workdir/src/connection/mod.rs:23:37
[INFO] [stdout]    |
[INFO] [stdout] 23 | pub use async_tokio::{Connection as AsyncConnection, Listener as AsyncListener};
[INFO] [stdout]    |                                     ^^^^^^^^^^^^^^^
[INFO] [stdout]    = note: the item is gated behind the `async-tokio` feature
[INFO] [stdout] note: found an item that was configured out
[INFO] [stdout]   --> /opt/rustwide/workdir/src/connection/mod.rs:23:66
[INFO] [stdout]    |
[INFO] [stdout] 23 | pub use async_tokio::{Connection as AsyncConnection, Listener as AsyncListener};
[INFO] [stdout]    |                                                                  ^^^^^^^^^^^^^
[INFO] [stdout]    = note: the item is gated behind the `async-tokio` feature
[INFO] [stdout] 
[INFO] [stdout] 
[INFO] [stdout] error: aborting due to 2 previous errors
[INFO] [stdout] 
[INFO] [stdout] 
[INFO] [stdout] For more information about this error, try `rustc --explain E0432`.
[INFO] [stdout] 
[INFO] [stderr] error: could not compile `gipc` (example "async-tokio") due to 3 previous errors
[INFO] [stderr] warning: build failed, waiting for other jobs to finish...
[INFO] running `Command { std: "docker" "inspect" "c6f692cbb663f6fffaae4e5e3162622a3e336fc91400edf9f2f24090bd56dc8b", kill_on_drop: false }`
[INFO] running `Command { std: "docker" "rm" "-f" "c6f692cbb663f6fffaae4e5e3162622a3e336fc91400edf9f2f24090bd56dc8b", kill_on_drop: false }`
[INFO] [stdout] c6f692cbb663f6fffaae4e5e3162622a3e336fc91400edf9f2f24090bd56dc8b
[INFO] testing gipc-0.2.0 against beta-2023-12-22 for beta-1.76-1
[INFO] extracting crate gipc 0.2.0 into /workspace/builds/worker-5-tc2/source
[INFO] validating manifest of crates.io crate gipc 0.2.0 on toolchain beta-2023-12-22
[INFO] running `Command { std: CARGO_HOME="/workspace/cargo-home" RUSTUP_HOME="/workspace/rustup-home" "/workspace/cargo-home/bin/cargo" "+beta-2023-12-22" "metadata" "--manifest-path" "Cargo.toml" "--no-deps", kill_on_drop: false }`
[INFO] started tweaking crates.io crate gipc 0.2.0
[INFO] removed 2 missing examples
[INFO] finished tweaking crates.io crate gipc 0.2.0
[INFO] tweaked toml for crates.io crate gipc 0.2.0 written to /workspace/builds/worker-5-tc2/source/Cargo.toml
[INFO] crate crates.io crate gipc 0.2.0 already has a lockfile, it will not be regenerated
[INFO] running `Command { std: CARGO_HOME="/workspace/cargo-home" RUSTUP_HOME="/workspace/rustup-home" "/workspace/cargo-home/bin/cargo" "+beta-2023-12-22" "fetch" "--manifest-path" "Cargo.toml", kill_on_drop: false }`
[INFO] running `Command { std: "docker" "create" "-v" "/var/lib/crater-agent-workspace/builds/worker-5-tc2/target:/opt/rustwide/target:rw,Z" "-v" "/var/lib/crater-agent-workspace/builds/worker-5-tc2/source:/opt/rustwide/workdir:ro,Z" "-v" "/var/lib/crater-agent-workspace/cargo-home:/opt/rustwide/cargo-home:ro,Z" "-v" "/var/lib/crater-agent-workspace/rustup-home:/opt/rustwide/rustup-home:ro,Z" "-e" "SOURCE_DIR=/opt/rustwide/workdir" "-e" "CARGO_TARGET_DIR=/opt/rustwide/target" "-e" "CARGO_HOME=/opt/rustwide/cargo-home" "-e" "RUSTUP_HOME=/opt/rustwide/rustup-home" "-w" "/opt/rustwide/workdir" "-m" "1610612736" "--user" "0:0" "--network" "none" "ghcr.io/rust-lang/crates-build-env/linux@sha256:2788e3201cd34a07e3172128adcd8b3090168a8e3bcc40d7c032b9dda1df7d1c" "/opt/rustwide/cargo-home/bin/cargo" "+beta-2023-12-22" "metadata" "--no-deps" "--format-version=1", kill_on_drop: false }`
[INFO] [stdout] b12b22ec38135d248ee7ce21bd415da1311c704618136e9b867a7fcd84270b22
[INFO] running `Command { std: "docker" "start" "-a" "b12b22ec38135d248ee7ce21bd415da1311c704618136e9b867a7fcd84270b22", kill_on_drop: false }`
[INFO] running `Command { std: "docker" "inspect" "b12b22ec38135d248ee7ce21bd415da1311c704618136e9b867a7fcd84270b22", kill_on_drop: false }`
[INFO] running `Command { std: "docker" "rm" "-f" "b12b22ec38135d248ee7ce21bd415da1311c704618136e9b867a7fcd84270b22", kill_on_drop: false }`
[INFO] [stdout] b12b22ec38135d248ee7ce21bd415da1311c704618136e9b867a7fcd84270b22
[INFO] running `Command { std: "docker" "create" "-v" "/var/lib/crater-agent-workspace/builds/worker-5-tc2/target:/opt/rustwide/target:rw,Z" "-v" "/var/lib/crater-agent-workspace/builds/worker-5-tc2/source:/opt/rustwide/workdir:ro,Z" "-v" "/var/lib/crater-agent-workspace/cargo-home:/opt/rustwide/cargo-home:ro,Z" "-v" "/var/lib/crater-agent-workspace/rustup-home:/opt/rustwide/rustup-home:ro,Z" "-e" "SOURCE_DIR=/opt/rustwide/workdir" "-e" "CARGO_TARGET_DIR=/opt/rustwide/target" "-e" "CARGO_INCREMENTAL=0" "-e" "RUST_BACKTRACE=full" "-e" "RUSTFLAGS=--cap-lints=warn" "-e" "RUSTDOCFLAGS=--cap-lints=warn" "-e" "CARGO_HOME=/opt/rustwide/cargo-home" "-e" "RUSTUP_HOME=/opt/rustwide/rustup-home" "-w" "/opt/rustwide/workdir" "-m" "1610612736" "--user" "0:0" "--network" "none" "ghcr.io/rust-lang/crates-build-env/linux@sha256:2788e3201cd34a07e3172128adcd8b3090168a8e3bcc40d7c032b9dda1df7d1c" "/opt/rustwide/cargo-home/bin/cargo" "+beta-2023-12-22" "build" "--frozen" "--message-format=json", kill_on_drop: false }`
[INFO] [stdout] 284ccab3741c22256bc84afb2c953440cbddf2e028c72350fc3e3e16953aa95d
[INFO] running `Command { std: "docker" "start" "-a" "284ccab3741c22256bc84afb2c953440cbddf2e028c72350fc3e3e16953aa95d", kill_on_drop: false }`
[INFO] [stderr]    Compiling proc-macro2 v1.0.64
[INFO] [stderr]    Compiling quote v1.0.29
[INFO] [stderr]    Compiling unicode-ident v1.0.10
[INFO] [stderr]    Compiling crossbeam-utils v0.8.16
[INFO] [stderr]    Compiling futures-core v0.3.28
[INFO] [stderr]    Compiling semver v1.0.17
[INFO] [stderr]    Compiling libc v0.2.147
[INFO] [stderr]    Compiling event-listener v2.5.3
[INFO] [stderr]    Compiling thiserror v1.0.43
[INFO] [stderr]    Compiling fastrand v1.9.0
[INFO] [stderr]    Compiling serde v1.0.171
[INFO] [stderr]    Compiling waker-fn v1.1.0
[INFO] [stderr]    Compiling futures-io v0.3.28
[INFO] [stderr]    Compiling lock_api v0.4.10
[INFO] [stderr]    Compiling pin-project-lite v0.2.10
[INFO] [stderr]    Compiling parking v2.1.0
[INFO] [stderr]    Compiling option-ext v0.2.0
[INFO] [stderr]    Compiling half v1.8.2
[INFO] [stderr]    Compiling ciborium-io v0.2.1
[INFO] [stderr]    Compiling async-lock v2.7.0
[INFO] [stderr]    Compiling async-task v4.4.0
[INFO] [stderr]    Compiling atomic-waker v1.1.1
[INFO] [stderr]    Compiling log v0.4.19
[INFO] [stderr]    Compiling intmap v0.7.1
[INFO] [stderr]    Compiling once_cell v1.18.0
[INFO] [stderr]    Compiling to_method v1.1.0
[INFO] [stderr]    Compiling futures-lite v1.13.0
[INFO] [stderr]    Compiling ciborium-ll v0.2.1
[INFO] [stderr]    Compiling byteorder v1.4.3
[INFO] [stderr]    Compiling spinning v0.1.0
[INFO] [stderr]    Compiling rustc_version v0.4.0
[INFO] [stderr]    Compiling concurrent-queue v2.2.0
[INFO] [stderr]    Compiling async-channel v1.9.0
[INFO] [stderr]    Compiling interprocess v1.2.1
[INFO] [stderr]    Compiling syn v2.0.25
[INFO] [stderr]    Compiling blocking v1.3.1
[INFO] [stderr]    Compiling dirs-sys v0.4.1
[INFO] [stderr]    Compiling dirs v5.0.1
[INFO] [stderr]    Compiling serde_derive v1.0.171
[INFO] [stderr]    Compiling thiserror-impl v1.0.43
[INFO] [stderr]    Compiling ciborium v0.2.1
[INFO] [stderr]    Compiling gipc v0.2.0 (/opt/rustwide/workdir)
[INFO] [stderr]     Finished dev [unoptimized + debuginfo] target(s) in 11.13s
[INFO] running `Command { std: "docker" "inspect" "284ccab3741c22256bc84afb2c953440cbddf2e028c72350fc3e3e16953aa95d", kill_on_drop: false }`
[INFO] running `Command { std: "docker" "rm" "-f" "284ccab3741c22256bc84afb2c953440cbddf2e028c72350fc3e3e16953aa95d", kill_on_drop: false }`
[INFO] [stdout] 284ccab3741c22256bc84afb2c953440cbddf2e028c72350fc3e3e16953aa95d
[INFO] running `Command { std: "docker" "create" "-v" "/var/lib/crater-agent-workspace/builds/worker-5-tc2/target:/opt/rustwide/target:rw,Z" "-v" "/var/lib/crater-agent-workspace/builds/worker-5-tc2/source:/opt/rustwide/workdir:ro,Z" "-v" "/var/lib/crater-agent-workspace/cargo-home:/opt/rustwide/cargo-home:ro,Z" "-v" "/var/lib/crater-agent-workspace/rustup-home:/opt/rustwide/rustup-home:ro,Z" "-e" "SOURCE_DIR=/opt/rustwide/workdir" "-e" "CARGO_TARGET_DIR=/opt/rustwide/target" "-e" "CARGO_INCREMENTAL=0" "-e" "RUST_BACKTRACE=full" "-e" "RUSTFLAGS=--cap-lints=warn" "-e" "RUSTDOCFLAGS=--cap-lints=warn" "-e" "CARGO_HOME=/opt/rustwide/cargo-home" "-e" "RUSTUP_HOME=/opt/rustwide/rustup-home" "-w" "/opt/rustwide/workdir" "-m" "1610612736" "--user" "0:0" "--network" "none" "ghcr.io/rust-lang/crates-build-env/linux@sha256:2788e3201cd34a07e3172128adcd8b3090168a8e3bcc40d7c032b9dda1df7d1c" "/opt/rustwide/cargo-home/bin/cargo" "+beta-2023-12-22" "test" "--frozen" "--no-run" "--message-format=json", kill_on_drop: false }`
[INFO] [stdout] e0f63d10ef5e834bfb958830aebd0feb5697be0715094ef6a3ab5241266767cd
[INFO] running `Command { std: "docker" "start" "-a" "e0f63d10ef5e834bfb958830aebd0feb5697be0715094ef6a3ab5241266767cd", kill_on_drop: false }`
[INFO] [stderr]    Compiling parking_lot_core v0.9.8
[INFO] [stderr]    Compiling smallvec v1.11.0
[INFO] [stderr]    Compiling tokio v1.29.1
[INFO] [stderr]    Compiling mio v0.8.8
[INFO] [stderr]    Compiling num_cpus v1.16.0
[INFO] [stderr]    Compiling socket2 v0.4.9
[INFO] [stderr]    Compiling syn v2.0.25
[INFO] [stderr]    Compiling signal-hook-registry v1.4.1
[INFO] [stderr]    Compiling bytes v1.4.0
[INFO] [stderr]    Compiling parking_lot v0.12.1
[INFO] [stderr]    Compiling thiserror-impl v1.0.43
[INFO] [stderr]    Compiling serde_derive v1.0.171
[INFO] [stderr]    Compiling tokio-macros v2.1.0
[INFO] [stderr]    Compiling thiserror v1.0.43
[INFO] [stderr]    Compiling interprocess v1.2.1
[INFO] [stderr]    Compiling serde v1.0.171
[INFO] [stderr]    Compiling ciborium v0.2.1
[INFO] [stderr]    Compiling gipc v0.2.0 (/opt/rustwide/workdir)
[INFO] [stdout] error[E0432]: unresolved import `gipc::connection::AsyncConnection`
[INFO] [stdout]   --> examples/async-tokio/client.rs:2:5
[INFO] [stdout]    |
[INFO] [stdout] 2  | use gipc::connection::AsyncConnection;
[INFO] [stdout]    |     ^^^^^^^^^^^^^^^^^^---------------
[INFO] [stdout]    |     |                 |
[INFO] [stdout]    |     |                 help: a similar name exists in the module: `Connection`
[INFO] [stdout]    |     no `AsyncConnection` in `connection`
[INFO] [stdout]    |
[INFO] [stdout] note: found an item that was configured out
[INFO] [stdout]   --> /opt/rustwide/workdir/src/connection/mod.rs:23:37
[INFO] [stdout]    |
[INFO] [stdout] 23 | pub use async_tokio::{Connection as AsyncConnection, Listener as AsyncListener};
[INFO] [stdout]    |                                     ^^^^^^^^^^^^^^^
[INFO] [stdout]    = note: the item is gated behind the `async-tokio` feature
[INFO] [stdout] 
[INFO] [stdout] 
[INFO] [stdout] error[E0432]: unresolved imports `gipc::connection::AsyncConnection`, `gipc::connection::AsyncListener`
[INFO] [stdout]   --> examples/async-tokio/listener.rs:2:24
[INFO] [stdout]    |
[INFO] [stdout] 2  | use gipc::connection::{AsyncConnection, AsyncListener};
[INFO] [stdout]    |                        ^^^^^^^^^^^^^^^  ^^^^^^^^^^^^^ no `AsyncListener` in `connection`
[INFO] [stdout]    |                        |
[INFO] [stdout]    |                        no `AsyncConnection` in `connection`
[INFO] [stdout]    |                        help: a similar name exists in the module: `Connection`
[INFO] [stdout]    |
[INFO] [stdout] note: found an item that was configured out
[INFO] [stdout]   --> /opt/rustwide/workdir/src/connection/mod.rs:23:37
[INFO] [stdout]    |
[INFO] [stdout] 23 | pub use async_tokio::{Connection as AsyncConnection, Listener as AsyncListener};
[INFO] [stdout]    |                                     ^^^^^^^^^^^^^^^
[INFO] [stdout]    = note: the item is gated behind the `async-tokio` feature
[INFO] [stdout] note: found an item that was configured out
[INFO] [stdout]   --> /opt/rustwide/workdir/src/connection/mod.rs:23:66
[INFO] [stdout]    |
[INFO] [stdout] 23 | pub use async_tokio::{Connection as AsyncConnection, Listener as AsyncListener};
[INFO] [stdout]    |                                                                  ^^^^^^^^^^^^^
[INFO] [stdout]    = note: the item is gated behind the `async-tokio` feature
[INFO] [stdout] 
[INFO] [stdout] 
[INFO] [stdout] error: aborting due to 2 previous errors
[INFO] [stdout] 
[INFO] [stdout] 
[INFO] [stdout] For more information about this error, try `rustc --explain E0432`.
[INFO] [stdout] 
[INFO] [stderr] error: could not compile `gipc` (example "async-tokio") due to 3 previous errors
[INFO] [stderr] warning: build failed, waiting for other jobs to finish...
[INFO] running `Command { std: "docker" "inspect" "e0f63d10ef5e834bfb958830aebd0feb5697be0715094ef6a3ab5241266767cd", kill_on_drop: false }`
[INFO] running `Command { std: "docker" "rm" "-f" "e0f63d10ef5e834bfb958830aebd0feb5697be0715094ef6a3ab5241266767cd", kill_on_drop: false }`
[INFO] [stdout] e0f63d10ef5e834bfb958830aebd0feb5697be0715094ef6a3ab5241266767cd
