[INFO] fetching crate gihex-hc-sr04 0.1.5...
[INFO] testing gihex-hc-sr04-0.1.5 against 1.75.0 for beta-1.76-1
[INFO] extracting crate gihex-hc-sr04 0.1.5 into /workspace/builds/worker-6-tc1/source
[INFO] validating manifest of crates.io crate gihex-hc-sr04 0.1.5 on toolchain 1.75.0
[INFO] running `Command { std: CARGO_HOME="/workspace/cargo-home" RUSTUP_HOME="/workspace/rustup-home" "/workspace/cargo-home/bin/cargo" "+1.75.0" "metadata" "--manifest-path" "Cargo.toml" "--no-deps", kill_on_drop: false }`
[INFO] removed /workspace/builds/worker-6-tc1/source/.cargo/config
[INFO] started tweaking crates.io crate gihex-hc-sr04 0.1.5
[INFO] removed 0 missing examples
[INFO] finished tweaking crates.io crate gihex-hc-sr04 0.1.5
[INFO] tweaked toml for crates.io crate gihex-hc-sr04 0.1.5 written to /workspace/builds/worker-6-tc1/source/Cargo.toml
[INFO] crate crates.io crate gihex-hc-sr04 0.1.5 already has a lockfile, it will not be regenerated
[INFO] running `Command { std: CARGO_HOME="/workspace/cargo-home" RUSTUP_HOME="/workspace/rustup-home" "/workspace/cargo-home/bin/cargo" "+1.75.0" "fetch" "--manifest-path" "Cargo.toml", kill_on_drop: false }`
[INFO] [stderr]     Updating crates.io index
[INFO] [stderr]  Downloading crates ...
[INFO] [stderr]   Downloaded fugit-timer v0.1.3
[INFO] [stderr]   Downloaded bare-metal v1.0.0
[INFO] [stderr]   Downloaded panic-semihosting v0.6.0
[INFO] [stderr]   Downloaded embedded-dma v0.2.0
[INFO] [stderr]   Downloaded usb-device v0.2.9
[INFO] [stderr]   Downloaded bxcan v0.7.0
[INFO] [stderr]   Downloaded fugit v0.3.7
[INFO] [stderr]   Downloaded cortex-m-semihosting v0.5.0
[INFO] [stderr]   Downloaded stm32-usbd v0.6.0
[INFO] [stderr]   Downloaded rtic-core v1.0.0
[INFO] [stderr]   Downloaded gcd v2.3.0
[INFO] [stderr]   Downloaded stm32f1 v0.15.1
[INFO] [stderr]   Downloaded rtic v2.0.1
[INFO] [stderr]   Downloaded rtic-macros v2.0.1
[INFO] [stderr]   Downloaded stm32f1xx-hal v0.10.0
[INFO] running `Command { std: "docker" "create" "-v" "/var/lib/crater-agent-workspace/builds/worker-6-tc1/target:/opt/rustwide/target:rw,Z" "-v" "/var/lib/crater-agent-workspace/builds/worker-6-tc1/source:/opt/rustwide/workdir:ro,Z" "-v" "/var/lib/crater-agent-workspace/cargo-home:/opt/rustwide/cargo-home:ro,Z" "-v" "/var/lib/crater-agent-workspace/rustup-home:/opt/rustwide/rustup-home:ro,Z" "-e" "SOURCE_DIR=/opt/rustwide/workdir" "-e" "CARGO_TARGET_DIR=/opt/rustwide/target" "-e" "CARGO_HOME=/opt/rustwide/cargo-home" "-e" "RUSTUP_HOME=/opt/rustwide/rustup-home" "-w" "/opt/rustwide/workdir" "-m" "1610612736" "--user" "0:0" "--network" "none" "ghcr.io/rust-lang/crates-build-env/linux@sha256:2788e3201cd34a07e3172128adcd8b3090168a8e3bcc40d7c032b9dda1df7d1c" "/opt/rustwide/cargo-home/bin/cargo" "+1.75.0" "metadata" "--no-deps" "--format-version=1", kill_on_drop: false }`
[INFO] [stdout] ad17528db43ba954916375cca7040684a5b36149479c2358c2aa8dbeabf5052f
[INFO] running `Command { std: "docker" "start" "-a" "ad17528db43ba954916375cca7040684a5b36149479c2358c2aa8dbeabf5052f", kill_on_drop: false }`
[INFO] running `Command { std: "docker" "inspect" "ad17528db43ba954916375cca7040684a5b36149479c2358c2aa8dbeabf5052f", kill_on_drop: false }`
[INFO] running `Command { std: "docker" "rm" "-f" "ad17528db43ba954916375cca7040684a5b36149479c2358c2aa8dbeabf5052f", kill_on_drop: false }`
[INFO] [stdout] ad17528db43ba954916375cca7040684a5b36149479c2358c2aa8dbeabf5052f
[INFO] running `Command { std: "docker" "create" "-v" "/var/lib/crater-agent-workspace/builds/worker-6-tc1/target:/opt/rustwide/target:rw,Z" "-v" "/var/lib/crater-agent-workspace/builds/worker-6-tc1/source:/opt/rustwide/workdir:ro,Z" "-v" "/var/lib/crater-agent-workspace/cargo-home:/opt/rustwide/cargo-home:ro,Z" "-v" "/var/lib/crater-agent-workspace/rustup-home:/opt/rustwide/rustup-home:ro,Z" "-e" "SOURCE_DIR=/opt/rustwide/workdir" "-e" "CARGO_TARGET_DIR=/opt/rustwide/target" "-e" "CARGO_INCREMENTAL=0" "-e" "RUST_BACKTRACE=full" "-e" "RUSTFLAGS=--cap-lints=warn" "-e" "RUSTDOCFLAGS=--cap-lints=warn" "-e" "CARGO_HOME=/opt/rustwide/cargo-home" "-e" "RUSTUP_HOME=/opt/rustwide/rustup-home" "-w" "/opt/rustwide/workdir" "-m" "1610612736" "--user" "0:0" "--network" "none" "ghcr.io/rust-lang/crates-build-env/linux@sha256:2788e3201cd34a07e3172128adcd8b3090168a8e3bcc40d7c032b9dda1df7d1c" "/opt/rustwide/cargo-home/bin/cargo" "+1.75.0" "build" "--frozen" "--message-format=json", kill_on_drop: false }`
[INFO] [stdout] ae07b038814f761b6fc0a4b558304264875e8e624f44f136a36979a1f121efa5
[INFO] running `Command { std: "docker" "start" "-a" "ae07b038814f761b6fc0a4b558304264875e8e624f44f136a36979a1f121efa5", kill_on_drop: false }`
[INFO] [stderr]    Compiling nb v1.1.0
[INFO] [stderr]    Compiling void v1.0.2
[INFO] [stderr]    Compiling nb v0.1.3
[INFO] [stderr]    Compiling embedded-hal v0.2.7
[INFO] [stderr]    Compiling gihex-hc-sr04 v0.1.5 (/opt/rustwide/workdir)
[INFO] [stderr]     Finished dev [unoptimized + debuginfo] target(s) in 0.22s
[INFO] running `Command { std: "docker" "inspect" "ae07b038814f761b6fc0a4b558304264875e8e624f44f136a36979a1f121efa5", kill_on_drop: false }`
[INFO] running `Command { std: "docker" "rm" "-f" "ae07b038814f761b6fc0a4b558304264875e8e624f44f136a36979a1f121efa5", kill_on_drop: false }`
[INFO] [stdout] ae07b038814f761b6fc0a4b558304264875e8e624f44f136a36979a1f121efa5
[INFO] running `Command { std: "docker" "create" "-v" "/var/lib/crater-agent-workspace/builds/worker-6-tc1/target:/opt/rustwide/target:rw,Z" "-v" "/var/lib/crater-agent-workspace/builds/worker-6-tc1/source:/opt/rustwide/workdir:ro,Z" "-v" "/var/lib/crater-agent-workspace/cargo-home:/opt/rustwide/cargo-home:ro,Z" "-v" "/var/lib/crater-agent-workspace/rustup-home:/opt/rustwide/rustup-home:ro,Z" "-e" "SOURCE_DIR=/opt/rustwide/workdir" "-e" "CARGO_TARGET_DIR=/opt/rustwide/target" "-e" "CARGO_INCREMENTAL=0" "-e" "RUST_BACKTRACE=full" "-e" "RUSTFLAGS=--cap-lints=warn" "-e" "RUSTDOCFLAGS=--cap-lints=warn" "-e" "CARGO_HOME=/opt/rustwide/cargo-home" "-e" "RUSTUP_HOME=/opt/rustwide/rustup-home" "-w" "/opt/rustwide/workdir" "-m" "1610612736" "--user" "0:0" "--network" "none" "ghcr.io/rust-lang/crates-build-env/linux@sha256:2788e3201cd34a07e3172128adcd8b3090168a8e3bcc40d7c032b9dda1df7d1c" "/opt/rustwide/cargo-home/bin/cargo" "+1.75.0" "test" "--frozen" "--no-run" "--message-format=json", kill_on_drop: false }`
[INFO] [stdout] f48620df811c8a925348289bbafe22c87475a69c02a05477974886b8e46b7e11
[INFO] running `Command { std: "docker" "start" "-a" "f48620df811c8a925348289bbafe22c87475a69c02a05477974886b8e46b7e11", kill_on_drop: false }`
[INFO] [stderr]    Compiling semver-parser v0.7.0
[INFO] [stderr]    Compiling proc-macro2 v1.0.69
[INFO] [stderr]    Compiling cortex-m v0.7.7
[INFO] [stderr]    Compiling syn v1.0.109
[INFO] [stderr]    Compiling vcell v0.1.3
[INFO] [stderr]    Compiling critical-section v1.1.2
[INFO] [stderr]    Compiling version_check v0.9.4
[INFO] [stderr]    Compiling bitfield v0.13.2
[INFO] [stderr]    Compiling cortex-m-rt v0.7.3
[INFO] [stderr]    Compiling hashbrown v0.14.2
[INFO] [stderr]    Compiling equivalent v1.0.1
[INFO] [stderr]    Compiling stm32-usbd v0.6.0
[INFO] [stderr]    Compiling atomic-polyfill v1.0.3
[INFO] [stderr]    Compiling cortex-m-semihosting v0.5.0
[INFO] [stderr]    Compiling bare-metal v1.0.0
[INFO] [stderr]    Compiling stm32f1 v0.15.1
[INFO] [stderr]    Compiling volatile-register v0.2.2
[INFO] [stderr]    Compiling gcd v2.3.0
[INFO] [stderr]    Compiling rtic v2.0.1
[INFO] [stderr]    Compiling semver v0.9.0
[INFO] [stderr]    Compiling fugit v0.3.7
[INFO] [stderr]    Compiling stable_deref_trait v1.2.0
[INFO] [stderr]    Compiling usb-device v0.2.9
[INFO] [stderr]    Compiling bitflags v1.3.2
[INFO] [stderr]    Compiling embedded-dma v0.2.0
[INFO] [stderr]    Compiling rustc_version v0.2.3
[INFO] [stderr]    Compiling rtic-core v1.0.0
[INFO] [stderr]    Compiling proc-macro-error-attr v1.0.4
[INFO] [stderr]    Compiling proc-macro-error v1.0.4
[INFO] [stderr]    Compiling bxcan v0.7.0
[INFO] [stderr]    Compiling fugit-timer v0.1.3
[INFO] [stderr]    Compiling bare-metal v0.2.5
[INFO] [stderr]    Compiling quote v1.0.33
[INFO] [stderr]    Compiling indexmap v2.1.0
[INFO] [stderr]    Compiling panic-semihosting v0.6.0
[INFO] [stderr]    Compiling cortex-m-rt-macros v0.7.0
[INFO] [stderr]    Compiling rtic-macros v2.0.1
[INFO] [stderr]    Compiling stm32f1xx-hal v0.10.0
[INFO] [stderr]    Compiling gihex-hc-sr04 v0.1.5 (/opt/rustwide/workdir)
[INFO] [stdout] error[E0412]: cannot find type `Peripherals` in module `rtic::export`
[INFO] [stdout]   --> examples/use_rtic.rs:27:1
[INFO] [stdout]    |
[INFO] [stdout] 27 | #[rtic::app(device=stm32f1xx_hal::pac)]
[INFO] [stdout]    | ^^^^^^^^^^^^^^^^^^^^^^^^^^^^^^^^^^^^^^^ not found in `rtic::export`
[INFO] [stdout]    |
[INFO] [stdout]    = note: this error originates in the attribute macro `rtic::app` (in Nightly builds, run with -Z macro-backtrace for more info)
[INFO] [stdout] help: consider importing one of these items
[INFO] [stdout]    |
[INFO] [stdout] 30 +     use cortex_m::Peripherals;
[INFO] [stdout]    |
[INFO] [stdout] 30 +     use crate::app::you_must_enable_the_rt_feature_for_the_pac_in_your_cargo_toml::Peripherals;
[INFO] [stdout]    |
[INFO] [stdout] 30 +     use stm32f1xx_hal::pac::Peripherals;
[INFO] [stdout]    |
[INFO] [stdout] 
[INFO] [stdout] 
[INFO] [stdout] error[E0425]: cannot find function `run` in module `rtic::export`
[INFO] [stdout]   --> examples/use_rtic.rs:27:1
[INFO] [stdout]    |
[INFO] [stdout] 27 | #[rtic::app(device=stm32f1xx_hal::pac)]
[INFO] [stdout]    | ^^^^^^^^^^^^^^^^^^^^^^^^^^^^^^^^^^^^^^^ not found in `rtic::export`
[INFO] [stdout]    |
[INFO] [stdout]    = note: this error originates in the attribute macro `rtic::app` (in Nightly builds, run with -Z macro-backtrace for more info)
[INFO] [stdout] 
[INFO] [stdout] 
[INFO] [stdout] error[E0425]: cannot find function `lock` in module `rtic::export`
[INFO] [stdout]   --> examples/use_rtic.rs:27:1
[INFO] [stdout]    |
[INFO] [stdout] 27 | #[rtic::app(device=stm32f1xx_hal::pac)]
[INFO] [stdout]    | ^^^^^^^^^^^^^^^^^^^^^^^^^^^^^^^^^^^^^^^ not found in `rtic::export`
[INFO] [stdout]    |
[INFO] [stdout]    = note: this error originates in the attribute macro `rtic::app` (in Nightly builds, run with -Z macro-backtrace for more info)
[INFO] [stdout] 
[INFO] [stdout] 
[INFO] [stdout] error[E0433]: failed to resolve: could not find `interrupt` in `export`
[INFO] [stdout]   --> examples/use_rtic.rs:27:1
[INFO] [stdout]    |
[INFO] [stdout] 27 | #[rtic::app(device=stm32f1xx_hal::pac)]
[INFO] [stdout]    | ^^^^^^^^^^^^^^^^^^^^^^^^^^^^^^^^^^^^^^^ could not find `interrupt` in `export`
[INFO] [stdout]    |
[INFO] [stdout]    = note: this error originates in the attribute macro `rtic::app` (in Nightly builds, run with -Z macro-backtrace for more info)
[INFO] [stdout] help: consider importing one of these items
[INFO] [stdout]    |
[INFO] [stdout] 30 +     use crate::app::you_must_enable_the_rt_feature_for_the_pac_in_your_cargo_toml::interrupt;
[INFO] [stdout]    |
[INFO] [stdout] 30 +     use stm32f1xx_hal::pac::interrupt;
[INFO] [stdout]    |
[INFO] [stdout] 
[INFO] [stdout] 
[INFO] [stdout] error[E0433]: failed to resolve: could not find `Peripherals` in `export`
[INFO] [stdout]   --> examples/use_rtic.rs:27:1
[INFO] [stdout]    |
[INFO] [stdout] 27 | #[rtic::app(device=stm32f1xx_hal::pac)]
[INFO] [stdout]    | ^^^^^^^^^^^^^^^^^^^^^^^^^^^^^^^^^^^^^^^ could not find `Peripherals` in `export`
[INFO] [stdout]    |
[INFO] [stdout]    = note: this error originates in the attribute macro `rtic::app` (in Nightly builds, run with -Z macro-backtrace for more info)
[INFO] [stdout] help: consider importing one of these items
[INFO] [stdout]    |
[INFO] [stdout] 30 +     use cortex_m::Peripherals;
[INFO] [stdout]    |
[INFO] [stdout] 30 +     use crate::app::you_must_enable_the_rt_feature_for_the_pac_in_your_cargo_toml::Peripherals;
[INFO] [stdout]    |
[INFO] [stdout] 30 +     use stm32f1xx_hal::pac::Peripherals;
[INFO] [stdout]    |
[INFO] [stdout] 
[INFO] [stdout] 
[INFO] [stdout] error: aborting due to 5 previous errors
[INFO] [stdout] 
[INFO] [stdout] 
[INFO] [stdout] Some errors have detailed explanations: E0412, E0425, E0433.
[INFO] [stdout] 
[INFO] [stdout] For more information about an error, try `rustc --explain E0412`.
[INFO] [stdout] 
[INFO] [stderr] error: could not compile `gihex-hc-sr04` (example "use_rtic") due to 6 previous errors
[INFO] [stderr] warning: build failed, waiting for other jobs to finish...
[INFO] [stdout] error: linking with `cc` failed: exit status: 1
[INFO] [stdout]   |
[INFO] [stdout]   = note: LC_ALL="C" PATH="/opt/rustwide/rustup-home/toolchains/1.75.0-x86_64-unknown-linux-gnu/lib/rustlib/x86_64-unknown-linux-gnu/bin:/opt/rustwide/cargo-home/bin:/usr/local/sbin:/usr/local/bin:/usr/sbin:/usr/bin:/sbin:/bin" VSLANG="1033" "cc" "-m64" "/tmp/rustcf1ko9K/symbols.o" "/opt/rustwide/target/debug/examples/basic-ad3a3c7ee841c829.basic.4542ab090a2bc77d-cgu.0.rcgu.o" "/opt/rustwide/target/debug/examples/basic-ad3a3c7ee841c829.4dls7ti0y2w16ywm.rcgu.o" "-Wl,--as-needed" "-L" "/opt/rustwide/target/debug/deps" "-L" "/opt/rustwide/target/debug/build/cortex-m-rt-57dca359c0bebbed/out" "-L" "/opt/rustwide/target/debug/build/stm32f1-7febf520336ec2a8/out" "-L" "/opt/rustwide/rustup-home/toolchains/1.75.0-x86_64-unknown-linux-gnu/lib/rustlib/x86_64-unknown-linux-gnu/lib" "-Wl,-Bstatic" "/opt/rustwide/target/debug/deps/libstm32f1xx_hal-e305526c8d4ba57c.rlib" "/opt/rustwide/target/debug/deps/libfugit_timer-4bca95fe8fa4cd92.rlib" "/opt/rustwide/target/debug/deps/libbxcan-8851d6240cc3af02.rlib" "/opt/rustwide/target/debug/deps/libbitflags-b7cee2ca4fb438d0.rlib" "/opt/rustwide/target/debug/deps/libstm32_usbd-8e622a0df1de09f3.rlib" "/opt/rustwide/target/debug/deps/libusb_device-39c86754348376cf.rlib" "/opt/rustwide/target/debug/deps/libfugit-02c2cfbca8809286.rlib" "/opt/rustwide/target/debug/deps/libgcd-8c5abebfae1adf88.rlib" "/opt/rustwide/target/debug/deps/libembedded_dma-c4851cac402f3c87.rlib" "/opt/rustwide/target/debug/deps/libstable_deref_trait-f3a48c9d790733a6.rlib" "/opt/rustwide/target/debug/deps/libstm32f1-b31f3bdcc95ffc56.rlib" "/opt/rustwide/target/debug/deps/libcortex_m_rt-3eb8c09e578a3685.rlib" "/opt/rustwide/target/debug/deps/libpanic_semihosting-5ed5f23ca8ab3318.rlib" "/opt/rustwide/rustup-home/toolchains/1.75.0-x86_64-unknown-linux-gnu/lib/rustlib/x86_64-unknown-linux-gnu/lib/libstd-90f6ddbf82de36ec.rlib" "/opt/rustwide/rustup-home/toolchains/1.75.0-x86_64-unknown-linux-gnu/lib/rustlib/x86_64-unknown-linux-gnu/lib/libpanic_unwind-480c41e9d4e1f677.rlib" "/opt/rustwide/rustup-home/toolchains/1.75.0-x86_64-unknown-linux-gnu/lib/rustlib/x86_64-unknown-linux-gnu/lib/libobject-db744c0ca03eed1d.rlib" "/opt/rustwide/rustup-home/toolchains/1.75.0-x86_64-unknown-linux-gnu/lib/rustlib/x86_64-unknown-linux-gnu/lib/libmemchr-8ba652dc7d4b285a.rlib" "/opt/rustwide/rustup-home/toolchains/1.75.0-x86_64-unknown-linux-gnu/lib/rustlib/x86_64-unknown-linux-gnu/lib/libaddr2line-d5f4520a9ebc0d58.rlib" "/opt/rustwide/rustup-home/toolchains/1.75.0-x86_64-unknown-linux-gnu/lib/rustlib/x86_64-unknown-linux-gnu/lib/libgimli-4ad84de58f0cb463.rlib" "/opt/rustwide/rustup-home/toolchains/1.75.0-x86_64-unknown-linux-gnu/lib/rustlib/x86_64-unknown-linux-gnu/lib/librustc_demangle-0d10aae2e0f38735.rlib" "/opt/rustwide/rustup-home/toolchains/1.75.0-x86_64-unknown-linux-gnu/lib/rustlib/x86_64-unknown-linux-gnu/lib/libstd_detect-0c17cff739e6745b.rlib" "/opt/rustwide/rustup-home/toolchains/1.75.0-x86_64-unknown-linux-gnu/lib/rustlib/x86_64-unknown-linux-gnu/lib/libhashbrown-b29e17139dde1aa8.rlib" "/opt/rustwide/rustup-home/toolchains/1.75.0-x86_64-unknown-linux-gnu/lib/rustlib/x86_64-unknown-linux-gnu/lib/librustc_std_workspace_alloc-1f975299829cc7bd.rlib" "/opt/rustwide/rustup-home/toolchains/1.75.0-x86_64-unknown-linux-gnu/lib/rustlib/x86_64-unknown-linux-gnu/lib/libminiz_oxide-86bae3bc3079f89b.rlib" "/opt/rustwide/rustup-home/toolchains/1.75.0-x86_64-unknown-linux-gnu/lib/rustlib/x86_64-unknown-linux-gnu/lib/libadler-321b82c30dffdf5f.rlib" "/opt/rustwide/rustup-home/toolchains/1.75.0-x86_64-unknown-linux-gnu/lib/rustlib/x86_64-unknown-linux-gnu/lib/libunwind-3dd8a6810a0bdfef.rlib" "/opt/rustwide/rustup-home/toolchains/1.75.0-x86_64-unknown-linux-gnu/lib/rustlib/x86_64-unknown-linux-gnu/lib/libcfg_if-eb39a61c0c879984.rlib" "/opt/rustwide/rustup-home/toolchains/1.75.0-x86_64-unknown-linux-gnu/lib/rustlib/x86_64-unknown-linux-gnu/lib/liblibc-aa769569f91c3548.rlib" "/opt/rustwide/rustup-home/toolchains/1.75.0-x86_64-unknown-linux-gnu/lib/rustlib/x86_64-unknown-linux-gnu/lib/liballoc-510a192a50a983ed.rlib" "/opt/rustwide/target/debug/deps/libgihex_hc_sr04-50bace32d2d4a332.rlib" "/opt/rustwide/target/debug/deps/libnum_traits-fbf3e4065138c85e.rlib" "/opt/rustwide/target/debug/deps/libcortex_m_semihosting-2b263aa695542911.rlib" "/opt/rustwide/target/debug/deps/libcortex_m-db471f9f2405765b.rlib" "/opt/rustwide/target/debug/deps/libembedded_hal-fdc11bdf443b8d34.rlib" "/opt/rustwide/target/debug/deps/libvoid-b9e961a2e1cd8fb3.rlib" "/opt/rustwide/target/debug/deps/libnb-2769b7ee00604a72.rlib" "/opt/rustwide/target/debug/deps/libnb-ae98089a5cd67ada.rlib" "/opt/rustwide/target/debug/deps/libvolatile_register-467dd001f72f0b1a.rlib" "/opt/rustwide/target/debug/deps/libvcell-221320b7da29b4bb.rlib" "/opt/rustwide/target/debug/deps/libbare_metal-8289c7f9c3433e36.rlib" "/opt/rustwide/rustup-home/toolchains/1.75.0-x86_64-unknown-linux-gnu/lib/rustlib/x86_64-unknown-linux-gnu/lib/librustc_std_workspace_core-0577018320f99037.rlib" "/opt/rustwide/rustup-home/toolchains/1.75.0-x86_64-unknown-linux-gnu/lib/rustlib/x86_64-unknown-linux-gnu/lib/libcore-193cf992125ccd4c.rlib" "/opt/rustwide/rustup-home/toolchains/1.75.0-x86_64-unknown-linux-gnu/lib/rustlib/x86_64-unknown-linux-gnu/lib/libcompiler_builtins-8e138eaf26ebb4a8.rlib" "-Wl,-Bdynamic" "-lgcc_s" "-lutil" "-lrt" "-lpthread" "-lm" "-ldl" "-lc" "-Wl,--eh-frame-hdr" "-Wl,-z,noexecstack" "-L" "/opt/rustwide/rustup-home/toolchains/1.75.0-x86_64-unknown-linux-gnu/lib/rustlib/x86_64-unknown-linux-gnu/lib" "-o" "/opt/rustwide/target/debug/examples/basic-ad3a3c7ee841c829" "-Wl,--gc-sections" "-pie" "-Wl,-z,relro,-z,now" "-nodefaultlibs"
[INFO] [stdout]   = note: /usr/bin/ld: /opt/rustwide/target/debug/examples/basic-ad3a3c7ee841c829.basic.4542ab090a2bc77d-cgu.0.rcgu.o: in function `cortex_m::register::primask::read':
[INFO] [stdout]           /opt/rustwide/cargo-home/registry/src/index.crates.io-6f17d22bba15001f/cortex-m-0.7.7/src/register/primask.rs:29: undefined reference to `__primask_r'
[INFO] [stdout]           /usr/bin/ld: /opt/rustwide/target/debug/examples/basic-ad3a3c7ee841c829.basic.4542ab090a2bc77d-cgu.0.rcgu.o: in function `cortex_m::interrupt::enable':
[INFO] [stdout]           /opt/rustwide/cargo-home/registry/src/index.crates.io-6f17d22bba15001f/cortex-m-0.7.7/src/interrupt.rs:48: undefined reference to `__cpsie'
[INFO] [stdout]           /usr/bin/ld: /opt/rustwide/target/debug/examples/basic-ad3a3c7ee841c829.basic.4542ab090a2bc77d-cgu.0.rcgu.o: in function `cortex_m::interrupt::disable':
[INFO] [stdout]           /opt/rustwide/cargo-home/registry/src/index.crates.io-6f17d22bba15001f/cortex-m-0.7.7/src/interrupt.rs:38: undefined reference to `__cpsid'
[INFO] [stdout]           /usr/bin/ld: /opt/rustwide/target/debug/deps/libcortex_m_semihosting-2b263aa695542911.rlib(cortex_m_semihosting-2b263aa695542911.cortex_m_semihosting.b758ef6967fab782-cgu.0.rcgu.o): in function `cortex_m::register::primask::read':
[INFO] [stdout]           /opt/rustwide/cargo-home/registry/src/index.crates.io-6f17d22bba15001f/cortex-m-0.7.7/src/register/primask.rs:29: undefined reference to `__primask_r'
[INFO] [stdout]           /usr/bin/ld: /opt/rustwide/target/debug/deps/libcortex_m_semihosting-2b263aa695542911.rlib(cortex_m_semihosting-2b263aa695542911.cortex_m_semihosting.b758ef6967fab782-cgu.0.rcgu.o): in function `cortex_m::interrupt::enable':
[INFO] [stdout]           /opt/rustwide/cargo-home/registry/src/index.crates.io-6f17d22bba15001f/cortex-m-0.7.7/src/interrupt.rs:48: undefined reference to `__cpsie'
[INFO] [stdout]           /usr/bin/ld: /opt/rustwide/target/debug/deps/libcortex_m_semihosting-2b263aa695542911.rlib(cortex_m_semihosting-2b263aa695542911.cortex_m_semihosting.b758ef6967fab782-cgu.0.rcgu.o): in function `cortex_m::interrupt::disable':
[INFO] [stdout]           /opt/rustwide/cargo-home/registry/src/index.crates.io-6f17d22bba15001f/cortex-m-0.7.7/src/interrupt.rs:38: undefined reference to `__cpsid'
[INFO] [stdout]           collect2: error: ld returned 1 exit status
[INFO] [stdout]           
[INFO] [stdout]   = note: some `extern` functions couldn't be found; some native libraries may need to be installed or have their path specified
[INFO] [stdout]   = note: use the `-l` flag to specify native libraries to link
[INFO] [stdout]   = note: use the `cargo:rustc-link-lib` directive to specify the native libraries to link with Cargo (see https://doc.rust-lang.org/cargo/reference/build-scripts.html#cargorustc-link-libkindname)
[INFO] [stdout] 
[INFO] [stdout] 
[INFO] [stdout] error: aborting due to previous error
[INFO] [stdout] 
[INFO] [stdout] 
[INFO] [stderr] error: could not compile `gihex-hc-sr04` (example "basic") due to 2 previous errors
[INFO] running `Command { std: "docker" "inspect" "f48620df811c8a925348289bbafe22c87475a69c02a05477974886b8e46b7e11", kill_on_drop: false }`
[INFO] running `Command { std: "docker" "rm" "-f" "f48620df811c8a925348289bbafe22c87475a69c02a05477974886b8e46b7e11", kill_on_drop: false }`
[INFO] [stdout] f48620df811c8a925348289bbafe22c87475a69c02a05477974886b8e46b7e11
